[INFO] fetching crate izihawa-common-multipart 1.1.7...
[INFO] testing izihawa-common-multipart-1.1.7 against 1.75.0 for beta-1.76-1
[INFO] extracting crate izihawa-common-multipart 1.1.7 into /workspace/builds/worker-6-tc1/source
[INFO] validating manifest of crates.io crate izihawa-common-multipart 1.1.7 on toolchain 1.75.0
[INFO] running `Command { std: CARGO_HOME="/workspace/cargo-home" RUSTUP_HOME="/workspace/rustup-home" "/workspace/cargo-home/bin/cargo" "+1.75.0" "metadata" "--manifest-path" "Cargo.toml" "--no-deps", kill_on_drop: false }`
[INFO] started tweaking crates.io crate izihawa-common-multipart 1.1.7
[INFO] finished tweaking crates.io crate izihawa-common-multipart 1.1.7
[INFO] tweaked toml for crates.io crate izihawa-common-multipart 1.1.7 written to /workspace/builds/worker-6-tc1/source/Cargo.toml
[INFO] running `Command { std: CARGO_HOME="/workspace/cargo-home" RUSTUP_HOME="/workspace/rustup-home" "/workspace/cargo-home/bin/cargo" "+1.75.0" "generate-lockfile" "--manifest-path" "Cargo.toml", kill_on_drop: false }`
[INFO] [stderr]     Updating crates.io index
[INFO] running `Command { std: CARGO_HOME="/workspace/cargo-home" RUSTUP_HOME="/workspace/rustup-home" "/workspace/cargo-home/bin/cargo" "+1.75.0" "fetch" "--manifest-path" "Cargo.toml", kill_on_drop: false }`
[INFO] running `Command { std: "docker" "create" "-v" "/var/lib/crater-agent-workspace/builds/worker-6-tc1/target:/opt/rustwide/target:rw,Z" "-v" "/var/lib/crater-agent-workspace/builds/worker-6-tc1/source:/opt/rustwide/workdir:ro,Z" "-v" "/var/lib/crater-agent-workspace/cargo-home:/opt/rustwide/cargo-home:ro,Z" "-v" "/var/lib/crater-agent-workspace/rustup-home:/opt/rustwide/rustup-home:ro,Z" "-e" "SOURCE_DIR=/opt/rustwide/workdir" "-e" "CARGO_TARGET_DIR=/opt/rustwide/target" "-e" "CARGO_HOME=/opt/rustwide/cargo-home" "-e" "RUSTUP_HOME=/opt/rustwide/rustup-home" "-w" "/opt/rustwide/workdir" "-m" "1610612736" "--user" "0:0" "--network" "none" "ghcr.io/rust-lang/crates-build-env/linux@sha256:2788e3201cd34a07e3172128adcd8b3090168a8e3bcc40d7c032b9dda1df7d1c" "/opt/rustwide/cargo-home/bin/cargo" "+1.75.0" "metadata" "--no-deps" "--format-version=1", kill_on_drop: false }`
[INFO] [stdout] 5fa0243c9a4d1f1ed5181651b8e7918c8b782869db7e97a240195586473c2512
[INFO] running `Command { std: "docker" "start" "-a" "5fa0243c9a4d1f1ed5181651b8e7918c8b782869db7e97a240195586473c2512", kill_on_drop: false }`
[INFO] running `Command { std: "docker" "inspect" "5fa0243c9a4d1f1ed5181651b8e7918c8b782869db7e97a240195586473c2512", kill_on_drop: false }`
[INFO] running `Command { std: "docker" "rm" "-f" "5fa0243c9a4d1f1ed5181651b8e7918c8b782869db7e97a240195586473c2512", kill_on_drop: false }`
[INFO] [stdout] 5fa0243c9a4d1f1ed5181651b8e7918c8b782869db7e97a240195586473c2512
[INFO] running `Command { std: "docker" "create" "-v" "/var/lib/crater-agent-workspace/builds/worker-6-tc1/target:/opt/rustwide/target:rw,Z" "-v" "/var/lib/crater-agent-workspace/builds/worker-6-tc1/source:/opt/rustwide/workdir:ro,Z" "-v" "/var/lib/crater-agent-workspace/cargo-home:/opt/rustwide/cargo-home:ro,Z" "-v" "/var/lib/crater-agent-workspace/rustup-home:/opt/rustwide/rustup-home:ro,Z" "-e" "SOURCE_DIR=/opt/rustwide/workdir" "-e" "CARGO_TARGET_DIR=/opt/rustwide/target" "-e" "CARGO_INCREMENTAL=0" "-e" "RUST_BACKTRACE=full" "-e" "RUSTFLAGS=--cap-lints=warn" "-e" "RUSTDOCFLAGS=--cap-lints=warn" "-e" "CARGO_HOME=/opt/rustwide/cargo-home" "-e" "RUSTUP_HOME=/opt/rustwide/rustup-home" "-w" "/opt/rustwide/workdir" "-m" "1610612736" "--user" "0:0" "--network" "none" "ghcr.io/rust-lang/crates-build-env/linux@sha256:2788e3201cd34a07e3172128adcd8b3090168a8e3bcc40d7c032b9dda1df7d1c" "/opt/rustwide/cargo-home/bin/cargo" "+1.75.0" "build" "--frozen" "--message-format=json", kill_on_drop: false }`
[INFO] [stdout] 104d28cb985dda426afc649f0816226cdd6798f8e8c358564eab86dc12e57dfa
[INFO] running `Command { std: "docker" "start" "-a" "104d28cb985dda426afc649f0816226cdd6798f8e8c358564eab86dc12e57dfa", kill_on_drop: false }`
[INFO] [stderr]    Compiling mime_guess v2.0.4
[INFO] [stderr]    Compiling thiserror-impl v1.0.56
[INFO] [stderr]    Compiling futures-util v0.3.30
[INFO] [stderr]    Compiling rand v0.8.5
[INFO] [stderr]    Compiling thiserror v1.0.56
[INFO] [stderr]    Compiling izihawa-common-multipart v1.1.7 (/opt/rustwide/workdir)
[INFO] [stderr]     Finished dev [unoptimized + debuginfo] target(s) in 1.61s
[INFO] running `Command { std: "docker" "inspect" "104d28cb985dda426afc649f0816226cdd6798f8e8c358564eab86dc12e57dfa", kill_on_drop: false }`
[INFO] running `Command { std: "docker" "rm" "-f" "104d28cb985dda426afc649f0816226cdd6798f8e8c358564eab86dc12e57dfa", kill_on_drop: false }`
[INFO] [stdout] 104d28cb985dda426afc649f0816226cdd6798f8e8c358564eab86dc12e57dfa
[INFO] running `Command { std: "docker" "create" "-v" "/var/lib/crater-agent-workspace/builds/worker-6-tc1/target:/opt/rustwide/target:rw,Z" "-v" "/var/lib/crater-agent-workspace/builds/worker-6-tc1/source:/opt/rustwide/workdir:ro,Z" "-v" "/var/lib/crater-agent-workspace/cargo-home:/opt/rustwide/cargo-home:ro,Z" "-v" "/var/lib/crater-agent-workspace/rustup-home:/opt/rustwide/rustup-home:ro,Z" "-e" "SOURCE_DIR=/opt/rustwide/workdir" "-e" "CARGO_TARGET_DIR=/opt/rustwide/target" "-e" "CARGO_INCREMENTAL=0" "-e" "RUST_BACKTRACE=full" "-e" "RUSTFLAGS=--cap-lints=warn" "-e" "RUSTDOCFLAGS=--cap-lints=warn" "-e" "CARGO_HOME=/opt/rustwide/cargo-home" "-e" "RUSTUP_HOME=/opt/rustwide/rustup-home" "-w" "/opt/rustwide/workdir" "-m" "1610612736" "--user" "0:0" "--network" "none" "ghcr.io/rust-lang/crates-build-env/linux@sha256:2788e3201cd34a07e3172128adcd8b3090168a8e3bcc40d7c032b9dda1df7d1c" "/opt/rustwide/cargo-home/bin/cargo" "+1.75.0" "test" "--frozen" "--no-run" "--message-format=json", kill_on_drop: false }`
[INFO] [stdout] fa23e3334a62fe7e9a1bf3faaa0de322fcec715d48cd0f15f2a4f85b1415283c
[INFO] running `Command { std: "docker" "start" "-a" "fa23e3334a62fe7e9a1bf3faaa0de322fcec715d48cd0f15f2a4f85b1415283c", kill_on_drop: false }`
[INFO] [stderr]    Compiling tokio v1.35.1
[INFO] [stderr]    Compiling izihawa-common-multipart v1.1.7 (/opt/rustwide/workdir)
[INFO] [stderr]    Compiling hyper v0.14.28
[INFO] [stderr]     Finished test [unoptimized + debuginfo] target(s) in 1.88s
[INFO] running `Command { std: "docker" "inspect" "fa23e3334a62fe7e9a1bf3faaa0de322fcec715d48cd0f15f2a4f85b1415283c", kill_on_drop: false }`
[INFO] running `Command { std: "docker" "rm" "-f" "fa23e3334a62fe7e9a1bf3faaa0de322fcec715d48cd0f15f2a4f85b1415283c", kill_on_drop: false }`
[INFO] [stdout] fa23e3334a62fe7e9a1bf3faaa0de322fcec715d48cd0f15f2a4f85b1415283c
[INFO] running `Command { std: "docker" "create" "-v" "/var/lib/crater-agent-workspace/builds/worker-6-tc1/target:/opt/rustwide/target:rw,Z" "-v" "/var/lib/crater-agent-workspace/builds/worker-6-tc1/source:/opt/rustwide/workdir:ro,Z" "-v" "/var/lib/crater-agent-workspace/cargo-home:/opt/rustwide/cargo-home:ro,Z" "-v" "/var/lib/crater-agent-workspace/rustup-home:/opt/rustwide/rustup-home:ro,Z" "-e" "SOURCE_DIR=/opt/rustwide/workdir" "-e" "CARGO_TARGET_DIR=/opt/rustwide/target" "-e" "CARGO_INCREMENTAL=0" "-e" "RUST_BACKTRACE=full" "-e" "RUSTFLAGS=--cap-lints=warn" "-e" "RUSTDOCFLAGS=--cap-lints=warn" "-e" "CARGO_HOME=/opt/rustwide/cargo-home" "-e" "RUSTUP_HOME=/opt/rustwide/rustup-home" "-w" "/opt/rustwide/workdir" "-m" "1610612736" "--user" "0:0" "--network" "none" "ghcr.io/rust-lang/crates-build-env/linux@sha256:2788e3201cd34a07e3172128adcd8b3090168a8e3bcc40d7c032b9dda1df7d1c" "/opt/rustwide/cargo-home/bin/cargo" "+1.75.0" "test" "--frozen", kill_on_drop: false }`
[INFO] [stdout] 1ad69a5a09e1733e40aa899d5df61434e8be9cab4b4e23b223c175ee7853be10
[INFO] running `Command { std: "docker" "start" "-a" "1ad69a5a09e1733e40aa899d5df61434e8be9cab4b4e23b223c175ee7853be10", kill_on_drop: false }`
[INFO] [stderr]     Finished test [unoptimized + debuginfo] target(s) in 0.02s
[INFO] [stderr]      Running unittests src/lib.rs (/opt/rustwide/target/debug/deps/izihawa_common_multipart-725bf9d1b5ff5e20)
[INFO] [stdout] 
[INFO] [stdout] running 7 tests
[INFO] [stdout] test boundary::tests::generate_random_boundary_different_each_time ... ok
[INFO] [stdout] test boundary::tests::generate_random_boundary_not_empty ... ok
[INFO] [stdout] test client_::tests::add_file_returns_expected_result ... ok
[INFO] [stdout] test client_::tests::add_reader_returns_expected_result ... ok
[INFO] [stdout] test client_::tests::test_content_type_header_format ... ok
[INFO] [stdout] test client_::tests::test_form_body_stream ... ok
[INFO] [stdout] test client_::tests::add_text_returns_expected_result ... ok
[INFO] [stdout] 
[INFO] [stdout] test result: ok. 7 passed; 0 failed; 0 ignored; 0 measured; 0 filtered out; finished in 0.00s
[INFO] [stdout] 
[INFO] [stderr]    Doc-tests izihawa-common-multipart
[INFO] [stdout] 
[INFO] [stdout] running 11 tests
[INFO] [stdout] test src/lib.rs - (line 26) ... FAILED
[INFO] [stdout] test src/client_.rs - client_::Form<'a>::set_body (line 480) ... FAILED
[INFO] [stdout] test src/client_.rs - client_::Form<'a>::set_body_convert (line 505) ... FAILED
[INFO] [stdout] test src/boundary.rs - boundary::BoundaryGenerator (line 21) ... ok
[INFO] [stdout] test src/client_.rs - client_::Form<'a>::add_file (line 345) ... ok
[INFO] [stdout] test src/client_.rs - client_::Form<'a>::add_async_reader_file (line 443) ... ok
[INFO] [stdout] test src/client_.rs - client_::Form<'a>::add_async_reader (line 315) ... ok
[INFO] [stdout] test src/client_.rs - client_::Form<'a>::add_reader (line 285) ... ok
[INFO] [stdout] test src/client_.rs - client_::Form<'a>::new (line 214) ... ok
[INFO] [stdout] test src/client_.rs - client_::Form<'a>::add_text (line 248) ... ok
[INFO] [stdout] test src/client_.rs - client_::Form<'a>::add_reader_file (line 412) ... ok
[INFO] [stdout] 
[INFO] [stdout] failures:
[INFO] [stdout] 
[INFO] [stdout] ---- src/lib.rs - (line 26) stdout ----
[INFO] [stdout] error[E0463]: can't find crate for `izihawa_hyper_multipart`
[INFO] [stdout]  --> src/lib.rs:26:1
[INFO] [stdout]   |
[INFO] [stdout] 2 | extern crate izihawa_hyper_multipart as multipart;
[INFO] [stdout]   | ^^^^^^^^^^^^^^^^^^^^^^^^^^^^^^^^^^^^^^^^^^^^^^^^^^ can't find crate
[INFO] [stdout] 
[INFO] [stdout] error: aborting due to previous error
[INFO] [stdout] 
[INFO] [stdout] For more information about this error, try `rustc --explain E0463`.
[INFO] [stdout] Couldn't compile the test.
[INFO] [stdout] ---- src/client_.rs - client_::Form<'a>::set_body (line 480) stdout ----
[INFO] [stdout] error[E0433]: failed to resolve: use of undeclared crate or module `izihawa_hyper_multipart`
[INFO] [stdout]  --> src/client_.rs:482:5
[INFO] [stdout]   |
[INFO] [stdout] 4 | use izihawa_hyper_multipart::client::multipart;
[INFO] [stdout]   |     ^^^^^^^^^^^^^^^^^^^^^^^ use of undeclared crate or module `izihawa_hyper_multipart`
[INFO] [stdout]   |
[INFO] [stdout] help: there is a crate or module with a similar name
[INFO] [stdout]   |
[INFO] [stdout] 4 | use izihawa_common_multipart::client::multipart;
[INFO] [stdout]   |     ~~~~~~~~~~~~~~~~~~~~~~~~
[INFO] [stdout] 
[INFO] [stdout] error: aborting due to previous error
[INFO] [stdout] 
[INFO] [stdout] For more information about this error, try `rustc --explain E0433`.
[INFO] [stdout] Couldn't compile the test.
[INFO] [stdout] ---- src/client_.rs - client_::Form<'a>::set_body_convert (line 505) stdout ----
[INFO] [stdout] error[E0433]: failed to resolve: use of undeclared crate or module `izihawa_hyper_multipart`
[INFO] [stdout]  --> src/client_.rs:507:5
[INFO] [stdout]   |
[INFO] [stdout] 4 | use izihawa_hyper_multipart::client::multipart;
[INFO] [stdout]   |     ^^^^^^^^^^^^^^^^^^^^^^^ use of undeclared crate or module `izihawa_hyper_multipart`
[INFO] [stdout]   |
[INFO] [stdout] help: there is a crate or module with a similar name
[INFO] [stdout]   |
[INFO] [stdout] 4 | use izihawa_common_multipart::client::multipart;
[INFO] [stdout]   |     ~~~~~~~~~~~~~~~~~~~~~~~~
[INFO] [stdout] 
[INFO] [stdout] error: aborting due to previous error
[INFO] [stdout] 
[INFO] [stdout] For more information about this error, try `rustc --explain E0433`.
[INFO] [stdout] Couldn't compile the test.
[INFO] [stdout] 
[INFO] [stdout] failures:
[INFO] [stdout]     src/client_.rs - client_::Form<'a>::set_body (line 480)
[INFO] [stdout]     src/client_.rs - client_::Form<'a>::set_body_convert (line 505)
[INFO] [stdout]     src/lib.rs - (line 26)
[INFO] [stdout] 
[INFO] [stdout] test result: FAILED. 8 passed; 3 failed; 0 ignored; 0 measured; 0 filtered out; finished in 0.33s
[INFO] [stdout] 
[INFO] [stderr] error: doctest failed, to rerun pass `--doc`
[INFO] running `Command { std: "docker" "inspect" "1ad69a5a09e1733e40aa899d5df61434e8be9cab4b4e23b223c175ee7853be10", kill_on_drop: false }`
[INFO] running `Command { std: "docker" "rm" "-f" "1ad69a5a09e1733e40aa899d5df61434e8be9cab4b4e23b223c175ee7853be10", kill_on_drop: false }`
[INFO] [stdout] 1ad69a5a09e1733e40aa899d5df61434e8be9cab4b4e23b223c175ee7853be10
