[INFO] fetching crate itm_logger 0.1.2...
[INFO] testing itm_logger-0.1.2 against 1.75.0 for beta-1.76-1
[INFO] extracting crate itm_logger 0.1.2 into /workspace/builds/worker-4-tc1/source
[INFO] validating manifest of crates.io crate itm_logger 0.1.2 on toolchain 1.75.0
[INFO] running `Command { std: CARGO_HOME="/workspace/cargo-home" RUSTUP_HOME="/workspace/rustup-home" "/workspace/cargo-home/bin/cargo" "+1.75.0" "metadata" "--manifest-path" "Cargo.toml" "--no-deps", kill_on_drop: false }`
[INFO] started tweaking crates.io crate itm_logger 0.1.2
[INFO] finished tweaking crates.io crate itm_logger 0.1.2
[INFO] tweaked toml for crates.io crate itm_logger 0.1.2 written to /workspace/builds/worker-4-tc1/source/Cargo.toml
[INFO] running `Command { std: CARGO_HOME="/workspace/cargo-home" RUSTUP_HOME="/workspace/rustup-home" "/workspace/cargo-home/bin/cargo" "+1.75.0" "generate-lockfile" "--manifest-path" "Cargo.toml", kill_on_drop: false }`
[INFO] [stderr]     Updating crates.io index
[INFO] running `Command { std: CARGO_HOME="/workspace/cargo-home" RUSTUP_HOME="/workspace/rustup-home" "/workspace/cargo-home/bin/cargo" "+1.75.0" "fetch" "--manifest-path" "Cargo.toml", kill_on_drop: false }`
[INFO] running `Command { std: "docker" "create" "-v" "/var/lib/crater-agent-workspace/builds/worker-4-tc1/target:/opt/rustwide/target:rw,Z" "-v" "/var/lib/crater-agent-workspace/builds/worker-4-tc1/source:/opt/rustwide/workdir:ro,Z" "-v" "/var/lib/crater-agent-workspace/cargo-home:/opt/rustwide/cargo-home:ro,Z" "-v" "/var/lib/crater-agent-workspace/rustup-home:/opt/rustwide/rustup-home:ro,Z" "-e" "SOURCE_DIR=/opt/rustwide/workdir" "-e" "CARGO_TARGET_DIR=/opt/rustwide/target" "-e" "CARGO_HOME=/opt/rustwide/cargo-home" "-e" "RUSTUP_HOME=/opt/rustwide/rustup-home" "-w" "/opt/rustwide/workdir" "-m" "1610612736" "--user" "0:0" "--network" "none" "ghcr.io/rust-lang/crates-build-env/linux@sha256:2788e3201cd34a07e3172128adcd8b3090168a8e3bcc40d7c032b9dda1df7d1c" "/opt/rustwide/cargo-home/bin/cargo" "+1.75.0" "metadata" "--no-deps" "--format-version=1", kill_on_drop: false }`
[INFO] [stdout] 684cf9b216ef6bfd24c5bb173e7e7aa1a8fee98f08162e6ca998d253648e67ba
[INFO] running `Command { std: "docker" "start" "-a" "684cf9b216ef6bfd24c5bb173e7e7aa1a8fee98f08162e6ca998d253648e67ba", kill_on_drop: false }`
[INFO] running `Command { std: "docker" "inspect" "684cf9b216ef6bfd24c5bb173e7e7aa1a8fee98f08162e6ca998d253648e67ba", kill_on_drop: false }`
[INFO] running `Command { std: "docker" "rm" "-f" "684cf9b216ef6bfd24c5bb173e7e7aa1a8fee98f08162e6ca998d253648e67ba", kill_on_drop: false }`
[INFO] [stdout] 684cf9b216ef6bfd24c5bb173e7e7aa1a8fee98f08162e6ca998d253648e67ba
[INFO] running `Command { std: "docker" "create" "-v" "/var/lib/crater-agent-workspace/builds/worker-4-tc1/target:/opt/rustwide/target:rw,Z" "-v" "/var/lib/crater-agent-workspace/builds/worker-4-tc1/source:/opt/rustwide/workdir:ro,Z" "-v" "/var/lib/crater-agent-workspace/cargo-home:/opt/rustwide/cargo-home:ro,Z" "-v" "/var/lib/crater-agent-workspace/rustup-home:/opt/rustwide/rustup-home:ro,Z" "-e" "SOURCE_DIR=/opt/rustwide/workdir" "-e" "CARGO_TARGET_DIR=/opt/rustwide/target" "-e" "CARGO_INCREMENTAL=0" "-e" "RUST_BACKTRACE=full" "-e" "RUSTFLAGS=--cap-lints=warn" "-e" "RUSTDOCFLAGS=--cap-lints=warn" "-e" "CARGO_HOME=/opt/rustwide/cargo-home" "-e" "RUSTUP_HOME=/opt/rustwide/rustup-home" "-w" "/opt/rustwide/workdir" "-m" "1610612736" "--user" "0:0" "--network" "none" "ghcr.io/rust-lang/crates-build-env/linux@sha256:2788e3201cd34a07e3172128adcd8b3090168a8e3bcc40d7c032b9dda1df7d1c" "/opt/rustwide/cargo-home/bin/cargo" "+1.75.0" "build" "--frozen" "--message-format=json", kill_on_drop: false }`
[INFO] [stdout] db517ed2d3c5f3e4b9751e96a51955ad007bb4d55f178326d83ba57101413db4
[INFO] running `Command { std: "docker" "start" "-a" "db517ed2d3c5f3e4b9751e96a51955ad007bb4d55f178326d83ba57101413db4", kill_on_drop: false }`
[INFO] [stderr]    Compiling semver-parser v0.7.0
[INFO] [stderr]    Compiling cortex-m v0.7.7
[INFO] [stderr]    Compiling nb v1.1.0
[INFO] [stderr]    Compiling vcell v0.1.3
[INFO] [stderr]    Compiling bitfield v0.13.2
[INFO] [stderr]    Compiling generic-array v0.14.7
[INFO] [stderr]    Compiling generic-array v0.12.4
[INFO] [stderr]    Compiling generic-array v0.13.3
[INFO] [stderr]    Compiling cortex-m v0.6.7
[INFO] [stderr]    Compiling volatile-register v0.2.2
[INFO] [stderr]    Compiling nb v0.1.3
[INFO] [stderr]    Compiling embedded-hal v0.2.7
[INFO] [stderr]    Compiling semver v0.9.0
[INFO] [stderr]    Compiling rustc_version v0.2.3
[INFO] [stderr]    Compiling bare-metal v0.2.5
[INFO] [stderr]    Compiling as-slice v0.1.5
[INFO] [stderr]    Compiling aligned v0.3.5
[INFO] [stderr]    Compiling itm_logger v0.1.2 (/opt/rustwide/workdir)
[INFO] [stdout] warning: use of deprecated associated function `cortex_m::peripheral::TPIU::ptr`: Use the associated constant `PTR` instead
[INFO] [stdout]   --> src/logger.rs:35:21
[INFO] [stdout]    |
[INFO] [stdout] 35 |             (*TPIU::ptr()).acpr.write(prescaler);
[INFO] [stdout]    |                     ^^^
[INFO] [stdout]    |
[INFO] [stdout]    = note: `#[warn(deprecated)]` on by default
[INFO] [stdout] 
[INFO] [stdout] 
[INFO] [stdout] warning: use of deprecated associated function `cortex_m::peripheral::ITM::ptr`: Use the associated constant `PTR` instead
[INFO] [stdout]   --> src/logger.rs:83:39
[INFO] [stdout]    |
[INFO] [stdout] 83 |                 let itm = &mut (*ITM::ptr());
[INFO] [stdout]    |                                       ^^^
[INFO] [stdout] 
[INFO] [stdout] 
[INFO] [stdout] warning: 2 warnings emitted
[INFO] [stdout] 
[INFO] [stdout] 
[INFO] [stderr]     Finished dev [unoptimized + debuginfo] target(s) in 0.84s
[INFO] running `Command { std: "docker" "inspect" "db517ed2d3c5f3e4b9751e96a51955ad007bb4d55f178326d83ba57101413db4", kill_on_drop: false }`
[INFO] running `Command { std: "docker" "rm" "-f" "db517ed2d3c5f3e4b9751e96a51955ad007bb4d55f178326d83ba57101413db4", kill_on_drop: false }`
[INFO] [stdout] db517ed2d3c5f3e4b9751e96a51955ad007bb4d55f178326d83ba57101413db4
[INFO] running `Command { std: "docker" "create" "-v" "/var/lib/crater-agent-workspace/builds/worker-4-tc1/target:/opt/rustwide/target:rw,Z" "-v" "/var/lib/crater-agent-workspace/builds/worker-4-tc1/source:/opt/rustwide/workdir:ro,Z" "-v" "/var/lib/crater-agent-workspace/cargo-home:/opt/rustwide/cargo-home:ro,Z" "-v" "/var/lib/crater-agent-workspace/rustup-home:/opt/rustwide/rustup-home:ro,Z" "-e" "SOURCE_DIR=/opt/rustwide/workdir" "-e" "CARGO_TARGET_DIR=/opt/rustwide/target" "-e" "CARGO_INCREMENTAL=0" "-e" "RUST_BACKTRACE=full" "-e" "RUSTFLAGS=--cap-lints=warn" "-e" "RUSTDOCFLAGS=--cap-lints=warn" "-e" "CARGO_HOME=/opt/rustwide/cargo-home" "-e" "RUSTUP_HOME=/opt/rustwide/rustup-home" "-w" "/opt/rustwide/workdir" "-m" "1610612736" "--user" "0:0" "--network" "none" "ghcr.io/rust-lang/crates-build-env/linux@sha256:2788e3201cd34a07e3172128adcd8b3090168a8e3bcc40d7c032b9dda1df7d1c" "/opt/rustwide/cargo-home/bin/cargo" "+1.75.0" "test" "--frozen" "--no-run" "--message-format=json", kill_on_drop: false }`
[INFO] [stdout] 3c0d1e1a0d8c700098629d43dba0f9a4f3441e2c94d4965db4d1f7ae65191b9e
[INFO] running `Command { std: "docker" "start" "-a" "3c0d1e1a0d8c700098629d43dba0f9a4f3441e2c94d4965db4d1f7ae65191b9e", kill_on_drop: false }`
[INFO] [stderr]    Compiling itm_logger v0.1.2 (/opt/rustwide/workdir)
[INFO] [stdout] warning: use of deprecated associated function `cortex_m::peripheral::TPIU::ptr`: Use the associated constant `PTR` instead
[INFO] [stdout]   --> src/logger.rs:35:21
[INFO] [stdout]    |
[INFO] [stdout] 35 |             (*TPIU::ptr()).acpr.write(prescaler);
[INFO] [stdout]    |                     ^^^
[INFO] [stdout]    |
[INFO] [stdout]    = note: `#[warn(deprecated)]` on by default
[INFO] [stdout] 
[INFO] [stdout] 
[INFO] [stdout] warning: use of deprecated associated function `cortex_m::peripheral::ITM::ptr`: Use the associated constant `PTR` instead
[INFO] [stdout]   --> src/logger.rs:83:39
[INFO] [stdout]    |
[INFO] [stdout] 83 |                 let itm = &mut (*ITM::ptr());
[INFO] [stdout]    |                                       ^^^
[INFO] [stdout] 
[INFO] [stdout] 
[INFO] [stdout] warning: 2 warnings emitted
[INFO] [stdout] 
[INFO] [stdout] 
[INFO] [stdout] warning: use of deprecated associated function `cortex_m::peripheral::TPIU::ptr`: Use the associated constant `PTR` instead
[INFO] [stdout]   --> src/logger.rs:35:21
[INFO] [stdout]    |
[INFO] [stdout] 35 |             (*TPIU::ptr()).acpr.write(prescaler);
[INFO] [stdout]    |                     ^^^
[INFO] [stdout]    |
[INFO] [stdout]    = note: `#[warn(deprecated)]` on by default
[INFO] [stdout] 
[INFO] [stdout] 
[INFO] [stdout] warning: use of deprecated associated function `cortex_m::peripheral::ITM::ptr`: Use the associated constant `PTR` instead
[INFO] [stdout]   --> src/logger.rs:83:39
[INFO] [stdout]    |
[INFO] [stdout] 83 |                 let itm = &mut (*ITM::ptr());
[INFO] [stdout]    |                                       ^^^
[INFO] [stdout] 
[INFO] [stdout] 
[INFO] [stdout] warning: 2 warnings emitted
[INFO] [stdout] 
[INFO] [stdout] 
[INFO] [stderr]     Finished test [unoptimized + debuginfo] target(s) in 0.22s
[INFO] running `Command { std: "docker" "inspect" "3c0d1e1a0d8c700098629d43dba0f9a4f3441e2c94d4965db4d1f7ae65191b9e", kill_on_drop: false }`
[INFO] running `Command { std: "docker" "rm" "-f" "3c0d1e1a0d8c700098629d43dba0f9a4f3441e2c94d4965db4d1f7ae65191b9e", kill_on_drop: false }`
[INFO] [stdout] 3c0d1e1a0d8c700098629d43dba0f9a4f3441e2c94d4965db4d1f7ae65191b9e
[INFO] running `Command { std: "docker" "create" "-v" "/var/lib/crater-agent-workspace/builds/worker-4-tc1/target:/opt/rustwide/target:rw,Z" "-v" "/var/lib/crater-agent-workspace/builds/worker-4-tc1/source:/opt/rustwide/workdir:ro,Z" "-v" "/var/lib/crater-agent-workspace/cargo-home:/opt/rustwide/cargo-home:ro,Z" "-v" "/var/lib/crater-agent-workspace/rustup-home:/opt/rustwide/rustup-home:ro,Z" "-e" "SOURCE_DIR=/opt/rustwide/workdir" "-e" "CARGO_TARGET_DIR=/opt/rustwide/target" "-e" "CARGO_INCREMENTAL=0" "-e" "RUST_BACKTRACE=full" "-e" "RUSTFLAGS=--cap-lints=warn" "-e" "RUSTDOCFLAGS=--cap-lints=warn" "-e" "CARGO_HOME=/opt/rustwide/cargo-home" "-e" "RUSTUP_HOME=/opt/rustwide/rustup-home" "-w" "/opt/rustwide/workdir" "-m" "1610612736" "--user" "0:0" "--network" "none" "ghcr.io/rust-lang/crates-build-env/linux@sha256:2788e3201cd34a07e3172128adcd8b3090168a8e3bcc40d7c032b9dda1df7d1c" "/opt/rustwide/cargo-home/bin/cargo" "+1.75.0" "test" "--frozen", kill_on_drop: false }`
[INFO] [stdout] ea5e7444963d9240251dd56835f954e6f38087da91de0fab32153bbb5044db4a
[INFO] running `Command { std: "docker" "start" "-a" "ea5e7444963d9240251dd56835f954e6f38087da91de0fab32153bbb5044db4a", kill_on_drop: false }`
[INFO] [stderr] warning: use of deprecated associated function `cortex_m::peripheral::TPIU::ptr`: Use the associated constant `PTR` instead
[INFO] [stderr]   --> src/logger.rs:35:21
[INFO] [stderr]    |
[INFO] [stderr] 35 |             (*TPIU::ptr()).acpr.write(prescaler);
[INFO] [stderr]    |                     ^^^
[INFO] [stderr]    |
[INFO] [stderr]    = note: `#[warn(deprecated)]` on by default
[INFO] [stderr] 
[INFO] [stderr] warning: use of deprecated associated function `cortex_m::peripheral::ITM::ptr`: Use the associated constant `PTR` instead
[INFO] [stderr]   --> src/logger.rs:83:39
[INFO] [stderr]    |
[INFO] [stderr] 83 |                 let itm = &mut (*ITM::ptr());
[INFO] [stderr]    |                                       ^^^
[INFO] [stderr] 
[INFO] [stderr] warning: `itm_logger` (lib) generated 2 warnings
[INFO] [stderr] warning: `itm_logger` (lib test) generated 2 warnings (2 duplicates)
[INFO] [stderr]     Finished test [unoptimized + debuginfo] target(s) in 0.01s
[INFO] [stderr]      Running unittests src/lib.rs (/opt/rustwide/target/debug/deps/itm_logger-55c5b1c3fa2ed193)
[INFO] [stdout] 
[INFO] [stdout] running 0 tests
[INFO] [stdout] 
[INFO] [stdout] test result: ok. 0 passed; 0 failed; 0 ignored; 0 measured; 0 filtered out; finished in 0.00s
[INFO] [stdout] 
[INFO] [stderr]    Doc-tests itm_logger
[INFO] [stdout] 
[INFO] [stdout] running 1 test
[INFO] [stdout] test src/lib.rs - (line 8) ... FAILED
[INFO] [stdout] 
[INFO] [stdout] failures:
[INFO] [stdout] 
[INFO] [stdout] ---- src/lib.rs - (line 8) stdout ----
[INFO] [stdout] error[E0412]: cannot find type `Hertz` in this scope
[INFO] [stdout]   --> src/lib.rs:21:13
[INFO] [stdout]    |
[INFO] [stdout] 16 | let sysclk: Hertz = clocks.sysclk().into();
[INFO] [stdout]    |             ^^^^^ not found in this scope
[INFO] [stdout] 
[INFO] [stdout] error[E0425]: cannot find value `clocks` in this scope
[INFO] [stdout]   --> src/lib.rs:21:21
[INFO] [stdout]    |
[INFO] [stdout] 16 | let sysclk: Hertz = clocks.sysclk().into();
[INFO] [stdout]    |                     ^^^^^^ not found in this scope
[INFO] [stdout] 
[INFO] [stdout] error[E0425]: cannot find value `ITM_BAUD_RATE` in this scope
[INFO] [stdout]   --> src/lib.rs:22:32
[INFO] [stdout]    |
[INFO] [stdout] 17 | update_tpiu_baudrate(sysclk.0, ITM_BAUD_RATE).expect("Failed to reset TPIU baudrate");
[INFO] [stdout]    |                                ^^^^^^^^^^^^^ not found in this scope
[INFO] [stdout] 
[INFO] [stdout] error: aborting due to 3 previous errors
[INFO] [stdout] 
[INFO] [stdout] Some errors have detailed explanations: E0412, E0425.
[INFO] [stdout] For more information about an error, try `rustc --explain E0412`.
[INFO] [stdout] Couldn't compile the test.
[INFO] [stdout] 
[INFO] [stdout] failures:
[INFO] [stdout]     src/lib.rs - (line 8)
[INFO] [stdout] 
[INFO] [stdout] test result: FAILED. 0 passed; 1 failed; 0 ignored; 0 measured; 0 filtered out; finished in 0.05s
[INFO] [stdout] 
[INFO] [stderr] error: doctest failed, to rerun pass `--doc`
[INFO] running `Command { std: "docker" "inspect" "ea5e7444963d9240251dd56835f954e6f38087da91de0fab32153bbb5044db4a", kill_on_drop: false }`
[INFO] running `Command { std: "docker" "rm" "-f" "ea5e7444963d9240251dd56835f954e6f38087da91de0fab32153bbb5044db4a", kill_on_drop: false }`
[INFO] [stdout] ea5e7444963d9240251dd56835f954e6f38087da91de0fab32153bbb5044db4a
