[INFO] fetching crate iterators-rfoxmich 0.1.1...
[INFO] testing iterators-rfoxmich-0.1.1 against 1.75.0 for beta-1.76-1
[INFO] extracting crate iterators-rfoxmich 0.1.1 into /workspace/builds/worker-1-tc1/source
[INFO] validating manifest of crates.io crate iterators-rfoxmich 0.1.1 on toolchain 1.75.0
[INFO] running `Command { std: CARGO_HOME="/workspace/cargo-home" RUSTUP_HOME="/workspace/rustup-home" "/workspace/cargo-home/bin/cargo" "+1.75.0" "metadata" "--manifest-path" "Cargo.toml" "--no-deps", kill_on_drop: false }`
[INFO] started tweaking crates.io crate iterators-rfoxmich 0.1.1
[INFO] finished tweaking crates.io crate iterators-rfoxmich 0.1.1
[INFO] tweaked toml for crates.io crate iterators-rfoxmich 0.1.1 written to /workspace/builds/worker-1-tc1/source/Cargo.toml
[INFO] crate crates.io crate iterators-rfoxmich 0.1.1 already has a lockfile, it will not be regenerated
[INFO] running `Command { std: CARGO_HOME="/workspace/cargo-home" RUSTUP_HOME="/workspace/rustup-home" "/workspace/cargo-home/bin/cargo" "+1.75.0" "fetch" "--manifest-path" "Cargo.toml", kill_on_drop: false }`
[INFO] running `Command { std: "docker" "create" "-v" "/var/lib/crater-agent-workspace/builds/worker-1-tc1/target:/opt/rustwide/target:rw,Z" "-v" "/var/lib/crater-agent-workspace/builds/worker-1-tc1/source:/opt/rustwide/workdir:ro,Z" "-v" "/var/lib/crater-agent-workspace/cargo-home:/opt/rustwide/cargo-home:ro,Z" "-v" "/var/lib/crater-agent-workspace/rustup-home:/opt/rustwide/rustup-home:ro,Z" "-e" "SOURCE_DIR=/opt/rustwide/workdir" "-e" "CARGO_TARGET_DIR=/opt/rustwide/target" "-e" "CARGO_HOME=/opt/rustwide/cargo-home" "-e" "RUSTUP_HOME=/opt/rustwide/rustup-home" "-w" "/opt/rustwide/workdir" "-m" "1610612736" "--user" "0:0" "--network" "none" "ghcr.io/rust-lang/crates-build-env/linux@sha256:2788e3201cd34a07e3172128adcd8b3090168a8e3bcc40d7c032b9dda1df7d1c" "/opt/rustwide/cargo-home/bin/cargo" "+1.75.0" "metadata" "--no-deps" "--format-version=1", kill_on_drop: false }`
[INFO] [stdout] d90dfdff2353755cff963f3e0803490da6ba1e15e0d27a96ba841499445a2975
[INFO] running `Command { std: "docker" "start" "-a" "d90dfdff2353755cff963f3e0803490da6ba1e15e0d27a96ba841499445a2975", kill_on_drop: false }`
[INFO] running `Command { std: "docker" "inspect" "d90dfdff2353755cff963f3e0803490da6ba1e15e0d27a96ba841499445a2975", kill_on_drop: false }`
[INFO] running `Command { std: "docker" "rm" "-f" "d90dfdff2353755cff963f3e0803490da6ba1e15e0d27a96ba841499445a2975", kill_on_drop: false }`
[INFO] [stdout] d90dfdff2353755cff963f3e0803490da6ba1e15e0d27a96ba841499445a2975
[INFO] running `Command { std: "docker" "create" "-v" "/var/lib/crater-agent-workspace/builds/worker-1-tc1/target:/opt/rustwide/target:rw,Z" "-v" "/var/lib/crater-agent-workspace/builds/worker-1-tc1/source:/opt/rustwide/workdir:ro,Z" "-v" "/var/lib/crater-agent-workspace/cargo-home:/opt/rustwide/cargo-home:ro,Z" "-v" "/var/lib/crater-agent-workspace/rustup-home:/opt/rustwide/rustup-home:ro,Z" "-e" "SOURCE_DIR=/opt/rustwide/workdir" "-e" "CARGO_TARGET_DIR=/opt/rustwide/target" "-e" "CARGO_INCREMENTAL=0" "-e" "RUST_BACKTRACE=full" "-e" "RUSTFLAGS=--cap-lints=warn" "-e" "RUSTDOCFLAGS=--cap-lints=warn" "-e" "CARGO_HOME=/opt/rustwide/cargo-home" "-e" "RUSTUP_HOME=/opt/rustwide/rustup-home" "-w" "/opt/rustwide/workdir" "-m" "1610612736" "--user" "0:0" "--network" "none" "ghcr.io/rust-lang/crates-build-env/linux@sha256:2788e3201cd34a07e3172128adcd8b3090168a8e3bcc40d7c032b9dda1df7d1c" "/opt/rustwide/cargo-home/bin/cargo" "+1.75.0" "build" "--frozen" "--message-format=json", kill_on_drop: false }`
[INFO] [stdout] 49ac971854def5ce4f16c8f0d55260be98ec03f248d5713d1727ce13954d6723
[INFO] running `Command { std: "docker" "start" "-a" "49ac971854def5ce4f16c8f0d55260be98ec03f248d5713d1727ce13954d6723", kill_on_drop: false }`
[INFO] [stderr]    Compiling iterators-rfoxmich v0.1.1 (/opt/rustwide/workdir)
[INFO] [stderr]     Finished dev [unoptimized + debuginfo] target(s) in 0.23s
[INFO] running `Command { std: "docker" "inspect" "49ac971854def5ce4f16c8f0d55260be98ec03f248d5713d1727ce13954d6723", kill_on_drop: false }`
[INFO] running `Command { std: "docker" "rm" "-f" "49ac971854def5ce4f16c8f0d55260be98ec03f248d5713d1727ce13954d6723", kill_on_drop: false }`
[INFO] [stdout] 49ac971854def5ce4f16c8f0d55260be98ec03f248d5713d1727ce13954d6723
[INFO] running `Command { std: "docker" "create" "-v" "/var/lib/crater-agent-workspace/builds/worker-1-tc1/target:/opt/rustwide/target:rw,Z" "-v" "/var/lib/crater-agent-workspace/builds/worker-1-tc1/source:/opt/rustwide/workdir:ro,Z" "-v" "/var/lib/crater-agent-workspace/cargo-home:/opt/rustwide/cargo-home:ro,Z" "-v" "/var/lib/crater-agent-workspace/rustup-home:/opt/rustwide/rustup-home:ro,Z" "-e" "SOURCE_DIR=/opt/rustwide/workdir" "-e" "CARGO_TARGET_DIR=/opt/rustwide/target" "-e" "CARGO_INCREMENTAL=0" "-e" "RUST_BACKTRACE=full" "-e" "RUSTFLAGS=--cap-lints=warn" "-e" "RUSTDOCFLAGS=--cap-lints=warn" "-e" "CARGO_HOME=/opt/rustwide/cargo-home" "-e" "RUSTUP_HOME=/opt/rustwide/rustup-home" "-w" "/opt/rustwide/workdir" "-m" "1610612736" "--user" "0:0" "--network" "none" "ghcr.io/rust-lang/crates-build-env/linux@sha256:2788e3201cd34a07e3172128adcd8b3090168a8e3bcc40d7c032b9dda1df7d1c" "/opt/rustwide/cargo-home/bin/cargo" "+1.75.0" "test" "--frozen" "--no-run" "--message-format=json", kill_on_drop: false }`
[INFO] [stdout] fcf9463d99984cbdad88195d6af9cf3d27d98690df751896fce6bb8b3eafc033
[INFO] running `Command { std: "docker" "start" "-a" "fcf9463d99984cbdad88195d6af9cf3d27d98690df751896fce6bb8b3eafc033", kill_on_drop: false }`
[INFO] [stderr]    Compiling iterators-rfoxmich v0.1.1 (/opt/rustwide/workdir)
[INFO] [stderr]     Finished test [unoptimized + debuginfo] target(s) in 0.31s
[INFO] running `Command { std: "docker" "inspect" "fcf9463d99984cbdad88195d6af9cf3d27d98690df751896fce6bb8b3eafc033", kill_on_drop: false }`
[INFO] running `Command { std: "docker" "rm" "-f" "fcf9463d99984cbdad88195d6af9cf3d27d98690df751896fce6bb8b3eafc033", kill_on_drop: false }`
[INFO] [stdout] fcf9463d99984cbdad88195d6af9cf3d27d98690df751896fce6bb8b3eafc033
[INFO] running `Command { std: "docker" "create" "-v" "/var/lib/crater-agent-workspace/builds/worker-1-tc1/target:/opt/rustwide/target:rw,Z" "-v" "/var/lib/crater-agent-workspace/builds/worker-1-tc1/source:/opt/rustwide/workdir:ro,Z" "-v" "/var/lib/crater-agent-workspace/cargo-home:/opt/rustwide/cargo-home:ro,Z" "-v" "/var/lib/crater-agent-workspace/rustup-home:/opt/rustwide/rustup-home:ro,Z" "-e" "SOURCE_DIR=/opt/rustwide/workdir" "-e" "CARGO_TARGET_DIR=/opt/rustwide/target" "-e" "CARGO_INCREMENTAL=0" "-e" "RUST_BACKTRACE=full" "-e" "RUSTFLAGS=--cap-lints=warn" "-e" "RUSTDOCFLAGS=--cap-lints=warn" "-e" "CARGO_HOME=/opt/rustwide/cargo-home" "-e" "RUSTUP_HOME=/opt/rustwide/rustup-home" "-w" "/opt/rustwide/workdir" "-m" "1610612736" "--user" "0:0" "--network" "none" "ghcr.io/rust-lang/crates-build-env/linux@sha256:2788e3201cd34a07e3172128adcd8b3090168a8e3bcc40d7c032b9dda1df7d1c" "/opt/rustwide/cargo-home/bin/cargo" "+1.75.0" "test" "--frozen", kill_on_drop: false }`
[INFO] [stdout] 0069e66b6368aa1a9b06c98e99e7ccd73e4d164ad1457c02e921726b01a350fe
[INFO] running `Command { std: "docker" "start" "-a" "0069e66b6368aa1a9b06c98e99e7ccd73e4d164ad1457c02e921726b01a350fe", kill_on_drop: false }`
[INFO] [stderr]     Finished test [unoptimized + debuginfo] target(s) in 0.00s
[INFO] [stderr]      Running unittests src/lib.rs (/opt/rustwide/target/debug/deps/iterators_rfoxmich-3d4d1ffaa1f2c681)
[INFO] [stdout] 
[INFO] [stdout] running 6 tests
[INFO] [stdout] test tests::counter_test_1 ... ok
[INFO] [stdout] test tests::counter_test_2 ... ok
[INFO] [stdout] test tests::filter_by_size ... ok
[INFO] [stdout] test tests::iter_test ... ok
[INFO] [stdout] test tests::map_test ... ok
[INFO] [stdout] test tests::sum_test ... ok
[INFO] [stdout] 
[INFO] [stdout] test result: ok. 6 passed; 0 failed; 0 ignored; 0 measured; 0 filtered out; finished in 0.00s
[INFO] [stdout] 
[INFO] [stderr]      Running unittests src/main.rs (/opt/rustwide/target/debug/deps/iterators_rfoxmich-dcc0e570ffe5b2d9)
[INFO] [stdout] 
[INFO] [stdout] running 0 tests
[INFO] [stdout] 
[INFO] [stdout] test result: ok. 0 passed; 0 failed; 0 ignored; 0 measured; 0 filtered out; finished in 0.00s
[INFO] [stdout] 
[INFO] [stderr]    Doc-tests iterators-rfoxmich
[INFO] [stdout] 
[INFO] [stdout] running 2 tests
[INFO] [stdout] test src/lib.rs - Counter::new (line 42) ... FAILED
[INFO] [stdout] test src/lib.rs - Counter::next (line 59) ... FAILED
[INFO] [stdout] 
[INFO] [stdout] failures:
[INFO] [stdout] 
[INFO] [stdout] ---- src/lib.rs - Counter::new (line 42) stdout ----
[INFO] [stdout] error[E0432]: unresolved import `iterators`
[INFO] [stdout]  --> src/lib.rs:43:5
[INFO] [stdout]   |
[INFO] [stdout] 3 | use iterators::Counter;
[INFO] [stdout]   |     ^^^^^^^^^ use of undeclared crate or module `iterators`
[INFO] [stdout] 
[INFO] [stdout] error: aborting due to previous error
[INFO] [stdout] 
[INFO] [stdout] For more information about this error, try `rustc --explain E0432`.
[INFO] [stdout] Couldn't compile the test.
[INFO] [stdout] ---- src/lib.rs - Counter::next (line 59) stdout ----
[INFO] [stdout] error[E0432]: unresolved import `iterators`
[INFO] [stdout]  --> src/lib.rs:61:5
[INFO] [stdout]   |
[INFO] [stdout] 4 | use iterators::Counter;
[INFO] [stdout]   |     ^^^^^^^^^ use of undeclared crate or module `iterators`
[INFO] [stdout] 
[INFO] [stdout] error: aborting due to previous error
[INFO] [stdout] 
[INFO] [stdout] For more information about this error, try `rustc --explain E0432`.
[INFO] [stdout] Couldn't compile the test.
[INFO] [stdout] 
[INFO] [stdout] failures:
[INFO] [stdout]     src/lib.rs - Counter::new (line 42)
[INFO] [stdout]     src/lib.rs - Counter::next (line 59)
[INFO] [stdout] 
[INFO] [stdout] test result: FAILED. 0 passed; 2 failed; 0 ignored; 0 measured; 0 filtered out; finished in 0.03s
[INFO] [stdout] 
[INFO] [stderr] error: doctest failed, to rerun pass `--doc`
[INFO] running `Command { std: "docker" "inspect" "0069e66b6368aa1a9b06c98e99e7ccd73e4d164ad1457c02e921726b01a350fe", kill_on_drop: false }`
[INFO] running `Command { std: "docker" "rm" "-f" "0069e66b6368aa1a9b06c98e99e7ccd73e4d164ad1457c02e921726b01a350fe", kill_on_drop: false }`
[INFO] [stdout] 0069e66b6368aa1a9b06c98e99e7ccd73e4d164ad1457c02e921726b01a350fe
[INFO] testing iterators-rfoxmich-0.1.1 against beta-2023-12-22 for beta-1.76-1
[INFO] extracting crate iterators-rfoxmich 0.1.1 into /workspace/builds/worker-1-tc2/source
[INFO] validating manifest of crates.io crate iterators-rfoxmich 0.1.1 on toolchain beta-2023-12-22
[INFO] running `Command { std: CARGO_HOME="/workspace/cargo-home" RUSTUP_HOME="/workspace/rustup-home" "/workspace/cargo-home/bin/cargo" "+beta-2023-12-22" "metadata" "--manifest-path" "Cargo.toml" "--no-deps", kill_on_drop: false }`
[INFO] started tweaking crates.io crate iterators-rfoxmich 0.1.1
[INFO] finished tweaking crates.io crate iterators-rfoxmich 0.1.1
[INFO] tweaked toml for crates.io crate iterators-rfoxmich 0.1.1 written to /workspace/builds/worker-1-tc2/source/Cargo.toml
[INFO] crate crates.io crate iterators-rfoxmich 0.1.1 already has a lockfile, it will not be regenerated
[INFO] running `Command { std: CARGO_HOME="/workspace/cargo-home" RUSTUP_HOME="/workspace/rustup-home" "/workspace/cargo-home/bin/cargo" "+beta-2023-12-22" "fetch" "--manifest-path" "Cargo.toml", kill_on_drop: false }`
[INFO] running `Command { std: "docker" "create" "-v" "/var/lib/crater-agent-workspace/builds/worker-1-tc2/target:/opt/rustwide/target:rw,Z" "-v" "/var/lib/crater-agent-workspace/builds/worker-1-tc2/source:/opt/rustwide/workdir:ro,Z" "-v" "/var/lib/crater-agent-workspace/cargo-home:/opt/rustwide/cargo-home:ro,Z" "-v" "/var/lib/crater-agent-workspace/rustup-home:/opt/rustwide/rustup-home:ro,Z" "-e" "SOURCE_DIR=/opt/rustwide/workdir" "-e" "CARGO_TARGET_DIR=/opt/rustwide/target" "-e" "CARGO_HOME=/opt/rustwide/cargo-home" "-e" "RUSTUP_HOME=/opt/rustwide/rustup-home" "-w" "/opt/rustwide/workdir" "-m" "1610612736" "--user" "0:0" "--network" "none" "ghcr.io/rust-lang/crates-build-env/linux@sha256:2788e3201cd34a07e3172128adcd8b3090168a8e3bcc40d7c032b9dda1df7d1c" "/opt/rustwide/cargo-home/bin/cargo" "+beta-2023-12-22" "metadata" "--no-deps" "--format-version=1", kill_on_drop: false }`
[INFO] [stdout] d0a3814c0567dbaba08c2b2665e4eccd626717f260bdfbc9e3fe411e03d486fc
[INFO] running `Command { std: "docker" "start" "-a" "d0a3814c0567dbaba08c2b2665e4eccd626717f260bdfbc9e3fe411e03d486fc", kill_on_drop: false }`
[INFO] running `Command { std: "docker" "inspect" "d0a3814c0567dbaba08c2b2665e4eccd626717f260bdfbc9e3fe411e03d486fc", kill_on_drop: false }`
[INFO] running `Command { std: "docker" "rm" "-f" "d0a3814c0567dbaba08c2b2665e4eccd626717f260bdfbc9e3fe411e03d486fc", kill_on_drop: false }`
[INFO] [stdout] d0a3814c0567dbaba08c2b2665e4eccd626717f260bdfbc9e3fe411e03d486fc
[INFO] running `Command { std: "docker" "create" "-v" "/var/lib/crater-agent-workspace/builds/worker-1-tc2/target:/opt/rustwide/target:rw,Z" "-v" "/var/lib/crater-agent-workspace/builds/worker-1-tc2/source:/opt/rustwide/workdir:ro,Z" "-v" "/var/lib/crater-agent-workspace/cargo-home:/opt/rustwide/cargo-home:ro,Z" "-v" "/var/lib/crater-agent-workspace/rustup-home:/opt/rustwide/rustup-home:ro,Z" "-e" "SOURCE_DIR=/opt/rustwide/workdir" "-e" "CARGO_TARGET_DIR=/opt/rustwide/target" "-e" "CARGO_INCREMENTAL=0" "-e" "RUST_BACKTRACE=full" "-e" "RUSTFLAGS=--cap-lints=warn" "-e" "RUSTDOCFLAGS=--cap-lints=warn" "-e" "CARGO_HOME=/opt/rustwide/cargo-home" "-e" "RUSTUP_HOME=/opt/rustwide/rustup-home" "-w" "/opt/rustwide/workdir" "-m" "1610612736" "--user" "0:0" "--network" "none" "ghcr.io/rust-lang/crates-build-env/linux@sha256:2788e3201cd34a07e3172128adcd8b3090168a8e3bcc40d7c032b9dda1df7d1c" "/opt/rustwide/cargo-home/bin/cargo" "+beta-2023-12-22" "build" "--frozen" "--message-format=json", kill_on_drop: false }`
[INFO] [stdout] 57da6fe1083259d0a010878365d1bd2cdc0b88060a9aee5192224b0f4ef37db1
[INFO] running `Command { std: "docker" "start" "-a" "57da6fe1083259d0a010878365d1bd2cdc0b88060a9aee5192224b0f4ef37db1", kill_on_drop: false }`
[INFO] [stderr]    Compiling iterators-rfoxmich v0.1.1 (/opt/rustwide/workdir)
[INFO] [stderr]     Finished dev [unoptimized + debuginfo] target(s) in 0.24s
[INFO] running `Command { std: "docker" "inspect" "57da6fe1083259d0a010878365d1bd2cdc0b88060a9aee5192224b0f4ef37db1", kill_on_drop: false }`
[INFO] running `Command { std: "docker" "rm" "-f" "57da6fe1083259d0a010878365d1bd2cdc0b88060a9aee5192224b0f4ef37db1", kill_on_drop: false }`
[INFO] [stdout] 57da6fe1083259d0a010878365d1bd2cdc0b88060a9aee5192224b0f4ef37db1
[INFO] running `Command { std: "docker" "create" "-v" "/var/lib/crater-agent-workspace/builds/worker-1-tc2/target:/opt/rustwide/target:rw,Z" "-v" "/var/lib/crater-agent-workspace/builds/worker-1-tc2/source:/opt/rustwide/workdir:ro,Z" "-v" "/var/lib/crater-agent-workspace/cargo-home:/opt/rustwide/cargo-home:ro,Z" "-v" "/var/lib/crater-agent-workspace/rustup-home:/opt/rustwide/rustup-home:ro,Z" "-e" "SOURCE_DIR=/opt/rustwide/workdir" "-e" "CARGO_TARGET_DIR=/opt/rustwide/target" "-e" "CARGO_INCREMENTAL=0" "-e" "RUST_BACKTRACE=full" "-e" "RUSTFLAGS=--cap-lints=warn" "-e" "RUSTDOCFLAGS=--cap-lints=warn" "-e" "CARGO_HOME=/opt/rustwide/cargo-home" "-e" "RUSTUP_HOME=/opt/rustwide/rustup-home" "-w" "/opt/rustwide/workdir" "-m" "1610612736" "--user" "0:0" "--network" "none" "ghcr.io/rust-lang/crates-build-env/linux@sha256:2788e3201cd34a07e3172128adcd8b3090168a8e3bcc40d7c032b9dda1df7d1c" "/opt/rustwide/cargo-home/bin/cargo" "+beta-2023-12-22" "test" "--frozen" "--no-run" "--message-format=json", kill_on_drop: false }`
[INFO] [stdout] 8898d2a181d6ba2765ed28a522785e4e33b90de83554f7e9c889fae1a9717df4
[INFO] running `Command { std: "docker" "start" "-a" "8898d2a181d6ba2765ed28a522785e4e33b90de83554f7e9c889fae1a9717df4", kill_on_drop: false }`
[INFO] [stderr]    Compiling iterators-rfoxmich v0.1.1 (/opt/rustwide/workdir)
[INFO] [stderr]     Finished test [unoptimized + debuginfo] target(s) in 0.27s
[INFO] running `Command { std: "docker" "inspect" "8898d2a181d6ba2765ed28a522785e4e33b90de83554f7e9c889fae1a9717df4", kill_on_drop: false }`
[INFO] running `Command { std: "docker" "rm" "-f" "8898d2a181d6ba2765ed28a522785e4e33b90de83554f7e9c889fae1a9717df4", kill_on_drop: false }`
[INFO] [stdout] 8898d2a181d6ba2765ed28a522785e4e33b90de83554f7e9c889fae1a9717df4
[INFO] running `Command { std: "docker" "create" "-v" "/var/lib/crater-agent-workspace/builds/worker-1-tc2/target:/opt/rustwide/target:rw,Z" "-v" "/var/lib/crater-agent-workspace/builds/worker-1-tc2/source:/opt/rustwide/workdir:ro,Z" "-v" "/var/lib/crater-agent-workspace/cargo-home:/opt/rustwide/cargo-home:ro,Z" "-v" "/var/lib/crater-agent-workspace/rustup-home:/opt/rustwide/rustup-home:ro,Z" "-e" "SOURCE_DIR=/opt/rustwide/workdir" "-e" "CARGO_TARGET_DIR=/opt/rustwide/target" "-e" "CARGO_INCREMENTAL=0" "-e" "RUST_BACKTRACE=full" "-e" "RUSTFLAGS=--cap-lints=warn" "-e" "RUSTDOCFLAGS=--cap-lints=warn" "-e" "CARGO_HOME=/opt/rustwide/cargo-home" "-e" "RUSTUP_HOME=/opt/rustwide/rustup-home" "-w" "/opt/rustwide/workdir" "-m" "1610612736" "--user" "0:0" "--network" "none" "ghcr.io/rust-lang/crates-build-env/linux@sha256:2788e3201cd34a07e3172128adcd8b3090168a8e3bcc40d7c032b9dda1df7d1c" "/opt/rustwide/cargo-home/bin/cargo" "+beta-2023-12-22" "test" "--frozen", kill_on_drop: false }`
[INFO] [stdout] 56b6a1510d2531ee29e30257a0840659d6d7cb2d0d68b75cebbf250eab32d373
[INFO] running `Command { std: "docker" "start" "-a" "56b6a1510d2531ee29e30257a0840659d6d7cb2d0d68b75cebbf250eab32d373", kill_on_drop: false }`
[INFO] [stderr]     Finished test [unoptimized + debuginfo] target(s) in 0.00s
[INFO] [stderr]      Running unittests src/lib.rs (/opt/rustwide/target/debug/deps/iterators_rfoxmich-fe0d8b015a4441ad)
[INFO] [stdout] 
[INFO] [stdout] running 6 tests
[INFO] [stdout] test tests::counter_test_1 ... ok
[INFO] [stdout] test tests::filter_by_size ... ok
[INFO] [stdout] test tests::iter_test ... ok
[INFO] [stdout] test tests::map_test ... ok
[INFO] [stdout] test tests::sum_test ... ok
[INFO] [stdout] test tests::counter_test_2 ... ok
[INFO] [stdout] 
[INFO] [stdout] test result: ok. 6 passed; 0 failed; 0 ignored; 0 measured; 0 filtered out; finished in 0.00s
[INFO] [stdout] 
[INFO] [stderr]      Running unittests src/main.rs (/opt/rustwide/target/debug/deps/iterators_rfoxmich-dcd259545b3e7c75)
[INFO] [stdout] 
[INFO] [stdout] running 0 tests
[INFO] [stdout] 
[INFO] [stdout] test result: ok. 0 passed; 0 failed; 0 ignored; 0 measured; 0 filtered out; finished in 0.00s
[INFO] [stdout] 
[INFO] [stderr]    Doc-tests iterators-rfoxmich
[INFO] [stdout] 
[INFO] [stdout] running 2 tests
[INFO] [stdout] test src/lib.rs - Counter::new (line 42) ... FAILED
[INFO] [stdout] test src/lib.rs - Counter::next (line 59) ... FAILED
[INFO] [stdout] 
[INFO] [stdout] failures:
[INFO] [stdout] 
[INFO] [stdout] ---- src/lib.rs - Counter::new (line 42) stdout ----
[INFO] [stdout] error[E0432]: unresolved import `iterators`
[INFO] [stdout]  --> src/lib.rs:43:5
[INFO] [stdout]   |
[INFO] [stdout] 3 | use iterators::Counter;
[INFO] [stdout]   |     ^^^^^^^^^ use of undeclared crate or module `iterators`
[INFO] [stdout] 
[INFO] [stdout] error: aborting due to 1 previous error
[INFO] [stdout] 
[INFO] [stdout] For more information about this error, try `rustc --explain E0432`.
[INFO] [stdout] Couldn't compile the test.
[INFO] [stdout] ---- src/lib.rs - Counter::next (line 59) stdout ----
[INFO] [stdout] error[E0432]: unresolved import `iterators`
[INFO] [stdout]  --> src/lib.rs:61:5
[INFO] [stdout]   |
[INFO] [stdout] 4 | use iterators::Counter;
[INFO] [stdout]   |     ^^^^^^^^^ use of undeclared crate or module `iterators`
[INFO] [stdout] 
[INFO] [stdout] error: aborting due to 1 previous error
[INFO] [stdout] 
[INFO] [stdout] For more information about this error, try `rustc --explain E0432`.
[INFO] [stdout] Couldn't compile the test.
[INFO] [stdout] 
[INFO] [stdout] failures:
[INFO] [stdout]     src/lib.rs - Counter::new (line 42)
[INFO] [stdout]     src/lib.rs - Counter::next (line 59)
[INFO] [stdout] 
[INFO] [stdout] test result: FAILED. 0 passed; 2 failed; 0 ignored; 0 measured; 0 filtered out; finished in 0.03s
[INFO] [stdout] 
[INFO] [stderr] error: doctest failed, to rerun pass `--doc`
[INFO] running `Command { std: "docker" "inspect" "56b6a1510d2531ee29e30257a0840659d6d7cb2d0d68b75cebbf250eab32d373", kill_on_drop: false }`
[INFO] running `Command { std: "docker" "rm" "-f" "56b6a1510d2531ee29e30257a0840659d6d7cb2d0d68b75cebbf250eab32d373", kill_on_drop: false }`
[INFO] [stdout] 56b6a1510d2531ee29e30257a0840659d6d7cb2d0d68b75cebbf250eab32d373
