[INFO] fetching crate iter_spread 0.1.0...
[INFO] testing iter_spread-0.1.0 against 1.75.0 for beta-1.76-1
[INFO] extracting crate iter_spread 0.1.0 into /workspace/builds/worker-1-tc1/source
[INFO] validating manifest of crates.io crate iter_spread 0.1.0 on toolchain 1.75.0
[INFO] running `Command { std: CARGO_HOME="/workspace/cargo-home" RUSTUP_HOME="/workspace/rustup-home" "/workspace/cargo-home/bin/cargo" "+1.75.0" "metadata" "--manifest-path" "Cargo.toml" "--no-deps", kill_on_drop: false }`
[INFO] started tweaking crates.io crate iter_spread 0.1.0
[INFO] finished tweaking crates.io crate iter_spread 0.1.0
[INFO] tweaked toml for crates.io crate iter_spread 0.1.0 written to /workspace/builds/worker-1-tc1/source/Cargo.toml
[INFO] running `Command { std: CARGO_HOME="/workspace/cargo-home" RUSTUP_HOME="/workspace/rustup-home" "/workspace/cargo-home/bin/cargo" "+1.75.0" "generate-lockfile" "--manifest-path" "Cargo.toml", kill_on_drop: false }`
[INFO] [stderr]     Updating crates.io index
[INFO] running `Command { std: CARGO_HOME="/workspace/cargo-home" RUSTUP_HOME="/workspace/rustup-home" "/workspace/cargo-home/bin/cargo" "+1.75.0" "fetch" "--manifest-path" "Cargo.toml", kill_on_drop: false }`
[INFO] running `Command { std: "docker" "create" "-v" "/var/lib/crater-agent-workspace/builds/worker-1-tc1/target:/opt/rustwide/target:rw,Z" "-v" "/var/lib/crater-agent-workspace/builds/worker-1-tc1/source:/opt/rustwide/workdir:ro,Z" "-v" "/var/lib/crater-agent-workspace/cargo-home:/opt/rustwide/cargo-home:ro,Z" "-v" "/var/lib/crater-agent-workspace/rustup-home:/opt/rustwide/rustup-home:ro,Z" "-e" "SOURCE_DIR=/opt/rustwide/workdir" "-e" "CARGO_TARGET_DIR=/opt/rustwide/target" "-e" "CARGO_HOME=/opt/rustwide/cargo-home" "-e" "RUSTUP_HOME=/opt/rustwide/rustup-home" "-w" "/opt/rustwide/workdir" "-m" "1610612736" "--user" "0:0" "--network" "none" "ghcr.io/rust-lang/crates-build-env/linux@sha256:2788e3201cd34a07e3172128adcd8b3090168a8e3bcc40d7c032b9dda1df7d1c" "/opt/rustwide/cargo-home/bin/cargo" "+1.75.0" "metadata" "--no-deps" "--format-version=1", kill_on_drop: false }`
[INFO] [stdout] b96357c944afb77b91ce7e4023c3bcd66ddaebce1f96ac88f0678e23be701365
[INFO] running `Command { std: "docker" "start" "-a" "b96357c944afb77b91ce7e4023c3bcd66ddaebce1f96ac88f0678e23be701365", kill_on_drop: false }`
[INFO] running `Command { std: "docker" "inspect" "b96357c944afb77b91ce7e4023c3bcd66ddaebce1f96ac88f0678e23be701365", kill_on_drop: false }`
[INFO] running `Command { std: "docker" "rm" "-f" "b96357c944afb77b91ce7e4023c3bcd66ddaebce1f96ac88f0678e23be701365", kill_on_drop: false }`
[INFO] [stdout] b96357c944afb77b91ce7e4023c3bcd66ddaebce1f96ac88f0678e23be701365
[INFO] running `Command { std: "docker" "create" "-v" "/var/lib/crater-agent-workspace/builds/worker-1-tc1/target:/opt/rustwide/target:rw,Z" "-v" "/var/lib/crater-agent-workspace/builds/worker-1-tc1/source:/opt/rustwide/workdir:ro,Z" "-v" "/var/lib/crater-agent-workspace/cargo-home:/opt/rustwide/cargo-home:ro,Z" "-v" "/var/lib/crater-agent-workspace/rustup-home:/opt/rustwide/rustup-home:ro,Z" "-e" "SOURCE_DIR=/opt/rustwide/workdir" "-e" "CARGO_TARGET_DIR=/opt/rustwide/target" "-e" "CARGO_INCREMENTAL=0" "-e" "RUST_BACKTRACE=full" "-e" "RUSTFLAGS=--cap-lints=warn" "-e" "RUSTDOCFLAGS=--cap-lints=warn" "-e" "CARGO_HOME=/opt/rustwide/cargo-home" "-e" "RUSTUP_HOME=/opt/rustwide/rustup-home" "-w" "/opt/rustwide/workdir" "-m" "1610612736" "--user" "0:0" "--network" "none" "ghcr.io/rust-lang/crates-build-env/linux@sha256:2788e3201cd34a07e3172128adcd8b3090168a8e3bcc40d7c032b9dda1df7d1c" "/opt/rustwide/cargo-home/bin/cargo" "+1.75.0" "build" "--frozen" "--message-format=json", kill_on_drop: false }`
[INFO] [stdout] df2a7cc585ebcb47a6caf7eab046d4f32aa6e65e1c12f9c4578f9df60c65fbb4
[INFO] running `Command { std: "docker" "start" "-a" "df2a7cc585ebcb47a6caf7eab046d4f32aa6e65e1c12f9c4578f9df60c65fbb4", kill_on_drop: false }`
[INFO] [stderr]    Compiling array-init v2.1.0
[INFO] [stderr]    Compiling iter_spread v0.1.0 (/opt/rustwide/workdir)
[INFO] [stderr]     Finished dev [unoptimized + debuginfo] target(s) in 0.07s
[INFO] running `Command { std: "docker" "inspect" "df2a7cc585ebcb47a6caf7eab046d4f32aa6e65e1c12f9c4578f9df60c65fbb4", kill_on_drop: false }`
[INFO] running `Command { std: "docker" "rm" "-f" "df2a7cc585ebcb47a6caf7eab046d4f32aa6e65e1c12f9c4578f9df60c65fbb4", kill_on_drop: false }`
[INFO] [stdout] df2a7cc585ebcb47a6caf7eab046d4f32aa6e65e1c12f9c4578f9df60c65fbb4
[INFO] running `Command { std: "docker" "create" "-v" "/var/lib/crater-agent-workspace/builds/worker-1-tc1/target:/opt/rustwide/target:rw,Z" "-v" "/var/lib/crater-agent-workspace/builds/worker-1-tc1/source:/opt/rustwide/workdir:ro,Z" "-v" "/var/lib/crater-agent-workspace/cargo-home:/opt/rustwide/cargo-home:ro,Z" "-v" "/var/lib/crater-agent-workspace/rustup-home:/opt/rustwide/rustup-home:ro,Z" "-e" "SOURCE_DIR=/opt/rustwide/workdir" "-e" "CARGO_TARGET_DIR=/opt/rustwide/target" "-e" "CARGO_INCREMENTAL=0" "-e" "RUST_BACKTRACE=full" "-e" "RUSTFLAGS=--cap-lints=warn" "-e" "RUSTDOCFLAGS=--cap-lints=warn" "-e" "CARGO_HOME=/opt/rustwide/cargo-home" "-e" "RUSTUP_HOME=/opt/rustwide/rustup-home" "-w" "/opt/rustwide/workdir" "-m" "1610612736" "--user" "0:0" "--network" "none" "ghcr.io/rust-lang/crates-build-env/linux@sha256:2788e3201cd34a07e3172128adcd8b3090168a8e3bcc40d7c032b9dda1df7d1c" "/opt/rustwide/cargo-home/bin/cargo" "+1.75.0" "test" "--frozen" "--no-run" "--message-format=json", kill_on_drop: false }`
[INFO] [stdout] 5adc4c8e7b07cbb0096d386148ffb11c012722f8145ad08c8a42dec3f425e0d0
[INFO] running `Command { std: "docker" "start" "-a" "5adc4c8e7b07cbb0096d386148ffb11c012722f8145ad08c8a42dec3f425e0d0", kill_on_drop: false }`
[INFO] [stderr]    Compiling iter_spread v0.1.0 (/opt/rustwide/workdir)
[INFO] [stderr]     Finished test [unoptimized + debuginfo] target(s) in 0.27s
[INFO] running `Command { std: "docker" "inspect" "5adc4c8e7b07cbb0096d386148ffb11c012722f8145ad08c8a42dec3f425e0d0", kill_on_drop: false }`
[INFO] running `Command { std: "docker" "rm" "-f" "5adc4c8e7b07cbb0096d386148ffb11c012722f8145ad08c8a42dec3f425e0d0", kill_on_drop: false }`
[INFO] [stdout] 5adc4c8e7b07cbb0096d386148ffb11c012722f8145ad08c8a42dec3f425e0d0
[INFO] running `Command { std: "docker" "create" "-v" "/var/lib/crater-agent-workspace/builds/worker-1-tc1/target:/opt/rustwide/target:rw,Z" "-v" "/var/lib/crater-agent-workspace/builds/worker-1-tc1/source:/opt/rustwide/workdir:ro,Z" "-v" "/var/lib/crater-agent-workspace/cargo-home:/opt/rustwide/cargo-home:ro,Z" "-v" "/var/lib/crater-agent-workspace/rustup-home:/opt/rustwide/rustup-home:ro,Z" "-e" "SOURCE_DIR=/opt/rustwide/workdir" "-e" "CARGO_TARGET_DIR=/opt/rustwide/target" "-e" "CARGO_INCREMENTAL=0" "-e" "RUST_BACKTRACE=full" "-e" "RUSTFLAGS=--cap-lints=warn" "-e" "RUSTDOCFLAGS=--cap-lints=warn" "-e" "CARGO_HOME=/opt/rustwide/cargo-home" "-e" "RUSTUP_HOME=/opt/rustwide/rustup-home" "-w" "/opt/rustwide/workdir" "-m" "1610612736" "--user" "0:0" "--network" "none" "ghcr.io/rust-lang/crates-build-env/linux@sha256:2788e3201cd34a07e3172128adcd8b3090168a8e3bcc40d7c032b9dda1df7d1c" "/opt/rustwide/cargo-home/bin/cargo" "+1.75.0" "test" "--frozen", kill_on_drop: false }`
[INFO] [stdout] e55b0aa7e3eb7f1fe3e964075af5d07548fc142de6defc71c81a922b0317a1ed
[INFO] running `Command { std: "docker" "start" "-a" "e55b0aa7e3eb7f1fe3e964075af5d07548fc142de6defc71c81a922b0317a1ed", kill_on_drop: false }`
[INFO] [stderr]     Finished test [unoptimized + debuginfo] target(s) in 0.00s
[INFO] [stderr]      Running unittests src/lib.rs (/opt/rustwide/target/debug/deps/iter_spread-aad872ac968a59e1)
[INFO] [stdout] 
[INFO] [stdout] running 1 test
[INFO] [stdout] test tests::it_works ... ok
[INFO] [stdout] 
[INFO] [stdout] test result: ok. 1 passed; 0 failed; 0 ignored; 0 measured; 0 filtered out; finished in 0.00s
[INFO] [stdout] 
[INFO] [stderr]    Doc-tests iter_spread
[INFO] [stdout] 
[INFO] [stdout] running 2 tests
[INFO] [stdout] test src/lib.rs - IterSpread::spread_vec (line 19) ... FAILED
[INFO] [stdout] test src/lib.rs - IterSpread::spread_array (line 9) ... FAILED
[INFO] [stdout] 
[INFO] [stdout] failures:
[INFO] [stdout] 
[INFO] [stdout] ---- src/lib.rs - IterSpread::spread_vec (line 19) stdout ----
[INFO] [stdout] error[E0599]: no method named `spread_vec` found for struct `Map` in the current scope
[INFO] [stdout]  --> src/lib.rs:21:45
[INFO] [stdout]   |
[INFO] [stdout] 4 | let b: Vec<Vec<f32>> = a.iter().map(|a| *a).spread_vec(2);
[INFO] [stdout]   |                                             ^^^^^^^^^^ method not found in `Map<Iter<'_, {float}>, {closure@src/lib.rs:4:37}>`
[INFO] [stdout] 
[INFO] [stdout] error: aborting due to previous error
[INFO] [stdout] 
[INFO] [stdout] For more information about this error, try `rustc --explain E0599`.
[INFO] [stdout] Couldn't compile the test.
[INFO] [stdout] ---- src/lib.rs - IterSpread::spread_array (line 9) stdout ----
[INFO] [stdout] error[E0599]: no method named `spread_array` found for struct `Map` in the current scope
[INFO] [stdout]  --> src/lib.rs:11:45
[INFO] [stdout]   |
[INFO] [stdout] 4 | let b: [Vec<f32>; 2] = a.iter().map(|a| *a).spread_array();
[INFO] [stdout]   |                                             ^^^^^^^^^^^^ method not found in `Map<Iter<'_, {float}>, {closure@src/lib.rs:4:37}>`
[INFO] [stdout] 
[INFO] [stdout] error: aborting due to previous error
[INFO] [stdout] 
[INFO] [stdout] For more information about this error, try `rustc --explain E0599`.
[INFO] [stdout] Couldn't compile the test.
[INFO] [stdout] 
[INFO] [stdout] failures:
[INFO] [stdout]     src/lib.rs - IterSpread::spread_array (line 9)
[INFO] [stdout]     src/lib.rs - IterSpread::spread_vec (line 19)
[INFO] [stdout] 
[INFO] [stdout] test result: FAILED. 0 passed; 2 failed; 0 ignored; 0 measured; 0 filtered out; finished in 0.08s
[INFO] [stdout] 
[INFO] [stderr] error: doctest failed, to rerun pass `--doc`
[INFO] running `Command { std: "docker" "inspect" "e55b0aa7e3eb7f1fe3e964075af5d07548fc142de6defc71c81a922b0317a1ed", kill_on_drop: false }`
[INFO] running `Command { std: "docker" "rm" "-f" "e55b0aa7e3eb7f1fe3e964075af5d07548fc142de6defc71c81a922b0317a1ed", kill_on_drop: false }`
[INFO] [stdout] e55b0aa7e3eb7f1fe3e964075af5d07548fc142de6defc71c81a922b0317a1ed
[INFO] testing iter_spread-0.1.0 against beta-2023-12-22 for beta-1.76-1
[INFO] extracting crate iter_spread 0.1.0 into /workspace/builds/worker-1-tc2/source
[INFO] validating manifest of crates.io crate iter_spread 0.1.0 on toolchain beta-2023-12-22
[INFO] running `Command { std: CARGO_HOME="/workspace/cargo-home" RUSTUP_HOME="/workspace/rustup-home" "/workspace/cargo-home/bin/cargo" "+beta-2023-12-22" "metadata" "--manifest-path" "Cargo.toml" "--no-deps", kill_on_drop: false }`
[INFO] started tweaking crates.io crate iter_spread 0.1.0
[INFO] finished tweaking crates.io crate iter_spread 0.1.0
[INFO] tweaked toml for crates.io crate iter_spread 0.1.0 written to /workspace/builds/worker-1-tc2/source/Cargo.toml
[INFO] running `Command { std: CARGO_HOME="/workspace/cargo-home" RUSTUP_HOME="/workspace/rustup-home" "/workspace/cargo-home/bin/cargo" "+beta-2023-12-22" "generate-lockfile" "--manifest-path" "Cargo.toml", kill_on_drop: false }`
[INFO] [stderr]     Updating crates.io index
[INFO] running `Command { std: CARGO_HOME="/workspace/cargo-home" RUSTUP_HOME="/workspace/rustup-home" "/workspace/cargo-home/bin/cargo" "+beta-2023-12-22" "fetch" "--manifest-path" "Cargo.toml", kill_on_drop: false }`
[INFO] running `Command { std: "docker" "create" "-v" "/var/lib/crater-agent-workspace/builds/worker-1-tc2/target:/opt/rustwide/target:rw,Z" "-v" "/var/lib/crater-agent-workspace/builds/worker-1-tc2/source:/opt/rustwide/workdir:ro,Z" "-v" "/var/lib/crater-agent-workspace/cargo-home:/opt/rustwide/cargo-home:ro,Z" "-v" "/var/lib/crater-agent-workspace/rustup-home:/opt/rustwide/rustup-home:ro,Z" "-e" "SOURCE_DIR=/opt/rustwide/workdir" "-e" "CARGO_TARGET_DIR=/opt/rustwide/target" "-e" "CARGO_HOME=/opt/rustwide/cargo-home" "-e" "RUSTUP_HOME=/opt/rustwide/rustup-home" "-w" "/opt/rustwide/workdir" "-m" "1610612736" "--user" "0:0" "--network" "none" "ghcr.io/rust-lang/crates-build-env/linux@sha256:2788e3201cd34a07e3172128adcd8b3090168a8e3bcc40d7c032b9dda1df7d1c" "/opt/rustwide/cargo-home/bin/cargo" "+beta-2023-12-22" "metadata" "--no-deps" "--format-version=1", kill_on_drop: false }`
[INFO] [stdout] 34854b3ced5ce1ce70fe2ca5028d2d3a47242ecb3e4b41932daac979a569cead
[INFO] running `Command { std: "docker" "start" "-a" "34854b3ced5ce1ce70fe2ca5028d2d3a47242ecb3e4b41932daac979a569cead", kill_on_drop: false }`
[INFO] running `Command { std: "docker" "inspect" "34854b3ced5ce1ce70fe2ca5028d2d3a47242ecb3e4b41932daac979a569cead", kill_on_drop: false }`
[INFO] running `Command { std: "docker" "rm" "-f" "34854b3ced5ce1ce70fe2ca5028d2d3a47242ecb3e4b41932daac979a569cead", kill_on_drop: false }`
[INFO] [stdout] 34854b3ced5ce1ce70fe2ca5028d2d3a47242ecb3e4b41932daac979a569cead
[INFO] running `Command { std: "docker" "create" "-v" "/var/lib/crater-agent-workspace/builds/worker-1-tc2/target:/opt/rustwide/target:rw,Z" "-v" "/var/lib/crater-agent-workspace/builds/worker-1-tc2/source:/opt/rustwide/workdir:ro,Z" "-v" "/var/lib/crater-agent-workspace/cargo-home:/opt/rustwide/cargo-home:ro,Z" "-v" "/var/lib/crater-agent-workspace/rustup-home:/opt/rustwide/rustup-home:ro,Z" "-e" "SOURCE_DIR=/opt/rustwide/workdir" "-e" "CARGO_TARGET_DIR=/opt/rustwide/target" "-e" "CARGO_INCREMENTAL=0" "-e" "RUST_BACKTRACE=full" "-e" "RUSTFLAGS=--cap-lints=warn" "-e" "RUSTDOCFLAGS=--cap-lints=warn" "-e" "CARGO_HOME=/opt/rustwide/cargo-home" "-e" "RUSTUP_HOME=/opt/rustwide/rustup-home" "-w" "/opt/rustwide/workdir" "-m" "1610612736" "--user" "0:0" "--network" "none" "ghcr.io/rust-lang/crates-build-env/linux@sha256:2788e3201cd34a07e3172128adcd8b3090168a8e3bcc40d7c032b9dda1df7d1c" "/opt/rustwide/cargo-home/bin/cargo" "+beta-2023-12-22" "build" "--frozen" "--message-format=json", kill_on_drop: false }`
[INFO] [stdout] 4310897f60644fb2ed3422cc53484d86993604ce2feffa3c6722374cbe62df15
[INFO] running `Command { std: "docker" "start" "-a" "4310897f60644fb2ed3422cc53484d86993604ce2feffa3c6722374cbe62df15", kill_on_drop: false }`
[INFO] [stderr]    Compiling array-init v2.1.0
[INFO] [stderr]    Compiling iter_spread v0.1.0 (/opt/rustwide/workdir)
[INFO] [stderr]     Finished dev [unoptimized + debuginfo] target(s) in 0.07s
[INFO] running `Command { std: "docker" "inspect" "4310897f60644fb2ed3422cc53484d86993604ce2feffa3c6722374cbe62df15", kill_on_drop: false }`
[INFO] running `Command { std: "docker" "rm" "-f" "4310897f60644fb2ed3422cc53484d86993604ce2feffa3c6722374cbe62df15", kill_on_drop: false }`
[INFO] [stdout] 4310897f60644fb2ed3422cc53484d86993604ce2feffa3c6722374cbe62df15
[INFO] running `Command { std: "docker" "create" "-v" "/var/lib/crater-agent-workspace/builds/worker-1-tc2/target:/opt/rustwide/target:rw,Z" "-v" "/var/lib/crater-agent-workspace/builds/worker-1-tc2/source:/opt/rustwide/workdir:ro,Z" "-v" "/var/lib/crater-agent-workspace/cargo-home:/opt/rustwide/cargo-home:ro,Z" "-v" "/var/lib/crater-agent-workspace/rustup-home:/opt/rustwide/rustup-home:ro,Z" "-e" "SOURCE_DIR=/opt/rustwide/workdir" "-e" "CARGO_TARGET_DIR=/opt/rustwide/target" "-e" "CARGO_INCREMENTAL=0" "-e" "RUST_BACKTRACE=full" "-e" "RUSTFLAGS=--cap-lints=warn" "-e" "RUSTDOCFLAGS=--cap-lints=warn" "-e" "CARGO_HOME=/opt/rustwide/cargo-home" "-e" "RUSTUP_HOME=/opt/rustwide/rustup-home" "-w" "/opt/rustwide/workdir" "-m" "1610612736" "--user" "0:0" "--network" "none" "ghcr.io/rust-lang/crates-build-env/linux@sha256:2788e3201cd34a07e3172128adcd8b3090168a8e3bcc40d7c032b9dda1df7d1c" "/opt/rustwide/cargo-home/bin/cargo" "+beta-2023-12-22" "test" "--frozen" "--no-run" "--message-format=json", kill_on_drop: false }`
[INFO] [stdout] 64843cfc1877173ddd73267e172beefb374dff1a8b050fcd8db37e14f644d0eb
[INFO] running `Command { std: "docker" "start" "-a" "64843cfc1877173ddd73267e172beefb374dff1a8b050fcd8db37e14f644d0eb", kill_on_drop: false }`
[INFO] [stderr]    Compiling iter_spread v0.1.0 (/opt/rustwide/workdir)
[INFO] [stderr]     Finished test [unoptimized + debuginfo] target(s) in 0.23s
[INFO] running `Command { std: "docker" "inspect" "64843cfc1877173ddd73267e172beefb374dff1a8b050fcd8db37e14f644d0eb", kill_on_drop: false }`
[INFO] running `Command { std: "docker" "rm" "-f" "64843cfc1877173ddd73267e172beefb374dff1a8b050fcd8db37e14f644d0eb", kill_on_drop: false }`
[INFO] [stdout] 64843cfc1877173ddd73267e172beefb374dff1a8b050fcd8db37e14f644d0eb
[INFO] running `Command { std: "docker" "create" "-v" "/var/lib/crater-agent-workspace/builds/worker-1-tc2/target:/opt/rustwide/target:rw,Z" "-v" "/var/lib/crater-agent-workspace/builds/worker-1-tc2/source:/opt/rustwide/workdir:ro,Z" "-v" "/var/lib/crater-agent-workspace/cargo-home:/opt/rustwide/cargo-home:ro,Z" "-v" "/var/lib/crater-agent-workspace/rustup-home:/opt/rustwide/rustup-home:ro,Z" "-e" "SOURCE_DIR=/opt/rustwide/workdir" "-e" "CARGO_TARGET_DIR=/opt/rustwide/target" "-e" "CARGO_INCREMENTAL=0" "-e" "RUST_BACKTRACE=full" "-e" "RUSTFLAGS=--cap-lints=warn" "-e" "RUSTDOCFLAGS=--cap-lints=warn" "-e" "CARGO_HOME=/opt/rustwide/cargo-home" "-e" "RUSTUP_HOME=/opt/rustwide/rustup-home" "-w" "/opt/rustwide/workdir" "-m" "1610612736" "--user" "0:0" "--network" "none" "ghcr.io/rust-lang/crates-build-env/linux@sha256:2788e3201cd34a07e3172128adcd8b3090168a8e3bcc40d7c032b9dda1df7d1c" "/opt/rustwide/cargo-home/bin/cargo" "+beta-2023-12-22" "test" "--frozen", kill_on_drop: false }`
[INFO] [stdout] 57700bce2e6990a3294baf509fd5b8cb8a8dc92cf6b08ecb0c49fbdd23b91ea5
[INFO] running `Command { std: "docker" "start" "-a" "57700bce2e6990a3294baf509fd5b8cb8a8dc92cf6b08ecb0c49fbdd23b91ea5", kill_on_drop: false }`
[INFO] [stderr]     Finished test [unoptimized + debuginfo] target(s) in 0.00s
[INFO] [stderr]      Running unittests src/lib.rs (/opt/rustwide/target/debug/deps/iter_spread-67d5a56289c70de9)
[INFO] [stdout] 
[INFO] [stdout] running 1 test
[INFO] [stdout] test tests::it_works ... ok
[INFO] [stdout] 
[INFO] [stdout] test result: ok. 1 passed; 0 failed; 0 ignored; 0 measured; 0 filtered out; finished in 0.00s
[INFO] [stdout] 
[INFO] [stderr]    Doc-tests iter_spread
[INFO] [stdout] 
[INFO] [stdout] running 2 tests
[INFO] [stdout] test src/lib.rs - IterSpread::spread_array (line 9) ... FAILED
[INFO] [stdout] test src/lib.rs - IterSpread::spread_vec (line 19) ... FAILED
[INFO] [stdout] 
[INFO] [stdout] failures:
[INFO] [stdout] 
[INFO] [stdout] ---- src/lib.rs - IterSpread::spread_array (line 9) stdout ----
[INFO] [stdout] error[E0599]: no method named `spread_array` found for struct `Map` in the current scope
[INFO] [stdout]  --> src/lib.rs:11:45
[INFO] [stdout]   |
[INFO] [stdout] 4 | let b: [Vec<f32>; 2] = a.iter().map(|a| *a).spread_array();
[INFO] [stdout]   |                                             ^^^^^^^^^^^^ method not found in `Map<Iter<'_, {float}>, {closure@src/lib.rs:4:37}>`
[INFO] [stdout] 
[INFO] [stdout] error: aborting due to 1 previous error
[INFO] [stdout] 
[INFO] [stdout] For more information about this error, try `rustc --explain E0599`.
[INFO] [stdout] Couldn't compile the test.
[INFO] [stdout] ---- src/lib.rs - IterSpread::spread_vec (line 19) stdout ----
[INFO] [stdout] error[E0599]: no method named `spread_vec` found for struct `Map` in the current scope
[INFO] [stdout]  --> src/lib.rs:21:45
[INFO] [stdout]   |
[INFO] [stdout] 4 | let b: Vec<Vec<f32>> = a.iter().map(|a| *a).spread_vec(2);
[INFO] [stdout]   |                                             ^^^^^^^^^^ method not found in `Map<Iter<'_, {float}>, {closure@src/lib.rs:4:37}>`
[INFO] [stdout] 
[INFO] [stdout] error: aborting due to 1 previous error
[INFO] [stdout] 
[INFO] [stdout] For more information about this error, try `rustc --explain E0599`.
[INFO] [stdout] Couldn't compile the test.
[INFO] [stdout] 
[INFO] [stdout] failures:
[INFO] [stdout]     src/lib.rs - IterSpread::spread_array (line 9)
[INFO] [stdout]     src/lib.rs - IterSpread::spread_vec (line 19)
[INFO] [stdout] 
[INFO] [stdout] test result: FAILED. 0 passed; 2 failed; 0 ignored; 0 measured; 0 filtered out; finished in 0.07s
[INFO] [stdout] 
[INFO] [stderr] error: doctest failed, to rerun pass `--doc`
[INFO] running `Command { std: "docker" "inspect" "57700bce2e6990a3294baf509fd5b8cb8a8dc92cf6b08ecb0c49fbdd23b91ea5", kill_on_drop: false }`
[INFO] running `Command { std: "docker" "rm" "-f" "57700bce2e6990a3294baf509fd5b8cb8a8dc92cf6b08ecb0c49fbdd23b91ea5", kill_on_drop: false }`
[INFO] [stdout] 57700bce2e6990a3294baf509fd5b8cb8a8dc92cf6b08ecb0c49fbdd23b91ea5
