[INFO] fetching crate is_in 1.0.0...
[INFO] testing is_in-1.0.0 against 1.75.0 for beta-1.76-1
[INFO] extracting crate is_in 1.0.0 into /workspace/builds/worker-2-tc1/source
[INFO] validating manifest of crates.io crate is_in 1.0.0 on toolchain 1.75.0
[INFO] running `Command { std: CARGO_HOME="/workspace/cargo-home" RUSTUP_HOME="/workspace/rustup-home" "/workspace/cargo-home/bin/cargo" "+1.75.0" "metadata" "--manifest-path" "Cargo.toml" "--no-deps", kill_on_drop: false }`
[INFO] started tweaking crates.io crate is_in 1.0.0
[INFO] finished tweaking crates.io crate is_in 1.0.0
[INFO] tweaked toml for crates.io crate is_in 1.0.0 written to /workspace/builds/worker-2-tc1/source/Cargo.toml
[INFO] crate crates.io crate is_in 1.0.0 already has a lockfile, it will not be regenerated
[INFO] running `Command { std: CARGO_HOME="/workspace/cargo-home" RUSTUP_HOME="/workspace/rustup-home" "/workspace/cargo-home/bin/cargo" "+1.75.0" "fetch" "--manifest-path" "Cargo.toml", kill_on_drop: false }`
[INFO] running `Command { std: "docker" "create" "-v" "/var/lib/crater-agent-workspace/builds/worker-2-tc1/target:/opt/rustwide/target:rw,Z" "-v" "/var/lib/crater-agent-workspace/builds/worker-2-tc1/source:/opt/rustwide/workdir:ro,Z" "-v" "/var/lib/crater-agent-workspace/cargo-home:/opt/rustwide/cargo-home:ro,Z" "-v" "/var/lib/crater-agent-workspace/rustup-home:/opt/rustwide/rustup-home:ro,Z" "-e" "SOURCE_DIR=/opt/rustwide/workdir" "-e" "CARGO_TARGET_DIR=/opt/rustwide/target" "-e" "CARGO_HOME=/opt/rustwide/cargo-home" "-e" "RUSTUP_HOME=/opt/rustwide/rustup-home" "-w" "/opt/rustwide/workdir" "-m" "1610612736" "--user" "0:0" "--network" "none" "ghcr.io/rust-lang/crates-build-env/linux@sha256:2788e3201cd34a07e3172128adcd8b3090168a8e3bcc40d7c032b9dda1df7d1c" "/opt/rustwide/cargo-home/bin/cargo" "+1.75.0" "metadata" "--no-deps" "--format-version=1", kill_on_drop: false }`
[INFO] [stdout] ad0fa3381c2aff5a212452f73a51b2520c522877d972f025bc96badc45203601
[INFO] running `Command { std: "docker" "start" "-a" "ad0fa3381c2aff5a212452f73a51b2520c522877d972f025bc96badc45203601", kill_on_drop: false }`
[INFO] running `Command { std: "docker" "inspect" "ad0fa3381c2aff5a212452f73a51b2520c522877d972f025bc96badc45203601", kill_on_drop: false }`
[INFO] running `Command { std: "docker" "rm" "-f" "ad0fa3381c2aff5a212452f73a51b2520c522877d972f025bc96badc45203601", kill_on_drop: false }`
[INFO] [stdout] ad0fa3381c2aff5a212452f73a51b2520c522877d972f025bc96badc45203601
[INFO] running `Command { std: "docker" "create" "-v" "/var/lib/crater-agent-workspace/builds/worker-2-tc1/target:/opt/rustwide/target:rw,Z" "-v" "/var/lib/crater-agent-workspace/builds/worker-2-tc1/source:/opt/rustwide/workdir:ro,Z" "-v" "/var/lib/crater-agent-workspace/cargo-home:/opt/rustwide/cargo-home:ro,Z" "-v" "/var/lib/crater-agent-workspace/rustup-home:/opt/rustwide/rustup-home:ro,Z" "-e" "SOURCE_DIR=/opt/rustwide/workdir" "-e" "CARGO_TARGET_DIR=/opt/rustwide/target" "-e" "CARGO_INCREMENTAL=0" "-e" "RUST_BACKTRACE=full" "-e" "RUSTFLAGS=--cap-lints=warn" "-e" "RUSTDOCFLAGS=--cap-lints=warn" "-e" "CARGO_HOME=/opt/rustwide/cargo-home" "-e" "RUSTUP_HOME=/opt/rustwide/rustup-home" "-w" "/opt/rustwide/workdir" "-m" "1610612736" "--user" "0:0" "--network" "none" "ghcr.io/rust-lang/crates-build-env/linux@sha256:2788e3201cd34a07e3172128adcd8b3090168a8e3bcc40d7c032b9dda1df7d1c" "/opt/rustwide/cargo-home/bin/cargo" "+1.75.0" "build" "--frozen" "--message-format=json", kill_on_drop: false }`
[INFO] [stdout] b25eda72588a5cb164bc0325f56b802308a123a251ca4b674450f45317a1ef85
[INFO] running `Command { std: "docker" "start" "-a" "b25eda72588a5cb164bc0325f56b802308a123a251ca4b674450f45317a1ef85", kill_on_drop: false }`
[INFO] [stderr]    Compiling is_in v1.0.0 (/opt/rustwide/workdir)
[INFO] [stdout] warning: unused import: `implementations::*`
[INFO] [stdout]   --> src/lib.rs:22:9
[INFO] [stdout]    |
[INFO] [stdout] 22 | pub use implementations::*;
[INFO] [stdout]    |         ^^^^^^^^^^^^^^^^^^
[INFO] [stdout]    |
[INFO] [stdout]    = note: `#[warn(unused_imports)]` on by default
[INFO] [stdout] 
[INFO] [stdout] 
[INFO] [stdout] warning: 1 warning emitted
[INFO] [stdout] 
[INFO] [stdout] 
[INFO] [stderr]     Finished dev [unoptimized + debuginfo] target(s) in 0.14s
[INFO] running `Command { std: "docker" "inspect" "b25eda72588a5cb164bc0325f56b802308a123a251ca4b674450f45317a1ef85", kill_on_drop: false }`
[INFO] running `Command { std: "docker" "rm" "-f" "b25eda72588a5cb164bc0325f56b802308a123a251ca4b674450f45317a1ef85", kill_on_drop: false }`
[INFO] [stdout] b25eda72588a5cb164bc0325f56b802308a123a251ca4b674450f45317a1ef85
[INFO] running `Command { std: "docker" "create" "-v" "/var/lib/crater-agent-workspace/builds/worker-2-tc1/target:/opt/rustwide/target:rw,Z" "-v" "/var/lib/crater-agent-workspace/builds/worker-2-tc1/source:/opt/rustwide/workdir:ro,Z" "-v" "/var/lib/crater-agent-workspace/cargo-home:/opt/rustwide/cargo-home:ro,Z" "-v" "/var/lib/crater-agent-workspace/rustup-home:/opt/rustwide/rustup-home:ro,Z" "-e" "SOURCE_DIR=/opt/rustwide/workdir" "-e" "CARGO_TARGET_DIR=/opt/rustwide/target" "-e" "CARGO_INCREMENTAL=0" "-e" "RUST_BACKTRACE=full" "-e" "RUSTFLAGS=--cap-lints=warn" "-e" "RUSTDOCFLAGS=--cap-lints=warn" "-e" "CARGO_HOME=/opt/rustwide/cargo-home" "-e" "RUSTUP_HOME=/opt/rustwide/rustup-home" "-w" "/opt/rustwide/workdir" "-m" "1610612736" "--user" "0:0" "--network" "none" "ghcr.io/rust-lang/crates-build-env/linux@sha256:2788e3201cd34a07e3172128adcd8b3090168a8e3bcc40d7c032b9dda1df7d1c" "/opt/rustwide/cargo-home/bin/cargo" "+1.75.0" "test" "--frozen" "--no-run" "--message-format=json", kill_on_drop: false }`
[INFO] [stdout] 8104155152ca80f2fceb1902438b653c059fae95288e3cbfd3b0ad8dafded920
[INFO] running `Command { std: "docker" "start" "-a" "8104155152ca80f2fceb1902438b653c059fae95288e3cbfd3b0ad8dafded920", kill_on_drop: false }`
[INFO] [stdout] warning: unused import: `implementations::*`
[INFO] [stdout]   --> src/lib.rs:22:9
[INFO] [stdout]    |
[INFO] [stdout] 22 | pub use implementations::*;
[INFO] [stdout]    |         ^^^^^^^^^^^^^^^^^^
[INFO] [stdout]    |
[INFO] [stdout]    = note: `#[warn(unused_imports)]` on by default
[INFO] [stdout] 
[INFO] [stdout] 
[INFO] [stdout] warning: 1 warning emitted
[INFO] [stdout] 
[INFO] [stdout] 
[INFO] [stderr]    Compiling is_in v1.0.0 (/opt/rustwide/workdir)
[INFO] [stdout] warning: unused import: `implementations::*`
[INFO] [stdout]   --> src/lib.rs:22:9
[INFO] [stdout]    |
[INFO] [stdout] 22 | pub use implementations::*;
[INFO] [stdout]    |         ^^^^^^^^^^^^^^^^^^
[INFO] [stdout]    |
[INFO] [stdout]    = note: `#[warn(unused_imports)]` on by default
[INFO] [stdout] 
[INFO] [stdout] 
[INFO] [stdout] warning: 1 warning emitted
[INFO] [stdout] 
[INFO] [stdout] 
[INFO] [stderr]     Finished test [unoptimized + debuginfo] target(s) in 0.27s
[INFO] running `Command { std: "docker" "inspect" "8104155152ca80f2fceb1902438b653c059fae95288e3cbfd3b0ad8dafded920", kill_on_drop: false }`
[INFO] running `Command { std: "docker" "rm" "-f" "8104155152ca80f2fceb1902438b653c059fae95288e3cbfd3b0ad8dafded920", kill_on_drop: false }`
[INFO] [stdout] 8104155152ca80f2fceb1902438b653c059fae95288e3cbfd3b0ad8dafded920
[INFO] running `Command { std: "docker" "create" "-v" "/var/lib/crater-agent-workspace/builds/worker-2-tc1/target:/opt/rustwide/target:rw,Z" "-v" "/var/lib/crater-agent-workspace/builds/worker-2-tc1/source:/opt/rustwide/workdir:ro,Z" "-v" "/var/lib/crater-agent-workspace/cargo-home:/opt/rustwide/cargo-home:ro,Z" "-v" "/var/lib/crater-agent-workspace/rustup-home:/opt/rustwide/rustup-home:ro,Z" "-e" "SOURCE_DIR=/opt/rustwide/workdir" "-e" "CARGO_TARGET_DIR=/opt/rustwide/target" "-e" "CARGO_INCREMENTAL=0" "-e" "RUST_BACKTRACE=full" "-e" "RUSTFLAGS=--cap-lints=warn" "-e" "RUSTDOCFLAGS=--cap-lints=warn" "-e" "CARGO_HOME=/opt/rustwide/cargo-home" "-e" "RUSTUP_HOME=/opt/rustwide/rustup-home" "-w" "/opt/rustwide/workdir" "-m" "1610612736" "--user" "0:0" "--network" "none" "ghcr.io/rust-lang/crates-build-env/linux@sha256:2788e3201cd34a07e3172128adcd8b3090168a8e3bcc40d7c032b9dda1df7d1c" "/opt/rustwide/cargo-home/bin/cargo" "+1.75.0" "test" "--frozen", kill_on_drop: false }`
[INFO] [stdout] b51ea21d7cde63116536faee658db1dd287ad95ae534e5f9b331164146b528b5
[INFO] running `Command { std: "docker" "start" "-a" "b51ea21d7cde63116536faee658db1dd287ad95ae534e5f9b331164146b528b5", kill_on_drop: false }`
[INFO] [stderr] warning: unused import: `implementations::*`
[INFO] [stderr]   --> src/lib.rs:22:9
[INFO] [stderr]    |
[INFO] [stderr] 22 | pub use implementations::*;
[INFO] [stderr]    |         ^^^^^^^^^^^^^^^^^^
[INFO] [stderr]    |
[INFO] [stderr]    = note: `#[warn(unused_imports)]` on by default
[INFO] [stderr] 
[INFO] [stderr] warning: `is_in` (lib) generated 1 warning (run `cargo fix --lib -p is_in` to apply 1 suggestion)
[INFO] [stderr] warning: `is_in` (lib test) generated 1 warning (1 duplicate)
[INFO] [stderr]     Finished test [unoptimized + debuginfo] target(s) in 0.01s
[INFO] [stderr]      Running unittests src/lib.rs (/opt/rustwide/target/debug/deps/is_in-5b643199186ed7e1)
[INFO] [stdout] 
[INFO] [stdout] running 2 tests
[INFO] [stdout] test tests::test_char ... ok
[INFO] [stdout] test tests::test_int ... ok
[INFO] [stdout] 
[INFO] [stdout] test result: ok. 2 passed; 0 failed; 0 ignored; 0 measured; 0 filtered out; finished in 0.00s
[INFO] [stdout] 
[INFO] [stderr]    Doc-tests is_in
[INFO] [stdout] 
[INFO] [stdout] running 2 tests
[INFO] [stdout] test src/lib.rs - (line 9) ... FAILED
[INFO] [stdout] test src/lib.rs - IsIn (line 26) ... FAILED
[INFO] [stdout] 
[INFO] [stdout] failures:
[INFO] [stdout] 
[INFO] [stdout] ---- src/lib.rs - (line 9) stdout ----
[INFO] [stdout] error: unknown start of token: `
[INFO] [stdout]   --> src/lib.rs:17:2
[INFO] [stdout]    |
[INFO] [stdout] 10 | }```
[INFO] [stdout]    |  ^^^
[INFO] [stdout]    |
[INFO] [stdout]    = note: character appears 2 more times
[INFO] [stdout] help: Unicode character '`' (Grave Accent) looks like ''' (Single Quote), but it is not
[INFO] [stdout]    |
[INFO] [stdout] 10 | }'''
[INFO] [stdout]    |  ~~~
[INFO] [stdout] 
[INFO] [stdout] error: expected one of `!` or `::`, found keyword `crate`
[INFO] [stdout]   --> src/lib.rs:18:5
[INFO] [stdout]    |
[INFO] [stdout] 11 | The crate provides implementations on most primitives (all unsigned integers, all signed integers, floats, and chars).
[INFO] [stdout]    |     ^^^^^ expected one of `!` or `::`
[INFO] [stdout] 
[INFO] [stdout] error: aborting due to 2 previous errors
[INFO] [stdout] 
[INFO] [stdout] Couldn't compile the test.
[INFO] [stdout] ---- src/lib.rs - IsIn (line 26) stdout ----
[INFO] [stdout] error: unknown start of token: `
[INFO] [stdout]   --> src/lib.rs:37:2
[INFO] [stdout]    |
[INFO] [stdout] 14 | }```
[INFO] [stdout]    |  ^^^
[INFO] [stdout]    |
[INFO] [stdout]    = note: character appears 2 more times
[INFO] [stdout] help: Unicode character '`' (Grave Accent) looks like ''' (Single Quote), but it is not
[INFO] [stdout]    |
[INFO] [stdout] 14 | }'''
[INFO] [stdout]    |  ~~~
[INFO] [stdout] 
[INFO] [stdout] error[E0405]: cannot find trait `IsIn` in this scope
[INFO] [stdout]  --> src/lib.rs:28:6
[INFO] [stdout]   |
[INFO] [stdout] 5 | impl IsIn<MyStruct> for MyStruct {
[INFO] [stdout]   |      ^^^^ not found in this scope
[INFO] [stdout]   |
[INFO] [stdout] help: consider importing this trait
[INFO] [stdout]   |
[INFO] [stdout] 2 + use is_in::IsIn;
[INFO] [stdout]   |
[INFO] [stdout] 
[INFO] [stdout] error[E0412]: cannot find type `MyStruct` in this scope
[INFO] [stdout]  --> src/lib.rs:28:11
[INFO] [stdout]   |
[INFO] [stdout] 5 | impl IsIn<MyStruct> for MyStruct {
[INFO] [stdout]   |           ^^^^^^^^ not found in this scope
[INFO] [stdout]   |
[INFO] [stdout] help: you might be missing a type parameter
[INFO] [stdout]   |
[INFO] [stdout] 5 | impl<MyStruct> IsIn<MyStruct> for MyStruct {
[INFO] [stdout]   |     ++++++++++
[INFO] [stdout] 
[INFO] [stdout] error[E0412]: cannot find type `MyStruct` in this scope
[INFO] [stdout]  --> src/lib.rs:28:25
[INFO] [stdout]   |
[INFO] [stdout] 5 | impl IsIn<MyStruct> for MyStruct {
[INFO] [stdout]   |                         ^^^^^^^^ not found in this scope
[INFO] [stdout] 
[INFO] [stdout] error[E0412]: cannot find type `MyType` in this scope
[INFO] [stdout]  --> src/lib.rs:29:28
[INFO] [stdout]   |
[INFO] [stdout] 6 |     fn is_in(&self, arr: &[MyType]) -> bool {
[INFO] [stdout]   |                            ^^^^^^ not found in this scope
[INFO] [stdout] 
[INFO] [stdout] error: aborting due to 5 previous errors
[INFO] [stdout] 
[INFO] [stdout] Some errors have detailed explanations: E0405, E0412.
[INFO] [stdout] For more information about an error, try `rustc --explain E0405`.
[INFO] [stdout] Couldn't compile the test.
[INFO] [stdout] 
[INFO] [stdout] failures:
[INFO] [stdout]     src/lib.rs - (line 9)
[INFO] [stdout]     src/lib.rs - IsIn (line 26)
[INFO] [stdout] 
[INFO] [stdout] test result: FAILED. 0 passed; 2 failed; 0 ignored; 0 measured; 0 filtered out; finished in 0.06s
[INFO] [stdout] 
[INFO] [stderr] error: doctest failed, to rerun pass `--doc`
[INFO] running `Command { std: "docker" "inspect" "b51ea21d7cde63116536faee658db1dd287ad95ae534e5f9b331164146b528b5", kill_on_drop: false }`
[INFO] running `Command { std: "docker" "rm" "-f" "b51ea21d7cde63116536faee658db1dd287ad95ae534e5f9b331164146b528b5", kill_on_drop: false }`
[INFO] [stdout] b51ea21d7cde63116536faee658db1dd287ad95ae534e5f9b331164146b528b5
[INFO] testing is_in-1.0.0 against beta-2023-12-22 for beta-1.76-1
[INFO] extracting crate is_in 1.0.0 into /workspace/builds/worker-2-tc2/source
[INFO] validating manifest of crates.io crate is_in 1.0.0 on toolchain beta-2023-12-22
[INFO] running `Command { std: CARGO_HOME="/workspace/cargo-home" RUSTUP_HOME="/workspace/rustup-home" "/workspace/cargo-home/bin/cargo" "+beta-2023-12-22" "metadata" "--manifest-path" "Cargo.toml" "--no-deps", kill_on_drop: false }`
[INFO] started tweaking crates.io crate is_in 1.0.0
[INFO] finished tweaking crates.io crate is_in 1.0.0
[INFO] tweaked toml for crates.io crate is_in 1.0.0 written to /workspace/builds/worker-2-tc2/source/Cargo.toml
[INFO] crate crates.io crate is_in 1.0.0 already has a lockfile, it will not be regenerated
[INFO] running `Command { std: CARGO_HOME="/workspace/cargo-home" RUSTUP_HOME="/workspace/rustup-home" "/workspace/cargo-home/bin/cargo" "+beta-2023-12-22" "fetch" "--manifest-path" "Cargo.toml", kill_on_drop: false }`
[INFO] [stderr]     Blocking waiting for file lock on package cache
[INFO] running `Command { std: "docker" "create" "-v" "/var/lib/crater-agent-workspace/builds/worker-2-tc2/target:/opt/rustwide/target:rw,Z" "-v" "/var/lib/crater-agent-workspace/builds/worker-2-tc2/source:/opt/rustwide/workdir:ro,Z" "-v" "/var/lib/crater-agent-workspace/cargo-home:/opt/rustwide/cargo-home:ro,Z" "-v" "/var/lib/crater-agent-workspace/rustup-home:/opt/rustwide/rustup-home:ro,Z" "-e" "SOURCE_DIR=/opt/rustwide/workdir" "-e" "CARGO_TARGET_DIR=/opt/rustwide/target" "-e" "CARGO_HOME=/opt/rustwide/cargo-home" "-e" "RUSTUP_HOME=/opt/rustwide/rustup-home" "-w" "/opt/rustwide/workdir" "-m" "1610612736" "--user" "0:0" "--network" "none" "ghcr.io/rust-lang/crates-build-env/linux@sha256:2788e3201cd34a07e3172128adcd8b3090168a8e3bcc40d7c032b9dda1df7d1c" "/opt/rustwide/cargo-home/bin/cargo" "+beta-2023-12-22" "metadata" "--no-deps" "--format-version=1", kill_on_drop: false }`
[INFO] [stdout] 9b5f50822ca2957cbe1a073800c525eade6e89320a6bfbbc8b39add30970f6ea
[INFO] running `Command { std: "docker" "start" "-a" "9b5f50822ca2957cbe1a073800c525eade6e89320a6bfbbc8b39add30970f6ea", kill_on_drop: false }`
[INFO] running `Command { std: "docker" "inspect" "9b5f50822ca2957cbe1a073800c525eade6e89320a6bfbbc8b39add30970f6ea", kill_on_drop: false }`
[INFO] running `Command { std: "docker" "rm" "-f" "9b5f50822ca2957cbe1a073800c525eade6e89320a6bfbbc8b39add30970f6ea", kill_on_drop: false }`
[INFO] [stdout] 9b5f50822ca2957cbe1a073800c525eade6e89320a6bfbbc8b39add30970f6ea
[INFO] running `Command { std: "docker" "create" "-v" "/var/lib/crater-agent-workspace/builds/worker-2-tc2/target:/opt/rustwide/target:rw,Z" "-v" "/var/lib/crater-agent-workspace/builds/worker-2-tc2/source:/opt/rustwide/workdir:ro,Z" "-v" "/var/lib/crater-agent-workspace/cargo-home:/opt/rustwide/cargo-home:ro,Z" "-v" "/var/lib/crater-agent-workspace/rustup-home:/opt/rustwide/rustup-home:ro,Z" "-e" "SOURCE_DIR=/opt/rustwide/workdir" "-e" "CARGO_TARGET_DIR=/opt/rustwide/target" "-e" "CARGO_INCREMENTAL=0" "-e" "RUST_BACKTRACE=full" "-e" "RUSTFLAGS=--cap-lints=warn" "-e" "RUSTDOCFLAGS=--cap-lints=warn" "-e" "CARGO_HOME=/opt/rustwide/cargo-home" "-e" "RUSTUP_HOME=/opt/rustwide/rustup-home" "-w" "/opt/rustwide/workdir" "-m" "1610612736" "--user" "0:0" "--network" "none" "ghcr.io/rust-lang/crates-build-env/linux@sha256:2788e3201cd34a07e3172128adcd8b3090168a8e3bcc40d7c032b9dda1df7d1c" "/opt/rustwide/cargo-home/bin/cargo" "+beta-2023-12-22" "build" "--frozen" "--message-format=json", kill_on_drop: false }`
[INFO] [stdout] 3094d81ed82cfb3ca2a66e305f82f66c0b3dcc639d0e35c3393a4e9c439ba2ed
[INFO] running `Command { std: "docker" "start" "-a" "3094d81ed82cfb3ca2a66e305f82f66c0b3dcc639d0e35c3393a4e9c439ba2ed", kill_on_drop: false }`
[INFO] [stderr]    Compiling is_in v1.0.0 (/opt/rustwide/workdir)
[INFO] [stdout] warning: unused import: `implementations::*`
[INFO] [stdout]   --> src/lib.rs:22:9
[INFO] [stdout]    |
[INFO] [stdout] 22 | pub use implementations::*;
[INFO] [stdout]    |         ^^^^^^^^^^^^^^^^^^
[INFO] [stdout]    |
[INFO] [stdout]    = note: `#[warn(unused_imports)]` on by default
[INFO] [stdout] 
[INFO] [stdout] 
[INFO] [stdout] warning: 1 warning emitted
[INFO] [stdout] 
[INFO] [stdout] 
[INFO] [stderr]     Finished dev [unoptimized + debuginfo] target(s) in 0.11s
[INFO] running `Command { std: "docker" "inspect" "3094d81ed82cfb3ca2a66e305f82f66c0b3dcc639d0e35c3393a4e9c439ba2ed", kill_on_drop: false }`
[INFO] running `Command { std: "docker" "rm" "-f" "3094d81ed82cfb3ca2a66e305f82f66c0b3dcc639d0e35c3393a4e9c439ba2ed", kill_on_drop: false }`
[INFO] [stdout] 3094d81ed82cfb3ca2a66e305f82f66c0b3dcc639d0e35c3393a4e9c439ba2ed
[INFO] running `Command { std: "docker" "create" "-v" "/var/lib/crater-agent-workspace/builds/worker-2-tc2/target:/opt/rustwide/target:rw,Z" "-v" "/var/lib/crater-agent-workspace/builds/worker-2-tc2/source:/opt/rustwide/workdir:ro,Z" "-v" "/var/lib/crater-agent-workspace/cargo-home:/opt/rustwide/cargo-home:ro,Z" "-v" "/var/lib/crater-agent-workspace/rustup-home:/opt/rustwide/rustup-home:ro,Z" "-e" "SOURCE_DIR=/opt/rustwide/workdir" "-e" "CARGO_TARGET_DIR=/opt/rustwide/target" "-e" "CARGO_INCREMENTAL=0" "-e" "RUST_BACKTRACE=full" "-e" "RUSTFLAGS=--cap-lints=warn" "-e" "RUSTDOCFLAGS=--cap-lints=warn" "-e" "CARGO_HOME=/opt/rustwide/cargo-home" "-e" "RUSTUP_HOME=/opt/rustwide/rustup-home" "-w" "/opt/rustwide/workdir" "-m" "1610612736" "--user" "0:0" "--network" "none" "ghcr.io/rust-lang/crates-build-env/linux@sha256:2788e3201cd34a07e3172128adcd8b3090168a8e3bcc40d7c032b9dda1df7d1c" "/opt/rustwide/cargo-home/bin/cargo" "+beta-2023-12-22" "test" "--frozen" "--no-run" "--message-format=json", kill_on_drop: false }`
[INFO] [stdout] e62c5be82abf749cb25387d23c00a33954ebbe7b48ec14dc878cd16bff986c3a
[INFO] running `Command { std: "docker" "start" "-a" "e62c5be82abf749cb25387d23c00a33954ebbe7b48ec14dc878cd16bff986c3a", kill_on_drop: false }`
[INFO] [stdout] warning: unused import: `implementations::*`
[INFO] [stdout]   --> src/lib.rs:22:9
[INFO] [stdout]    |
[INFO] [stdout] 22 | pub use implementations::*;
[INFO] [stdout]    |         ^^^^^^^^^^^^^^^^^^
[INFO] [stdout]    |
[INFO] [stdout]    = note: `#[warn(unused_imports)]` on by default
[INFO] [stdout] 
[INFO] [stdout] 
[INFO] [stderr]    Compiling is_in v1.0.0 (/opt/rustwide/workdir)
[INFO] [stdout] warning: 1 warning emitted
[INFO] [stdout] 
[INFO] [stdout] 
[INFO] [stdout] warning: unused import: `implementations::*`
[INFO] [stdout]   --> src/lib.rs:22:9
[INFO] [stdout]    |
[INFO] [stdout] 22 | pub use implementations::*;
[INFO] [stdout]    |         ^^^^^^^^^^^^^^^^^^
[INFO] [stdout]    |
[INFO] [stdout]    = note: `#[warn(unused_imports)]` on by default
[INFO] [stdout] 
[INFO] [stdout] 
[INFO] [stdout] warning: 1 warning emitted
[INFO] [stdout] 
[INFO] [stdout] 
[INFO] [stderr]     Finished test [unoptimized + debuginfo] target(s) in 0.29s
[INFO] running `Command { std: "docker" "inspect" "e62c5be82abf749cb25387d23c00a33954ebbe7b48ec14dc878cd16bff986c3a", kill_on_drop: false }`
[INFO] running `Command { std: "docker" "rm" "-f" "e62c5be82abf749cb25387d23c00a33954ebbe7b48ec14dc878cd16bff986c3a", kill_on_drop: false }`
[INFO] [stdout] e62c5be82abf749cb25387d23c00a33954ebbe7b48ec14dc878cd16bff986c3a
[INFO] running `Command { std: "docker" "create" "-v" "/var/lib/crater-agent-workspace/builds/worker-2-tc2/target:/opt/rustwide/target:rw,Z" "-v" "/var/lib/crater-agent-workspace/builds/worker-2-tc2/source:/opt/rustwide/workdir:ro,Z" "-v" "/var/lib/crater-agent-workspace/cargo-home:/opt/rustwide/cargo-home:ro,Z" "-v" "/var/lib/crater-agent-workspace/rustup-home:/opt/rustwide/rustup-home:ro,Z" "-e" "SOURCE_DIR=/opt/rustwide/workdir" "-e" "CARGO_TARGET_DIR=/opt/rustwide/target" "-e" "CARGO_INCREMENTAL=0" "-e" "RUST_BACKTRACE=full" "-e" "RUSTFLAGS=--cap-lints=warn" "-e" "RUSTDOCFLAGS=--cap-lints=warn" "-e" "CARGO_HOME=/opt/rustwide/cargo-home" "-e" "RUSTUP_HOME=/opt/rustwide/rustup-home" "-w" "/opt/rustwide/workdir" "-m" "1610612736" "--user" "0:0" "--network" "none" "ghcr.io/rust-lang/crates-build-env/linux@sha256:2788e3201cd34a07e3172128adcd8b3090168a8e3bcc40d7c032b9dda1df7d1c" "/opt/rustwide/cargo-home/bin/cargo" "+beta-2023-12-22" "test" "--frozen", kill_on_drop: false }`
[INFO] [stdout] 928a84d7469e04fa8ac62a7ebf0ce32ec066dcf2ed140ab2373e279f473bc6cd
[INFO] running `Command { std: "docker" "start" "-a" "928a84d7469e04fa8ac62a7ebf0ce32ec066dcf2ed140ab2373e279f473bc6cd", kill_on_drop: false }`
[INFO] [stderr] warning: unused import: `implementations::*`
[INFO] [stderr]   --> src/lib.rs:22:9
[INFO] [stderr]    |
[INFO] [stderr] 22 | pub use implementations::*;
[INFO] [stderr]    |         ^^^^^^^^^^^^^^^^^^
[INFO] [stderr]    |
[INFO] [stderr]    = note: `#[warn(unused_imports)]` on by default
[INFO] [stderr] 
[INFO] [stderr] warning: `is_in` (lib) generated 1 warning (run `cargo fix --lib -p is_in` to apply 1 suggestion)
[INFO] [stderr] warning: `is_in` (lib test) generated 1 warning (1 duplicate)
[INFO] [stderr]     Finished test [unoptimized + debuginfo] target(s) in 0.01s
[INFO] [stderr]      Running unittests src/lib.rs (/opt/rustwide/target/debug/deps/is_in-cf94819224f8a40c)
[INFO] [stdout] 
[INFO] [stdout] running 2 tests
[INFO] [stdout] test tests::test_char ... ok
[INFO] [stdout] test tests::test_int ... ok
[INFO] [stdout] 
[INFO] [stdout] test result: ok. 2 passed; 0 failed; 0 ignored; 0 measured; 0 filtered out; finished in 0.00s
[INFO] [stdout] 
[INFO] [stderr]    Doc-tests is_in
[INFO] [stdout] 
[INFO] [stdout] running 2 tests
[INFO] [stdout] test src/lib.rs - (line 9) ... FAILED
[INFO] [stdout] test src/lib.rs - IsIn (line 26) ... FAILED
[INFO] [stdout] 
[INFO] [stdout] failures:
[INFO] [stdout] 
[INFO] [stdout] ---- src/lib.rs - (line 9) stdout ----
[INFO] [stdout] error: unknown start of token: `
[INFO] [stdout]   --> src/lib.rs:17:2
[INFO] [stdout]    |
[INFO] [stdout] 10 | }```
[INFO] [stdout]    |  ^^^
[INFO] [stdout]    |
[INFO] [stdout]    = note: character appears 2 more times
[INFO] [stdout] help: Unicode character '`' (Grave Accent) looks like ''' (Single Quote), but it is not
[INFO] [stdout]    |
[INFO] [stdout] 10 | }'''
[INFO] [stdout]    |  ~~~
[INFO] [stdout] 
[INFO] [stdout] error: expected one of `!` or `::`, found keyword `crate`
[INFO] [stdout]   --> src/lib.rs:18:5
[INFO] [stdout]    |
[INFO] [stdout] 11 | The crate provides implementations on most primitives (all unsigned integers, all signed integers, floats, and chars).
[INFO] [stdout]    |     ^^^^^ expected one of `!` or `::`
[INFO] [stdout] 
[INFO] [stdout] error: aborting due to 2 previous errors
[INFO] [stdout] 
[INFO] [stdout] Couldn't compile the test.
[INFO] [stdout] ---- src/lib.rs - IsIn (line 26) stdout ----
[INFO] [stdout] error: unknown start of token: `
[INFO] [stdout]   --> src/lib.rs:37:2
[INFO] [stdout]    |
[INFO] [stdout] 14 | }```
[INFO] [stdout]    |  ^^^
[INFO] [stdout]    |
[INFO] [stdout]    = note: character appears 2 more times
[INFO] [stdout] help: Unicode character '`' (Grave Accent) looks like ''' (Single Quote), but it is not
[INFO] [stdout]    |
[INFO] [stdout] 14 | }'''
[INFO] [stdout]    |  ~~~
[INFO] [stdout] 
[INFO] [stdout] error[E0405]: cannot find trait `IsIn` in this scope
[INFO] [stdout]  --> src/lib.rs:28:6
[INFO] [stdout]   |
[INFO] [stdout] 5 | impl IsIn<MyStruct> for MyStruct {
[INFO] [stdout]   |      ^^^^ not found in this scope
[INFO] [stdout]   |
[INFO] [stdout] help: consider importing this trait
[INFO] [stdout]   |
[INFO] [stdout] 2 + use is_in::IsIn;
[INFO] [stdout]   |
[INFO] [stdout] 
[INFO] [stdout] error[E0412]: cannot find type `MyStruct` in this scope
[INFO] [stdout]  --> src/lib.rs:28:11
[INFO] [stdout]   |
[INFO] [stdout] 5 | impl IsIn<MyStruct> for MyStruct {
[INFO] [stdout]   |           ^^^^^^^^ not found in this scope
[INFO] [stdout]   |
[INFO] [stdout] help: you might be missing a type parameter
[INFO] [stdout]   |
[INFO] [stdout] 5 | impl<MyStruct> IsIn<MyStruct> for MyStruct {
[INFO] [stdout]   |     ++++++++++
[INFO] [stdout] 
[INFO] [stdout] error[E0412]: cannot find type `MyStruct` in this scope
[INFO] [stdout]  --> src/lib.rs:28:25
[INFO] [stdout]   |
[INFO] [stdout] 5 | impl IsIn<MyStruct> for MyStruct {
[INFO] [stdout]   |                         ^^^^^^^^ not found in this scope
[INFO] [stdout] 
[INFO] [stdout] error[E0412]: cannot find type `MyType` in this scope
[INFO] [stdout]  --> src/lib.rs:29:28
[INFO] [stdout]   |
[INFO] [stdout] 6 |     fn is_in(&self, arr: &[MyType]) -> bool {
[INFO] [stdout]   |                            ^^^^^^ not found in this scope
[INFO] [stdout] 
[INFO] [stdout] error: aborting due to 5 previous errors
[INFO] [stdout] 
[INFO] [stdout] Some errors have detailed explanations: E0405, E0412.
[INFO] [stdout] For more information about an error, try `rustc --explain E0405`.
[INFO] [stdout] Couldn't compile the test.
[INFO] [stdout] 
[INFO] [stdout] failures:
[INFO] [stdout]     src/lib.rs - (line 9)
[INFO] [stdout]     src/lib.rs - IsIn (line 26)
[INFO] [stdout] 
[INFO] [stdout] test result: FAILED. 0 passed; 2 failed; 0 ignored; 0 measured; 0 filtered out; finished in 0.05s
[INFO] [stdout] 
[INFO] [stderr] error: doctest failed, to rerun pass `--doc`
[INFO] running `Command { std: "docker" "inspect" "928a84d7469e04fa8ac62a7ebf0ce32ec066dcf2ed140ab2373e279f473bc6cd", kill_on_drop: false }`
[INFO] running `Command { std: "docker" "rm" "-f" "928a84d7469e04fa8ac62a7ebf0ce32ec066dcf2ed140ab2373e279f473bc6cd", kill_on_drop: false }`
[INFO] [stdout] 928a84d7469e04fa8ac62a7ebf0ce32ec066dcf2ed140ab2373e279f473bc6cd
