[INFO] fetching crate irv 0.0.2...
[INFO] testing irv-0.0.2 against 1.75.0 for beta-1.76-1
[INFO] extracting crate irv 0.0.2 into /workspace/builds/worker-0-tc1/source
[INFO] validating manifest of crates.io crate irv 0.0.2 on toolchain 1.75.0
[INFO] running `Command { std: CARGO_HOME="/workspace/cargo-home" RUSTUP_HOME="/workspace/rustup-home" "/workspace/cargo-home/bin/cargo" "+1.75.0" "metadata" "--manifest-path" "Cargo.toml" "--no-deps", kill_on_drop: false }`
[INFO] started tweaking crates.io crate irv 0.0.2
[INFO] finished tweaking crates.io crate irv 0.0.2
[INFO] tweaked toml for crates.io crate irv 0.0.2 written to /workspace/builds/worker-0-tc1/source/Cargo.toml
[INFO] running `Command { std: CARGO_HOME="/workspace/cargo-home" RUSTUP_HOME="/workspace/rustup-home" "/workspace/cargo-home/bin/cargo" "+1.75.0" "generate-lockfile" "--manifest-path" "Cargo.toml", kill_on_drop: false }`
[INFO] [stderr]     Updating crates.io index
[INFO] running `Command { std: CARGO_HOME="/workspace/cargo-home" RUSTUP_HOME="/workspace/rustup-home" "/workspace/cargo-home/bin/cargo" "+1.75.0" "fetch" "--manifest-path" "Cargo.toml", kill_on_drop: false }`
[INFO] [stderr]  Downloading crates ...
[INFO] [stderr]   Downloaded irv-loader v0.0.1
[INFO] [stderr]   Downloaded irv-traits v0.0.1
[INFO] running `Command { std: "docker" "create" "-v" "/var/lib/crater-agent-workspace/builds/worker-0-tc1/target:/opt/rustwide/target:rw,Z" "-v" "/var/lib/crater-agent-workspace/builds/worker-0-tc1/source:/opt/rustwide/workdir:ro,Z" "-v" "/var/lib/crater-agent-workspace/cargo-home:/opt/rustwide/cargo-home:ro,Z" "-v" "/var/lib/crater-agent-workspace/rustup-home:/opt/rustwide/rustup-home:ro,Z" "-e" "SOURCE_DIR=/opt/rustwide/workdir" "-e" "CARGO_TARGET_DIR=/opt/rustwide/target" "-e" "CARGO_HOME=/opt/rustwide/cargo-home" "-e" "RUSTUP_HOME=/opt/rustwide/rustup-home" "-w" "/opt/rustwide/workdir" "-m" "1610612736" "--user" "0:0" "--network" "none" "ghcr.io/rust-lang/crates-build-env/linux@sha256:2788e3201cd34a07e3172128adcd8b3090168a8e3bcc40d7c032b9dda1df7d1c" "/opt/rustwide/cargo-home/bin/cargo" "+1.75.0" "metadata" "--no-deps" "--format-version=1", kill_on_drop: false }`
[INFO] [stdout] 8dec2994e653c5d83924f14d63e980589164871dd61163dde2629cdce1943a2d
[INFO] running `Command { std: "docker" "start" "-a" "8dec2994e653c5d83924f14d63e980589164871dd61163dde2629cdce1943a2d", kill_on_drop: false }`
[INFO] running `Command { std: "docker" "inspect" "8dec2994e653c5d83924f14d63e980589164871dd61163dde2629cdce1943a2d", kill_on_drop: false }`
[INFO] running `Command { std: "docker" "rm" "-f" "8dec2994e653c5d83924f14d63e980589164871dd61163dde2629cdce1943a2d", kill_on_drop: false }`
[INFO] [stdout] 8dec2994e653c5d83924f14d63e980589164871dd61163dde2629cdce1943a2d
[INFO] running `Command { std: "docker" "create" "-v" "/var/lib/crater-agent-workspace/builds/worker-0-tc1/target:/opt/rustwide/target:rw,Z" "-v" "/var/lib/crater-agent-workspace/builds/worker-0-tc1/source:/opt/rustwide/workdir:ro,Z" "-v" "/var/lib/crater-agent-workspace/cargo-home:/opt/rustwide/cargo-home:ro,Z" "-v" "/var/lib/crater-agent-workspace/rustup-home:/opt/rustwide/rustup-home:ro,Z" "-e" "SOURCE_DIR=/opt/rustwide/workdir" "-e" "CARGO_TARGET_DIR=/opt/rustwide/target" "-e" "CARGO_INCREMENTAL=0" "-e" "RUST_BACKTRACE=full" "-e" "RUSTFLAGS=--cap-lints=warn" "-e" "RUSTDOCFLAGS=--cap-lints=warn" "-e" "CARGO_HOME=/opt/rustwide/cargo-home" "-e" "RUSTUP_HOME=/opt/rustwide/rustup-home" "-w" "/opt/rustwide/workdir" "-m" "1610612736" "--user" "0:0" "--network" "none" "ghcr.io/rust-lang/crates-build-env/linux@sha256:2788e3201cd34a07e3172128adcd8b3090168a8e3bcc40d7c032b9dda1df7d1c" "/opt/rustwide/cargo-home/bin/cargo" "+1.75.0" "build" "--frozen" "--message-format=json", kill_on_drop: false }`
[INFO] [stdout] cb23e2441a77136f8274206461df2036ae5954413b5113766db80a3b940e1a2c
[INFO] running `Command { std: "docker" "start" "-a" "cb23e2441a77136f8274206461df2036ae5954413b5113766db80a3b940e1a2c", kill_on_drop: false }`
[INFO] [stderr]    Compiling irv-traits v0.0.1
[INFO] [stderr]    Compiling irv v0.0.2 (/opt/rustwide/workdir)
[INFO] [stdout] warning: calls to `std::mem::drop` with a reference instead of an owned value does nothing
[INFO] [stdout]   --> src/memory.rs:31:9
[INFO] [stdout]    |
[INFO] [stdout] 31 |         drop(data);
[INFO] [stdout]    |         ^^^^^----^
[INFO] [stdout]    |              |
[INFO] [stdout]    |              argument has type `&mut [u64]`
[INFO] [stdout]    |
[INFO] [stdout]    = note: use `let _ = ...` to ignore the expression or result
[INFO] [stdout]    = note: `#[warn(dropping_references)]` on by default
[INFO] [stdout] 
[INFO] [stdout] 
[INFO] [stdout] warning: 1 warning emitted
[INFO] [stdout] 
[INFO] [stdout] 
[INFO] [stderr]     Finished dev [unoptimized + debuginfo] target(s) in 0.23s
[INFO] running `Command { std: "docker" "inspect" "cb23e2441a77136f8274206461df2036ae5954413b5113766db80a3b940e1a2c", kill_on_drop: false }`
[INFO] running `Command { std: "docker" "rm" "-f" "cb23e2441a77136f8274206461df2036ae5954413b5113766db80a3b940e1a2c", kill_on_drop: false }`
[INFO] [stdout] cb23e2441a77136f8274206461df2036ae5954413b5113766db80a3b940e1a2c
[INFO] running `Command { std: "docker" "create" "-v" "/var/lib/crater-agent-workspace/builds/worker-0-tc1/target:/opt/rustwide/target:rw,Z" "-v" "/var/lib/crater-agent-workspace/builds/worker-0-tc1/source:/opt/rustwide/workdir:ro,Z" "-v" "/var/lib/crater-agent-workspace/cargo-home:/opt/rustwide/cargo-home:ro,Z" "-v" "/var/lib/crater-agent-workspace/rustup-home:/opt/rustwide/rustup-home:ro,Z" "-e" "SOURCE_DIR=/opt/rustwide/workdir" "-e" "CARGO_TARGET_DIR=/opt/rustwide/target" "-e" "CARGO_INCREMENTAL=0" "-e" "RUST_BACKTRACE=full" "-e" "RUSTFLAGS=--cap-lints=warn" "-e" "RUSTDOCFLAGS=--cap-lints=warn" "-e" "CARGO_HOME=/opt/rustwide/cargo-home" "-e" "RUSTUP_HOME=/opt/rustwide/rustup-home" "-w" "/opt/rustwide/workdir" "-m" "1610612736" "--user" "0:0" "--network" "none" "ghcr.io/rust-lang/crates-build-env/linux@sha256:2788e3201cd34a07e3172128adcd8b3090168a8e3bcc40d7c032b9dda1df7d1c" "/opt/rustwide/cargo-home/bin/cargo" "+1.75.0" "test" "--frozen" "--no-run" "--message-format=json", kill_on_drop: false }`
[INFO] [stdout] 71d3c30e9bb6c1fa9c5e54e086803b0a741481490f0cd0336330318a4e9ea3d3
[INFO] running `Command { std: "docker" "start" "-a" "71d3c30e9bb6c1fa9c5e54e086803b0a741481490f0cd0336330318a4e9ea3d3", kill_on_drop: false }`
[INFO] [stderr]    Compiling proc-macro2 v1.0.75
[INFO] [stderr]    Compiling unicode-ident v1.0.12
[INFO] [stderr]    Compiling log v0.4.20
[INFO] [stderr]    Compiling plain v0.2.3
[INFO] [stdout] warning: calls to `std::mem::drop` with a reference instead of an owned value does nothing
[INFO] [stdout]   --> src/memory.rs:31:9
[INFO] [stdout]    |
[INFO] [stdout] 31 |         drop(data);
[INFO] [stdout]    |         ^^^^^----^
[INFO] [stdout]    |              |
[INFO] [stdout]    |              argument has type `&mut [u64]`
[INFO] [stdout]    |
[INFO] [stdout]    = note: use `let _ = ...` to ignore the expression or result
[INFO] [stdout]    = note: `#[warn(dropping_references)]` on by default
[INFO] [stdout] 
[INFO] [stdout] 
[INFO] [stdout] warning: 1 warning emitted
[INFO] [stdout] 
[INFO] [stdout] 
[INFO] [stderr]    Compiling quote v1.0.35
[INFO] [stderr]    Compiling syn v2.0.48
[INFO] [stderr]    Compiling scroll_derive v0.11.1
[INFO] [stderr]    Compiling scroll v0.11.0
[INFO] [stderr]    Compiling goblin v0.5.4
[INFO] [stderr]    Compiling irv-loader v0.0.1
[INFO] [stderr]    Compiling irv v0.0.2 (/opt/rustwide/workdir)
[INFO] [stdout] warning: unused import: `File`
[INFO] [stdout]  --> tests/riscv-tests.rs:1:22
[INFO] [stdout]   |
[INFO] [stdout] 1 | use std::{fs::{self, File}, path::Path, io};
[INFO] [stdout]   |                      ^^^^
[INFO] [stdout]   |
[INFO] [stdout]   = note: `#[warn(unused_imports)]` on by default
[INFO] [stdout] 
[INFO] [stdout] 
[INFO] [stdout] warning: calls to `std::mem::drop` with a reference instead of an owned value does nothing
[INFO] [stdout]   --> src/memory.rs:31:9
[INFO] [stdout]    |
[INFO] [stdout] 31 |         drop(data);
[INFO] [stdout]    |         ^^^^^----^
[INFO] [stdout]    |              |
[INFO] [stdout]    |              argument has type `&mut [u64]`
[INFO] [stdout]    |
[INFO] [stdout]    = note: use `let _ = ...` to ignore the expression or result
[INFO] [stdout]    = note: `#[warn(dropping_references)]` on by default
[INFO] [stdout] 
[INFO] [stdout] 
[INFO] [stdout] warning: 1 warning emitted
[INFO] [stdout] 
[INFO] [stdout] 
[INFO] [stdout] warning: 1 warning emitted
[INFO] [stdout] 
[INFO] [stdout] 
[INFO] [stderr]     Finished test [unoptimized + debuginfo] target(s) in 6.70s
[INFO] running `Command { std: "docker" "inspect" "71d3c30e9bb6c1fa9c5e54e086803b0a741481490f0cd0336330318a4e9ea3d3", kill_on_drop: false }`
[INFO] running `Command { std: "docker" "rm" "-f" "71d3c30e9bb6c1fa9c5e54e086803b0a741481490f0cd0336330318a4e9ea3d3", kill_on_drop: false }`
[INFO] [stdout] 71d3c30e9bb6c1fa9c5e54e086803b0a741481490f0cd0336330318a4e9ea3d3
[INFO] running `Command { std: "docker" "create" "-v" "/var/lib/crater-agent-workspace/builds/worker-0-tc1/target:/opt/rustwide/target:rw,Z" "-v" "/var/lib/crater-agent-workspace/builds/worker-0-tc1/source:/opt/rustwide/workdir:ro,Z" "-v" "/var/lib/crater-agent-workspace/cargo-home:/opt/rustwide/cargo-home:ro,Z" "-v" "/var/lib/crater-agent-workspace/rustup-home:/opt/rustwide/rustup-home:ro,Z" "-e" "SOURCE_DIR=/opt/rustwide/workdir" "-e" "CARGO_TARGET_DIR=/opt/rustwide/target" "-e" "CARGO_INCREMENTAL=0" "-e" "RUST_BACKTRACE=full" "-e" "RUSTFLAGS=--cap-lints=warn" "-e" "RUSTDOCFLAGS=--cap-lints=warn" "-e" "CARGO_HOME=/opt/rustwide/cargo-home" "-e" "RUSTUP_HOME=/opt/rustwide/rustup-home" "-w" "/opt/rustwide/workdir" "-m" "1610612736" "--user" "0:0" "--network" "none" "ghcr.io/rust-lang/crates-build-env/linux@sha256:2788e3201cd34a07e3172128adcd8b3090168a8e3bcc40d7c032b9dda1df7d1c" "/opt/rustwide/cargo-home/bin/cargo" "+1.75.0" "test" "--frozen", kill_on_drop: false }`
[INFO] [stdout] d13954acef3bad5e92485a392fe192a6296e861e7955be33e73e1cf9ed02eda6
[INFO] running `Command { std: "docker" "start" "-a" "d13954acef3bad5e92485a392fe192a6296e861e7955be33e73e1cf9ed02eda6", kill_on_drop: false }`
[INFO] [stderr] warning: calls to `std::mem::drop` with a reference instead of an owned value does nothing
[INFO] [stderr]   --> src/memory.rs:31:9
[INFO] [stderr]    |
[INFO] [stderr] 31 |         drop(data);
[INFO] [stderr]    |         ^^^^^----^
[INFO] [stderr]    |              |
[INFO] [stderr]    |              argument has type `&mut [u64]`
[INFO] [stderr]    |
[INFO] [stderr]    = note: use `let _ = ...` to ignore the expression or result
[INFO] [stderr]    = note: `#[warn(dropping_references)]` on by default
[INFO] [stderr] 
[INFO] [stderr] warning: `irv` (lib) generated 1 warning
[INFO] [stderr] warning: unused import: `File`
[INFO] [stderr]  --> tests/riscv-tests.rs:1:22
[INFO] [stderr]   |
[INFO] [stderr] 1 | use std::{fs::{self, File}, path::Path, io};
[INFO] [stderr]   |                      ^^^^
[INFO] [stderr]   |
[INFO] [stderr]   = note: `#[warn(unused_imports)]` on by default
[INFO] [stderr] 
[INFO] [stderr] warning: `irv` (lib test) generated 1 warning (1 duplicate)
[INFO] [stderr] warning: `irv` (test "riscv-tests") generated 1 warning (run `cargo fix --test "riscv-tests"` to apply 1 suggestion)
[INFO] [stderr]     Finished test [unoptimized + debuginfo] target(s) in 0.01s
[INFO] [stderr]      Running unittests src/lib.rs (/opt/rustwide/target/debug/deps/irv-1aeaa9bebf6bc3f3)
[INFO] [stdout] 
[INFO] [stdout] running 0 tests
[INFO] [stdout] 
[INFO] [stdout] test result: ok. 0 passed; 0 failed; 0 ignored; 0 measured; 0 filtered out; finished in 0.00s
[INFO] [stdout] 
[INFO] [stderr]      Running tests/riscv-tests.rs (/opt/rustwide/target/debug/deps/riscv_tests-b3cd6ede4b033010)
[INFO] [stdout] 
[INFO] [stdout] running 1 test
[INFO] [stdout] test test_riscv_tests ... FAILED
[INFO] [stdout] 
[INFO] [stdout] failures:
[INFO] [stdout] 
[INFO] [stdout] ---- test_riscv_tests stdout ----
[INFO] [stdout] Error: Os { code: 2, kind: NotFound, message: "No such file or directory" }
[INFO] [stdout] 
[INFO] [stdout] 
[INFO] [stdout] failures:
[INFO] [stdout]     test_riscv_tests
[INFO] [stdout] 
[INFO] [stdout] test result: FAILED. 0 passed; 1 failed; 0 ignored; 0 measured; 0 filtered out; finished in 0.00s
[INFO] [stdout] 
[INFO] [stderr] error: test failed, to rerun pass `--test riscv-tests`
[INFO] running `Command { std: "docker" "inspect" "d13954acef3bad5e92485a392fe192a6296e861e7955be33e73e1cf9ed02eda6", kill_on_drop: false }`
[INFO] running `Command { std: "docker" "rm" "-f" "d13954acef3bad5e92485a392fe192a6296e861e7955be33e73e1cf9ed02eda6", kill_on_drop: false }`
[INFO] [stdout] d13954acef3bad5e92485a392fe192a6296e861e7955be33e73e1cf9ed02eda6
[INFO] testing irv-0.0.2 against beta-2023-12-22 for beta-1.76-1
[INFO] extracting crate irv 0.0.2 into /workspace/builds/worker-0-tc2/source
[INFO] validating manifest of crates.io crate irv 0.0.2 on toolchain beta-2023-12-22
[INFO] running `Command { std: CARGO_HOME="/workspace/cargo-home" RUSTUP_HOME="/workspace/rustup-home" "/workspace/cargo-home/bin/cargo" "+beta-2023-12-22" "metadata" "--manifest-path" "Cargo.toml" "--no-deps", kill_on_drop: false }`
[INFO] started tweaking crates.io crate irv 0.0.2
[INFO] finished tweaking crates.io crate irv 0.0.2
[INFO] tweaked toml for crates.io crate irv 0.0.2 written to /workspace/builds/worker-0-tc2/source/Cargo.toml
[INFO] running `Command { std: CARGO_HOME="/workspace/cargo-home" RUSTUP_HOME="/workspace/rustup-home" "/workspace/cargo-home/bin/cargo" "+beta-2023-12-22" "generate-lockfile" "--manifest-path" "Cargo.toml", kill_on_drop: false }`
[INFO] [stderr]     Updating crates.io index
[INFO] running `Command { std: CARGO_HOME="/workspace/cargo-home" RUSTUP_HOME="/workspace/rustup-home" "/workspace/cargo-home/bin/cargo" "+beta-2023-12-22" "fetch" "--manifest-path" "Cargo.toml", kill_on_drop: false }`
[INFO] running `Command { std: "docker" "create" "-v" "/var/lib/crater-agent-workspace/builds/worker-0-tc2/target:/opt/rustwide/target:rw,Z" "-v" "/var/lib/crater-agent-workspace/builds/worker-0-tc2/source:/opt/rustwide/workdir:ro,Z" "-v" "/var/lib/crater-agent-workspace/cargo-home:/opt/rustwide/cargo-home:ro,Z" "-v" "/var/lib/crater-agent-workspace/rustup-home:/opt/rustwide/rustup-home:ro,Z" "-e" "SOURCE_DIR=/opt/rustwide/workdir" "-e" "CARGO_TARGET_DIR=/opt/rustwide/target" "-e" "CARGO_HOME=/opt/rustwide/cargo-home" "-e" "RUSTUP_HOME=/opt/rustwide/rustup-home" "-w" "/opt/rustwide/workdir" "-m" "1610612736" "--user" "0:0" "--network" "none" "ghcr.io/rust-lang/crates-build-env/linux@sha256:2788e3201cd34a07e3172128adcd8b3090168a8e3bcc40d7c032b9dda1df7d1c" "/opt/rustwide/cargo-home/bin/cargo" "+beta-2023-12-22" "metadata" "--no-deps" "--format-version=1", kill_on_drop: false }`
[INFO] [stdout] eddc8ad5218629c64ced50e39065fc7859ca94c6adc2cd2d6ff6ea53aa7bc04e
[INFO] running `Command { std: "docker" "start" "-a" "eddc8ad5218629c64ced50e39065fc7859ca94c6adc2cd2d6ff6ea53aa7bc04e", kill_on_drop: false }`
[INFO] running `Command { std: "docker" "inspect" "eddc8ad5218629c64ced50e39065fc7859ca94c6adc2cd2d6ff6ea53aa7bc04e", kill_on_drop: false }`
[INFO] running `Command { std: "docker" "rm" "-f" "eddc8ad5218629c64ced50e39065fc7859ca94c6adc2cd2d6ff6ea53aa7bc04e", kill_on_drop: false }`
[INFO] [stdout] eddc8ad5218629c64ced50e39065fc7859ca94c6adc2cd2d6ff6ea53aa7bc04e
[INFO] running `Command { std: "docker" "create" "-v" "/var/lib/crater-agent-workspace/builds/worker-0-tc2/target:/opt/rustwide/target:rw,Z" "-v" "/var/lib/crater-agent-workspace/builds/worker-0-tc2/source:/opt/rustwide/workdir:ro,Z" "-v" "/var/lib/crater-agent-workspace/cargo-home:/opt/rustwide/cargo-home:ro,Z" "-v" "/var/lib/crater-agent-workspace/rustup-home:/opt/rustwide/rustup-home:ro,Z" "-e" "SOURCE_DIR=/opt/rustwide/workdir" "-e" "CARGO_TARGET_DIR=/opt/rustwide/target" "-e" "CARGO_INCREMENTAL=0" "-e" "RUST_BACKTRACE=full" "-e" "RUSTFLAGS=--cap-lints=warn" "-e" "RUSTDOCFLAGS=--cap-lints=warn" "-e" "CARGO_HOME=/opt/rustwide/cargo-home" "-e" "RUSTUP_HOME=/opt/rustwide/rustup-home" "-w" "/opt/rustwide/workdir" "-m" "1610612736" "--user" "0:0" "--network" "none" "ghcr.io/rust-lang/crates-build-env/linux@sha256:2788e3201cd34a07e3172128adcd8b3090168a8e3bcc40d7c032b9dda1df7d1c" "/opt/rustwide/cargo-home/bin/cargo" "+beta-2023-12-22" "build" "--frozen" "--message-format=json", kill_on_drop: false }`
[INFO] [stdout] e326e472a01b1949a710b0349b981df67e7843f988cfc7f61b204993fb249f09
[INFO] running `Command { std: "docker" "start" "-a" "e326e472a01b1949a710b0349b981df67e7843f988cfc7f61b204993fb249f09", kill_on_drop: false }`
[INFO] [stderr]    Compiling irv-traits v0.0.1
[INFO] [stderr]    Compiling irv v0.0.2 (/opt/rustwide/workdir)
[INFO] [stdout] warning: calls to `std::mem::drop` with a reference instead of an owned value does nothing
[INFO] [stdout]   --> src/memory.rs:31:9
[INFO] [stdout]    |
[INFO] [stdout] 31 |         drop(data);
[INFO] [stdout]    |         ^^^^^----^
[INFO] [stdout]    |              |
[INFO] [stdout]    |              argument has type `&mut [u64]`
[INFO] [stdout]    |
[INFO] [stdout]    = note: use `let _ = ...` to ignore the expression or result
[INFO] [stdout]    = note: `#[warn(dropping_references)]` on by default
[INFO] [stdout] 
[INFO] [stdout] 
[INFO] [stdout] warning: 1 warning emitted
[INFO] [stdout] 
[INFO] [stdout] 
[INFO] [stderr]     Finished dev [unoptimized + debuginfo] target(s) in 0.13s
[INFO] running `Command { std: "docker" "inspect" "e326e472a01b1949a710b0349b981df67e7843f988cfc7f61b204993fb249f09", kill_on_drop: false }`
[INFO] running `Command { std: "docker" "rm" "-f" "e326e472a01b1949a710b0349b981df67e7843f988cfc7f61b204993fb249f09", kill_on_drop: false }`
[INFO] [stdout] e326e472a01b1949a710b0349b981df67e7843f988cfc7f61b204993fb249f09
[INFO] running `Command { std: "docker" "create" "-v" "/var/lib/crater-agent-workspace/builds/worker-0-tc2/target:/opt/rustwide/target:rw,Z" "-v" "/var/lib/crater-agent-workspace/builds/worker-0-tc2/source:/opt/rustwide/workdir:ro,Z" "-v" "/var/lib/crater-agent-workspace/cargo-home:/opt/rustwide/cargo-home:ro,Z" "-v" "/var/lib/crater-agent-workspace/rustup-home:/opt/rustwide/rustup-home:ro,Z" "-e" "SOURCE_DIR=/opt/rustwide/workdir" "-e" "CARGO_TARGET_DIR=/opt/rustwide/target" "-e" "CARGO_INCREMENTAL=0" "-e" "RUST_BACKTRACE=full" "-e" "RUSTFLAGS=--cap-lints=warn" "-e" "RUSTDOCFLAGS=--cap-lints=warn" "-e" "CARGO_HOME=/opt/rustwide/cargo-home" "-e" "RUSTUP_HOME=/opt/rustwide/rustup-home" "-w" "/opt/rustwide/workdir" "-m" "1610612736" "--user" "0:0" "--network" "none" "ghcr.io/rust-lang/crates-build-env/linux@sha256:2788e3201cd34a07e3172128adcd8b3090168a8e3bcc40d7c032b9dda1df7d1c" "/opt/rustwide/cargo-home/bin/cargo" "+beta-2023-12-22" "test" "--frozen" "--no-run" "--message-format=json", kill_on_drop: false }`
[INFO] [stdout] 7d676d76b26b5c29f0d67684236fb2d6bdf5c6f0e502659b601cb38f6521af33
[INFO] running `Command { std: "docker" "start" "-a" "7d676d76b26b5c29f0d67684236fb2d6bdf5c6f0e502659b601cb38f6521af33", kill_on_drop: false }`
[INFO] [stderr]    Compiling proc-macro2 v1.0.75
[INFO] [stderr]    Compiling unicode-ident v1.0.12
[INFO] [stderr]    Compiling log v0.4.20
[INFO] [stderr]    Compiling plain v0.2.3
[INFO] [stdout] warning: calls to `std::mem::drop` with a reference instead of an owned value does nothing
[INFO] [stdout]   --> src/memory.rs:31:9
[INFO] [stdout]    |
[INFO] [stdout] 31 |         drop(data);
[INFO] [stdout]    |         ^^^^^----^
[INFO] [stdout]    |              |
[INFO] [stdout]    |              argument has type `&mut [u64]`
[INFO] [stdout]    |
[INFO] [stdout]    = note: use `let _ = ...` to ignore the expression or result
[INFO] [stdout]    = note: `#[warn(dropping_references)]` on by default
[INFO] [stdout] 
[INFO] [stdout] 
[INFO] [stdout] warning: 1 warning emitted
[INFO] [stdout] 
[INFO] [stdout] 
[INFO] [stderr]    Compiling quote v1.0.35
[INFO] [stderr]    Compiling syn v2.0.48
[INFO] [stderr]    Compiling scroll_derive v0.11.1
[INFO] [stderr]    Compiling scroll v0.11.0
[INFO] [stderr]    Compiling goblin v0.5.4
[INFO] [stderr]    Compiling irv-loader v0.0.1
[INFO] [stderr]    Compiling irv v0.0.2 (/opt/rustwide/workdir)
[INFO] [stdout] warning: unused import: `File`
[INFO] [stdout]  --> tests/riscv-tests.rs:1:22
[INFO] [stdout]   |
[INFO] [stdout] 1 | use std::{fs::{self, File}, path::Path, io};
[INFO] [stdout]   |                      ^^^^
[INFO] [stdout]   |
[INFO] [stdout]   = note: `#[warn(unused_imports)]` on by default
[INFO] [stdout] 
[INFO] [stdout] 
[INFO] [stdout] warning: calls to `std::mem::drop` with a reference instead of an owned value does nothing
[INFO] [stdout]   --> src/memory.rs:31:9
[INFO] [stdout]    |
[INFO] [stdout] 31 |         drop(data);
[INFO] [stdout]    |         ^^^^^----^
[INFO] [stdout]    |              |
[INFO] [stdout]    |              argument has type `&mut [u64]`
[INFO] [stdout]    |
[INFO] [stdout]    = note: use `let _ = ...` to ignore the expression or result
[INFO] [stdout]    = note: `#[warn(dropping_references)]` on by default
[INFO] [stdout] 
[INFO] [stdout] 
[INFO] [stdout] warning: 1 warning emitted
[INFO] [stdout] 
[INFO] [stdout] 
[INFO] [stdout] warning: 1 warning emitted
[INFO] [stdout] 
[INFO] [stdout] 
[INFO] [stderr]     Finished test [unoptimized + debuginfo] target(s) in 5.13s
[INFO] running `Command { std: "docker" "inspect" "7d676d76b26b5c29f0d67684236fb2d6bdf5c6f0e502659b601cb38f6521af33", kill_on_drop: false }`
[INFO] running `Command { std: "docker" "rm" "-f" "7d676d76b26b5c29f0d67684236fb2d6bdf5c6f0e502659b601cb38f6521af33", kill_on_drop: false }`
[INFO] [stdout] 7d676d76b26b5c29f0d67684236fb2d6bdf5c6f0e502659b601cb38f6521af33
[INFO] running `Command { std: "docker" "create" "-v" "/var/lib/crater-agent-workspace/builds/worker-0-tc2/target:/opt/rustwide/target:rw,Z" "-v" "/var/lib/crater-agent-workspace/builds/worker-0-tc2/source:/opt/rustwide/workdir:ro,Z" "-v" "/var/lib/crater-agent-workspace/cargo-home:/opt/rustwide/cargo-home:ro,Z" "-v" "/var/lib/crater-agent-workspace/rustup-home:/opt/rustwide/rustup-home:ro,Z" "-e" "SOURCE_DIR=/opt/rustwide/workdir" "-e" "CARGO_TARGET_DIR=/opt/rustwide/target" "-e" "CARGO_INCREMENTAL=0" "-e" "RUST_BACKTRACE=full" "-e" "RUSTFLAGS=--cap-lints=warn" "-e" "RUSTDOCFLAGS=--cap-lints=warn" "-e" "CARGO_HOME=/opt/rustwide/cargo-home" "-e" "RUSTUP_HOME=/opt/rustwide/rustup-home" "-w" "/opt/rustwide/workdir" "-m" "1610612736" "--user" "0:0" "--network" "none" "ghcr.io/rust-lang/crates-build-env/linux@sha256:2788e3201cd34a07e3172128adcd8b3090168a8e3bcc40d7c032b9dda1df7d1c" "/opt/rustwide/cargo-home/bin/cargo" "+beta-2023-12-22" "test" "--frozen", kill_on_drop: false }`
[INFO] [stdout] 0f8aa3f7e83a40efed43608a29b8a23849df123f025383fe5e0abb5383762a45
[INFO] running `Command { std: "docker" "start" "-a" "0f8aa3f7e83a40efed43608a29b8a23849df123f025383fe5e0abb5383762a45", kill_on_drop: false }`
[INFO] [stderr] warning: calls to `std::mem::drop` with a reference instead of an owned value does nothing
[INFO] [stderr]   --> src/memory.rs:31:9
[INFO] [stderr]    |
[INFO] [stderr] 31 |         drop(data);
[INFO] [stderr]    |         ^^^^^----^
[INFO] [stderr]    |              |
[INFO] [stderr]    |              argument has type `&mut [u64]`
[INFO] [stderr]    |
[INFO] [stderr]    = note: use `let _ = ...` to ignore the expression or result
[INFO] [stderr]    = note: `#[warn(dropping_references)]` on by default
[INFO] [stderr] 
[INFO] [stderr] warning: `irv` (lib) generated 1 warning
[INFO] [stderr] warning: unused import: `File`
[INFO] [stderr]  --> tests/riscv-tests.rs:1:22
[INFO] [stderr]   |
[INFO] [stderr] 1 | use std::{fs::{self, File}, path::Path, io};
[INFO] [stderr]   |                      ^^^^
[INFO] [stderr]   |
[INFO] [stderr]   = note: `#[warn(unused_imports)]` on by default
[INFO] [stderr] 
[INFO] [stderr] warning: `irv` (test "riscv-tests") generated 1 warning (run `cargo fix --test "riscv-tests"` to apply 1 suggestion)
[INFO] [stderr] warning: `irv` (lib test) generated 1 warning (1 duplicate)
[INFO] [stderr]     Finished test [unoptimized + debuginfo] target(s) in 0.01s
[INFO] [stderr]      Running unittests src/lib.rs (/opt/rustwide/target/debug/deps/irv-3d9c150648af72dd)
[INFO] [stdout] 
[INFO] [stdout] running 0 tests
[INFO] [stdout] 
[INFO] [stdout] test result: ok. 0 passed; 0 failed; 0 ignored; 0 measured; 0 filtered out; finished in 0.00s
[INFO] [stdout] 
[INFO] [stderr]      Running tests/riscv-tests.rs (/opt/rustwide/target/debug/deps/riscv_tests-3a758cc40417743d)
[INFO] [stdout] 
[INFO] [stdout] running 1 test
[INFO] [stdout] test test_riscv_tests ... FAILED
[INFO] [stdout] 
[INFO] [stdout] failures:
[INFO] [stdout] 
[INFO] [stdout] ---- test_riscv_tests stdout ----
[INFO] [stdout] Error: Os { code: 2, kind: NotFound, message: "No such file or directory" }
[INFO] [stdout] 
[INFO] [stdout] 
[INFO] [stdout] failures:
[INFO] [stdout]     test_riscv_tests
[INFO] [stdout] 
[INFO] [stdout] test result: FAILED. 0 passed; 1 failed; 0 ignored; 0 measured; 0 filtered out; finished in 0.00s
[INFO] [stdout] 
[INFO] [stderr] error: test failed, to rerun pass `--test riscv-tests`
[INFO] running `Command { std: "docker" "inspect" "0f8aa3f7e83a40efed43608a29b8a23849df123f025383fe5e0abb5383762a45", kill_on_drop: false }`
[INFO] running `Command { std: "docker" "rm" "-f" "0f8aa3f7e83a40efed43608a29b8a23849df123f025383fe5e0abb5383762a45", kill_on_drop: false }`
[INFO] [stdout] 0f8aa3f7e83a40efed43608a29b8a23849df123f025383fe5e0abb5383762a45
