[INFO] fetching crate ipqs_db_reader 1.0.0...
[INFO] testing ipqs_db_reader-1.0.0 against 1.75.0 for beta-1.76-1
[INFO] extracting crate ipqs_db_reader 1.0.0 into /workspace/builds/worker-5-tc1/source
[INFO] validating manifest of crates.io crate ipqs_db_reader 1.0.0 on toolchain 1.75.0
[INFO] running `Command { std: CARGO_HOME="/workspace/cargo-home" RUSTUP_HOME="/workspace/rustup-home" "/workspace/cargo-home/bin/cargo" "+1.75.0" "metadata" "--manifest-path" "Cargo.toml" "--no-deps", kill_on_drop: false }`
[INFO] started tweaking crates.io crate ipqs_db_reader 1.0.0
[INFO] finished tweaking crates.io crate ipqs_db_reader 1.0.0
[INFO] tweaked toml for crates.io crate ipqs_db_reader 1.0.0 written to /workspace/builds/worker-5-tc1/source/Cargo.toml
[INFO] crate crates.io crate ipqs_db_reader 1.0.0 already has a lockfile, it will not be regenerated
[INFO] running `Command { std: CARGO_HOME="/workspace/cargo-home" RUSTUP_HOME="/workspace/rustup-home" "/workspace/cargo-home/bin/cargo" "+1.75.0" "fetch" "--manifest-path" "Cargo.toml", kill_on_drop: false }`
[INFO] running `Command { std: "docker" "create" "-v" "/var/lib/crater-agent-workspace/builds/worker-5-tc1/target:/opt/rustwide/target:rw,Z" "-v" "/var/lib/crater-agent-workspace/builds/worker-5-tc1/source:/opt/rustwide/workdir:ro,Z" "-v" "/var/lib/crater-agent-workspace/cargo-home:/opt/rustwide/cargo-home:ro,Z" "-v" "/var/lib/crater-agent-workspace/rustup-home:/opt/rustwide/rustup-home:ro,Z" "-e" "SOURCE_DIR=/opt/rustwide/workdir" "-e" "CARGO_TARGET_DIR=/opt/rustwide/target" "-e" "CARGO_HOME=/opt/rustwide/cargo-home" "-e" "RUSTUP_HOME=/opt/rustwide/rustup-home" "-w" "/opt/rustwide/workdir" "-m" "1610612736" "--user" "0:0" "--network" "none" "ghcr.io/rust-lang/crates-build-env/linux@sha256:2788e3201cd34a07e3172128adcd8b3090168a8e3bcc40d7c032b9dda1df7d1c" "/opt/rustwide/cargo-home/bin/cargo" "+1.75.0" "metadata" "--no-deps" "--format-version=1", kill_on_drop: false }`
[INFO] [stdout] 7e04b259481be20ddbccce295930b9b9e6ffc5fd2ae3f042646715adc0c44e13
[INFO] running `Command { std: "docker" "start" "-a" "7e04b259481be20ddbccce295930b9b9e6ffc5fd2ae3f042646715adc0c44e13", kill_on_drop: false }`
[INFO] running `Command { std: "docker" "inspect" "7e04b259481be20ddbccce295930b9b9e6ffc5fd2ae3f042646715adc0c44e13", kill_on_drop: false }`
[INFO] running `Command { std: "docker" "rm" "-f" "7e04b259481be20ddbccce295930b9b9e6ffc5fd2ae3f042646715adc0c44e13", kill_on_drop: false }`
[INFO] [stdout] 7e04b259481be20ddbccce295930b9b9e6ffc5fd2ae3f042646715adc0c44e13
[INFO] running `Command { std: "docker" "create" "-v" "/var/lib/crater-agent-workspace/builds/worker-5-tc1/target:/opt/rustwide/target:rw,Z" "-v" "/var/lib/crater-agent-workspace/builds/worker-5-tc1/source:/opt/rustwide/workdir:ro,Z" "-v" "/var/lib/crater-agent-workspace/cargo-home:/opt/rustwide/cargo-home:ro,Z" "-v" "/var/lib/crater-agent-workspace/rustup-home:/opt/rustwide/rustup-home:ro,Z" "-e" "SOURCE_DIR=/opt/rustwide/workdir" "-e" "CARGO_TARGET_DIR=/opt/rustwide/target" "-e" "CARGO_INCREMENTAL=0" "-e" "RUST_BACKTRACE=full" "-e" "RUSTFLAGS=--cap-lints=warn" "-e" "RUSTDOCFLAGS=--cap-lints=warn" "-e" "CARGO_HOME=/opt/rustwide/cargo-home" "-e" "RUSTUP_HOME=/opt/rustwide/rustup-home" "-w" "/opt/rustwide/workdir" "-m" "1610612736" "--user" "0:0" "--network" "none" "ghcr.io/rust-lang/crates-build-env/linux@sha256:2788e3201cd34a07e3172128adcd8b3090168a8e3bcc40d7c032b9dda1df7d1c" "/opt/rustwide/cargo-home/bin/cargo" "+1.75.0" "build" "--frozen" "--message-format=json", kill_on_drop: false }`
[INFO] [stdout] 8983bdac91e85c6a2600c8a61ced539f80b587860530ea46da03e4e8296a95d3
[INFO] running `Command { std: "docker" "start" "-a" "8983bdac91e85c6a2600c8a61ced539f80b587860530ea46da03e4e8296a95d3", kill_on_drop: false }`
[INFO] [stderr]    Compiling proc-macro2 v1.0.56
[INFO] [stderr]    Compiling unicode-ident v1.0.8
[INFO] [stderr]    Compiling quote v1.0.26
[INFO] [stderr]    Compiling serde_derive v1.0.160
[INFO] [stderr]    Compiling serde v1.0.160
[INFO] [stderr]    Compiling serde_json v1.0.96
[INFO] [stderr]    Compiling itoa v1.0.6
[INFO] [stderr]    Compiling ryu v1.0.13
[INFO] [stderr]    Compiling syn v2.0.15
[INFO] [stderr]    Compiling ipqs_db_reader v1.0.0 (/opt/rustwide/workdir)
[INFO] [stderr]     Finished dev [unoptimized + debuginfo] target(s) in 8.23s
[INFO] running `Command { std: "docker" "inspect" "8983bdac91e85c6a2600c8a61ced539f80b587860530ea46da03e4e8296a95d3", kill_on_drop: false }`
[INFO] running `Command { std: "docker" "rm" "-f" "8983bdac91e85c6a2600c8a61ced539f80b587860530ea46da03e4e8296a95d3", kill_on_drop: false }`
[INFO] [stdout] 8983bdac91e85c6a2600c8a61ced539f80b587860530ea46da03e4e8296a95d3
[INFO] running `Command { std: "docker" "create" "-v" "/var/lib/crater-agent-workspace/builds/worker-5-tc1/target:/opt/rustwide/target:rw,Z" "-v" "/var/lib/crater-agent-workspace/builds/worker-5-tc1/source:/opt/rustwide/workdir:ro,Z" "-v" "/var/lib/crater-agent-workspace/cargo-home:/opt/rustwide/cargo-home:ro,Z" "-v" "/var/lib/crater-agent-workspace/rustup-home:/opt/rustwide/rustup-home:ro,Z" "-e" "SOURCE_DIR=/opt/rustwide/workdir" "-e" "CARGO_TARGET_DIR=/opt/rustwide/target" "-e" "CARGO_INCREMENTAL=0" "-e" "RUST_BACKTRACE=full" "-e" "RUSTFLAGS=--cap-lints=warn" "-e" "RUSTDOCFLAGS=--cap-lints=warn" "-e" "CARGO_HOME=/opt/rustwide/cargo-home" "-e" "RUSTUP_HOME=/opt/rustwide/rustup-home" "-w" "/opt/rustwide/workdir" "-m" "1610612736" "--user" "0:0" "--network" "none" "ghcr.io/rust-lang/crates-build-env/linux@sha256:2788e3201cd34a07e3172128adcd8b3090168a8e3bcc40d7c032b9dda1df7d1c" "/opt/rustwide/cargo-home/bin/cargo" "+1.75.0" "test" "--frozen" "--no-run" "--message-format=json", kill_on_drop: false }`
[INFO] [stdout] 7da5799f1f58cda7178c42444aa7b8f1e40611579a57086d0817378de7e6516a
[INFO] running `Command { std: "docker" "start" "-a" "7da5799f1f58cda7178c42444aa7b8f1e40611579a57086d0817378de7e6516a", kill_on_drop: false }`
[INFO] [stderr]    Compiling ipqs_db_reader v1.0.0 (/opt/rustwide/workdir)
[INFO] [stderr]     Finished test [unoptimized + debuginfo] target(s) in 0.44s
[INFO] running `Command { std: "docker" "inspect" "7da5799f1f58cda7178c42444aa7b8f1e40611579a57086d0817378de7e6516a", kill_on_drop: false }`
[INFO] running `Command { std: "docker" "rm" "-f" "7da5799f1f58cda7178c42444aa7b8f1e40611579a57086d0817378de7e6516a", kill_on_drop: false }`
[INFO] [stdout] 7da5799f1f58cda7178c42444aa7b8f1e40611579a57086d0817378de7e6516a
[INFO] running `Command { std: "docker" "create" "-v" "/var/lib/crater-agent-workspace/builds/worker-5-tc1/target:/opt/rustwide/target:rw,Z" "-v" "/var/lib/crater-agent-workspace/builds/worker-5-tc1/source:/opt/rustwide/workdir:ro,Z" "-v" "/var/lib/crater-agent-workspace/cargo-home:/opt/rustwide/cargo-home:ro,Z" "-v" "/var/lib/crater-agent-workspace/rustup-home:/opt/rustwide/rustup-home:ro,Z" "-e" "SOURCE_DIR=/opt/rustwide/workdir" "-e" "CARGO_TARGET_DIR=/opt/rustwide/target" "-e" "CARGO_INCREMENTAL=0" "-e" "RUST_BACKTRACE=full" "-e" "RUSTFLAGS=--cap-lints=warn" "-e" "RUSTDOCFLAGS=--cap-lints=warn" "-e" "CARGO_HOME=/opt/rustwide/cargo-home" "-e" "RUSTUP_HOME=/opt/rustwide/rustup-home" "-w" "/opt/rustwide/workdir" "-m" "1610612736" "--user" "0:0" "--network" "none" "ghcr.io/rust-lang/crates-build-env/linux@sha256:2788e3201cd34a07e3172128adcd8b3090168a8e3bcc40d7c032b9dda1df7d1c" "/opt/rustwide/cargo-home/bin/cargo" "+1.75.0" "test" "--frozen", kill_on_drop: false }`
[INFO] [stdout] 8b9d63993ae8e24494d87c250d10414d3610f9b6e1c3334c9a0c9c7e64d0101d
[INFO] running `Command { std: "docker" "start" "-a" "8b9d63993ae8e24494d87c250d10414d3610f9b6e1c3334c9a0c9c7e64d0101d", kill_on_drop: false }`
[INFO] [stderr]     Finished test [unoptimized + debuginfo] target(s) in 0.01s
[INFO] [stderr]      Running unittests src/lib.rs (/opt/rustwide/target/debug/deps/ipqs_db_reader-67a8fde338f82bcf)
[INFO] [stdout] 
[INFO] [stdout] running 17 tests
[INFO] [stdout] test file_reader::record::tests::ab_0 ... ok
[INFO] [stdout] test file_reader::record::tests::ab_one_and_two ... ok
[INFO] [stdout] test file_reader::record::tests::ab_one ... ok
[INFO] [stdout] test file_reader::record::tests::ab_two ... ok
[INFO] [stdout] test file_reader::record::tests::ct_one ... ok
[INFO] [stdout] test file_reader::record::tests::ct_one_and_three ... ok
[INFO] [stdout] test file_reader::record::tests::ct_three ... ok
[INFO] [stdout] test file_reader::record::tests::ct_two ... ok
[INFO] [stdout] test file_reader::record::tests::ct_two_and_three ... ok
[INFO] [stdout] test file_reader::record::tests::ct_zero ... ok
[INFO] [stdout] test file_reader::tests::columns ... FAILED
[INFO] [stdout] test file_reader::tests::fetch_basic_ipv4 ... FAILED
[INFO] [stdout] test file_reader::tests::fetch_basic_ipv6 ... FAILED
[INFO] [stdout] test file_reader::tests::no_file_path ... ok
[INFO] [stdout] test file_reader::tests::open_file ... FAILED
[INFO] [stdout] test file_reader::variable_length_int::tests::it_works ... ok
[INFO] [stdout] test file_reader::variable_length_int::tests::too_long ... ok
[INFO] [stdout] 
[INFO] [stdout] failures:
[INFO] [stdout] 
[INFO] [stdout] ---- file_reader::tests::columns stdout ----
[INFO] [stdout] Error: Os { code: 2, kind: NotFound, message: "No such file or directory" }
[INFO] [stdout] 
[INFO] [stdout] ---- file_reader::tests::fetch_basic_ipv4 stdout ----
[INFO] [stdout] Error: Os { code: 2, kind: NotFound, message: "No such file or directory" }
[INFO] [stdout] 
[INFO] [stdout] ---- file_reader::tests::fetch_basic_ipv6 stdout ----
[INFO] [stdout] Error: Os { code: 2, kind: NotFound, message: "No such file or directory" }
[INFO] [stdout] 
[INFO] [stdout] ---- file_reader::tests::open_file stdout ----
[INFO] [stdout] Error: Os { code: 2, kind: NotFound, message: "No such file or directory" }
[INFO] [stdout] 
[INFO] [stdout] 
[INFO] [stdout] failures:
[INFO] [stdout]     file_reader::tests::columns
[INFO] [stdout]     file_reader::tests::fetch_basic_ipv4
[INFO] [stdout]     file_reader::tests::fetch_basic_ipv6
[INFO] [stdout]     file_reader::tests::open_file
[INFO] [stdout] 
[INFO] [stdout] test result: FAILED. 13 passed; 4 failed; 0 ignored; 0 measured; 0 filtered out; finished in 0.00s
[INFO] [stdout] 
[INFO] [stderr] error: test failed, to rerun pass `--lib`
[INFO] running `Command { std: "docker" "inspect" "8b9d63993ae8e24494d87c250d10414d3610f9b6e1c3334c9a0c9c7e64d0101d", kill_on_drop: false }`
[INFO] running `Command { std: "docker" "rm" "-f" "8b9d63993ae8e24494d87c250d10414d3610f9b6e1c3334c9a0c9c7e64d0101d", kill_on_drop: false }`
[INFO] [stdout] 8b9d63993ae8e24494d87c250d10414d3610f9b6e1c3334c9a0c9c7e64d0101d
[INFO] testing ipqs_db_reader-1.0.0 against beta-2023-12-22 for beta-1.76-1
[INFO] extracting crate ipqs_db_reader 1.0.0 into /workspace/builds/worker-5-tc2/source
[INFO] validating manifest of crates.io crate ipqs_db_reader 1.0.0 on toolchain beta-2023-12-22
[INFO] running `Command { std: CARGO_HOME="/workspace/cargo-home" RUSTUP_HOME="/workspace/rustup-home" "/workspace/cargo-home/bin/cargo" "+beta-2023-12-22" "metadata" "--manifest-path" "Cargo.toml" "--no-deps", kill_on_drop: false }`
[INFO] started tweaking crates.io crate ipqs_db_reader 1.0.0
[INFO] finished tweaking crates.io crate ipqs_db_reader 1.0.0
[INFO] tweaked toml for crates.io crate ipqs_db_reader 1.0.0 written to /workspace/builds/worker-5-tc2/source/Cargo.toml
[INFO] crate crates.io crate ipqs_db_reader 1.0.0 already has a lockfile, it will not be regenerated
[INFO] running `Command { std: CARGO_HOME="/workspace/cargo-home" RUSTUP_HOME="/workspace/rustup-home" "/workspace/cargo-home/bin/cargo" "+beta-2023-12-22" "fetch" "--manifest-path" "Cargo.toml", kill_on_drop: false }`
[INFO] running `Command { std: "docker" "create" "-v" "/var/lib/crater-agent-workspace/builds/worker-5-tc2/target:/opt/rustwide/target:rw,Z" "-v" "/var/lib/crater-agent-workspace/builds/worker-5-tc2/source:/opt/rustwide/workdir:ro,Z" "-v" "/var/lib/crater-agent-workspace/cargo-home:/opt/rustwide/cargo-home:ro,Z" "-v" "/var/lib/crater-agent-workspace/rustup-home:/opt/rustwide/rustup-home:ro,Z" "-e" "SOURCE_DIR=/opt/rustwide/workdir" "-e" "CARGO_TARGET_DIR=/opt/rustwide/target" "-e" "CARGO_HOME=/opt/rustwide/cargo-home" "-e" "RUSTUP_HOME=/opt/rustwide/rustup-home" "-w" "/opt/rustwide/workdir" "-m" "1610612736" "--user" "0:0" "--network" "none" "ghcr.io/rust-lang/crates-build-env/linux@sha256:2788e3201cd34a07e3172128adcd8b3090168a8e3bcc40d7c032b9dda1df7d1c" "/opt/rustwide/cargo-home/bin/cargo" "+beta-2023-12-22" "metadata" "--no-deps" "--format-version=1", kill_on_drop: false }`
[INFO] [stdout] 009baff0a02d2385b3e2ac57313d1f96ba14251ead18b9fbbe384d0e604ab601
[INFO] running `Command { std: "docker" "start" "-a" "009baff0a02d2385b3e2ac57313d1f96ba14251ead18b9fbbe384d0e604ab601", kill_on_drop: false }`
[INFO] running `Command { std: "docker" "inspect" "009baff0a02d2385b3e2ac57313d1f96ba14251ead18b9fbbe384d0e604ab601", kill_on_drop: false }`
[INFO] running `Command { std: "docker" "rm" "-f" "009baff0a02d2385b3e2ac57313d1f96ba14251ead18b9fbbe384d0e604ab601", kill_on_drop: false }`
[INFO] [stdout] 009baff0a02d2385b3e2ac57313d1f96ba14251ead18b9fbbe384d0e604ab601
[INFO] running `Command { std: "docker" "create" "-v" "/var/lib/crater-agent-workspace/builds/worker-5-tc2/target:/opt/rustwide/target:rw,Z" "-v" "/var/lib/crater-agent-workspace/builds/worker-5-tc2/source:/opt/rustwide/workdir:ro,Z" "-v" "/var/lib/crater-agent-workspace/cargo-home:/opt/rustwide/cargo-home:ro,Z" "-v" "/var/lib/crater-agent-workspace/rustup-home:/opt/rustwide/rustup-home:ro,Z" "-e" "SOURCE_DIR=/opt/rustwide/workdir" "-e" "CARGO_TARGET_DIR=/opt/rustwide/target" "-e" "CARGO_INCREMENTAL=0" "-e" "RUST_BACKTRACE=full" "-e" "RUSTFLAGS=--cap-lints=warn" "-e" "RUSTDOCFLAGS=--cap-lints=warn" "-e" "CARGO_HOME=/opt/rustwide/cargo-home" "-e" "RUSTUP_HOME=/opt/rustwide/rustup-home" "-w" "/opt/rustwide/workdir" "-m" "1610612736" "--user" "0:0" "--network" "none" "ghcr.io/rust-lang/crates-build-env/linux@sha256:2788e3201cd34a07e3172128adcd8b3090168a8e3bcc40d7c032b9dda1df7d1c" "/opt/rustwide/cargo-home/bin/cargo" "+beta-2023-12-22" "build" "--frozen" "--message-format=json", kill_on_drop: false }`
[INFO] [stdout] 312abf320d6a0a92457963ec72703061dc9c7016755bd0e4f4d923d018c2eb5d
[INFO] running `Command { std: "docker" "start" "-a" "312abf320d6a0a92457963ec72703061dc9c7016755bd0e4f4d923d018c2eb5d", kill_on_drop: false }`
[INFO] [stderr]    Compiling proc-macro2 v1.0.56
[INFO] [stderr]    Compiling unicode-ident v1.0.8
[INFO] [stderr]    Compiling quote v1.0.26
[INFO] [stderr]    Compiling serde_derive v1.0.160
[INFO] [stderr]    Compiling serde v1.0.160
[INFO] [stderr]    Compiling serde_json v1.0.96
[INFO] [stderr]    Compiling itoa v1.0.6
[INFO] [stderr]    Compiling ryu v1.0.13
[INFO] [stderr]    Compiling syn v2.0.15
[INFO] [stderr]    Compiling ipqs_db_reader v1.0.0 (/opt/rustwide/workdir)
[INFO] [stderr]     Finished dev [unoptimized + debuginfo] target(s) in 6.61s
[INFO] running `Command { std: "docker" "inspect" "312abf320d6a0a92457963ec72703061dc9c7016755bd0e4f4d923d018c2eb5d", kill_on_drop: false }`
[INFO] running `Command { std: "docker" "rm" "-f" "312abf320d6a0a92457963ec72703061dc9c7016755bd0e4f4d923d018c2eb5d", kill_on_drop: false }`
[INFO] [stdout] 312abf320d6a0a92457963ec72703061dc9c7016755bd0e4f4d923d018c2eb5d
[INFO] running `Command { std: "docker" "create" "-v" "/var/lib/crater-agent-workspace/builds/worker-5-tc2/target:/opt/rustwide/target:rw,Z" "-v" "/var/lib/crater-agent-workspace/builds/worker-5-tc2/source:/opt/rustwide/workdir:ro,Z" "-v" "/var/lib/crater-agent-workspace/cargo-home:/opt/rustwide/cargo-home:ro,Z" "-v" "/var/lib/crater-agent-workspace/rustup-home:/opt/rustwide/rustup-home:ro,Z" "-e" "SOURCE_DIR=/opt/rustwide/workdir" "-e" "CARGO_TARGET_DIR=/opt/rustwide/target" "-e" "CARGO_INCREMENTAL=0" "-e" "RUST_BACKTRACE=full" "-e" "RUSTFLAGS=--cap-lints=warn" "-e" "RUSTDOCFLAGS=--cap-lints=warn" "-e" "CARGO_HOME=/opt/rustwide/cargo-home" "-e" "RUSTUP_HOME=/opt/rustwide/rustup-home" "-w" "/opt/rustwide/workdir" "-m" "1610612736" "--user" "0:0" "--network" "none" "ghcr.io/rust-lang/crates-build-env/linux@sha256:2788e3201cd34a07e3172128adcd8b3090168a8e3bcc40d7c032b9dda1df7d1c" "/opt/rustwide/cargo-home/bin/cargo" "+beta-2023-12-22" "test" "--frozen" "--no-run" "--message-format=json", kill_on_drop: false }`
[INFO] [stdout] 69d6c5d4404d7c7807e69c3dbcf0a487e30df12b4b21013bfe22abdb9cca946f
[INFO] running `Command { std: "docker" "start" "-a" "69d6c5d4404d7c7807e69c3dbcf0a487e30df12b4b21013bfe22abdb9cca946f", kill_on_drop: false }`
[INFO] [stderr]    Compiling ipqs_db_reader v1.0.0 (/opt/rustwide/workdir)
[INFO] [stderr]     Finished test [unoptimized + debuginfo] target(s) in 0.43s
[INFO] running `Command { std: "docker" "inspect" "69d6c5d4404d7c7807e69c3dbcf0a487e30df12b4b21013bfe22abdb9cca946f", kill_on_drop: false }`
[INFO] running `Command { std: "docker" "rm" "-f" "69d6c5d4404d7c7807e69c3dbcf0a487e30df12b4b21013bfe22abdb9cca946f", kill_on_drop: false }`
[INFO] [stdout] 69d6c5d4404d7c7807e69c3dbcf0a487e30df12b4b21013bfe22abdb9cca946f
[INFO] running `Command { std: "docker" "create" "-v" "/var/lib/crater-agent-workspace/builds/worker-5-tc2/target:/opt/rustwide/target:rw,Z" "-v" "/var/lib/crater-agent-workspace/builds/worker-5-tc2/source:/opt/rustwide/workdir:ro,Z" "-v" "/var/lib/crater-agent-workspace/cargo-home:/opt/rustwide/cargo-home:ro,Z" "-v" "/var/lib/crater-agent-workspace/rustup-home:/opt/rustwide/rustup-home:ro,Z" "-e" "SOURCE_DIR=/opt/rustwide/workdir" "-e" "CARGO_TARGET_DIR=/opt/rustwide/target" "-e" "CARGO_INCREMENTAL=0" "-e" "RUST_BACKTRACE=full" "-e" "RUSTFLAGS=--cap-lints=warn" "-e" "RUSTDOCFLAGS=--cap-lints=warn" "-e" "CARGO_HOME=/opt/rustwide/cargo-home" "-e" "RUSTUP_HOME=/opt/rustwide/rustup-home" "-w" "/opt/rustwide/workdir" "-m" "1610612736" "--user" "0:0" "--network" "none" "ghcr.io/rust-lang/crates-build-env/linux@sha256:2788e3201cd34a07e3172128adcd8b3090168a8e3bcc40d7c032b9dda1df7d1c" "/opt/rustwide/cargo-home/bin/cargo" "+beta-2023-12-22" "test" "--frozen", kill_on_drop: false }`
[INFO] [stdout] 0813ae94a9a6c4fda5f8030525f967d442ac155a8c4607ad3c1e96705fa48557
[INFO] running `Command { std: "docker" "start" "-a" "0813ae94a9a6c4fda5f8030525f967d442ac155a8c4607ad3c1e96705fa48557", kill_on_drop: false }`
[INFO] [stderr]     Finished test [unoptimized + debuginfo] target(s) in 0.01s
[INFO] [stderr]      Running unittests src/lib.rs (/opt/rustwide/target/debug/deps/ipqs_db_reader-66e3cd5c821512e1)
[INFO] [stdout] 
[INFO] [stdout] running 17 tests
[INFO] [stdout] test file_reader::record::tests::ab_0 ... ok
[INFO] [stdout] test file_reader::record::tests::ab_one ... ok
[INFO] [stdout] test file_reader::record::tests::ab_one_and_two ... ok
[INFO] [stdout] test file_reader::record::tests::ab_two ... ok
[INFO] [stdout] test file_reader::record::tests::ct_one ... ok
[INFO] [stdout] test file_reader::record::tests::ct_one_and_three ... ok
[INFO] [stdout] test file_reader::record::tests::ct_three ... ok
[INFO] [stdout] test file_reader::record::tests::ct_two ... ok
[INFO] [stdout] test file_reader::record::tests::ct_two_and_three ... ok
[INFO] [stdout] test file_reader::record::tests::ct_zero ... ok
[INFO] [stdout] test file_reader::tests::columns ... FAILED
[INFO] [stdout] test file_reader::tests::fetch_basic_ipv6 ... FAILED
[INFO] [stdout] test file_reader::tests::fetch_basic_ipv4 ... FAILED
[INFO] [stdout] test file_reader::tests::no_file_path ... ok
[INFO] [stdout] test file_reader::variable_length_int::tests::it_works ... ok
[INFO] [stdout] test file_reader::tests::open_file ... FAILED
[INFO] [stdout] test file_reader::variable_length_int::tests::too_long ... ok
[INFO] [stdout] 
[INFO] [stdout] failures:
[INFO] [stdout] 
[INFO] [stdout] ---- file_reader::tests::columns stdout ----
[INFO] [stdout] Error: Os { code: 2, kind: NotFound, message: "No such file or directory" }
[INFO] [stdout] 
[INFO] [stdout] ---- file_reader::tests::fetch_basic_ipv6 stdout ----
[INFO] [stdout] Error: Os { code: 2, kind: NotFound, message: "No such file or directory" }
[INFO] [stdout] 
[INFO] [stdout] ---- file_reader::tests::fetch_basic_ipv4 stdout ----
[INFO] [stdout] Error: Os { code: 2, kind: NotFound, message: "No such file or directory" }
[INFO] [stdout] 
[INFO] [stdout] ---- file_reader::tests::open_file stdout ----
[INFO] [stdout] Error: Os { code: 2, kind: NotFound, message: "No such file or directory" }
[INFO] [stdout] 
[INFO] [stdout] 
[INFO] [stdout] failures:
[INFO] [stdout]     file_reader::tests::columns
[INFO] [stdout]     file_reader::tests::fetch_basic_ipv4
[INFO] [stdout]     file_reader::tests::fetch_basic_ipv6
[INFO] [stdout]     file_reader::tests::open_file
[INFO] [stdout] 
[INFO] [stdout] test result: FAILED. 13 passed; 4 failed; 0 ignored; 0 measured; 0 filtered out; finished in 0.00s
[INFO] [stdout] 
[INFO] [stderr] error: test failed, to rerun pass `--lib`
[INFO] running `Command { std: "docker" "inspect" "0813ae94a9a6c4fda5f8030525f967d442ac155a8c4607ad3c1e96705fa48557", kill_on_drop: false }`
[INFO] running `Command { std: "docker" "rm" "-f" "0813ae94a9a6c4fda5f8030525f967d442ac155a8c4607ad3c1e96705fa48557", kill_on_drop: false }`
[INFO] [stdout] 0813ae94a9a6c4fda5f8030525f967d442ac155a8c4607ad3c1e96705fa48557
