[INFO] fetching crate ipfs-api 0.17.0...
[INFO] testing ipfs-api-0.17.0 against 1.75.0 for beta-1.76-1
[INFO] extracting crate ipfs-api 0.17.0 into /workspace/builds/worker-4-tc1/source
[INFO] validating manifest of crates.io crate ipfs-api 0.17.0 on toolchain 1.75.0
[INFO] running `Command { std: CARGO_HOME="/workspace/cargo-home" RUSTUP_HOME="/workspace/rustup-home" "/workspace/cargo-home/bin/cargo" "+1.75.0" "metadata" "--manifest-path" "Cargo.toml" "--no-deps", kill_on_drop: false }`
[INFO] started tweaking crates.io crate ipfs-api 0.17.0
[INFO] finished tweaking crates.io crate ipfs-api 0.17.0
[INFO] tweaked toml for crates.io crate ipfs-api 0.17.0 written to /workspace/builds/worker-4-tc1/source/Cargo.toml
[INFO] running `Command { std: CARGO_HOME="/workspace/cargo-home" RUSTUP_HOME="/workspace/rustup-home" "/workspace/cargo-home/bin/cargo" "+1.75.0" "generate-lockfile" "--manifest-path" "Cargo.toml", kill_on_drop: false }`
[INFO] [stderr]     Updating crates.io index
[INFO] running `Command { std: CARGO_HOME="/workspace/cargo-home" RUSTUP_HOME="/workspace/rustup-home" "/workspace/cargo-home/bin/cargo" "+1.75.0" "fetch" "--manifest-path" "Cargo.toml", kill_on_drop: false }`
[INFO] [stderr]  Downloading crates ...
[INFO] [stderr]   Downloaded common-multipart-rfc7578 v0.6.0
[INFO] [stderr]   Downloaded ipfs-api-backend-actix v0.7.0
[INFO] [stderr]   Downloaded ipfs-api-backend-hyper v0.6.0
[INFO] [stderr]   Downloaded const-str v0.5.6
[INFO] [stderr]   Downloaded actix-multipart-rfc7578 v0.10.0
[INFO] [stderr]   Downloaded ipfs-api-versions v0.1.0
[INFO] [stderr]   Downloaded awc v3.3.0
[INFO] [stderr]   Downloaded ipfs-api-prelude v0.6.0
[INFO] [stderr]   Downloaded actix-tls v3.1.1
[INFO] [stderr]   Downloaded hyper-multipart-rfc7578 v0.8.0
[INFO] [stderr]   Downloaded bcrypt v0.13.0
[INFO] [stderr]   Downloaded impl-more v0.1.6
[INFO] [stderr]   Downloaded multihash v0.17.0
[INFO] [stderr]   Downloaded multiaddr v0.17.1
[INFO] [stderr]   Downloaded passivized_docker_engine_client v0.0.6
[INFO] [stderr]   Downloaded passivized_htpasswd v0.0.3
[INFO] running `Command { std: "docker" "create" "-v" "/var/lib/crater-agent-workspace/builds/worker-4-tc1/target:/opt/rustwide/target:rw,Z" "-v" "/var/lib/crater-agent-workspace/builds/worker-4-tc1/source:/opt/rustwide/workdir:ro,Z" "-v" "/var/lib/crater-agent-workspace/cargo-home:/opt/rustwide/cargo-home:ro,Z" "-v" "/var/lib/crater-agent-workspace/rustup-home:/opt/rustwide/rustup-home:ro,Z" "-e" "SOURCE_DIR=/opt/rustwide/workdir" "-e" "CARGO_TARGET_DIR=/opt/rustwide/target" "-e" "CARGO_HOME=/opt/rustwide/cargo-home" "-e" "RUSTUP_HOME=/opt/rustwide/rustup-home" "-w" "/opt/rustwide/workdir" "-m" "1610612736" "--user" "0:0" "--network" "none" "ghcr.io/rust-lang/crates-build-env/linux@sha256:2788e3201cd34a07e3172128adcd8b3090168a8e3bcc40d7c032b9dda1df7d1c" "/opt/rustwide/cargo-home/bin/cargo" "+1.75.0" "metadata" "--no-deps" "--format-version=1", kill_on_drop: false }`
[INFO] [stdout] b04eee09290f583d70e197aa4a60d3a2c1c46f198204be4931f920da8fd4210b
[INFO] running `Command { std: "docker" "start" "-a" "b04eee09290f583d70e197aa4a60d3a2c1c46f198204be4931f920da8fd4210b", kill_on_drop: false }`
[INFO] running `Command { std: "docker" "inspect" "b04eee09290f583d70e197aa4a60d3a2c1c46f198204be4931f920da8fd4210b", kill_on_drop: false }`
[INFO] running `Command { std: "docker" "rm" "-f" "b04eee09290f583d70e197aa4a60d3a2c1c46f198204be4931f920da8fd4210b", kill_on_drop: false }`
[INFO] [stdout] b04eee09290f583d70e197aa4a60d3a2c1c46f198204be4931f920da8fd4210b
[INFO] running `Command { std: "docker" "create" "-v" "/var/lib/crater-agent-workspace/builds/worker-4-tc1/target:/opt/rustwide/target:rw,Z" "-v" "/var/lib/crater-agent-workspace/builds/worker-4-tc1/source:/opt/rustwide/workdir:ro,Z" "-v" "/var/lib/crater-agent-workspace/cargo-home:/opt/rustwide/cargo-home:ro,Z" "-v" "/var/lib/crater-agent-workspace/rustup-home:/opt/rustwide/rustup-home:ro,Z" "-e" "SOURCE_DIR=/opt/rustwide/workdir" "-e" "CARGO_TARGET_DIR=/opt/rustwide/target" "-e" "CARGO_INCREMENTAL=0" "-e" "RUST_BACKTRACE=full" "-e" "RUSTFLAGS=--cap-lints=warn" "-e" "RUSTDOCFLAGS=--cap-lints=warn" "-e" "CARGO_HOME=/opt/rustwide/cargo-home" "-e" "RUSTUP_HOME=/opt/rustwide/rustup-home" "-w" "/opt/rustwide/workdir" "-m" "1610612736" "--user" "0:0" "--network" "none" "ghcr.io/rust-lang/crates-build-env/linux@sha256:2788e3201cd34a07e3172128adcd8b3090168a8e3bcc40d7c032b9dda1df7d1c" "/opt/rustwide/cargo-home/bin/cargo" "+1.75.0" "build" "--frozen" "--message-format=json", kill_on_drop: false }`
[INFO] [stdout] d41da126ced7f54f302eb2401ac92aee273a69ff40f14d268b94dbf3ea41f16f
[INFO] running `Command { std: "docker" "start" "-a" "d41da126ced7f54f302eb2401ac92aee273a69ff40f14d268b94dbf3ea41f16f", kill_on_drop: false }`
[INFO] [stderr]    Compiling proc-macro2 v1.0.75
[INFO] [stderr]    Compiling syn v1.0.109
[INFO] [stderr]    Compiling parking_lot_core v0.9.9
[INFO] [stderr]    Compiling unicase v2.7.0
[INFO] [stderr]    Compiling data-encoding v2.5.0
[INFO] [stderr]    Compiling unicode-xid v0.2.4
[INFO] [stderr]    Compiling signal-hook-registry v1.4.1
[INFO] [stderr]    Compiling num_cpus v1.16.0
[INFO] [stderr]    Compiling mime v0.3.17
[INFO] [stderr]    Compiling core2 v0.4.0
[INFO] [stderr]    Compiling rand v0.8.5
[INFO] [stderr]    Compiling base-x v0.2.11
[INFO] [stderr]    Compiling unsigned-varint v0.7.2
[INFO] [stderr]    Compiling dirs-sys v0.3.7
[INFO] [stderr]    Compiling arrayref v0.3.7
[INFO] [stderr]    Compiling static_assertions v1.1.0
[INFO] [stderr]    Compiling walkdir v2.4.0
[INFO] [stderr]    Compiling dirs v4.0.0
[INFO] [stderr]    Compiling parking_lot v0.12.1
[INFO] [stderr]    Compiling mime_guess v2.0.4
[INFO] [stderr]    Compiling quote v1.0.35
[INFO] [stderr]    Compiling syn v2.0.48
[INFO] [stderr]    Compiling proc-macro-error-attr v1.0.4
[INFO] [stderr]    Compiling synstructure v0.12.6
[INFO] [stderr]    Compiling proc-macro-error v1.0.4
[INFO] [stderr]    Compiling data-encoding-macro-internal v0.1.12
[INFO] [stderr]    Compiling typed-builder v0.10.0
[INFO] [stderr]    Compiling serde_derive v1.0.194
[INFO] [stderr]    Compiling thiserror-impl v1.0.56
[INFO] [stderr]    Compiling futures-macro v0.3.30
[INFO] [stderr]    Compiling tokio-macros v2.2.0
[INFO] [stderr]    Compiling tracing-attributes v0.1.27
[INFO] [stderr]    Compiling async-trait v0.1.77
[INFO] [stderr]    Compiling data-encoding-macro v0.1.14
[INFO] [stderr]    Compiling multibase v0.9.1
[INFO] [stderr]    Compiling tokio v1.35.1
[INFO] [stderr]    Compiling futures-util v0.3.30
[INFO] [stderr]    Compiling thiserror v1.0.56
[INFO] [stderr]    Compiling tracing v0.1.40
[INFO] [stderr]    Compiling serde v1.0.194
[INFO] [stderr]    Compiling futures-executor v0.3.30
[INFO] [stderr]    Compiling common-multipart-rfc7578 v0.6.0
[INFO] [stderr]    Compiling futures v0.3.30
[INFO] [stderr]    Compiling tokio-util v0.7.10
[INFO] [stderr]    Compiling h2 v0.3.22
[INFO] [stderr]    Compiling toml v0.5.11
[INFO] [stderr]    Compiling serde_urlencoded v0.7.1
[INFO] [stderr]    Compiling serde_json v1.0.111
[INFO] [stderr]    Compiling proc-macro-crate v1.1.3
[INFO] [stderr]    Compiling multihash-derive v0.8.1
[INFO] [stderr]    Compiling multihash v0.17.0
[INFO] [stderr]    Compiling multiaddr v0.17.1
[INFO] [stderr]    Compiling hyper v0.14.28
[INFO] [stderr]    Compiling ipfs-api-prelude v0.6.0
[INFO] [stderr]    Compiling hyper-multipart-rfc7578 v0.8.0
[INFO] [stderr]    Compiling ipfs-api-backend-hyper v0.6.0
[INFO] [stderr]    Compiling ipfs-api v0.17.0 (/opt/rustwide/workdir)
[INFO] [stderr]     Finished dev [unoptimized + debuginfo] target(s) in 23.99s
[INFO] running `Command { std: "docker" "inspect" "d41da126ced7f54f302eb2401ac92aee273a69ff40f14d268b94dbf3ea41f16f", kill_on_drop: false }`
[INFO] running `Command { std: "docker" "rm" "-f" "d41da126ced7f54f302eb2401ac92aee273a69ff40f14d268b94dbf3ea41f16f", kill_on_drop: false }`
[INFO] [stdout] d41da126ced7f54f302eb2401ac92aee273a69ff40f14d268b94dbf3ea41f16f
[INFO] running `Command { std: "docker" "create" "-v" "/var/lib/crater-agent-workspace/builds/worker-4-tc1/target:/opt/rustwide/target:rw,Z" "-v" "/var/lib/crater-agent-workspace/builds/worker-4-tc1/source:/opt/rustwide/workdir:ro,Z" "-v" "/var/lib/crater-agent-workspace/cargo-home:/opt/rustwide/cargo-home:ro,Z" "-v" "/var/lib/crater-agent-workspace/rustup-home:/opt/rustwide/rustup-home:ro,Z" "-e" "SOURCE_DIR=/opt/rustwide/workdir" "-e" "CARGO_TARGET_DIR=/opt/rustwide/target" "-e" "CARGO_INCREMENTAL=0" "-e" "RUST_BACKTRACE=full" "-e" "RUSTFLAGS=--cap-lints=warn" "-e" "RUSTDOCFLAGS=--cap-lints=warn" "-e" "CARGO_HOME=/opt/rustwide/cargo-home" "-e" "RUSTUP_HOME=/opt/rustwide/rustup-home" "-w" "/opt/rustwide/workdir" "-m" "1610612736" "--user" "0:0" "--network" "none" "ghcr.io/rust-lang/crates-build-env/linux@sha256:2788e3201cd34a07e3172128adcd8b3090168a8e3bcc40d7c032b9dda1df7d1c" "/opt/rustwide/cargo-home/bin/cargo" "+1.75.0" "test" "--frozen" "--no-run" "--message-format=json", kill_on_drop: false }`
[INFO] [stdout] f476967fa6d79d8003abbfe694ab02220084102da6aa43cadcbc3e1dd6c0b35a
[INFO] running `Command { std: "docker" "start" "-a" "f476967fa6d79d8003abbfe694ab02220084102da6aa43cadcbc3e1dd6c0b35a", kill_on_drop: false }`
[INFO] [stderr]    Compiling typenum v1.17.0
[INFO] [stderr]    Compiling generic-array v0.14.7
[INFO] [stderr]    Compiling openssl-macros v0.1.1
[INFO] [stderr]    Compiling opaque-debug v0.3.0
[INFO] [stderr]    Compiling cpufeatures v0.2.12
[INFO] [stderr]    Compiling subtle v2.4.1
[INFO] [stderr]    Compiling pin-project-internal v1.1.3
[INFO] [stderr]    Compiling indexmap v1.9.3
[INFO] [stderr]    Compiling rustix v0.38.28
[INFO] [stderr]    Compiling deranged v0.3.11
[INFO] [stderr]    Compiling zeroize v1.7.0
[INFO] [stderr]    Compiling linux-raw-sys v0.4.12
[INFO] [stderr]    Compiling hex v0.4.3
[INFO] [stderr]    Compiling test-case-macros v2.2.2
[INFO] [stderr]    Compiling actix-macros v0.2.4
[INFO] [stderr]    Compiling encoding_rs v0.8.33
[INFO] [stderr]    Compiling const-str v0.5.6
[INFO] [stderr]    Compiling ipnet v2.9.0
[INFO] [stderr]    Compiling fastrand v2.0.1
[INFO] [stderr]    Compiling ipfs-api-versions v0.1.0
[INFO] [stderr]    Compiling openssl v0.10.62
[INFO] [stderr]    Compiling time v0.3.31
[INFO] [stderr]    Compiling actix-rt v2.9.0
[INFO] [stderr]    Compiling pin-project v1.1.3
[INFO] [stderr]    Compiling hyperlocal v0.8.0
[INFO] [stderr]    Compiling test-case v2.2.2
[INFO] [stderr]    Compiling digest v0.9.0
[INFO] [stderr]    Compiling block-buffer v0.9.0
[INFO] [stderr]    Compiling inout v0.1.3
[INFO] [stderr]    Compiling crypto-common v0.1.6
[INFO] [stderr]    Compiling crypto-mac v0.10.1
[INFO] [stderr]    Compiling cipher v0.2.5
[INFO] [stderr]    Compiling cipher v0.4.4
[INFO] [stderr]    Compiling hmac v0.10.1
[INFO] [stderr]    Compiling md-5 v0.9.1
[INFO] [stderr]    Compiling sha2 v0.9.9
[INFO] [stderr]    Compiling sha-1 v0.9.8
[INFO] [stderr]    Compiling blowfish v0.7.0
[INFO] [stderr]    Compiling blowfish v0.9.1
[INFO] [stderr]    Compiling pwhash v1.0.0
[INFO] [stderr]    Compiling bcrypt v0.13.0
[INFO] [stderr]    Compiling tempfile v3.9.0
[INFO] [stderr]    Compiling passivized_htpasswd v0.0.3
[INFO] [stderr]    Compiling native-tls v0.2.11
[INFO] [stderr]    Compiling tokio-native-tls v0.3.1
[INFO] [stderr]    Compiling hyper-tls v0.5.0
[INFO] [stderr]    Compiling passivized_docker_engine_client v0.0.6
[INFO] [stderr]    Compiling reqwest v0.11.23
[INFO] [stderr]    Compiling ipfs-api v0.17.0 (/opt/rustwide/workdir)
[INFO] [stderr]     Finished test [unoptimized + debuginfo] target(s) in 19.68s
[INFO] running `Command { std: "docker" "inspect" "f476967fa6d79d8003abbfe694ab02220084102da6aa43cadcbc3e1dd6c0b35a", kill_on_drop: false }`
[INFO] running `Command { std: "docker" "rm" "-f" "f476967fa6d79d8003abbfe694ab02220084102da6aa43cadcbc3e1dd6c0b35a", kill_on_drop: false }`
[INFO] [stdout] f476967fa6d79d8003abbfe694ab02220084102da6aa43cadcbc3e1dd6c0b35a
[INFO] running `Command { std: "docker" "create" "-v" "/var/lib/crater-agent-workspace/builds/worker-4-tc1/target:/opt/rustwide/target:rw,Z" "-v" "/var/lib/crater-agent-workspace/builds/worker-4-tc1/source:/opt/rustwide/workdir:ro,Z" "-v" "/var/lib/crater-agent-workspace/cargo-home:/opt/rustwide/cargo-home:ro,Z" "-v" "/var/lib/crater-agent-workspace/rustup-home:/opt/rustwide/rustup-home:ro,Z" "-e" "SOURCE_DIR=/opt/rustwide/workdir" "-e" "CARGO_TARGET_DIR=/opt/rustwide/target" "-e" "CARGO_INCREMENTAL=0" "-e" "RUST_BACKTRACE=full" "-e" "RUSTFLAGS=--cap-lints=warn" "-e" "RUSTDOCFLAGS=--cap-lints=warn" "-e" "CARGO_HOME=/opt/rustwide/cargo-home" "-e" "RUSTUP_HOME=/opt/rustwide/rustup-home" "-w" "/opt/rustwide/workdir" "-m" "1610612736" "--user" "0:0" "--network" "none" "ghcr.io/rust-lang/crates-build-env/linux@sha256:2788e3201cd34a07e3172128adcd8b3090168a8e3bcc40d7c032b9dda1df7d1c" "/opt/rustwide/cargo-home/bin/cargo" "+1.75.0" "test" "--frozen", kill_on_drop: false }`
[INFO] [stdout] 73095819eb12f1629340561ac69f3792f1a23e10ddb241135f9f1df29b296ab3
[INFO] running `Command { std: "docker" "start" "-a" "73095819eb12f1629340561ac69f3792f1a23e10ddb241135f9f1df29b296ab3", kill_on_drop: false }`
[INFO] [stderr]     Finished test [unoptimized + debuginfo] target(s) in 0.27s
[INFO] [stderr]      Running unittests src/lib.rs (/opt/rustwide/target/debug/deps/ipfs_api-d5d0b747ac507131)
[INFO] [stdout] 
[INFO] [stdout] running 0 tests
[INFO] [stdout] 
[INFO] [stdout] test result: ok. 0 passed; 0 failed; 0 ignored; 0 measured; 0 filtered out; finished in 0.00s
[INFO] [stdout] 
[INFO] [stderr]      Running tests/test_basic_auth.rs (/opt/rustwide/target/debug/deps/test_basic_auth-43d4de6d54550446)
[INFO] [stdout] 
[INFO] [stdout] running 1 test
[INFO] [stdout] test test_basic_auth::_ipfs_kubo_v0_17_0_expects ... FAILED
[INFO] [stdout] 
[INFO] [stdout] failures:
[INFO] [stdout] 
[INFO] [stdout] ---- test_basic_auth::_ipfs_kubo_v0_17_0_expects stdout ----
[INFO] [stdout] thread 'test_basic_auth::_ipfs_kubo_v0_17_0_expects' panicked at tests/test_basic_auth.rs:28:10:
[INFO] [stdout] called `Result::unwrap()` on an `Err` value: DockerClientUse(HttpClientError(hyper::Error(Connect, Os { code: 2, kind: NotFound, message: "No such file or directory" })))
[INFO] [stdout] stack backtrace:
[INFO] [stdout]    0:     0x561c66dc76dc - std::backtrace_rs::backtrace::libunwind::trace::ha637c64ce894333a
[INFO] [stdout]                                at /rustc/82e1608dfa6e0b5569232559e3d385fea5a93112/library/std/src/../../backtrace/src/backtrace/libunwind.rs:104:5
[INFO] [stdout]    1:     0x561c66dc76dc - std::backtrace_rs::backtrace::trace_unsynchronized::h47f62dea28e0c88d
[INFO] [stdout]                                at /rustc/82e1608dfa6e0b5569232559e3d385fea5a93112/library/std/src/../../backtrace/src/backtrace/mod.rs:66:5
[INFO] [stdout]    2:     0x561c66dc76dc - std::sys_common::backtrace::_print_fmt::h9eef0abe20ede486
[INFO] [stdout]                                at /rustc/82e1608dfa6e0b5569232559e3d385fea5a93112/library/std/src/sys_common/backtrace.rs:67:5
[INFO] [stdout]    3:     0x561c66dc76dc - <std::sys_common::backtrace::_print::DisplayBacktrace as core::fmt::Display>::fmt::hed7f999df88cc644
[INFO] [stdout]                                at /rustc/82e1608dfa6e0b5569232559e3d385fea5a93112/library/std/src/sys_common/backtrace.rs:44:22
[INFO] [stdout]    4:     0x561c66df4450 - core::fmt::rt::Argument::fmt::h1539a9308b8d058d
[INFO] [stdout]                                at /rustc/82e1608dfa6e0b5569232559e3d385fea5a93112/library/core/src/fmt/rt.rs:142:9
[INFO] [stdout]    5:     0x561c66df4450 - core::fmt::write::h3a39390d8560d9c9
[INFO] [stdout]                                at /rustc/82e1608dfa6e0b5569232559e3d385fea5a93112/library/core/src/fmt/mod.rs:1120:17
[INFO] [stdout]    6:     0x561c66dc459f - std::io::Write::write_fmt::h040b369f3a0f9cbc
[INFO] [stdout]                                at /rustc/82e1608dfa6e0b5569232559e3d385fea5a93112/library/std/src/io/mod.rs:1762:15
[INFO] [stdout]    7:     0x561c66dc74c4 - std::sys_common::backtrace::_print::h894006fb5c6f3d45
[INFO] [stdout]                                at /rustc/82e1608dfa6e0b5569232559e3d385fea5a93112/library/std/src/sys_common/backtrace.rs:47:5
[INFO] [stdout]    8:     0x561c66dc74c4 - std::sys_common::backtrace::print::h23a2d212c6fff936
[INFO] [stdout]                                at /rustc/82e1608dfa6e0b5569232559e3d385fea5a93112/library/std/src/sys_common/backtrace.rs:34:9
[INFO] [stdout]    9:     0x561c66dc9187 - std::panicking::default_hook::{{closure}}::h8a1d2ee00185001a
[INFO] [stdout]   10:     0x561c66dc8e73 - std::panicking::default_hook::h6038f2eba384e475
[INFO] [stdout]                                at /rustc/82e1608dfa6e0b5569232559e3d385fea5a93112/library/std/src/panicking.rs:289:9
[INFO] [stdout]   11:     0x561c66ace467 - <alloc::boxed::Box<F,A> as core::ops::function::Fn<Args>>::call::h0ad024c9bdc6d768
[INFO] [stdout]                                at /rustc/82e1608dfa6e0b5569232559e3d385fea5a93112/library/alloc/src/boxed.rs:2021:9
[INFO] [stdout]   12:     0x561c66ace467 - test::test_main::{{closure}}::h7500b54257359db6
[INFO] [stdout]                                at /rustc/82e1608dfa6e0b5569232559e3d385fea5a93112/library/test/src/lib.rs:138:21
[INFO] [stdout]   13:     0x561c66dc9798 - <alloc::boxed::Box<F,A> as core::ops::function::Fn<Args>>::call::h1f8f335eaa9cfaee
[INFO] [stdout]                                at /rustc/82e1608dfa6e0b5569232559e3d385fea5a93112/library/alloc/src/boxed.rs:2021:9
[INFO] [stdout]   14:     0x561c66dc9798 - std::panicking::rust_panic_with_hook::h2b5517d590cab22e
[INFO] [stdout]                                at /rustc/82e1608dfa6e0b5569232559e3d385fea5a93112/library/std/src/panicking.rs:783:13
[INFO] [stdout]   15:     0x561c66dc94ee - std::panicking::begin_panic_handler::{{closure}}::h233112c06e0ef43e
[INFO] [stdout]                                at /rustc/82e1608dfa6e0b5569232559e3d385fea5a93112/library/std/src/panicking.rs:657:13
[INFO] [stdout]   16:     0x561c66dc7ba6 - std::sys_common::backtrace::__rust_end_short_backtrace::h6e893f24d7ebbff8
[INFO] [stdout]                                at /rustc/82e1608dfa6e0b5569232559e3d385fea5a93112/library/std/src/sys_common/backtrace.rs:170:18
[INFO] [stdout]   17:     0x561c66dc9252 - rust_begin_unwind
[INFO] [stdout]                                at /rustc/82e1608dfa6e0b5569232559e3d385fea5a93112/library/std/src/panicking.rs:645:5
[INFO] [stdout]   18:     0x561c666266a5 - core::panicking::panic_fmt::hbf0e066aabfa482c
[INFO] [stdout]                                at /rustc/82e1608dfa6e0b5569232559e3d385fea5a93112/library/core/src/panicking.rs:72:14
[INFO] [stdout]   19:     0x561c66626cd3 - core::result::unwrap_failed::hddb4fea594200c52
[INFO] [stdout]                                at /rustc/82e1608dfa6e0b5569232559e3d385fea5a93112/library/core/src/result.rs:1653:5
[INFO] [stdout]   20:     0x561c667863b1 - core::result::Result<T,E>::unwrap::hb2333a2dc1cb4a74
[INFO] [stdout]                                at /rustc/82e1608dfa6e0b5569232559e3d385fea5a93112/library/core/src/result.rs:1077:23
[INFO] [stdout]   21:     0x561c6671d0f7 - test_basic_auth::run_test::{{closure}}::h0589872c7da0d13f
[INFO] [stdout]                                at /opt/rustwide/workdir/tests/test_basic_auth.rs:26:21
[INFO] [stdout]   22:     0x561c66828d7e - <tokio::task::local::RunUntil<T> as core::future::future::Future>::poll::{{closure}}::hf309f62aaf929a21
[INFO] [stdout]                                at /opt/rustwide/cargo-home/registry/src/index.crates.io-6f17d22bba15001f/tokio-1.35.1/src/task/local.rs:978:42
[INFO] [stdout]   23:     0x561c6680fc30 - tokio::task::local::LocalSet::with::{{closure}}::h38ba77707edfe513
[INFO] [stdout]                                at /opt/rustwide/cargo-home/registry/src/index.crates.io-6f17d22bba15001f/tokio-1.35.1/src/task/local.rs:730:13
[INFO] [stdout]   24:     0x561c66808dc4 - std::thread::local::LocalKey<T>::try_with::h12d6feefd4520a7c
[INFO] [stdout]                                at /rustc/82e1608dfa6e0b5569232559e3d385fea5a93112/library/std/src/thread/local.rs:270:16
[INFO] [stdout]   25:     0x561c6680853a - std::thread::local::LocalKey<T>::with::h50725fc99a87dbeb
[INFO] [stdout]                                at /rustc/82e1608dfa6e0b5569232559e3d385fea5a93112/library/std/src/thread/local.rs:246:9
[INFO] [stdout]   26:     0x561c6680fb96 - tokio::task::local::LocalSet::with::hdb5bd58e4aa1ee97
[INFO] [stdout]                                at /opt/rustwide/cargo-home/registry/src/index.crates.io-6f17d22bba15001f/tokio-1.35.1/src/task/local.rs:728:9
[INFO] [stdout]   27:     0x561c66828cf5 - <tokio::task::local::RunUntil<T> as core::future::future::Future>::poll::h4e9cac557de041f4
[INFO] [stdout]                                at /opt/rustwide/cargo-home/registry/src/index.crates.io-6f17d22bba15001f/tokio-1.35.1/src/task/local.rs:968:9
[INFO] [stdout]   28:     0x561c6680ff62 - tokio::task::local::LocalSet::run_until::{{closure}}::h96bb6a567ef957a3
[INFO] [stdout]                                at /opt/rustwide/cargo-home/registry/src/index.crates.io-6f17d22bba15001f/tokio-1.35.1/src/task/local.rs:635:19
[INFO] [stdout]   29:     0x561c668109e4 - tokio::runtime::park::CachedParkThread::block_on::{{closure}}::h6f77b9e7412fa3d6
[INFO] [stdout]                                at /opt/rustwide/cargo-home/registry/src/index.crates.io-6f17d22bba15001f/tokio-1.35.1/src/runtime/park.rs:282:63
[INFO] [stdout]   30:     0x561c6681081d - tokio::runtime::coop::with_budget::h7a44b99d7cc757c1
[INFO] [stdout]                                at /opt/rustwide/cargo-home/registry/src/index.crates.io-6f17d22bba15001f/tokio-1.35.1/src/runtime/coop.rs:107:5
[INFO] [stdout]   31:     0x561c6681081d - tokio::runtime::coop::budget::h79430d2e97bb8e1d
[INFO] [stdout]                                at /opt/rustwide/cargo-home/registry/src/index.crates.io-6f17d22bba15001f/tokio-1.35.1/src/runtime/coop.rs:73:5
[INFO] [stdout]   32:     0x561c6681081d - tokio::runtime::park::CachedParkThread::block_on::hfeb802c7fceca16d
[INFO] [stdout]                                at /opt/rustwide/cargo-home/registry/src/index.crates.io-6f17d22bba15001f/tokio-1.35.1/src/runtime/park.rs:282:31
[INFO] [stdout]   33:     0x561c668a10f1 - tokio::runtime::context::blocking::BlockingRegionGuard::block_on::h76939868c99ddcc0
[INFO] [stdout]                                at /opt/rustwide/cargo-home/registry/src/index.crates.io-6f17d22bba15001f/tokio-1.35.1/src/runtime/context/blocking.rs:66:9
[INFO] [stdout]   34:     0x561c667fa524 - tokio::runtime::scheduler::multi_thread::MultiThread::block_on::{{closure}}::h4689942fa45fc1de
[INFO] [stdout]                                at /opt/rustwide/cargo-home/registry/src/index.crates.io-6f17d22bba15001f/tokio-1.35.1/src/runtime/scheduler/multi_thread/mod.rs:87:13
[INFO] [stdout]   35:     0x561c66888aba - tokio::runtime::context::runtime::enter_runtime::hc0ae612fd9b9e739
[INFO] [stdout]                                at /opt/rustwide/cargo-home/registry/src/index.crates.io-6f17d22bba15001f/tokio-1.35.1/src/runtime/context/runtime.rs:65:16
[INFO] [stdout]   36:     0x561c667fa4bf - tokio::runtime::scheduler::multi_thread::MultiThread::block_on::h25eb1adf34ce787f
[INFO] [stdout]                                at /opt/rustwide/cargo-home/registry/src/index.crates.io-6f17d22bba15001f/tokio-1.35.1/src/runtime/scheduler/multi_thread/mod.rs:86:9
[INFO] [stdout]   37:     0x561c667959b7 - tokio::runtime::runtime::Runtime::block_on::h6dd7bc2d71e75d44
[INFO] [stdout]                                at /opt/rustwide/cargo-home/registry/src/index.crates.io-6f17d22bba15001f/tokio-1.35.1/src/runtime/runtime.rs:350:45
[INFO] [stdout]   38:     0x561c6680fcf1 - tokio::task::local::LocalSet::block_on::h3b8358e2898bfaed
[INFO] [stdout]                                at /opt/rustwide/cargo-home/registry/src/index.crates.io-6f17d22bba15001f/tokio-1.35.1/src/task/local.rs:592:9
[INFO] [stdout]   39:     0x561c667d0074 - test_basic_auth::test_support::rt::run_async::hb464ce4a03a7365b
[INFO] [stdout]                                at /opt/rustwide/workdir/tests/test_support/rt.rs:16:5
[INFO] [stdout]   40:     0x561c6671e1b2 - test_basic_auth::test_basic_auth::hb4c10bd498b177cf
[INFO] [stdout]                                at /opt/rustwide/workdir/tests/test_basic_auth.rs:20:5
[INFO] [stdout]   41:     0x561c6680734e - test_basic_auth::test_basic_auth::_ipfs_kubo_v0_17_0_expects::hcbb2a140eb3766c9
[INFO] [stdout]                                at /opt/rustwide/workdir/tests/test_basic_auth.rs:18:1
[INFO] [stdout]   42:     0x561c66807317 - test_basic_auth::test_basic_auth::_ipfs_kubo_v0_17_0_expects::{{closure}}::hc6453d334b0b6779
[INFO] [stdout]                                at /opt/rustwide/workdir/tests/test_basic_auth.rs:18:22
[INFO] [stdout]   43:     0x561c6675dae6 - core::ops::function::FnOnce::call_once::h75325fb07c94b94a
[INFO] [stdout]                                at /rustc/82e1608dfa6e0b5569232559e3d385fea5a93112/library/core/src/ops/function.rs:250:5
[INFO] [stdout]   44:     0x561c66ad3abf - core::ops::function::FnOnce::call_once::h2b5d431d5046312d
[INFO] [stdout]                                at /rustc/82e1608dfa6e0b5569232559e3d385fea5a93112/library/core/src/ops/function.rs:250:5
[INFO] [stdout]   45:     0x561c66ad3abf - test::__rust_begin_short_backtrace::h7714669af176e207
[INFO] [stdout]                                at /rustc/82e1608dfa6e0b5569232559e3d385fea5a93112/library/test/src/lib.rs:628:18
[INFO] [stdout]   46:     0x561c66ad2ad5 - test::run_test_in_process::{{closure}}::h85218797dcbcec12
[INFO] [stdout]                                at /rustc/82e1608dfa6e0b5569232559e3d385fea5a93112/library/test/src/lib.rs:651:60
[INFO] [stdout]   47:     0x561c66ad2ad5 - <core::panic::unwind_safe::AssertUnwindSafe<F> as core::ops::function::FnOnce<()>>::call_once::h76c106ea31c14d7b
[INFO] [stdout]                                at /rustc/82e1608dfa6e0b5569232559e3d385fea5a93112/library/core/src/panic/unwind_safe.rs:272:9
[INFO] [stdout]   48:     0x561c66ad2ad5 - std::panicking::try::do_call::h3bd5d0f6620ee946
[INFO] [stdout]                                at /rustc/82e1608dfa6e0b5569232559e3d385fea5a93112/library/std/src/panicking.rs:552:40
[INFO] [stdout]   49:     0x561c66ad2ad5 - std::panicking::try::h232e535e4744fe31
[INFO] [stdout]                                at /rustc/82e1608dfa6e0b5569232559e3d385fea5a93112/library/std/src/panicking.rs:516:19
[INFO] [stdout]   50:     0x561c66ad2ad5 - std::panic::catch_unwind::h3ce3bd6ca8dbac68
[INFO] [stdout]                                at /rustc/82e1608dfa6e0b5569232559e3d385fea5a93112/library/std/src/panic.rs:142:14
[INFO] [stdout]   51:     0x561c66ad2ad5 - test::run_test_in_process::hc97b257c9621286a
[INFO] [stdout]                                at /rustc/82e1608dfa6e0b5569232559e3d385fea5a93112/library/test/src/lib.rs:651:27
[INFO] [stdout]   52:     0x561c66ad2ad5 - test::run_test::{{closure}}::h2aa798823a438d38
[INFO] [stdout]                                at /rustc/82e1608dfa6e0b5569232559e3d385fea5a93112/library/test/src/lib.rs:574:43
[INFO] [stdout]   53:     0x561c66a9ad96 - test::run_test::{{closure}}::h87d231c78fb59832
[INFO] [stdout]                                at /rustc/82e1608dfa6e0b5569232559e3d385fea5a93112/library/test/src/lib.rs:602:41
[INFO] [stdout]   54:     0x561c66a9ad96 - std::sys_common::backtrace::__rust_begin_short_backtrace::he6df152596625789
[INFO] [stdout]                                at /rustc/82e1608dfa6e0b5569232559e3d385fea5a93112/library/std/src/sys_common/backtrace.rs:154:18
[INFO] [stdout]   55:     0x561c66a9fe47 - std::thread::Builder::spawn_unchecked_::{{closure}}::{{closure}}::ha94be15d1e0acf36
[INFO] [stdout]                                at /rustc/82e1608dfa6e0b5569232559e3d385fea5a93112/library/std/src/thread/mod.rs:529:17
[INFO] [stdout]   56:     0x561c66a9fe47 - <core::panic::unwind_safe::AssertUnwindSafe<F> as core::ops::function::FnOnce<()>>::call_once::h9dc6bd6372f16606
[INFO] [stdout]                                at /rustc/82e1608dfa6e0b5569232559e3d385fea5a93112/library/core/src/panic/unwind_safe.rs:272:9
[INFO] [stdout]   57:     0x561c66a9fe47 - std::panicking::try::do_call::h9057517f80303cd4
[INFO] [stdout]                                at /rustc/82e1608dfa6e0b5569232559e3d385fea5a93112/library/std/src/panicking.rs:552:40
[INFO] [stdout]   58:     0x561c66a9fe47 - std::panicking::try::he3a30b11ee45340c
[INFO] [stdout]                                at /rustc/82e1608dfa6e0b5569232559e3d385fea5a93112/library/std/src/panicking.rs:516:19
[INFO] [stdout]   59:     0x561c66a9fe47 - std::panic::catch_unwind::h410458cfd3528b8b
[INFO] [stdout]                                at /rustc/82e1608dfa6e0b5569232559e3d385fea5a93112/library/std/src/panic.rs:142:14
[INFO] [stdout]   60:     0x561c66a9fe47 - std::thread::Builder::spawn_unchecked_::{{closure}}::h72ac3bdb567b737b
[INFO] [stdout]                                at /rustc/82e1608dfa6e0b5569232559e3d385fea5a93112/library/std/src/thread/mod.rs:528:30
[INFO] [stdout]   61:     0x561c66a9fe47 - core::ops::function::FnOnce::call_once{{vtable.shim}}::h38f34da3654a8344
[INFO] [stdout]                                at /rustc/82e1608dfa6e0b5569232559e3d385fea5a93112/library/core/src/ops/function.rs:250:5
[INFO] [stdout]   62:     0x561c66dce655 - <alloc::boxed::Box<F,A> as core::ops::function::FnOnce<Args>>::call_once::hc7eafaff61e32df9
[INFO] [stdout]                                at /rustc/82e1608dfa6e0b5569232559e3d385fea5a93112/library/alloc/src/boxed.rs:2007:9
[INFO] [stdout]   63:     0x561c66dce655 - <alloc::boxed::Box<F,A> as core::ops::function::FnOnce<Args>>::call_once::h6ba4a5de48dd2304
[INFO] [stdout]                                at /rustc/82e1608dfa6e0b5569232559e3d385fea5a93112/library/alloc/src/boxed.rs:2007:9
[INFO] [stdout]   64:     0x561c66dce655 - std::sys::unix::thread::Thread::new::thread_start::he469335aef763e45
[INFO] [stdout]                                at /rustc/82e1608dfa6e0b5569232559e3d385fea5a93112/library/std/src/sys/unix/thread.rs:108:17
[INFO] [stdout]   65:     0x7f2db1b20ac3 - <unknown>
[INFO] [stdout]   66:     0x7f2db1bb1bf4 - __clone
[INFO] [stdout]   67:                0x0 - <unknown>
[INFO] [stdout] 
[INFO] [stdout] 
[INFO] [stdout] failures:
[INFO] [stdout]     test_basic_auth::_ipfs_kubo_v0_17_0_expects
[INFO] [stdout] 
[INFO] [stdout] test result: FAILED. 0 passed; 1 failed; 0 ignored; 0 measured; 0 filtered out; finished in 0.07s
[INFO] [stdout] 
[INFO] [stderr] error: test failed, to rerun pass `--test test_basic_auth`
[INFO] running `Command { std: "docker" "inspect" "73095819eb12f1629340561ac69f3792f1a23e10ddb241135f9f1df29b296ab3", kill_on_drop: false }`
[INFO] running `Command { std: "docker" "rm" "-f" "73095819eb12f1629340561ac69f3792f1a23e10ddb241135f9f1df29b296ab3", kill_on_drop: false }`
[INFO] [stdout] 73095819eb12f1629340561ac69f3792f1a23e10ddb241135f9f1df29b296ab3
