[INFO] fetching crate intuitive 0.6.3...
[INFO] testing intuitive-0.6.3 against 1.75.0 for beta-1.76-1
[INFO] extracting crate intuitive 0.6.3 into /workspace/builds/worker-6-tc1/source
[INFO] validating manifest of crates.io crate intuitive 0.6.3 on toolchain 1.75.0
[INFO] running `Command { std: CARGO_HOME="/workspace/cargo-home" RUSTUP_HOME="/workspace/rustup-home" "/workspace/cargo-home/bin/cargo" "+1.75.0" "metadata" "--manifest-path" "Cargo.toml" "--no-deps", kill_on_drop: false }`
[INFO] started tweaking crates.io crate intuitive 0.6.3
[INFO] finished tweaking crates.io crate intuitive 0.6.3
[INFO] tweaked toml for crates.io crate intuitive 0.6.3 written to /workspace/builds/worker-6-tc1/source/Cargo.toml
[INFO] running `Command { std: CARGO_HOME="/workspace/cargo-home" RUSTUP_HOME="/workspace/rustup-home" "/workspace/cargo-home/bin/cargo" "+1.75.0" "generate-lockfile" "--manifest-path" "Cargo.toml", kill_on_drop: false }`
[INFO] [stderr]     Updating crates.io index
[INFO] running `Command { std: CARGO_HOME="/workspace/cargo-home" RUSTUP_HOME="/workspace/rustup-home" "/workspace/cargo-home/bin/cargo" "+1.75.0" "fetch" "--manifest-path" "Cargo.toml", kill_on_drop: false }`
[INFO] [stderr]  Downloading crates ...
[INFO] [stderr]   Downloaded cassowary v0.3.0
[INFO] [stderr]   Downloaded ctrlc v3.4.2
[INFO] [stderr]   Downloaded tui v0.19.0
[INFO] [stderr]   Downloaded doc-cfg v0.1.0
[INFO] [stderr]   Downloaded intuitive_macros v0.6.2
[INFO] running `Command { std: "docker" "create" "-v" "/var/lib/crater-agent-workspace/builds/worker-6-tc1/target:/opt/rustwide/target:rw,Z" "-v" "/var/lib/crater-agent-workspace/builds/worker-6-tc1/source:/opt/rustwide/workdir:ro,Z" "-v" "/var/lib/crater-agent-workspace/cargo-home:/opt/rustwide/cargo-home:ro,Z" "-v" "/var/lib/crater-agent-workspace/rustup-home:/opt/rustwide/rustup-home:ro,Z" "-e" "SOURCE_DIR=/opt/rustwide/workdir" "-e" "CARGO_TARGET_DIR=/opt/rustwide/target" "-e" "CARGO_HOME=/opt/rustwide/cargo-home" "-e" "RUSTUP_HOME=/opt/rustwide/rustup-home" "-w" "/opt/rustwide/workdir" "-m" "1610612736" "--user" "0:0" "--network" "none" "ghcr.io/rust-lang/crates-build-env/linux@sha256:2788e3201cd34a07e3172128adcd8b3090168a8e3bcc40d7c032b9dda1df7d1c" "/opt/rustwide/cargo-home/bin/cargo" "+1.75.0" "metadata" "--no-deps" "--format-version=1", kill_on_drop: false }`
[INFO] [stdout] f233f31bc03c8d0a6baa926d2df84481e68469c38e3b998ade69ae52ad899cb0
[INFO] running `Command { std: "docker" "start" "-a" "f233f31bc03c8d0a6baa926d2df84481e68469c38e3b998ade69ae52ad899cb0", kill_on_drop: false }`
[INFO] running `Command { std: "docker" "inspect" "f233f31bc03c8d0a6baa926d2df84481e68469c38e3b998ade69ae52ad899cb0", kill_on_drop: false }`
[INFO] running `Command { std: "docker" "rm" "-f" "f233f31bc03c8d0a6baa926d2df84481e68469c38e3b998ade69ae52ad899cb0", kill_on_drop: false }`
[INFO] [stdout] f233f31bc03c8d0a6baa926d2df84481e68469c38e3b998ade69ae52ad899cb0
[INFO] running `Command { std: "docker" "create" "-v" "/var/lib/crater-agent-workspace/builds/worker-6-tc1/target:/opt/rustwide/target:rw,Z" "-v" "/var/lib/crater-agent-workspace/builds/worker-6-tc1/source:/opt/rustwide/workdir:ro,Z" "-v" "/var/lib/crater-agent-workspace/cargo-home:/opt/rustwide/cargo-home:ro,Z" "-v" "/var/lib/crater-agent-workspace/rustup-home:/opt/rustwide/rustup-home:ro,Z" "-e" "SOURCE_DIR=/opt/rustwide/workdir" "-e" "CARGO_TARGET_DIR=/opt/rustwide/target" "-e" "CARGO_INCREMENTAL=0" "-e" "RUST_BACKTRACE=full" "-e" "RUSTFLAGS=--cap-lints=warn" "-e" "RUSTDOCFLAGS=--cap-lints=warn" "-e" "CARGO_HOME=/opt/rustwide/cargo-home" "-e" "RUSTUP_HOME=/opt/rustwide/rustup-home" "-w" "/opt/rustwide/workdir" "-m" "1610612736" "--user" "0:0" "--network" "none" "ghcr.io/rust-lang/crates-build-env/linux@sha256:2788e3201cd34a07e3172128adcd8b3090168a8e3bcc40d7c032b9dda1df7d1c" "/opt/rustwide/cargo-home/bin/cargo" "+1.75.0" "build" "--frozen" "--message-format=json", kill_on_drop: false }`
[INFO] [stdout] 77c8158000ba1f1097a5986054cbe1554414ded9ba516063104768203b877fca
[INFO] running `Command { std: "docker" "start" "-a" "77c8158000ba1f1097a5986054cbe1554414ded9ba516063104768203b877fca", kill_on_drop: false }`
[INFO] [stderr]    Compiling parking_lot_core v0.9.9
[INFO] [stderr]    Compiling lock_api v0.4.11
[INFO] [stderr]    Compiling hashbrown v0.14.3
[INFO] [stderr]    Compiling smallvec v1.11.2
[INFO] [stderr]    Compiling syn v1.0.109
[INFO] [stderr]    Compiling proc-macro-error-attr v1.0.4
[INFO] [stderr]    Compiling futures-core v0.3.30
[INFO] [stderr]    Compiling signal-hook v0.3.17
[INFO] [stderr]    Compiling futures-sink v0.3.30
[INFO] [stderr]    Compiling futures-channel v0.3.30
[INFO] [stderr]    Compiling signal-hook-registry v1.4.1
[INFO] [stderr]    Compiling proc-macro-error v1.0.4
[INFO] [stderr]    Compiling pin-utils v0.1.0
[INFO] [stderr]    Compiling equivalent v1.0.1
[INFO] [stderr]    Compiling proc-macro2 v0.4.30
[INFO] [stderr]    Compiling futures-io v0.3.30
[INFO] [stderr]    Compiling futures-task v0.3.30
[INFO] [stderr]    Compiling memchr v2.7.1
[INFO] [stderr]    Compiling pin-project-lite v0.2.13
[INFO] [stderr]    Compiling parking_lot v0.12.1
[INFO] [stderr]    Compiling indexmap v2.1.0
[INFO] [stderr]    Compiling mio v0.8.10
[INFO] [stderr]    Compiling winnow v0.5.32
[INFO] [stderr]    Compiling toml_datetime v0.6.5
[INFO] [stderr]    Compiling unicode-xid v0.1.0
[INFO] [stderr]    Compiling futures-util v0.3.30
[INFO] [stderr]    Compiling signal-hook-mio v0.2.3
[INFO] [stderr]    Compiling syn v2.0.48
[INFO] [stderr]    Compiling bitflags v2.4.1
[INFO] [stderr]    Compiling thiserror v1.0.56
[INFO] [stderr]    Compiling quote v0.6.13
[INFO] [stderr]    Compiling nix v0.27.1
[INFO] [stderr]    Compiling crossterm v0.25.0
[INFO] [stderr]    Compiling dashmap v5.5.3
[INFO] [stderr]    Compiling unicode-width v0.1.11
[INFO] [stderr]    Compiling unicode-segmentation v1.10.1
[INFO] [stderr]    Compiling cassowary v0.3.0
[INFO] [stderr]    Compiling doc-cfg v0.1.0
[INFO] [stderr]    Compiling toml_edit v0.19.15
[INFO] [stderr]    Compiling ctrlc v3.4.2
[INFO] [stderr]    Compiling tui v0.19.0
[INFO] [stderr]    Compiling futures-executor v0.3.30
[INFO] [stderr]    Compiling futures v0.3.30
[INFO] [stderr]    Compiling thiserror-impl v1.0.56
[INFO] [stderr]    Compiling serial_test_derive v0.9.0
[INFO] [stderr]    Compiling proc-macro-crate v1.3.1
[INFO] [stderr]    Compiling serial_test v0.9.0
[INFO] [stderr]    Compiling intuitive_macros v0.6.2
[INFO] [stderr]    Compiling intuitive v0.6.3 (/opt/rustwide/workdir)
[INFO] [stdout] warning: unused import: `use_modal`
[INFO] [stdout]   --> src/components/experimental_components/modal/mod.rs:11:22
[INFO] [stdout]    |
[INFO] [stdout] 11 | pub use self::hook::{use_modal, Funcs};
[INFO] [stdout]    |                      ^^^^^^^^^
[INFO] [stdout]    |
[INFO] [stdout]    = note: `#[warn(unused_imports)]` on by default
[INFO] [stdout] 
[INFO] [stdout] 
[INFO] [stdout] warning: unused import: `Alignment`
[INFO] [stdout]  --> src/components/experimental_components/table/mod.rs:8:27
[INFO] [stdout]   |
[INFO] [stdout] 8 | pub use self::alignment::{Alignment, Array as AlignmentArray};
[INFO] [stdout]   |                           ^^^^^^^^^
[INFO] [stdout] 
[INFO] [stdout] 
[INFO] [stdout] warning: fields `modal`, `show`, and `hide` are never read
[INFO] [stdout]   --> src/components/experimental_components/modal/hook.rs:14:3
[INFO] [stdout]    |
[INFO] [stdout] 13 | pub struct Funcs {
[INFO] [stdout]    |            ----- fields in this struct
[INFO] [stdout] 14 |   modal: State<Option<AnyComponent>>,
[INFO] [stdout]    |   ^^^^^
[INFO] [stdout] 15 |
[INFO] [stdout] 16 |   show: Arc<dyn Fn(AnyComponent) + Send + Sync>,
[INFO] [stdout]    |   ^^^^
[INFO] [stdout] 17 |   hide: Arc<dyn Fn() + Send + Sync>,
[INFO] [stdout]    |   ^^^^
[INFO] [stdout]    |
[INFO] [stdout]    = note: `Funcs` has a derived impl for the trait `Clone`, but this is intentionally ignored during dead code analysis
[INFO] [stdout]    = note: `#[warn(dead_code)]` on by default
[INFO] [stdout] 
[INFO] [stdout] 
[INFO] [stdout] warning: methods `is_shown`, `show`, and `hide` are never used
[INFO] [stdout]   --> src/components/experimental_components/modal/hook.rs:33:10
[INFO] [stdout]    |
[INFO] [stdout] 20 | impl Funcs {
[INFO] [stdout]    | ---------- methods in this implementation
[INFO] [stdout] ...
[INFO] [stdout] 33 |   pub fn is_shown(&self) -> bool {
[INFO] [stdout]    |          ^^^^^^^^
[INFO] [stdout] ...
[INFO] [stdout] 38 |   pub fn show(&self, component: AnyComponent) {
[INFO] [stdout]    |          ^^^^
[INFO] [stdout] ...
[INFO] [stdout] 43 |   pub fn hide(&self) {
[INFO] [stdout]    |          ^^^^
[INFO] [stdout] 
[INFO] [stdout] 
[INFO] [stdout] warning: function `use_modal` is never used
[INFO] [stdout]   --> src/components/experimental_components/modal/hook.rs:87:8
[INFO] [stdout]    |
[INFO] [stdout] 87 | pub fn use_modal() -> Funcs {
[INFO] [stdout]    |        ^^^^^^^^^
[INFO] [stdout] 
[INFO] [stdout] 
[INFO] [stdout] warning: 5 warnings emitted
[INFO] [stdout] 
[INFO] [stdout] 
[INFO] [stderr]     Finished dev [unoptimized + debuginfo] target(s) in 7.93s
[INFO] running `Command { std: "docker" "inspect" "77c8158000ba1f1097a5986054cbe1554414ded9ba516063104768203b877fca", kill_on_drop: false }`
[INFO] running `Command { std: "docker" "rm" "-f" "77c8158000ba1f1097a5986054cbe1554414ded9ba516063104768203b877fca", kill_on_drop: false }`
[INFO] [stdout] 77c8158000ba1f1097a5986054cbe1554414ded9ba516063104768203b877fca
[INFO] running `Command { std: "docker" "create" "-v" "/var/lib/crater-agent-workspace/builds/worker-6-tc1/target:/opt/rustwide/target:rw,Z" "-v" "/var/lib/crater-agent-workspace/builds/worker-6-tc1/source:/opt/rustwide/workdir:ro,Z" "-v" "/var/lib/crater-agent-workspace/cargo-home:/opt/rustwide/cargo-home:ro,Z" "-v" "/var/lib/crater-agent-workspace/rustup-home:/opt/rustwide/rustup-home:ro,Z" "-e" "SOURCE_DIR=/opt/rustwide/workdir" "-e" "CARGO_TARGET_DIR=/opt/rustwide/target" "-e" "CARGO_INCREMENTAL=0" "-e" "RUST_BACKTRACE=full" "-e" "RUSTFLAGS=--cap-lints=warn" "-e" "RUSTDOCFLAGS=--cap-lints=warn" "-e" "CARGO_HOME=/opt/rustwide/cargo-home" "-e" "RUSTUP_HOME=/opt/rustwide/rustup-home" "-w" "/opt/rustwide/workdir" "-m" "1610612736" "--user" "0:0" "--network" "none" "ghcr.io/rust-lang/crates-build-env/linux@sha256:2788e3201cd34a07e3172128adcd8b3090168a8e3bcc40d7c032b9dda1df7d1c" "/opt/rustwide/cargo-home/bin/cargo" "+1.75.0" "test" "--frozen" "--no-run" "--message-format=json", kill_on_drop: false }`
[INFO] [stdout] 98c2d7c4ce98843247ec4ca0c9e034257c303a92af5a1abfc3cdfd3d3150f719
[INFO] running `Command { std: "docker" "start" "-a" "98c2d7c4ce98843247ec4ca0c9e034257c303a92af5a1abfc3cdfd3d3150f719", kill_on_drop: false }`
[INFO] [stdout] warning: unused import: `use_modal`
[INFO] [stdout]   --> src/components/experimental_components/modal/mod.rs:11:22
[INFO] [stdout]    |
[INFO] [stdout] 11 | pub use self::hook::{use_modal, Funcs};
[INFO] [stdout]    |                      ^^^^^^^^^
[INFO] [stdout]    |
[INFO] [stdout]    = note: `#[warn(unused_imports)]` on by default
[INFO] [stdout] 
[INFO] [stdout] 
[INFO] [stdout] warning: unused import: `Alignment`
[INFO] [stdout]  --> src/components/experimental_components/table/mod.rs:8:27
[INFO] [stdout]   |
[INFO] [stdout] 8 | pub use self::alignment::{Alignment, Array as AlignmentArray};
[INFO] [stdout]   |                           ^^^^^^^^^
[INFO] [stdout] 
[INFO] [stdout] 
[INFO] [stdout] warning: fields `modal`, `show`, and `hide` are never read
[INFO] [stdout]   --> src/components/experimental_components/modal/hook.rs:14:3
[INFO] [stdout]    |
[INFO] [stdout] 13 | pub struct Funcs {
[INFO] [stdout]    |            ----- fields in this struct
[INFO] [stdout] 14 |   modal: State<Option<AnyComponent>>,
[INFO] [stdout]    |   ^^^^^
[INFO] [stdout] 15 |
[INFO] [stdout] 16 |   show: Arc<dyn Fn(AnyComponent) + Send + Sync>,
[INFO] [stdout]    |   ^^^^
[INFO] [stdout] 17 |   hide: Arc<dyn Fn() + Send + Sync>,
[INFO] [stdout]    |   ^^^^
[INFO] [stdout]    |
[INFO] [stdout]    = note: `Funcs` has a derived impl for the trait `Clone`, but this is intentionally ignored during dead code analysis
[INFO] [stdout]    = note: `#[warn(dead_code)]` on by default
[INFO] [stdout] 
[INFO] [stdout] 
[INFO] [stdout] warning: methods `is_shown`, `show`, and `hide` are never used
[INFO] [stdout]   --> src/components/experimental_components/modal/hook.rs:33:10
[INFO] [stdout]    |
[INFO] [stdout] 20 | impl Funcs {
[INFO] [stdout]    | ---------- methods in this implementation
[INFO] [stdout] ...
[INFO] [stdout] 33 |   pub fn is_shown(&self) -> bool {
[INFO] [stdout]    |          ^^^^^^^^
[INFO] [stdout] ...
[INFO] [stdout] 38 |   pub fn show(&self, component: AnyComponent) {
[INFO] [stdout]    |          ^^^^
[INFO] [stdout] ...
[INFO] [stdout] 43 |   pub fn hide(&self) {
[INFO] [stdout]    |          ^^^^
[INFO] [stdout] 
[INFO] [stdout] 
[INFO] [stderr]    Compiling intuitive v0.6.3 (/opt/rustwide/workdir)
[INFO] [stdout] warning: function `use_modal` is never used
[INFO] [stdout]   --> src/components/experimental_components/modal/hook.rs:87:8
[INFO] [stdout]    |
[INFO] [stdout] 87 | pub fn use_modal() -> Funcs {
[INFO] [stdout]    |        ^^^^^^^^^
[INFO] [stdout] 
[INFO] [stdout] 
[INFO] [stdout] warning: 5 warnings emitted
[INFO] [stdout] 
[INFO] [stdout] 
[INFO] [stdout] warning: unused import: `use_modal`
[INFO] [stdout]   --> src/components/experimental_components/modal/mod.rs:11:22
[INFO] [stdout]    |
[INFO] [stdout] 11 | pub use self::hook::{use_modal, Funcs};
[INFO] [stdout]    |                      ^^^^^^^^^
[INFO] [stdout]    |
[INFO] [stdout]    = note: `#[warn(unused_imports)]` on by default
[INFO] [stdout] 
[INFO] [stdout] 
[INFO] [stdout] warning: unused import: `Alignment`
[INFO] [stdout]  --> src/components/experimental_components/table/mod.rs:8:27
[INFO] [stdout]   |
[INFO] [stdout] 8 | pub use self::alignment::{Alignment, Array as AlignmentArray};
[INFO] [stdout]   |                           ^^^^^^^^^
[INFO] [stdout] 
[INFO] [stdout] 
[INFO] [stdout] warning: fields `modal`, `show`, and `hide` are never read
[INFO] [stdout]   --> src/components/experimental_components/modal/hook.rs:14:3
[INFO] [stdout]    |
[INFO] [stdout] 13 | pub struct Funcs {
[INFO] [stdout]    |            ----- fields in this struct
[INFO] [stdout] 14 |   modal: State<Option<AnyComponent>>,
[INFO] [stdout]    |   ^^^^^
[INFO] [stdout] 15 |
[INFO] [stdout] 16 |   show: Arc<dyn Fn(AnyComponent) + Send + Sync>,
[INFO] [stdout]    |   ^^^^
[INFO] [stdout] 17 |   hide: Arc<dyn Fn() + Send + Sync>,
[INFO] [stdout]    |   ^^^^
[INFO] [stdout]    |
[INFO] [stdout]    = note: `Funcs` has a derived impl for the trait `Clone`, but this is intentionally ignored during dead code analysis
[INFO] [stdout]    = note: `#[warn(dead_code)]` on by default
[INFO] [stdout] 
[INFO] [stdout] 
[INFO] [stdout] warning: methods `is_shown`, `show`, and `hide` are never used
[INFO] [stdout]   --> src/components/experimental_components/modal/hook.rs:33:10
[INFO] [stdout]    |
[INFO] [stdout] 20 | impl Funcs {
[INFO] [stdout]    | ---------- methods in this implementation
[INFO] [stdout] ...
[INFO] [stdout] 33 |   pub fn is_shown(&self) -> bool {
[INFO] [stdout]    |          ^^^^^^^^
[INFO] [stdout] ...
[INFO] [stdout] 38 |   pub fn show(&self, component: AnyComponent) {
[INFO] [stdout]    |          ^^^^
[INFO] [stdout] ...
[INFO] [stdout] 43 |   pub fn hide(&self) {
[INFO] [stdout]    |          ^^^^
[INFO] [stdout] 
[INFO] [stdout] 
[INFO] [stdout] warning: function `use_modal` is never used
[INFO] [stdout]   --> src/components/experimental_components/modal/hook.rs:87:8
[INFO] [stdout]    |
[INFO] [stdout] 87 | pub fn use_modal() -> Funcs {
[INFO] [stdout]    |        ^^^^^^^^^
[INFO] [stdout] 
[INFO] [stdout] 
[INFO] [stdout] warning: 5 warnings emitted
[INFO] [stdout] 
[INFO] [stdout] 
[INFO] [stderr]     Finished test [unoptimized + debuginfo] target(s) in 1.23s
[INFO] running `Command { std: "docker" "inspect" "98c2d7c4ce98843247ec4ca0c9e034257c303a92af5a1abfc3cdfd3d3150f719", kill_on_drop: false }`
[INFO] running `Command { std: "docker" "rm" "-f" "98c2d7c4ce98843247ec4ca0c9e034257c303a92af5a1abfc3cdfd3d3150f719", kill_on_drop: false }`
[INFO] [stdout] 98c2d7c4ce98843247ec4ca0c9e034257c303a92af5a1abfc3cdfd3d3150f719
[INFO] running `Command { std: "docker" "create" "-v" "/var/lib/crater-agent-workspace/builds/worker-6-tc1/target:/opt/rustwide/target:rw,Z" "-v" "/var/lib/crater-agent-workspace/builds/worker-6-tc1/source:/opt/rustwide/workdir:ro,Z" "-v" "/var/lib/crater-agent-workspace/cargo-home:/opt/rustwide/cargo-home:ro,Z" "-v" "/var/lib/crater-agent-workspace/rustup-home:/opt/rustwide/rustup-home:ro,Z" "-e" "SOURCE_DIR=/opt/rustwide/workdir" "-e" "CARGO_TARGET_DIR=/opt/rustwide/target" "-e" "CARGO_INCREMENTAL=0" "-e" "RUST_BACKTRACE=full" "-e" "RUSTFLAGS=--cap-lints=warn" "-e" "RUSTDOCFLAGS=--cap-lints=warn" "-e" "CARGO_HOME=/opt/rustwide/cargo-home" "-e" "RUSTUP_HOME=/opt/rustwide/rustup-home" "-w" "/opt/rustwide/workdir" "-m" "1610612736" "--user" "0:0" "--network" "none" "ghcr.io/rust-lang/crates-build-env/linux@sha256:2788e3201cd34a07e3172128adcd8b3090168a8e3bcc40d7c032b9dda1df7d1c" "/opt/rustwide/cargo-home/bin/cargo" "+1.75.0" "test" "--frozen", kill_on_drop: false }`
[INFO] [stdout] 835bd6059447cf4beeb3e5f47d31d4c02c610fb8d8c3a3fc0ec6ae2814355aaa
[INFO] running `Command { std: "docker" "start" "-a" "835bd6059447cf4beeb3e5f47d31d4c02c610fb8d8c3a3fc0ec6ae2814355aaa", kill_on_drop: false }`
[INFO] [stderr] warning: unused import: `use_modal`
[INFO] [stderr]   --> src/components/experimental_components/modal/mod.rs:11:22
[INFO] [stderr]    |
[INFO] [stderr] 11 | pub use self::hook::{use_modal, Funcs};
[INFO] [stderr]    |                      ^^^^^^^^^
[INFO] [stderr]    |
[INFO] [stderr]    = note: `#[warn(unused_imports)]` on by default
[INFO] [stderr] 
[INFO] [stderr] warning: unused import: `Alignment`
[INFO] [stderr]  --> src/components/experimental_components/table/mod.rs:8:27
[INFO] [stderr]   |
[INFO] [stderr] 8 | pub use self::alignment::{Alignment, Array as AlignmentArray};
[INFO] [stderr]   |                           ^^^^^^^^^
[INFO] [stderr] 
[INFO] [stderr] warning: fields `modal`, `show`, and `hide` are never read
[INFO] [stderr]   --> src/components/experimental_components/modal/hook.rs:14:3
[INFO] [stderr]    |
[INFO] [stderr] 13 | pub struct Funcs {
[INFO] [stderr]    |            ----- fields in this struct
[INFO] [stderr] 14 |   modal: State<Option<AnyComponent>>,
[INFO] [stderr]    |   ^^^^^
[INFO] [stderr] 15 |
[INFO] [stderr] 16 |   show: Arc<dyn Fn(AnyComponent) + Send + Sync>,
[INFO] [stderr]    |   ^^^^
[INFO] [stderr] 17 |   hide: Arc<dyn Fn() + Send + Sync>,
[INFO] [stderr]    |   ^^^^
[INFO] [stderr]    |
[INFO] [stderr]    = note: `Funcs` has a derived impl for the trait `Clone`, but this is intentionally ignored during dead code analysis
[INFO] [stderr]    = note: `#[warn(dead_code)]` on by default
[INFO] [stderr] 
[INFO] [stderr] warning: methods `is_shown`, `show`, and `hide` are never used
[INFO] [stderr]   --> src/components/experimental_components/modal/hook.rs:33:10
[INFO] [stderr]    |
[INFO] [stderr] 20 | impl Funcs {
[INFO] [stderr]    | ---------- methods in this implementation
[INFO] [stderr] ...
[INFO] [stderr] 33 |   pub fn is_shown(&self) -> bool {
[INFO] [stderr]    |          ^^^^^^^^
[INFO] [stderr] ...
[INFO] [stderr] 38 |   pub fn show(&self, component: AnyComponent) {
[INFO] [stderr]    |          ^^^^
[INFO] [stderr] ...
[INFO] [stderr] 43 |   pub fn hide(&self) {
[INFO] [stderr]    |          ^^^^
[INFO] [stderr] 
[INFO] [stderr] warning: function `use_modal` is never used
[INFO] [stderr]   --> src/components/experimental_components/modal/hook.rs:87:8
[INFO] [stderr]    |
[INFO] [stderr] 87 | pub fn use_modal() -> Funcs {
[INFO] [stderr]    |        ^^^^^^^^^
[INFO] [stderr] 
[INFO] [stderr] warning: `intuitive` (lib) generated 5 warnings (run `cargo fix --lib -p intuitive` to apply 2 suggestions)
[INFO] [stderr] warning: `intuitive` (lib test) generated 5 warnings (5 duplicates)
[INFO] [stderr]     Finished test [unoptimized + debuginfo] target(s) in 0.06s
[INFO] [stderr]      Running unittests src/lib.rs (/opt/rustwide/target/debug/deps/intuitive-da0e93ca8014d080)
[INFO] [stdout] 
[INFO] [stdout] running 7 tests
[INFO] [stdout] test state::hook::tests::use_state_no_panic ... ok
[INFO] [stdout] test components::centered::tests::centered_forwards_keys ... ok
[INFO] [stdout] test state::hook::tests::use_state_get ... ok
[INFO] [stdout] test state::hook::tests::use_state_too_few - should panic ... ok
[INFO] [stdout] test state::hook::tests::use_state_set_get ... ok
[INFO] [stderr]    Doc-tests intuitive
[INFO] [stdout] test state::hook::tests::use_state_wrong_type - should panic ... ok
[INFO] [stdout] test state::hook::tests::use_state_too_many - should panic ... ok
[INFO] [stdout] 
[INFO] [stdout] test result: ok. 7 passed; 0 failed; 0 ignored; 0 measured; 0 filtered out; finished in 1.01s
[INFO] [stdout] 
[INFO] [stdout] 
[INFO] [stdout] running 25 tests
[INFO] [stdout] test src/components/experimental_components/input.rs - components::experimental_components::input::Input (line 36) ... FAILED
[INFO] [stdout] test src/components/experimental_components/modal/mod.rs - components::experimental_components::modal::Modal (line 28) ... FAILED
[INFO] [stdout] test src/components/experimental_components/modal/hook.rs - components::experimental_components::modal::hook::use_modal (line 55) ... FAILED
[INFO] [stdout] test src/components/mod.rs - components (line 50) ... ok
[INFO] [stdout] test src/components/mod.rs - components (line 104) ... ok
[INFO] [stdout] test src/components/embed.rs - components::embed::Embed (line 33) ... ok
[INFO] [stdout] test src/components/section.rs - components::section::Section (line 20) ... ok
[INFO] [stdout] test src/components/mod.rs - components (line 26) ... ok
[INFO] [stdout] test src/components/centered.rs - components::centered::Centered (line 11) ... ok
[INFO] [stdout] test src/event/mod.rs - event::KeyHandler (line 78) ... FAILED
[INFO] [stdout] test src/components/stack/flex.rs - components::stack::flex::Flex (line 28) ... ok
[INFO] [stdout] test src/lib.rs - (line 22) - compile ... ok
[INFO] [stdout] test src/components/stack/horizontal.rs - components::stack::horizontal::Stack (line 18) ... ok
[INFO] [stdout] test src/components/stack/flex.rs - components::stack::flex::Flex (line 6) ... ok
[INFO] [stdout] test src/components/stack/vertical.rs - components::stack::vertical::Stack (line 18) ... ok
[INFO] [stdout] test src/event/channel.rs - event::channel::quit (line 36) ... ok
[INFO] [stdout] test src/event/mod.rs - event::KeyHandler (line 55) ... ok
[INFO] [stdout] test src/event/mod.rs - event::KeyHandler (line 29) ... ok
[INFO] [stdout] test src/lib.rs - component (line 121) ... ok
[INFO] [stdout] test src/lib.rs - component (line 168) ... ok
[INFO] [stdout] test src/state/hook.rs - state::hook::use_state (line 18) ... ok
[INFO] [stdout] test src/lib.rs - on_key (line 230) ... ok
[INFO] [stdout] test src/lib.rs - on_key (line 241) ... ok
[INFO] [stdout] test src/lib.rs - render (line 268) ... ok
[INFO] [stdout] test src/state/mod.rs - state::State (line 19) ... ok
[INFO] [stdout] 
[INFO] [stdout] failures:
[INFO] [stdout] 
[INFO] [stdout] ---- src/components/experimental_components/input.rs - components::experimental_components::input::Input (line 36) stdout ----
[INFO] [stdout] error[E0433]: failed to resolve: could not find `experimental` in `components`
[INFO] [stdout]  --> src/components/experimental_components/input.rs:40:46
[INFO] [stdout]   |
[INFO] [stdout] 7 |   components::{stack::Flex::*, Embed, Empty, experimental::input::Input, VStack},
[INFO] [stdout]   |                                              ^^^^^^^^^^^^ could not find `experimental` in `components`
[INFO] [stdout] 
[INFO] [stdout] error: aborting due to previous error
[INFO] [stdout] 
[INFO] [stdout] For more information about this error, try `rustc --explain E0433`.
[INFO] [stdout] Couldn't compile the test.
[INFO] [stdout] ---- src/components/experimental_components/modal/mod.rs - components::experimental_components::modal::Modal (line 28) stdout ----
[INFO] [stdout] error[E0433]: failed to resolve: could not find `experimental` in `components`
[INFO] [stdout]  --> src/components/experimental_components/modal/mod.rs:30:66
[INFO] [stdout]   |
[INFO] [stdout] 5 | use intuitive::{component, components::{Centered, Section, Text, experimental::modal::{use_modal, Modal}}, style::Color, render, on_key};
[INFO] [stdout]   |                                                                  ^^^^^^^^^^^^ could not find `experimental` in `components`
[INFO] [stdout] 
[INFO] [stdout] error: aborting due to previous error
[INFO] [stdout] 
[INFO] [stdout] For more information about this error, try `rustc --explain E0433`.
[INFO] [stdout] Couldn't compile the test.
[INFO] [stdout] ---- src/components/experimental_components/modal/hook.rs - components::experimental_components::modal::hook::use_modal (line 55) stdout ----
[INFO] [stdout] error[E0433]: failed to resolve: could not find `experimental` in `components`
[INFO] [stdout]  --> src/components/experimental_components/modal/hook.rs:57:56
[INFO] [stdout]   |
[INFO] [stdout] 5 | use intuitive::{render, component, components::{Empty, experimental::modal::{use_modal, Modal}}};
[INFO] [stdout]   |                                                        ^^^^^^^^^^^^ could not find `experimental` in `components`
[INFO] [stdout] 
[INFO] [stdout] error: aborting due to previous error
[INFO] [stdout] 
[INFO] [stdout] For more information about this error, try `rustc --explain E0433`.
[INFO] [stdout] Couldn't compile the test.
[INFO] [stdout] ---- src/event/mod.rs - event::KeyHandler (line 78) stdout ----
[INFO] [stdout] error[E0433]: failed to resolve: could not find `experimental` in `components`
[INFO] [stdout]  --> src/event/mod.rs:80:40
[INFO] [stdout]   |
[INFO] [stdout] 5 | use intuitive::{component, components::experimental::input::Input, render, on_key, state::use_state};
[INFO] [stdout]   |                                        ^^^^^^^^^^^^ could not find `experimental` in `components`
[INFO] [stdout] 
[INFO] [stdout] error: aborting due to previous error
[INFO] [stdout] 
[INFO] [stdout] For more information about this error, try `rustc --explain E0433`.
[INFO] [stdout] Couldn't compile the test.
[INFO] [stdout] 
[INFO] [stdout] failures:
[INFO] [stdout]     src/components/experimental_components/input.rs - components::experimental_components::input::Input (line 36)
[INFO] [stdout]     src/components/experimental_components/modal/hook.rs - components::experimental_components::modal::hook::use_modal (line 55)
[INFO] [stdout]     src/components/experimental_components/modal/mod.rs - components::experimental_components::modal::Modal (line 28)
[INFO] [stdout]     src/event/mod.rs - event::KeyHandler (line 78)
[INFO] [stdout] 
[INFO] [stdout] test result: FAILED. 21 passed; 4 failed; 0 ignored; 0 measured; 0 filtered out; finished in 2.83s
[INFO] [stdout] 
[INFO] [stderr] error: doctest failed, to rerun pass `--doc`
[INFO] running `Command { std: "docker" "inspect" "835bd6059447cf4beeb3e5f47d31d4c02c610fb8d8c3a3fc0ec6ae2814355aaa", kill_on_drop: false }`
[INFO] running `Command { std: "docker" "rm" "-f" "835bd6059447cf4beeb3e5f47d31d4c02c610fb8d8c3a3fc0ec6ae2814355aaa", kill_on_drop: false }`
[INFO] [stdout] 835bd6059447cf4beeb3e5f47d31d4c02c610fb8d8c3a3fc0ec6ae2814355aaa
[INFO] testing intuitive-0.6.3 against beta-2023-12-22 for beta-1.76-1
[INFO] extracting crate intuitive 0.6.3 into /workspace/builds/worker-6-tc2/source
[INFO] validating manifest of crates.io crate intuitive 0.6.3 on toolchain beta-2023-12-22
[INFO] running `Command { std: CARGO_HOME="/workspace/cargo-home" RUSTUP_HOME="/workspace/rustup-home" "/workspace/cargo-home/bin/cargo" "+beta-2023-12-22" "metadata" "--manifest-path" "Cargo.toml" "--no-deps", kill_on_drop: false }`
[INFO] started tweaking crates.io crate intuitive 0.6.3
[INFO] finished tweaking crates.io crate intuitive 0.6.3
[INFO] tweaked toml for crates.io crate intuitive 0.6.3 written to /workspace/builds/worker-6-tc2/source/Cargo.toml
[INFO] running `Command { std: CARGO_HOME="/workspace/cargo-home" RUSTUP_HOME="/workspace/rustup-home" "/workspace/cargo-home/bin/cargo" "+beta-2023-12-22" "generate-lockfile" "--manifest-path" "Cargo.toml", kill_on_drop: false }`
[INFO] [stderr]     Updating crates.io index
[INFO] running `Command { std: CARGO_HOME="/workspace/cargo-home" RUSTUP_HOME="/workspace/rustup-home" "/workspace/cargo-home/bin/cargo" "+beta-2023-12-22" "fetch" "--manifest-path" "Cargo.toml", kill_on_drop: false }`
[INFO] running `Command { std: "docker" "create" "-v" "/var/lib/crater-agent-workspace/builds/worker-6-tc2/target:/opt/rustwide/target:rw,Z" "-v" "/var/lib/crater-agent-workspace/builds/worker-6-tc2/source:/opt/rustwide/workdir:ro,Z" "-v" "/var/lib/crater-agent-workspace/cargo-home:/opt/rustwide/cargo-home:ro,Z" "-v" "/var/lib/crater-agent-workspace/rustup-home:/opt/rustwide/rustup-home:ro,Z" "-e" "SOURCE_DIR=/opt/rustwide/workdir" "-e" "CARGO_TARGET_DIR=/opt/rustwide/target" "-e" "CARGO_HOME=/opt/rustwide/cargo-home" "-e" "RUSTUP_HOME=/opt/rustwide/rustup-home" "-w" "/opt/rustwide/workdir" "-m" "1610612736" "--user" "0:0" "--network" "none" "ghcr.io/rust-lang/crates-build-env/linux@sha256:2788e3201cd34a07e3172128adcd8b3090168a8e3bcc40d7c032b9dda1df7d1c" "/opt/rustwide/cargo-home/bin/cargo" "+beta-2023-12-22" "metadata" "--no-deps" "--format-version=1", kill_on_drop: false }`
[INFO] [stdout] c631d735b6a22693577ad2449f14acf7396b69803ece0884d9a58e4f72dc8131
[INFO] running `Command { std: "docker" "start" "-a" "c631d735b6a22693577ad2449f14acf7396b69803ece0884d9a58e4f72dc8131", kill_on_drop: false }`
[INFO] running `Command { std: "docker" "inspect" "c631d735b6a22693577ad2449f14acf7396b69803ece0884d9a58e4f72dc8131", kill_on_drop: false }`
[INFO] running `Command { std: "docker" "rm" "-f" "c631d735b6a22693577ad2449f14acf7396b69803ece0884d9a58e4f72dc8131", kill_on_drop: false }`
[INFO] [stdout] c631d735b6a22693577ad2449f14acf7396b69803ece0884d9a58e4f72dc8131
[INFO] running `Command { std: "docker" "create" "-v" "/var/lib/crater-agent-workspace/builds/worker-6-tc2/target:/opt/rustwide/target:rw,Z" "-v" "/var/lib/crater-agent-workspace/builds/worker-6-tc2/source:/opt/rustwide/workdir:ro,Z" "-v" "/var/lib/crater-agent-workspace/cargo-home:/opt/rustwide/cargo-home:ro,Z" "-v" "/var/lib/crater-agent-workspace/rustup-home:/opt/rustwide/rustup-home:ro,Z" "-e" "SOURCE_DIR=/opt/rustwide/workdir" "-e" "CARGO_TARGET_DIR=/opt/rustwide/target" "-e" "CARGO_INCREMENTAL=0" "-e" "RUST_BACKTRACE=full" "-e" "RUSTFLAGS=--cap-lints=warn" "-e" "RUSTDOCFLAGS=--cap-lints=warn" "-e" "CARGO_HOME=/opt/rustwide/cargo-home" "-e" "RUSTUP_HOME=/opt/rustwide/rustup-home" "-w" "/opt/rustwide/workdir" "-m" "1610612736" "--user" "0:0" "--network" "none" "ghcr.io/rust-lang/crates-build-env/linux@sha256:2788e3201cd34a07e3172128adcd8b3090168a8e3bcc40d7c032b9dda1df7d1c" "/opt/rustwide/cargo-home/bin/cargo" "+beta-2023-12-22" "build" "--frozen" "--message-format=json", kill_on_drop: false }`
[INFO] [stdout] ee9663ae22ad5315bb7d000740b5232caf921537f50f7f51c2c40410f956f4c7
[INFO] running `Command { std: "docker" "start" "-a" "ee9663ae22ad5315bb7d000740b5232caf921537f50f7f51c2c40410f956f4c7", kill_on_drop: false }`
[INFO] [stderr]    Compiling lock_api v0.4.11
[INFO] [stderr]    Compiling parking_lot_core v0.9.9
[INFO] [stderr]    Compiling hashbrown v0.14.3
[INFO] [stderr]    Compiling smallvec v1.11.2
[INFO] [stderr]    Compiling syn v1.0.109
[INFO] [stderr]    Compiling proc-macro-error-attr v1.0.4
[INFO] [stderr]    Compiling futures-core v0.3.30
[INFO] [stderr]    Compiling futures-sink v0.3.30
[INFO] [stderr]    Compiling signal-hook v0.3.17
[INFO] [stderr]    Compiling futures-channel v0.3.30
[INFO] [stderr]    Compiling signal-hook-registry v1.4.1
[INFO] [stderr]    Compiling proc-macro-error v1.0.4
[INFO] [stderr]    Compiling pin-utils v0.1.0
[INFO] [stderr]    Compiling pin-project-lite v0.2.13
[INFO] [stderr]    Compiling proc-macro2 v0.4.30
[INFO] [stderr]    Compiling memchr v2.7.1
[INFO] [stderr]    Compiling equivalent v1.0.1
[INFO] [stderr]    Compiling futures-io v0.3.30
[INFO] [stderr]    Compiling futures-task v0.3.30
[INFO] [stderr]    Compiling parking_lot v0.12.1
[INFO] [stderr]    Compiling indexmap v2.1.0
[INFO] [stderr]    Compiling mio v0.8.10
[INFO] [stderr]    Compiling toml_datetime v0.6.5
[INFO] [stderr]    Compiling futures-util v0.3.30
[INFO] [stderr]    Compiling unicode-xid v0.1.0
[INFO] [stderr]    Compiling winnow v0.5.32
[INFO] [stderr]    Compiling signal-hook-mio v0.2.3
[INFO] [stderr]    Compiling syn v2.0.48
[INFO] [stderr]    Compiling thiserror v1.0.56
[INFO] [stderr]    Compiling bitflags v2.4.1
[INFO] [stderr]    Compiling quote v0.6.13
[INFO] [stderr]    Compiling nix v0.27.1
[INFO] [stderr]    Compiling crossterm v0.25.0
[INFO] [stderr]    Compiling dashmap v5.5.3
[INFO] [stderr]    Compiling unicode-width v0.1.11
[INFO] [stderr]    Compiling unicode-segmentation v1.10.1
[INFO] [stderr]    Compiling cassowary v0.3.0
[INFO] [stderr]    Compiling doc-cfg v0.1.0
[INFO] [stderr]    Compiling toml_edit v0.19.15
[INFO] [stderr]    Compiling ctrlc v3.4.2
[INFO] [stderr]    Compiling tui v0.19.0
[INFO] [stderr]    Compiling futures-executor v0.3.30
[INFO] [stderr]    Compiling futures v0.3.30
[INFO] [stderr]    Compiling thiserror-impl v1.0.56
[INFO] [stderr]    Compiling serial_test_derive v0.9.0
[INFO] [stderr]    Compiling proc-macro-crate v1.3.1
[INFO] [stderr]    Compiling intuitive_macros v0.6.2
[INFO] [stderr]    Compiling serial_test v0.9.0
[INFO] [stderr]    Compiling intuitive v0.6.3 (/opt/rustwide/workdir)
[INFO] [stdout] warning: unused import: `use_modal`
[INFO] [stdout]   --> src/components/experimental_components/modal/mod.rs:11:22
[INFO] [stdout]    |
[INFO] [stdout] 11 | pub use self::hook::{use_modal, Funcs};
[INFO] [stdout]    |                      ^^^^^^^^^
[INFO] [stdout]    |
[INFO] [stdout]    = note: `#[warn(unused_imports)]` on by default
[INFO] [stdout] 
[INFO] [stdout] 
[INFO] [stdout] warning: unused import: `Alignment`
[INFO] [stdout]  --> src/components/experimental_components/table/mod.rs:8:27
[INFO] [stdout]   |
[INFO] [stdout] 8 | pub use self::alignment::{Alignment, Array as AlignmentArray};
[INFO] [stdout]   |                           ^^^^^^^^^
[INFO] [stdout] 
[INFO] [stdout] 
[INFO] [stdout] warning: fields `modal`, `show`, and `hide` are never read
[INFO] [stdout]   --> src/components/experimental_components/modal/hook.rs:14:3
[INFO] [stdout]    |
[INFO] [stdout] 13 | pub struct Funcs {
[INFO] [stdout]    |            ----- fields in this struct
[INFO] [stdout] 14 |   modal: State<Option<AnyComponent>>,
[INFO] [stdout]    |   ^^^^^
[INFO] [stdout] 15 |
[INFO] [stdout] 16 |   show: Arc<dyn Fn(AnyComponent) + Send + Sync>,
[INFO] [stdout]    |   ^^^^
[INFO] [stdout] 17 |   hide: Arc<dyn Fn() + Send + Sync>,
[INFO] [stdout]    |   ^^^^
[INFO] [stdout]    |
[INFO] [stdout]    = note: `Funcs` has a derived impl for the trait `Clone`, but this is intentionally ignored during dead code analysis
[INFO] [stdout]    = note: `#[warn(dead_code)]` on by default
[INFO] [stdout] 
[INFO] [stdout] 
[INFO] [stdout] warning: methods `is_shown`, `show`, and `hide` are never used
[INFO] [stdout]   --> src/components/experimental_components/modal/hook.rs:33:10
[INFO] [stdout]    |
[INFO] [stdout] 20 | impl Funcs {
[INFO] [stdout]    | ---------- methods in this implementation
[INFO] [stdout] ...
[INFO] [stdout] 33 |   pub fn is_shown(&self) -> bool {
[INFO] [stdout]    |          ^^^^^^^^
[INFO] [stdout] ...
[INFO] [stdout] 38 |   pub fn show(&self, component: AnyComponent) {
[INFO] [stdout]    |          ^^^^
[INFO] [stdout] ...
[INFO] [stdout] 43 |   pub fn hide(&self) {
[INFO] [stdout]    |          ^^^^
[INFO] [stdout] 
[INFO] [stdout] 
[INFO] [stdout] warning: function `use_modal` is never used
[INFO] [stdout]   --> src/components/experimental_components/modal/hook.rs:87:8
[INFO] [stdout]    |
[INFO] [stdout] 87 | pub fn use_modal() -> Funcs {
[INFO] [stdout]    |        ^^^^^^^^^
[INFO] [stdout] 
[INFO] [stdout] 
[INFO] [stdout] warning: 5 warnings emitted
[INFO] [stdout] 
[INFO] [stdout] 
[INFO] [stderr]     Finished dev [unoptimized + debuginfo] target(s) in 14.64s
[INFO] running `Command { std: "docker" "inspect" "ee9663ae22ad5315bb7d000740b5232caf921537f50f7f51c2c40410f956f4c7", kill_on_drop: false }`
[INFO] running `Command { std: "docker" "rm" "-f" "ee9663ae22ad5315bb7d000740b5232caf921537f50f7f51c2c40410f956f4c7", kill_on_drop: false }`
[INFO] [stdout] ee9663ae22ad5315bb7d000740b5232caf921537f50f7f51c2c40410f956f4c7
[INFO] running `Command { std: "docker" "create" "-v" "/var/lib/crater-agent-workspace/builds/worker-6-tc2/target:/opt/rustwide/target:rw,Z" "-v" "/var/lib/crater-agent-workspace/builds/worker-6-tc2/source:/opt/rustwide/workdir:ro,Z" "-v" "/var/lib/crater-agent-workspace/cargo-home:/opt/rustwide/cargo-home:ro,Z" "-v" "/var/lib/crater-agent-workspace/rustup-home:/opt/rustwide/rustup-home:ro,Z" "-e" "SOURCE_DIR=/opt/rustwide/workdir" "-e" "CARGO_TARGET_DIR=/opt/rustwide/target" "-e" "CARGO_INCREMENTAL=0" "-e" "RUST_BACKTRACE=full" "-e" "RUSTFLAGS=--cap-lints=warn" "-e" "RUSTDOCFLAGS=--cap-lints=warn" "-e" "CARGO_HOME=/opt/rustwide/cargo-home" "-e" "RUSTUP_HOME=/opt/rustwide/rustup-home" "-w" "/opt/rustwide/workdir" "-m" "1610612736" "--user" "0:0" "--network" "none" "ghcr.io/rust-lang/crates-build-env/linux@sha256:2788e3201cd34a07e3172128adcd8b3090168a8e3bcc40d7c032b9dda1df7d1c" "/opt/rustwide/cargo-home/bin/cargo" "+beta-2023-12-22" "test" "--frozen" "--no-run" "--message-format=json", kill_on_drop: false }`
[INFO] [stdout] 4e15333add184b7741b335b44d9afd5da278e423358e67bbd5049b89a2645d3b
[INFO] running `Command { std: "docker" "start" "-a" "4e15333add184b7741b335b44d9afd5da278e423358e67bbd5049b89a2645d3b", kill_on_drop: false }`
[INFO] [stdout] warning: unused import: `use_modal`
[INFO] [stdout]   --> src/components/experimental_components/modal/mod.rs:11:22
[INFO] [stdout]    |
[INFO] [stdout] 11 | pub use self::hook::{use_modal, Funcs};
[INFO] [stdout]    |                      ^^^^^^^^^
[INFO] [stdout]    |
[INFO] [stdout]    = note: `#[warn(unused_imports)]` on by default
[INFO] [stdout] 
[INFO] [stdout] 
[INFO] [stdout] warning: unused import: `Alignment`
[INFO] [stdout]  --> src/components/experimental_components/table/mod.rs:8:27
[INFO] [stdout]   |
[INFO] [stdout] 8 | pub use self::alignment::{Alignment, Array as AlignmentArray};
[INFO] [stdout]   |                           ^^^^^^^^^
[INFO] [stdout] 
[INFO] [stdout] 
[INFO] [stdout] warning: fields `modal`, `show`, and `hide` are never read
[INFO] [stdout]   --> src/components/experimental_components/modal/hook.rs:14:3
[INFO] [stdout]    |
[INFO] [stdout] 13 | pub struct Funcs {
[INFO] [stdout]    |            ----- fields in this struct
[INFO] [stdout] 14 |   modal: State<Option<AnyComponent>>,
[INFO] [stdout]    |   ^^^^^
[INFO] [stdout] 15 |
[INFO] [stdout] 16 |   show: Arc<dyn Fn(AnyComponent) + Send + Sync>,
[INFO] [stdout]    |   ^^^^
[INFO] [stdout] 17 |   hide: Arc<dyn Fn() + Send + Sync>,
[INFO] [stdout]    |   ^^^^
[INFO] [stdout]    |
[INFO] [stdout]    = note: `Funcs` has a derived impl for the trait `Clone`, but this is intentionally ignored during dead code analysis
[INFO] [stdout]    = note: `#[warn(dead_code)]` on by default
[INFO] [stdout] 
[INFO] [stdout] 
[INFO] [stderr]    Compiling intuitive v0.6.3 (/opt/rustwide/workdir)
[INFO] [stdout] warning: methods `is_shown`, `show`, and `hide` are never used
[INFO] [stdout]   --> src/components/experimental_components/modal/hook.rs:33:10
[INFO] [stdout]    |
[INFO] [stdout] 20 | impl Funcs {
[INFO] [stdout]    | ---------- methods in this implementation
[INFO] [stdout] ...
[INFO] [stdout] 33 |   pub fn is_shown(&self) -> bool {
[INFO] [stdout]    |          ^^^^^^^^
[INFO] [stdout] ...
[INFO] [stdout] 38 |   pub fn show(&self, component: AnyComponent) {
[INFO] [stdout]    |          ^^^^
[INFO] [stdout] ...
[INFO] [stdout] 43 |   pub fn hide(&self) {
[INFO] [stdout]    |          ^^^^
[INFO] [stdout] 
[INFO] [stdout] 
[INFO] [stdout] warning: function `use_modal` is never used
[INFO] [stdout]   --> src/components/experimental_components/modal/hook.rs:87:8
[INFO] [stdout]    |
[INFO] [stdout] 87 | pub fn use_modal() -> Funcs {
[INFO] [stdout]    |        ^^^^^^^^^
[INFO] [stdout] 
[INFO] [stdout] 
[INFO] [stdout] warning: 5 warnings emitted
[INFO] [stdout] 
[INFO] [stdout] 
[INFO] [stdout] warning: unused import: `use_modal`
[INFO] [stdout]   --> src/components/experimental_components/modal/mod.rs:11:22
[INFO] [stdout]    |
[INFO] [stdout] 11 | pub use self::hook::{use_modal, Funcs};
[INFO] [stdout]    |                      ^^^^^^^^^
[INFO] [stdout]    |
[INFO] [stdout]    = note: `#[warn(unused_imports)]` on by default
[INFO] [stdout] 
[INFO] [stdout] 
[INFO] [stdout] warning: unused import: `Alignment`
[INFO] [stdout]  --> src/components/experimental_components/table/mod.rs:8:27
[INFO] [stdout]   |
[INFO] [stdout] 8 | pub use self::alignment::{Alignment, Array as AlignmentArray};
[INFO] [stdout]   |                           ^^^^^^^^^
[INFO] [stdout] 
[INFO] [stdout] 
[INFO] [stdout] warning: fields `modal`, `show`, and `hide` are never read
[INFO] [stdout]   --> src/components/experimental_components/modal/hook.rs:14:3
[INFO] [stdout]    |
[INFO] [stdout] 13 | pub struct Funcs {
[INFO] [stdout]    |            ----- fields in this struct
[INFO] [stdout] 14 |   modal: State<Option<AnyComponent>>,
[INFO] [stdout]    |   ^^^^^
[INFO] [stdout] 15 |
[INFO] [stdout] 16 |   show: Arc<dyn Fn(AnyComponent) + Send + Sync>,
[INFO] [stdout]    |   ^^^^
[INFO] [stdout] 17 |   hide: Arc<dyn Fn() + Send + Sync>,
[INFO] [stdout]    |   ^^^^
[INFO] [stdout]    |
[INFO] [stdout]    = note: `Funcs` has a derived impl for the trait `Clone`, but this is intentionally ignored during dead code analysis
[INFO] [stdout]    = note: `#[warn(dead_code)]` on by default
[INFO] [stdout] 
[INFO] [stdout] 
[INFO] [stdout] warning: methods `is_shown`, `show`, and `hide` are never used
[INFO] [stdout]   --> src/components/experimental_components/modal/hook.rs:33:10
[INFO] [stdout]    |
[INFO] [stdout] 20 | impl Funcs {
[INFO] [stdout]    | ---------- methods in this implementation
[INFO] [stdout] ...
[INFO] [stdout] 33 |   pub fn is_shown(&self) -> bool {
[INFO] [stdout]    |          ^^^^^^^^
[INFO] [stdout] ...
[INFO] [stdout] 38 |   pub fn show(&self, component: AnyComponent) {
[INFO] [stdout]    |          ^^^^
[INFO] [stdout] ...
[INFO] [stdout] 43 |   pub fn hide(&self) {
[INFO] [stdout]    |          ^^^^
[INFO] [stdout] 
[INFO] [stdout] 
[INFO] [stdout] warning: function `use_modal` is never used
[INFO] [stdout]   --> src/components/experimental_components/modal/hook.rs:87:8
[INFO] [stdout]    |
[INFO] [stdout] 87 | pub fn use_modal() -> Funcs {
[INFO] [stdout]    |        ^^^^^^^^^
[INFO] [stdout] 
[INFO] [stdout] 
[INFO] [stdout] warning: 5 warnings emitted
[INFO] [stdout] 
[INFO] [stdout] 
[INFO] [stderr]     Finished test [unoptimized + debuginfo] target(s) in 0.91s
[INFO] running `Command { std: "docker" "inspect" "4e15333add184b7741b335b44d9afd5da278e423358e67bbd5049b89a2645d3b", kill_on_drop: false }`
[INFO] running `Command { std: "docker" "rm" "-f" "4e15333add184b7741b335b44d9afd5da278e423358e67bbd5049b89a2645d3b", kill_on_drop: false }`
[INFO] [stdout] 4e15333add184b7741b335b44d9afd5da278e423358e67bbd5049b89a2645d3b
[INFO] running `Command { std: "docker" "create" "-v" "/var/lib/crater-agent-workspace/builds/worker-6-tc2/target:/opt/rustwide/target:rw,Z" "-v" "/var/lib/crater-agent-workspace/builds/worker-6-tc2/source:/opt/rustwide/workdir:ro,Z" "-v" "/var/lib/crater-agent-workspace/cargo-home:/opt/rustwide/cargo-home:ro,Z" "-v" "/var/lib/crater-agent-workspace/rustup-home:/opt/rustwide/rustup-home:ro,Z" "-e" "SOURCE_DIR=/opt/rustwide/workdir" "-e" "CARGO_TARGET_DIR=/opt/rustwide/target" "-e" "CARGO_INCREMENTAL=0" "-e" "RUST_BACKTRACE=full" "-e" "RUSTFLAGS=--cap-lints=warn" "-e" "RUSTDOCFLAGS=--cap-lints=warn" "-e" "CARGO_HOME=/opt/rustwide/cargo-home" "-e" "RUSTUP_HOME=/opt/rustwide/rustup-home" "-w" "/opt/rustwide/workdir" "-m" "1610612736" "--user" "0:0" "--network" "none" "ghcr.io/rust-lang/crates-build-env/linux@sha256:2788e3201cd34a07e3172128adcd8b3090168a8e3bcc40d7c032b9dda1df7d1c" "/opt/rustwide/cargo-home/bin/cargo" "+beta-2023-12-22" "test" "--frozen", kill_on_drop: false }`
[INFO] [stdout] a4beb346c9c229bc641c465a2cd1955ae24489e11069062adf0afa55ac4c4f00
[INFO] running `Command { std: "docker" "start" "-a" "a4beb346c9c229bc641c465a2cd1955ae24489e11069062adf0afa55ac4c4f00", kill_on_drop: false }`
[INFO] [stderr] warning: unused import: `use_modal`
[INFO] [stderr]   --> src/components/experimental_components/modal/mod.rs:11:22
[INFO] [stderr]    |
[INFO] [stderr] 11 | pub use self::hook::{use_modal, Funcs};
[INFO] [stderr]    |                      ^^^^^^^^^
[INFO] [stderr]    |
[INFO] [stderr]    = note: `#[warn(unused_imports)]` on by default
[INFO] [stderr] 
[INFO] [stderr] warning: unused import: `Alignment`
[INFO] [stderr]  --> src/components/experimental_components/table/mod.rs:8:27
[INFO] [stderr]   |
[INFO] [stderr] 8 | pub use self::alignment::{Alignment, Array as AlignmentArray};
[INFO] [stderr]   |                           ^^^^^^^^^
[INFO] [stderr] 
[INFO] [stderr] warning: fields `modal`, `show`, and `hide` are never read
[INFO] [stderr]   --> src/components/experimental_components/modal/hook.rs:14:3
[INFO] [stderr]    |
[INFO] [stderr] 13 | pub struct Funcs {
[INFO] [stderr]    |            ----- fields in this struct
[INFO] [stderr] 14 |   modal: State<Option<AnyComponent>>,
[INFO] [stderr]    |   ^^^^^
[INFO] [stderr] 15 |
[INFO] [stderr] 16 |   show: Arc<dyn Fn(AnyComponent) + Send + Sync>,
[INFO] [stderr]    |   ^^^^
[INFO] [stderr] 17 |   hide: Arc<dyn Fn() + Send + Sync>,
[INFO] [stderr]    |   ^^^^
[INFO] [stderr]    |
[INFO] [stderr]    = note: `Funcs` has a derived impl for the trait `Clone`, but this is intentionally ignored during dead code analysis
[INFO] [stderr]    = note: `#[warn(dead_code)]` on by default
[INFO] [stderr] 
[INFO] [stderr] warning: methods `is_shown`, `show`, and `hide` are never used
[INFO] [stderr]   --> src/components/experimental_components/modal/hook.rs:33:10
[INFO] [stderr]    |
[INFO] [stderr] 20 | impl Funcs {
[INFO] [stderr]    | ---------- methods in this implementation
[INFO] [stderr] ...
[INFO] [stderr] 33 |   pub fn is_shown(&self) -> bool {
[INFO] [stderr]    |          ^^^^^^^^
[INFO] [stderr] ...
[INFO] [stderr] 38 |   pub fn show(&self, component: AnyComponent) {
[INFO] [stderr]    |          ^^^^
[INFO] [stderr] ...
[INFO] [stderr] 43 |   pub fn hide(&self) {
[INFO] [stderr]    |          ^^^^
[INFO] [stderr] 
[INFO] [stderr] warning: function `use_modal` is never used
[INFO] [stderr]   --> src/components/experimental_components/modal/hook.rs:87:8
[INFO] [stderr]    |
[INFO] [stderr] 87 | pub fn use_modal() -> Funcs {
[INFO] [stderr]    |        ^^^^^^^^^
[INFO] [stderr] 
[INFO] [stderr] warning: `intuitive` (lib) generated 5 warnings (run `cargo fix --lib -p intuitive` to apply 2 suggestions)
[INFO] [stderr] warning: `intuitive` (lib test) generated 5 warnings (5 duplicates)
[INFO] [stderr]     Finished test [unoptimized + debuginfo] target(s) in 0.08s
[INFO] [stderr]      Running unittests src/lib.rs (/opt/rustwide/target/debug/deps/intuitive-f3fc36403cad623f)
[INFO] [stdout] 
[INFO] [stdout] running 7 tests
[INFO] [stdout] test components::centered::tests::centered_forwards_keys ... ok
[INFO] [stdout] test state::hook::tests::use_state_too_few - should panic ... ok
[INFO] [stdout] test state::hook::tests::use_state_get ... ok
[INFO] [stdout] test state::hook::tests::use_state_set_get ... ok
[INFO] [stdout] test state::hook::tests::use_state_wrong_type - should panic ... ok
[INFO] [stdout] test state::hook::tests::use_state_too_many - should panic ... ok
[INFO] [stdout] test state::hook::tests::use_state_no_panic ... ok
[INFO] [stdout] 
[INFO] [stdout] test result: ok. 7 passed; 0 failed; 0 ignored; 0 measured; 0 filtered out; finished in 2.00s
[INFO] [stdout] 
[INFO] [stderr]    Doc-tests intuitive
[INFO] [stdout] 
[INFO] [stdout] running 25 tests
[INFO] [stdout] test src/components/experimental_components/modal/mod.rs - components::experimental_components::modal::Modal (line 28) ... FAILED
[INFO] [stdout] test src/components/experimental_components/input.rs - components::experimental_components::input::Input (line 36) ... FAILED
[INFO] [stdout] test src/components/experimental_components/modal/hook.rs - components::experimental_components::modal::hook::use_modal (line 55) ... FAILED
[INFO] [stdout] test src/components/mod.rs - components (line 26) ... ok
[INFO] [stdout] test src/components/embed.rs - components::embed::Embed (line 33) ... ok
[INFO] [stdout] test src/components/centered.rs - components::centered::Centered (line 11) ... ok
[INFO] [stdout] test src/components/mod.rs - components (line 50) ... ok
[INFO] [stdout] test src/components/mod.rs - components (line 104) ... ok
[INFO] [stdout] test src/components/stack/flex.rs - components::stack::flex::Flex (line 6) ... ok
[INFO] [stdout] test src/components/section.rs - components::section::Section (line 20) ... ok
[INFO] [stdout] test src/event/mod.rs - event::KeyHandler (line 78) ... FAILED
[INFO] [stdout] test src/components/stack/flex.rs - components::stack::flex::Flex (line 28) ... ok
[INFO] [stdout] test src/lib.rs - (line 22) - compile ... ok
[INFO] [stdout] test src/components/stack/vertical.rs - components::stack::vertical::Stack (line 18) ... ok
[INFO] [stdout] test src/event/channel.rs - event::channel::quit (line 36) ... ok
[INFO] [stdout] test src/event/mod.rs - event::KeyHandler (line 29) ... ok
[INFO] [stdout] test src/components/stack/horizontal.rs - components::stack::horizontal::Stack (line 18) ... ok
[INFO] [stdout] test src/event/mod.rs - event::KeyHandler (line 55) ... ok
[INFO] [stdout] test src/lib.rs - component (line 121) ... ok
[INFO] [stdout] test src/lib.rs - component (line 168) ... ok
[INFO] [stdout] test src/state/hook.rs - state::hook::use_state (line 18) ... ok
[INFO] [stdout] test src/lib.rs - on_key (line 241) ... ok
[INFO] [stdout] test src/lib.rs - on_key (line 230) ... ok
[INFO] [stdout] test src/lib.rs - render (line 268) ... ok
[INFO] [stdout] test src/state/mod.rs - state::State (line 19) ... ok
[INFO] [stderr] error: doctest failed, to rerun pass `--doc`
[INFO] [stdout] 
[INFO] [stdout] failures:
[INFO] [stdout] 
[INFO] [stdout] ---- src/components/experimental_components/modal/mod.rs - components::experimental_components::modal::Modal (line 28) stdout ----
[INFO] [stdout] error[E0433]: failed to resolve: could not find `experimental` in `components`
[INFO] [stdout]  --> src/components/experimental_components/modal/mod.rs:30:66
[INFO] [stdout]   |
[INFO] [stdout] 5 | use intuitive::{component, components::{Centered, Section, Text, experimental::modal::{use_modal, Modal}}, style::Color, render, on_key};
[INFO] [stdout]   |                                                                  ^^^^^^^^^^^^ could not find `experimental` in `components`
[INFO] [stdout] 
[INFO] [stdout] error: aborting due to 1 previous error
[INFO] [stdout] 
[INFO] [stdout] For more information about this error, try `rustc --explain E0433`.
[INFO] [stdout] Couldn't compile the test.
[INFO] [stdout] ---- src/components/experimental_components/input.rs - components::experimental_components::input::Input (line 36) stdout ----
[INFO] [stdout] error[E0433]: failed to resolve: could not find `experimental` in `components`
[INFO] [stdout]  --> src/components/experimental_components/input.rs:40:46
[INFO] [stdout]   |
[INFO] [stdout] 7 |   components::{stack::Flex::*, Embed, Empty, experimental::input::Input, VStack},
[INFO] [stdout]   |                                              ^^^^^^^^^^^^ could not find `experimental` in `components`
[INFO] [stdout] 
[INFO] [stdout] error: aborting due to 1 previous error
[INFO] [stdout] 
[INFO] [stdout] For more information about this error, try `rustc --explain E0433`.
[INFO] [stdout] Couldn't compile the test.
[INFO] [stdout] ---- src/components/experimental_components/modal/hook.rs - components::experimental_components::modal::hook::use_modal (line 55) stdout ----
[INFO] [stdout] error[E0433]: failed to resolve: could not find `experimental` in `components`
[INFO] [stdout]  --> src/components/experimental_components/modal/hook.rs:57:56
[INFO] [stdout]   |
[INFO] [stdout] 5 | use intuitive::{render, component, components::{Empty, experimental::modal::{use_modal, Modal}}};
[INFO] [stdout]   |                                                        ^^^^^^^^^^^^ could not find `experimental` in `components`
[INFO] [stdout] 
[INFO] [stdout] error: aborting due to 1 previous error
[INFO] [stdout] 
[INFO] [stdout] For more information about this error, try `rustc --explain E0433`.
[INFO] [stdout] Couldn't compile the test.
[INFO] [stdout] ---- src/event/mod.rs - event::KeyHandler (line 78) stdout ----
[INFO] [stdout] error[E0433]: failed to resolve: could not find `experimental` in `components`
[INFO] [stdout]  --> src/event/mod.rs:80:40
[INFO] [stdout]   |
[INFO] [stdout] 5 | use intuitive::{component, components::experimental::input::Input, render, on_key, state::use_state};
[INFO] [stdout]   |                                        ^^^^^^^^^^^^ could not find `experimental` in `components`
[INFO] [stdout] 
[INFO] [stdout] error: aborting due to 1 previous error
[INFO] [stdout] 
[INFO] [stdout] For more information about this error, try `rustc --explain E0433`.
[INFO] [stdout] Couldn't compile the test.
[INFO] [stdout] 
[INFO] [stdout] failures:
[INFO] [stdout]     src/components/experimental_components/input.rs - components::experimental_components::input::Input (line 36)
[INFO] [stdout]     src/components/experimental_components/modal/hook.rs - components::experimental_components::modal::hook::use_modal (line 55)
[INFO] [stdout]     src/components/experimental_components/modal/mod.rs - components::experimental_components::modal::Modal (line 28)
[INFO] [stdout]     src/event/mod.rs - event::KeyHandler (line 78)
[INFO] [stdout] 
[INFO] [stdout] test result: FAILED. 21 passed; 4 failed; 0 ignored; 0 measured; 0 filtered out; finished in 3.78s
[INFO] [stdout] 
[INFO] running `Command { std: "docker" "inspect" "a4beb346c9c229bc641c465a2cd1955ae24489e11069062adf0afa55ac4c4f00", kill_on_drop: false }`
[INFO] running `Command { std: "docker" "rm" "-f" "a4beb346c9c229bc641c465a2cd1955ae24489e11069062adf0afa55ac4c4f00", kill_on_drop: false }`
[INFO] [stdout] a4beb346c9c229bc641c465a2cd1955ae24489e11069062adf0afa55ac4c4f00
