[INFO] fetching crate inttype-enum 0.1.2...
[INFO] testing inttype-enum-0.1.2 against 1.75.0 for beta-1.76-1
[INFO] extracting crate inttype-enum 0.1.2 into /workspace/builds/worker-0-tc1/source
[INFO] validating manifest of crates.io crate inttype-enum 0.1.2 on toolchain 1.75.0
[INFO] running `Command { std: CARGO_HOME="/workspace/cargo-home" RUSTUP_HOME="/workspace/rustup-home" "/workspace/cargo-home/bin/cargo" "+1.75.0" "metadata" "--manifest-path" "Cargo.toml" "--no-deps", kill_on_drop: false }`
[INFO] started tweaking crates.io crate inttype-enum 0.1.2
[INFO] finished tweaking crates.io crate inttype-enum 0.1.2
[INFO] tweaked toml for crates.io crate inttype-enum 0.1.2 written to /workspace/builds/worker-0-tc1/source/Cargo.toml
[INFO] running `Command { std: CARGO_HOME="/workspace/cargo-home" RUSTUP_HOME="/workspace/rustup-home" "/workspace/cargo-home/bin/cargo" "+1.75.0" "generate-lockfile" "--manifest-path" "Cargo.toml", kill_on_drop: false }`
[INFO] [stderr]     Updating crates.io index
[INFO] running `Command { std: CARGO_HOME="/workspace/cargo-home" RUSTUP_HOME="/workspace/rustup-home" "/workspace/cargo-home/bin/cargo" "+1.75.0" "fetch" "--manifest-path" "Cargo.toml", kill_on_drop: false }`
[INFO] running `Command { std: "docker" "create" "-v" "/var/lib/crater-agent-workspace/builds/worker-0-tc1/target:/opt/rustwide/target:rw,Z" "-v" "/var/lib/crater-agent-workspace/builds/worker-0-tc1/source:/opt/rustwide/workdir:ro,Z" "-v" "/var/lib/crater-agent-workspace/cargo-home:/opt/rustwide/cargo-home:ro,Z" "-v" "/var/lib/crater-agent-workspace/rustup-home:/opt/rustwide/rustup-home:ro,Z" "-e" "SOURCE_DIR=/opt/rustwide/workdir" "-e" "CARGO_TARGET_DIR=/opt/rustwide/target" "-e" "CARGO_HOME=/opt/rustwide/cargo-home" "-e" "RUSTUP_HOME=/opt/rustwide/rustup-home" "-w" "/opt/rustwide/workdir" "-m" "1610612736" "--user" "0:0" "--network" "none" "ghcr.io/rust-lang/crates-build-env/linux@sha256:2788e3201cd34a07e3172128adcd8b3090168a8e3bcc40d7c032b9dda1df7d1c" "/opt/rustwide/cargo-home/bin/cargo" "+1.75.0" "metadata" "--no-deps" "--format-version=1", kill_on_drop: false }`
[INFO] [stdout] 19a2a7233dfbc1d22413fc5fba56b8e2c171fce435ba6b7ad9ed8640f600ef00
[INFO] running `Command { std: "docker" "start" "-a" "19a2a7233dfbc1d22413fc5fba56b8e2c171fce435ba6b7ad9ed8640f600ef00", kill_on_drop: false }`
[INFO] running `Command { std: "docker" "inspect" "19a2a7233dfbc1d22413fc5fba56b8e2c171fce435ba6b7ad9ed8640f600ef00", kill_on_drop: false }`
[INFO] running `Command { std: "docker" "rm" "-f" "19a2a7233dfbc1d22413fc5fba56b8e2c171fce435ba6b7ad9ed8640f600ef00", kill_on_drop: false }`
[INFO] [stdout] 19a2a7233dfbc1d22413fc5fba56b8e2c171fce435ba6b7ad9ed8640f600ef00
[INFO] running `Command { std: "docker" "create" "-v" "/var/lib/crater-agent-workspace/builds/worker-0-tc1/target:/opt/rustwide/target:rw,Z" "-v" "/var/lib/crater-agent-workspace/builds/worker-0-tc1/source:/opt/rustwide/workdir:ro,Z" "-v" "/var/lib/crater-agent-workspace/cargo-home:/opt/rustwide/cargo-home:ro,Z" "-v" "/var/lib/crater-agent-workspace/rustup-home:/opt/rustwide/rustup-home:ro,Z" "-e" "SOURCE_DIR=/opt/rustwide/workdir" "-e" "CARGO_TARGET_DIR=/opt/rustwide/target" "-e" "CARGO_INCREMENTAL=0" "-e" "RUST_BACKTRACE=full" "-e" "RUSTFLAGS=--cap-lints=warn" "-e" "RUSTDOCFLAGS=--cap-lints=warn" "-e" "CARGO_HOME=/opt/rustwide/cargo-home" "-e" "RUSTUP_HOME=/opt/rustwide/rustup-home" "-w" "/opt/rustwide/workdir" "-m" "1610612736" "--user" "0:0" "--network" "none" "ghcr.io/rust-lang/crates-build-env/linux@sha256:2788e3201cd34a07e3172128adcd8b3090168a8e3bcc40d7c032b9dda1df7d1c" "/opt/rustwide/cargo-home/bin/cargo" "+1.75.0" "build" "--frozen" "--message-format=json", kill_on_drop: false }`
[INFO] [stdout] 777e64ae6f746d31ec861451fd8f1e19d34e40350bbd8fa5fd84879f5cbde734
[INFO] running `Command { std: "docker" "start" "-a" "777e64ae6f746d31ec861451fd8f1e19d34e40350bbd8fa5fd84879f5cbde734", kill_on_drop: false }`
[INFO] [stderr]    Compiling proc-macro2 v1.0.75
[INFO] [stderr]    Compiling quote v1.0.35
[INFO] [stderr]    Compiling syn v2.0.48
[INFO] [stderr]    Compiling inttype-enum v0.1.2 (/opt/rustwide/workdir)
[INFO] [stderr]     Finished dev [unoptimized + debuginfo] target(s) in 3.08s
[INFO] running `Command { std: "docker" "inspect" "777e64ae6f746d31ec861451fd8f1e19d34e40350bbd8fa5fd84879f5cbde734", kill_on_drop: false }`
[INFO] running `Command { std: "docker" "rm" "-f" "777e64ae6f746d31ec861451fd8f1e19d34e40350bbd8fa5fd84879f5cbde734", kill_on_drop: false }`
[INFO] [stdout] 777e64ae6f746d31ec861451fd8f1e19d34e40350bbd8fa5fd84879f5cbde734
[INFO] running `Command { std: "docker" "create" "-v" "/var/lib/crater-agent-workspace/builds/worker-0-tc1/target:/opt/rustwide/target:rw,Z" "-v" "/var/lib/crater-agent-workspace/builds/worker-0-tc1/source:/opt/rustwide/workdir:ro,Z" "-v" "/var/lib/crater-agent-workspace/cargo-home:/opt/rustwide/cargo-home:ro,Z" "-v" "/var/lib/crater-agent-workspace/rustup-home:/opt/rustwide/rustup-home:ro,Z" "-e" "SOURCE_DIR=/opt/rustwide/workdir" "-e" "CARGO_TARGET_DIR=/opt/rustwide/target" "-e" "CARGO_INCREMENTAL=0" "-e" "RUST_BACKTRACE=full" "-e" "RUSTFLAGS=--cap-lints=warn" "-e" "RUSTDOCFLAGS=--cap-lints=warn" "-e" "CARGO_HOME=/opt/rustwide/cargo-home" "-e" "RUSTUP_HOME=/opt/rustwide/rustup-home" "-w" "/opt/rustwide/workdir" "-m" "1610612736" "--user" "0:0" "--network" "none" "ghcr.io/rust-lang/crates-build-env/linux@sha256:2788e3201cd34a07e3172128adcd8b3090168a8e3bcc40d7c032b9dda1df7d1c" "/opt/rustwide/cargo-home/bin/cargo" "+1.75.0" "test" "--frozen" "--no-run" "--message-format=json", kill_on_drop: false }`
[INFO] [stdout] 758b39943ebadf98dcf323be2ec65d571b9f8aa8b705cdf5663d777f9ec2b514
[INFO] running `Command { std: "docker" "start" "-a" "758b39943ebadf98dcf323be2ec65d571b9f8aa8b705cdf5663d777f9ec2b514", kill_on_drop: false }`
[INFO] [stderr]    Compiling inttype-enum v0.1.2 (/opt/rustwide/workdir)
[INFO] [stderr]     Finished test [unoptimized + debuginfo] target(s) in 0.37s
[INFO] running `Command { std: "docker" "inspect" "758b39943ebadf98dcf323be2ec65d571b9f8aa8b705cdf5663d777f9ec2b514", kill_on_drop: false }`
[INFO] running `Command { std: "docker" "rm" "-f" "758b39943ebadf98dcf323be2ec65d571b9f8aa8b705cdf5663d777f9ec2b514", kill_on_drop: false }`
[INFO] [stdout] 758b39943ebadf98dcf323be2ec65d571b9f8aa8b705cdf5663d777f9ec2b514
[INFO] running `Command { std: "docker" "create" "-v" "/var/lib/crater-agent-workspace/builds/worker-0-tc1/target:/opt/rustwide/target:rw,Z" "-v" "/var/lib/crater-agent-workspace/builds/worker-0-tc1/source:/opt/rustwide/workdir:ro,Z" "-v" "/var/lib/crater-agent-workspace/cargo-home:/opt/rustwide/cargo-home:ro,Z" "-v" "/var/lib/crater-agent-workspace/rustup-home:/opt/rustwide/rustup-home:ro,Z" "-e" "SOURCE_DIR=/opt/rustwide/workdir" "-e" "CARGO_TARGET_DIR=/opt/rustwide/target" "-e" "CARGO_INCREMENTAL=0" "-e" "RUST_BACKTRACE=full" "-e" "RUSTFLAGS=--cap-lints=warn" "-e" "RUSTDOCFLAGS=--cap-lints=warn" "-e" "CARGO_HOME=/opt/rustwide/cargo-home" "-e" "RUSTUP_HOME=/opt/rustwide/rustup-home" "-w" "/opt/rustwide/workdir" "-m" "1610612736" "--user" "0:0" "--network" "none" "ghcr.io/rust-lang/crates-build-env/linux@sha256:2788e3201cd34a07e3172128adcd8b3090168a8e3bcc40d7c032b9dda1df7d1c" "/opt/rustwide/cargo-home/bin/cargo" "+1.75.0" "test" "--frozen", kill_on_drop: false }`
[INFO] [stdout] 54754929eacb8fbb1ca6dbfce9a0b7e3f2c5a039bca5a445ae9739f90b2554a3
[INFO] running `Command { std: "docker" "start" "-a" "54754929eacb8fbb1ca6dbfce9a0b7e3f2c5a039bca5a445ae9739f90b2554a3", kill_on_drop: false }`
[INFO] [stderr]     Finished test [unoptimized + debuginfo] target(s) in 0.00s
[INFO] [stderr]      Running unittests src/lib.rs (/opt/rustwide/target/debug/deps/inttype_enum-4cc84d297f4eb6dd)
[INFO] [stdout] 
[INFO] [stdout] running 0 tests
[INFO] [stdout] 
[INFO] [stdout] test result: ok. 0 passed; 0 failed; 0 ignored; 0 measured; 0 filtered out; finished in 0.00s
[INFO] [stdout] 
[INFO] [stderr]    Doc-tests inttype-enum
[INFO] [stdout] 
[INFO] [stdout] running 2 tests
[INFO] [stdout] test src/lib.rs - (line 30) ... FAILED
[INFO] [stdout] test src/lib.rs - (line 16) ... FAILED
[INFO] [stdout] 
[INFO] [stdout] failures:
[INFO] [stdout] 
[INFO] [stdout] ---- src/lib.rs - (line 30) stdout ----
[INFO] [stdout] error: cannot find derive macro `IntType` in this scope
[INFO] [stdout]  --> src/lib.rs:31:10
[INFO] [stdout]   |
[INFO] [stdout] 3 | #[derive(IntType)]
[INFO] [stdout]   |          ^^^^^^^
[INFO] [stdout]   |
[INFO] [stdout] help: consider importing this derive macro
[INFO] [stdout]   |
[INFO] [stdout] 2 + use inttype_enum::IntType;
[INFO] [stdout]   |
[INFO] [stdout] 
[INFO] [stdout] error: cannot find attribute `default` in this scope
[INFO] [stdout]  --> src/lib.rs:36:7
[INFO] [stdout]   |
[INFO] [stdout] 8 |     #[default]
[INFO] [stdout]   |       ^^^^^^^
[INFO] [stdout]   |
[INFO] [stdout] help: consider adding a derive
[INFO] [stdout]   |
[INFO] [stdout] 5 + #[derive(Default)]
[INFO] [stdout] 6 | enum Method {
[INFO] [stdout]   |
[INFO] [stdout] 
[INFO] [stdout] error[E0277]: the trait bound `Method: From<{integer}>` is not satisfied
[INFO] [stdout]   --> src/lib.rs:39:20
[INFO] [stdout]    |
[INFO] [stdout] 11 | assert!(matches!(1.into(), Method::A));
[INFO] [stdout]    |                    ^^^^ the trait `From<{integer}>` is not implemented for `Method`
[INFO] [stdout]    |
[INFO] [stdout]    = note: required for `{integer}` to implement `Into<Method>`
[INFO] [stdout] 
[INFO] [stdout] error[E0277]: the trait bound `Method: From<{integer}>` is not satisfied
[INFO] [stdout]   --> src/lib.rs:40:20
[INFO] [stdout]    |
[INFO] [stdout] 12 | assert!(matches!(0.into(), Method::C));
[INFO] [stdout]    |                    ^^^^ the trait `From<{integer}>` is not implemented for `Method`
[INFO] [stdout]    |
[INFO] [stdout]    = note: required for `{integer}` to implement `Into<Method>`
[INFO] [stdout] 
[INFO] [stdout] error: aborting due to 4 previous errors
[INFO] [stdout] 
[INFO] [stdout] For more information about this error, try `rustc --explain E0277`.
[INFO] [stdout] Couldn't compile the test.
[INFO] [stdout] ---- src/lib.rs - (line 16) stdout ----
[INFO] [stdout] error: cannot find derive macro `IntType` in this scope
[INFO] [stdout]  --> src/lib.rs:17:10
[INFO] [stdout]   |
[INFO] [stdout] 3 | #[derive(IntType)]
[INFO] [stdout]   |          ^^^^^^^
[INFO] [stdout]   |
[INFO] [stdout] help: consider importing this derive macro
[INFO] [stdout]   |
[INFO] [stdout] 2 + use inttype_enum::IntType;
[INFO] [stdout]   |
[INFO] [stdout] 
[INFO] [stdout] error[E0277]: the trait bound `u8: From<Cmd>` is not satisfied
[INFO] [stdout]   --> src/lib.rs:25:29
[INFO] [stdout]    |
[INFO] [stdout] 11 | let conn: u8 = Cmd::Connect.into();
[INFO] [stdout]    |                             ^^^^ the trait `From<Cmd>` is not implemented for `u8`
[INFO] [stdout]    |
[INFO] [stdout]    = help: the following other types implement trait `From<T>`:
[INFO] [stdout]              <u8 as From<bool>>
[INFO] [stdout]              <u8 as From<NonZeroU8>>
[INFO] [stdout]    = note: required for `Cmd` to implement `Into<u8>`
[INFO] [stdout] 
[INFO] [stdout] error[E0277]: the trait bound `Cmd: From<u8>` is not satisfied
[INFO] [stdout]   --> src/lib.rs:26:18
[INFO] [stdout]    |
[INFO] [stdout] 12 | assert!(matches!(Cmd::try_from(conn), Ok(Cmd::Connect)));
[INFO] [stdout]    |                  ^^^ the trait `From<u8>` is not implemented for `Cmd`
[INFO] [stdout]    |
[INFO] [stdout]    = note: required for `u8` to implement `Into<Cmd>`
[INFO] [stdout]    = note: required for `Cmd` to implement `TryFrom<u8>`
[INFO] [stdout] 
[INFO] [stdout] error[E0277]: the trait bound `Cmd: From<{integer}>` is not satisfied
[INFO] [stdout]   --> src/lib.rs:27:18
[INFO] [stdout]    |
[INFO] [stdout] 13 | assert!(matches!(Cmd::try_from(0), Err(_)));
[INFO] [stdout]    |                  ^^^ the trait `From<{integer}>` is not implemented for `Cmd`
[INFO] [stdout]    |
[INFO] [stdout]    = note: required for `{integer}` to implement `Into<Cmd>`
[INFO] [stdout]    = note: required for `Cmd` to implement `TryFrom<{integer}>`
[INFO] [stdout] 
[INFO] [stdout] error[E0277]: the trait bound `Cmd: From<u8>` is not satisfied
[INFO] [stdout]   --> src/lib.rs:26:18
[INFO] [stdout]    |
[INFO] [stdout] 12 | assert!(matches!(Cmd::try_from(conn), Ok(Cmd::Connect)));
[INFO] [stdout]    |                  ^^^^^^^^^^^^^ the trait `From<u8>` is not implemented for `Cmd`
[INFO] [stdout]    |
[INFO] [stdout]    = note: required for `u8` to implement `Into<Cmd>`
[INFO] [stdout]    = note: required for `Cmd` to implement `TryFrom<u8>`
[INFO] [stdout] 
[INFO] [stdout] error[E0277]: the trait bound `Cmd: From<{integer}>` is not satisfied
[INFO] [stdout]   --> src/lib.rs:27:18
[INFO] [stdout]    |
[INFO] [stdout] 13 | assert!(matches!(Cmd::try_from(0), Err(_)));
[INFO] [stdout]    |                  ^^^^^^^^^^^^^ the trait `From<{integer}>` is not implemented for `Cmd`
[INFO] [stdout]    |
[INFO] [stdout]    = note: required for `{integer}` to implement `Into<Cmd>`
[INFO] [stdout]    = note: required for `Cmd` to implement `TryFrom<{integer}>`
[INFO] [stdout] 
[INFO] [stdout] error: aborting due to 6 previous errors
[INFO] [stdout] 
[INFO] [stdout] For more information about this error, try `rustc --explain E0277`.
[INFO] [stdout] Couldn't compile the test.
[INFO] [stdout] 
[INFO] [stdout] failures:
[INFO] [stdout]     src/lib.rs - (line 16)
[INFO] [stdout]     src/lib.rs - (line 30)
[INFO] [stdout] 
[INFO] [stdout] test result: FAILED. 0 passed; 2 failed; 0 ignored; 0 measured; 0 filtered out; finished in 0.04s
[INFO] [stdout] 
[INFO] [stderr] error: doctest failed, to rerun pass `--doc`
[INFO] running `Command { std: "docker" "inspect" "54754929eacb8fbb1ca6dbfce9a0b7e3f2c5a039bca5a445ae9739f90b2554a3", kill_on_drop: false }`
[INFO] running `Command { std: "docker" "rm" "-f" "54754929eacb8fbb1ca6dbfce9a0b7e3f2c5a039bca5a445ae9739f90b2554a3", kill_on_drop: false }`
[INFO] [stdout] 54754929eacb8fbb1ca6dbfce9a0b7e3f2c5a039bca5a445ae9739f90b2554a3
