[INFO] fetching crate into_variant 0.3.0...
[INFO] testing into_variant-0.3.0 against 1.75.0 for beta-1.76-1
[INFO] extracting crate into_variant 0.3.0 into /workspace/builds/worker-0-tc1/source
[INFO] validating manifest of crates.io crate into_variant 0.3.0 on toolchain 1.75.0
[INFO] running `Command { std: CARGO_HOME="/workspace/cargo-home" RUSTUP_HOME="/workspace/rustup-home" "/workspace/cargo-home/bin/cargo" "+1.75.0" "metadata" "--manifest-path" "Cargo.toml" "--no-deps", kill_on_drop: false }`
[INFO] started tweaking crates.io crate into_variant 0.3.0
[INFO] finished tweaking crates.io crate into_variant 0.3.0
[INFO] tweaked toml for crates.io crate into_variant 0.3.0 written to /workspace/builds/worker-0-tc1/source/Cargo.toml
[INFO] running `Command { std: CARGO_HOME="/workspace/cargo-home" RUSTUP_HOME="/workspace/rustup-home" "/workspace/cargo-home/bin/cargo" "+1.75.0" "generate-lockfile" "--manifest-path" "Cargo.toml", kill_on_drop: false }`
[INFO] [stderr]     Updating crates.io index
[INFO] running `Command { std: CARGO_HOME="/workspace/cargo-home" RUSTUP_HOME="/workspace/rustup-home" "/workspace/cargo-home/bin/cargo" "+1.75.0" "fetch" "--manifest-path" "Cargo.toml", kill_on_drop: false }`
[INFO] [stderr]  Downloading crates ...
[INFO] [stderr]   Downloaded into_variant_macro v0.3.0
[INFO] running `Command { std: "docker" "create" "-v" "/var/lib/crater-agent-workspace/builds/worker-0-tc1/target:/opt/rustwide/target:rw,Z" "-v" "/var/lib/crater-agent-workspace/builds/worker-0-tc1/source:/opt/rustwide/workdir:ro,Z" "-v" "/var/lib/crater-agent-workspace/cargo-home:/opt/rustwide/cargo-home:ro,Z" "-v" "/var/lib/crater-agent-workspace/rustup-home:/opt/rustwide/rustup-home:ro,Z" "-e" "SOURCE_DIR=/opt/rustwide/workdir" "-e" "CARGO_TARGET_DIR=/opt/rustwide/target" "-e" "CARGO_HOME=/opt/rustwide/cargo-home" "-e" "RUSTUP_HOME=/opt/rustwide/rustup-home" "-w" "/opt/rustwide/workdir" "-m" "1610612736" "--user" "0:0" "--network" "none" "ghcr.io/rust-lang/crates-build-env/linux@sha256:2788e3201cd34a07e3172128adcd8b3090168a8e3bcc40d7c032b9dda1df7d1c" "/opt/rustwide/cargo-home/bin/cargo" "+1.75.0" "metadata" "--no-deps" "--format-version=1", kill_on_drop: false }`
[INFO] [stdout] 85a0b8d30fa5a086fc3fdaccbc776099c80a00ba0ce71419bddc1cbefe87b365
[INFO] running `Command { std: "docker" "start" "-a" "85a0b8d30fa5a086fc3fdaccbc776099c80a00ba0ce71419bddc1cbefe87b365", kill_on_drop: false }`
[INFO] running `Command { std: "docker" "inspect" "85a0b8d30fa5a086fc3fdaccbc776099c80a00ba0ce71419bddc1cbefe87b365", kill_on_drop: false }`
[INFO] running `Command { std: "docker" "rm" "-f" "85a0b8d30fa5a086fc3fdaccbc776099c80a00ba0ce71419bddc1cbefe87b365", kill_on_drop: false }`
[INFO] [stdout] 85a0b8d30fa5a086fc3fdaccbc776099c80a00ba0ce71419bddc1cbefe87b365
[INFO] running `Command { std: "docker" "create" "-v" "/var/lib/crater-agent-workspace/builds/worker-0-tc1/target:/opt/rustwide/target:rw,Z" "-v" "/var/lib/crater-agent-workspace/builds/worker-0-tc1/source:/opt/rustwide/workdir:ro,Z" "-v" "/var/lib/crater-agent-workspace/cargo-home:/opt/rustwide/cargo-home:ro,Z" "-v" "/var/lib/crater-agent-workspace/rustup-home:/opt/rustwide/rustup-home:ro,Z" "-e" "SOURCE_DIR=/opt/rustwide/workdir" "-e" "CARGO_TARGET_DIR=/opt/rustwide/target" "-e" "CARGO_INCREMENTAL=0" "-e" "RUST_BACKTRACE=full" "-e" "RUSTFLAGS=--cap-lints=warn" "-e" "RUSTDOCFLAGS=--cap-lints=warn" "-e" "CARGO_HOME=/opt/rustwide/cargo-home" "-e" "RUSTUP_HOME=/opt/rustwide/rustup-home" "-w" "/opt/rustwide/workdir" "-m" "1610612736" "--user" "0:0" "--network" "none" "ghcr.io/rust-lang/crates-build-env/linux@sha256:2788e3201cd34a07e3172128adcd8b3090168a8e3bcc40d7c032b9dda1df7d1c" "/opt/rustwide/cargo-home/bin/cargo" "+1.75.0" "build" "--frozen" "--message-format=json", kill_on_drop: false }`
[INFO] [stdout] db68e12d7da775c677c14272086092c042c563529a552aef050ce259ddf7e12b
[INFO] running `Command { std: "docker" "start" "-a" "db68e12d7da775c677c14272086092c042c563529a552aef050ce259ddf7e12b", kill_on_drop: false }`
[INFO] [stderr]    Compiling proc-macro2 v1.0.75
[INFO] [stderr]    Compiling syn v1.0.109
[INFO] [stderr]    Compiling quote v1.0.35
[INFO] [stderr]    Compiling into_variant_macro v0.3.0
[INFO] [stderr]    Compiling into_variant v0.3.0 (/opt/rustwide/workdir)
[INFO] [stderr]     Finished dev [unoptimized + debuginfo] target(s) in 3.91s
[INFO] running `Command { std: "docker" "inspect" "db68e12d7da775c677c14272086092c042c563529a552aef050ce259ddf7e12b", kill_on_drop: false }`
[INFO] running `Command { std: "docker" "rm" "-f" "db68e12d7da775c677c14272086092c042c563529a552aef050ce259ddf7e12b", kill_on_drop: false }`
[INFO] [stdout] db68e12d7da775c677c14272086092c042c563529a552aef050ce259ddf7e12b
[INFO] running `Command { std: "docker" "create" "-v" "/var/lib/crater-agent-workspace/builds/worker-0-tc1/target:/opt/rustwide/target:rw,Z" "-v" "/var/lib/crater-agent-workspace/builds/worker-0-tc1/source:/opt/rustwide/workdir:ro,Z" "-v" "/var/lib/crater-agent-workspace/cargo-home:/opt/rustwide/cargo-home:ro,Z" "-v" "/var/lib/crater-agent-workspace/rustup-home:/opt/rustwide/rustup-home:ro,Z" "-e" "SOURCE_DIR=/opt/rustwide/workdir" "-e" "CARGO_TARGET_DIR=/opt/rustwide/target" "-e" "CARGO_INCREMENTAL=0" "-e" "RUST_BACKTRACE=full" "-e" "RUSTFLAGS=--cap-lints=warn" "-e" "RUSTDOCFLAGS=--cap-lints=warn" "-e" "CARGO_HOME=/opt/rustwide/cargo-home" "-e" "RUSTUP_HOME=/opt/rustwide/rustup-home" "-w" "/opt/rustwide/workdir" "-m" "1610612736" "--user" "0:0" "--network" "none" "ghcr.io/rust-lang/crates-build-env/linux@sha256:2788e3201cd34a07e3172128adcd8b3090168a8e3bcc40d7c032b9dda1df7d1c" "/opt/rustwide/cargo-home/bin/cargo" "+1.75.0" "test" "--frozen" "--no-run" "--message-format=json", kill_on_drop: false }`
[INFO] [stdout] f6646bdfd26b8227a081cb6f4ef10a70d9ddf4c22543353923692ac42c44428a
[INFO] running `Command { std: "docker" "start" "-a" "f6646bdfd26b8227a081cb6f4ef10a70d9ddf4c22543353923692ac42c44428a", kill_on_drop: false }`
[INFO] [stderr]    Compiling serde v1.0.194
[INFO] [stderr]    Compiling serde_json v1.0.111
[INFO] [stderr]    Compiling trybuild v1.0.87
[INFO] [stderr]    Compiling itoa v1.0.10
[INFO] [stderr]    Compiling ryu v1.0.16
[INFO] [stderr]    Compiling glob v0.3.1
[INFO] [stderr]    Compiling termcolor v1.4.0
[INFO] [stderr]    Compiling once_cell v1.19.0
[INFO] [stderr]    Compiling syn v2.0.48
[INFO] [stderr]    Compiling serde_derive v1.0.194
[INFO] [stderr]    Compiling basic-toml v0.1.8
[INFO] [stderr]    Compiling into_variant v0.3.0 (/opt/rustwide/workdir)
[INFO] [stderr]     Finished test [unoptimized + debuginfo] target(s) in 8.14s
[INFO] running `Command { std: "docker" "inspect" "f6646bdfd26b8227a081cb6f4ef10a70d9ddf4c22543353923692ac42c44428a", kill_on_drop: false }`
[INFO] running `Command { std: "docker" "rm" "-f" "f6646bdfd26b8227a081cb6f4ef10a70d9ddf4c22543353923692ac42c44428a", kill_on_drop: false }`
[INFO] [stdout] f6646bdfd26b8227a081cb6f4ef10a70d9ddf4c22543353923692ac42c44428a
[INFO] running `Command { std: "docker" "create" "-v" "/var/lib/crater-agent-workspace/builds/worker-0-tc1/target:/opt/rustwide/target:rw,Z" "-v" "/var/lib/crater-agent-workspace/builds/worker-0-tc1/source:/opt/rustwide/workdir:ro,Z" "-v" "/var/lib/crater-agent-workspace/cargo-home:/opt/rustwide/cargo-home:ro,Z" "-v" "/var/lib/crater-agent-workspace/rustup-home:/opt/rustwide/rustup-home:ro,Z" "-e" "SOURCE_DIR=/opt/rustwide/workdir" "-e" "CARGO_TARGET_DIR=/opt/rustwide/target" "-e" "CARGO_INCREMENTAL=0" "-e" "RUST_BACKTRACE=full" "-e" "RUSTFLAGS=--cap-lints=warn" "-e" "RUSTDOCFLAGS=--cap-lints=warn" "-e" "CARGO_HOME=/opt/rustwide/cargo-home" "-e" "RUSTUP_HOME=/opt/rustwide/rustup-home" "-w" "/opt/rustwide/workdir" "-m" "1610612736" "--user" "0:0" "--network" "none" "ghcr.io/rust-lang/crates-build-env/linux@sha256:2788e3201cd34a07e3172128adcd8b3090168a8e3bcc40d7c032b9dda1df7d1c" "/opt/rustwide/cargo-home/bin/cargo" "+1.75.0" "test" "--frozen", kill_on_drop: false }`
[INFO] [stdout] c9219fc7f93280e4e680a2c9494353e1546b99f21b3d797239420c78dd6e4db7
[INFO] running `Command { std: "docker" "start" "-a" "c9219fc7f93280e4e680a2c9494353e1546b99f21b3d797239420c78dd6e4db7", kill_on_drop: false }`
[INFO] [stderr]     Finished test [unoptimized + debuginfo] target(s) in 0.01s
[INFO] [stderr]      Running unittests src/lib.rs (/opt/rustwide/target/debug/deps/into_variant-4ee612a8d58deb63)
[INFO] [stdout] 
[INFO] [stdout] running 1 test
[INFO] [stderr]    Compiling proc-macro2 v1.0.75
[INFO] [stderr]    Compiling unicode-ident v1.0.12
[INFO] [stderr]    Compiling syn v1.0.109
[INFO] [stderr]    Compiling quote v1.0.35
[INFO] [stderr]    Compiling into_variant_macro v0.3.0
[INFO] [stderr]     Checking into_variant v0.3.0 (/opt/rustwide/workdir)
[INFO] [stderr]     Checking into_variant-tests v0.0.0 (/opt/rustwide/target/tests/trybuild/into_variant)
[INFO] [stderr]     Finished dev [unoptimized + debuginfo] target(s) in 5.16s
[INFO] [stderr] 
[INFO] [stderr] 
[INFO] [stderr] test tests_error/conflicting_impls.rs ... mismatch
[INFO] [stderr] 
[INFO] [stderr] EXPECTED:
[INFO] [stderr] ┈┈┈┈┈┈┈┈┈┈┈┈┈┈┈┈┈┈┈┈┈┈┈┈┈┈┈┈┈┈┈┈┈┈┈┈┈┈┈┈┈┈┈┈┈┈┈┈┈┈┈┈┈┈┈┈┈┈┈┈
[INFO] [stderr] error[E0119]: conflicting implementations of trait `into_variant::IntoVariant<_>` for type `D`
[INFO] [stderr]   --> tests_error/conflicting_impls.rs:14:10
[INFO] [stderr]    |
[INFO] [stderr] 9  | #[derive(VariantFrom)]
[INFO] [stderr]    |          ----------- first implementation here
[INFO] [stderr] ...
[INFO] [stderr] 14 | #[derive(VariantFrom)]
[INFO] [stderr]    |          ^^^^^^^^^^^ conflicting implementation for `D`
[INFO] [stderr]    |
[INFO] [stderr]    = note: this error originates in the derive macro `VariantFrom` (in Nightly builds, run with -Z macro-backtrace for more info)
[INFO] [stderr] ┈┈┈┈┈┈┈┈┈┈┈┈┈┈┈┈┈┈┈┈┈┈┈┈┈┈┈┈┈┈┈┈┈┈┈┈┈┈┈┈┈┈┈┈┈┈┈┈┈┈┈┈┈┈┈┈┈┈┈┈
[INFO] [stderr] 
[INFO] [stderr] ACTUAL OUTPUT:
[INFO] [stderr] ┈┈┈┈┈┈┈┈┈┈┈┈┈┈┈┈┈┈┈┈┈┈┈┈┈┈┈┈┈┈┈┈┈┈┈┈┈┈┈┈┈┈┈┈┈┈┈┈┈┈┈┈┈┈┈┈┈┈┈┈
[INFO] [stderr] error[E0119]: conflicting implementations of trait `IntoVariant<_>` for type `D`
[INFO] [stderr]   --> tests_error/conflicting_impls.rs:14:10
[INFO] [stderr]    |
[INFO] [stderr] 9  | #[derive(VariantFrom)]
[INFO] [stderr]    |          ----------- first implementation here
[INFO] [stderr] ...
[INFO] [stderr] 14 | #[derive(VariantFrom)]
[INFO] [stderr]    |          ^^^^^^^^^^^ conflicting implementation for `D`
[INFO] [stderr]    |
[INFO] [stderr]    = note: this error originates in the derive macro `VariantFrom` (in Nightly builds, run with -Z macro-backtrace for more info)
[INFO] [stderr] ┈┈┈┈┈┈┈┈┈┈┈┈┈┈┈┈┈┈┈┈┈┈┈┈┈┈┈┈┈┈┈┈┈┈┈┈┈┈┈┈┈┈┈┈┈┈┈┈┈┈┈┈┈┈┈┈┈┈┈┈
[INFO] [stderr] note: If the actual output is the correct output you can bless it by rerunning
[INFO] [stderr]       your test with the environment variable TRYBUILD=overwrite
[INFO] [stderr] 
[INFO] [stderr] test tests_error/generic_enum.rs ... ok
[INFO] [stderr] test tests_error/invalid_annotation.rs ... ok
[INFO] [stderr] test tests_error/named_fields_variant.rs ... ok
[INFO] [stderr] test tests_error/not_an_enum.rs ... ok
[INFO] [stderr] test tests_error/tuple_field.rs ... ok
[INFO] [stderr] test tests_error/tuple_variant.rs ... ok
[INFO] [stderr] 
[INFO] [stderr] 
[INFO] [stdout] test test_compile_errors ... FAILED
[INFO] [stdout] 
[INFO] [stdout] failures:
[INFO] [stdout] 
[INFO] [stdout] ---- test_compile_errors stdout ----
[INFO] [stdout] thread 'test_compile_errors' panicked at /opt/rustwide/cargo-home/registry/src/index.crates.io-6f17d22bba15001f/trybuild-1.0.87/src/run.rs:101:13:
[INFO] [stdout] 1 of 7 tests failed
[INFO] [stdout] stack backtrace:
[INFO] [stdout]    0:     0x560cb14cd9ec - std::backtrace_rs::backtrace::libunwind::trace::ha637c64ce894333a
[INFO] [stdout]                                at /rustc/82e1608dfa6e0b5569232559e3d385fea5a93112/library/std/src/../../backtrace/src/backtrace/libunwind.rs:104:5
[INFO] [stdout]    1:     0x560cb14cd9ec - std::backtrace_rs::backtrace::trace_unsynchronized::h47f62dea28e0c88d
[INFO] [stdout]                                at /rustc/82e1608dfa6e0b5569232559e3d385fea5a93112/library/std/src/../../backtrace/src/backtrace/mod.rs:66:5
[INFO] [stdout]    2:     0x560cb14cd9ec - std::sys_common::backtrace::_print_fmt::h9eef0abe20ede486
[INFO] [stdout]                                at /rustc/82e1608dfa6e0b5569232559e3d385fea5a93112/library/std/src/sys_common/backtrace.rs:67:5
[INFO] [stdout]    3:     0x560cb14cd9ec - <std::sys_common::backtrace::_print::DisplayBacktrace as core::fmt::Display>::fmt::hed7f999df88cc644
[INFO] [stdout]                                at /rustc/82e1608dfa6e0b5569232559e3d385fea5a93112/library/std/src/sys_common/backtrace.rs:44:22
[INFO] [stdout]    4:     0x560cb14f9dd0 - core::fmt::rt::Argument::fmt::h1539a9308b8d058d
[INFO] [stdout]                                at /rustc/82e1608dfa6e0b5569232559e3d385fea5a93112/library/core/src/fmt/rt.rs:142:9
[INFO] [stdout]    5:     0x560cb14f9dd0 - core::fmt::write::h3a39390d8560d9c9
[INFO] [stdout]                                at /rustc/82e1608dfa6e0b5569232559e3d385fea5a93112/library/core/src/fmt/mod.rs:1120:17
[INFO] [stdout]    6:     0x560cb14ca89f - std::io::Write::write_fmt::h040b369f3a0f9cbc
[INFO] [stdout]                                at /rustc/82e1608dfa6e0b5569232559e3d385fea5a93112/library/std/src/io/mod.rs:1762:15
[INFO] [stdout]    7:     0x560cb14cd7d4 - std::sys_common::backtrace::_print::h894006fb5c6f3d45
[INFO] [stdout]                                at /rustc/82e1608dfa6e0b5569232559e3d385fea5a93112/library/std/src/sys_common/backtrace.rs:47:5
[INFO] [stdout]    8:     0x560cb14cd7d4 - std::sys_common::backtrace::print::h23a2d212c6fff936
[INFO] [stdout]                                at /rustc/82e1608dfa6e0b5569232559e3d385fea5a93112/library/std/src/sys_common/backtrace.rs:34:9
[INFO] [stdout]    9:     0x560cb14cf497 - std::panicking::default_hook::{{closure}}::h8a1d2ee00185001a
[INFO] [stdout]   10:     0x560cb14cf183 - std::panicking::default_hook::h6038f2eba384e475
[INFO] [stdout]                                at /rustc/82e1608dfa6e0b5569232559e3d385fea5a93112/library/std/src/panicking.rs:289:9
[INFO] [stdout]   11:     0x560cb149dc87 - <alloc::boxed::Box<F,A> as core::ops::function::Fn<Args>>::call::h0ad024c9bdc6d768
[INFO] [stdout]                                at /rustc/82e1608dfa6e0b5569232559e3d385fea5a93112/library/alloc/src/boxed.rs:2021:9
[INFO] [stdout]   12:     0x560cb149dc87 - test::test_main::{{closure}}::h7500b54257359db6
[INFO] [stdout]                                at /rustc/82e1608dfa6e0b5569232559e3d385fea5a93112/library/test/src/lib.rs:138:21
[INFO] [stdout]   13:     0x560cb14cfaa8 - <alloc::boxed::Box<F,A> as core::ops::function::Fn<Args>>::call::h1f8f335eaa9cfaee
[INFO] [stdout]                                at /rustc/82e1608dfa6e0b5569232559e3d385fea5a93112/library/alloc/src/boxed.rs:2021:9
[INFO] [stdout]   14:     0x560cb14cfaa8 - std::panicking::rust_panic_with_hook::h2b5517d590cab22e
[INFO] [stdout]                                at /rustc/82e1608dfa6e0b5569232559e3d385fea5a93112/library/std/src/panicking.rs:783:13
[INFO] [stdout]   15:     0x560cb14cf7fe - std::panicking::begin_panic_handler::{{closure}}::h233112c06e0ef43e
[INFO] [stdout]                                at /rustc/82e1608dfa6e0b5569232559e3d385fea5a93112/library/std/src/panicking.rs:657:13
[INFO] [stdout]   16:     0x560cb14cdeb6 - std::sys_common::backtrace::__rust_end_short_backtrace::h6e893f24d7ebbff8
[INFO] [stdout]                                at /rustc/82e1608dfa6e0b5569232559e3d385fea5a93112/library/std/src/sys_common/backtrace.rs:170:18
[INFO] [stdout]   17:     0x560cb14cf562 - rust_begin_unwind
[INFO] [stdout]                                at /rustc/82e1608dfa6e0b5569232559e3d385fea5a93112/library/std/src/panicking.rs:645:5
[INFO] [stdout]   18:     0x560cb127bfc5 - core::panicking::panic_fmt::hbf0e066aabfa482c
[INFO] [stdout]                                at /rustc/82e1608dfa6e0b5569232559e3d385fea5a93112/library/core/src/panicking.rs:72:14
[INFO] [stdout]   19:     0x560cb128ad23 - trybuild::run::<impl trybuild::Runner>::run::h5fe8ecd04039730a
[INFO] [stdout]                                at /opt/rustwide/cargo-home/registry/src/index.crates.io-6f17d22bba15001f/trybuild-1.0.87/src/run.rs:101:13
[INFO] [stdout]   20:     0x560cb12904d8 - <trybuild::TestCases as core::ops::drop::Drop>::drop::h24670552e51a4799
[INFO] [stdout]                                at /opt/rustwide/cargo-home/registry/src/index.crates.io-6f17d22bba15001f/trybuild-1.0.87/src/lib.rs:317:13
[INFO] [stdout]   21:     0x560cb127cbc7 - core::ptr::drop_in_place<trybuild::TestCases>::ha6b85b2af1f5c0b8
[INFO] [stdout]                                at /rustc/82e1608dfa6e0b5569232559e3d385fea5a93112/library/core/src/ptr/mod.rs:498:1
[INFO] [stdout]   22:     0x560cb127db53 - into_variant::test_compile_errors::hdd35278df9d8f540
[INFO] [stdout]                                at /opt/rustwide/workdir/src/lib.rs:73:1
[INFO] [stdout]   23:     0x560cb127dae7 - into_variant::test_compile_errors::{{closure}}::h7e3cd685eb3b4df6
[INFO] [stdout]                                at /opt/rustwide/workdir/src/lib.rs:70:25
[INFO] [stdout]   24:     0x560cb127cb76 - core::ops::function::FnOnce::call_once::h80db3b09520f46e6
[INFO] [stdout]                                at /rustc/82e1608dfa6e0b5569232559e3d385fea5a93112/library/core/src/ops/function.rs:250:5
[INFO] [stdout]   25:     0x560cb14a32df - core::ops::function::FnOnce::call_once::h2b5d431d5046312d
[INFO] [stdout]                                at /rustc/82e1608dfa6e0b5569232559e3d385fea5a93112/library/core/src/ops/function.rs:250:5
[INFO] [stdout]   26:     0x560cb14a32df - test::__rust_begin_short_backtrace::h7714669af176e207
[INFO] [stdout]                                at /rustc/82e1608dfa6e0b5569232559e3d385fea5a93112/library/test/src/lib.rs:628:18
[INFO] [stdout]   27:     0x560cb14a22f5 - test::run_test_in_process::{{closure}}::h85218797dcbcec12
[INFO] [stdout]                                at /rustc/82e1608dfa6e0b5569232559e3d385fea5a93112/library/test/src/lib.rs:651:60
[INFO] [stdout]   28:     0x560cb14a22f5 - <core::panic::unwind_safe::AssertUnwindSafe<F> as core::ops::function::FnOnce<()>>::call_once::h76c106ea31c14d7b
[INFO] [stdout]                                at /rustc/82e1608dfa6e0b5569232559e3d385fea5a93112/library/core/src/panic/unwind_safe.rs:272:9
[INFO] [stdout]   29:     0x560cb14a22f5 - std::panicking::try::do_call::h3bd5d0f6620ee946
[INFO] [stdout]                                at /rustc/82e1608dfa6e0b5569232559e3d385fea5a93112/library/std/src/panicking.rs:552:40
[INFO] [stdout]   30:     0x560cb14a22f5 - std::panicking::try::h232e535e4744fe31
[INFO] [stdout]                                at /rustc/82e1608dfa6e0b5569232559e3d385fea5a93112/library/std/src/panicking.rs:516:19
[INFO] [stdout]   31:     0x560cb14a22f5 - std::panic::catch_unwind::h3ce3bd6ca8dbac68
[INFO] [stdout]                                at /rustc/82e1608dfa6e0b5569232559e3d385fea5a93112/library/std/src/panic.rs:142:14
[INFO] [stdout]   32:     0x560cb14a22f5 - test::run_test_in_process::hc97b257c9621286a
[INFO] [stdout]                                at /rustc/82e1608dfa6e0b5569232559e3d385fea5a93112/library/test/src/lib.rs:651:27
[INFO] [stdout]   33:     0x560cb14a22f5 - test::run_test::{{closure}}::h2aa798823a438d38
[INFO] [stdout]                                at /rustc/82e1608dfa6e0b5569232559e3d385fea5a93112/library/test/src/lib.rs:574:43
[INFO] [stdout]   34:     0x560cb146a5b6 - test::run_test::{{closure}}::h87d231c78fb59832
[INFO] [stdout]                                at /rustc/82e1608dfa6e0b5569232559e3d385fea5a93112/library/test/src/lib.rs:602:41
[INFO] [stdout]   35:     0x560cb146a5b6 - std::sys_common::backtrace::__rust_begin_short_backtrace::he6df152596625789
[INFO] [stdout]                                at /rustc/82e1608dfa6e0b5569232559e3d385fea5a93112/library/std/src/sys_common/backtrace.rs:154:18
[INFO] [stdout]   36:     0x560cb146f667 - std::thread::Builder::spawn_unchecked_::{{closure}}::{{closure}}::ha94be15d1e0acf36
[INFO] [stdout]                                at /rustc/82e1608dfa6e0b5569232559e3d385fea5a93112/library/std/src/thread/mod.rs:529:17
[INFO] [stdout]   37:     0x560cb146f667 - <core::panic::unwind_safe::AssertUnwindSafe<F> as core::ops::function::FnOnce<()>>::call_once::h9dc6bd6372f16606
[INFO] [stdout]                                at /rustc/82e1608dfa6e0b5569232559e3d385fea5a93112/library/core/src/panic/unwind_safe.rs:272:9
[INFO] [stdout]   38:     0x560cb146f667 - std::panicking::try::do_call::h9057517f80303cd4
[INFO] [stdout]                                at /rustc/82e1608dfa6e0b5569232559e3d385fea5a93112/library/std/src/panicking.rs:552:40
[INFO] [stdout]   39:     0x560cb146f667 - std::panicking::try::he3a30b11ee45340c
[INFO] [stdout]                                at /rustc/82e1608dfa6e0b5569232559e3d385fea5a93112/library/std/src/panicking.rs:516:19
[INFO] [stdout]   40:     0x560cb146f667 - std::panic::catch_unwind::h410458cfd3528b8b
[INFO] [stdout]                                at /rustc/82e1608dfa6e0b5569232559e3d385fea5a93112/library/std/src/panic.rs:142:14
[INFO] [stdout]   41:     0x560cb146f667 - std::thread::Builder::spawn_unchecked_::{{closure}}::h72ac3bdb567b737b
[INFO] [stdout]                                at /rustc/82e1608dfa6e0b5569232559e3d385fea5a93112/library/std/src/thread/mod.rs:528:30
[INFO] [stdout]   42:     0x560cb146f667 - core::ops::function::FnOnce::call_once{{vtable.shim}}::h38f34da3654a8344
[INFO] [stdout]                                at /rustc/82e1608dfa6e0b5569232559e3d385fea5a93112/library/core/src/ops/function.rs:250:5
[INFO] [stdout]   43:     0x560cb14d5685 - <alloc::boxed::Box<F,A> as core::ops::function::FnOnce<Args>>::call_once::hc7eafaff61e32df9
[INFO] [stdout]                                at /rustc/82e1608dfa6e0b5569232559e3d385fea5a93112/library/alloc/src/boxed.rs:2007:9
[INFO] [stdout]   44:     0x560cb14d5685 - <alloc::boxed::Box<F,A> as core::ops::function::FnOnce<Args>>::call_once::h6ba4a5de48dd2304
[INFO] [stdout]                                at /rustc/82e1608dfa6e0b5569232559e3d385fea5a93112/library/alloc/src/boxed.rs:2007:9
[INFO] [stdout]   45:     0x560cb14d5685 - std::sys::unix::thread::Thread::new::thread_start::he469335aef763e45
[INFO] [stdout]                                at /rustc/82e1608dfa6e0b5569232559e3d385fea5a93112/library/std/src/sys/unix/thread.rs:108:17
[INFO] [stdout]   46:     0x7ff65e857ac3 - <unknown>
[INFO] [stdout]   47:     0x7ff65e8e8bf4 - __clone
[INFO] [stdout]   48:                0x0 - <unknown>
[INFO] [stdout] 
[INFO] [stdout] 
[INFO] [stdout] failures:
[INFO] [stdout]     test_compile_errors
[INFO] [stdout] 
[INFO] [stdout] test result: FAILED. 0 passed; 1 failed; 0 ignored; 0 measured; 0 filtered out; finished in 5.31s
[INFO] [stdout] 
[INFO] [stderr] error: test failed, to rerun pass `--lib`
[INFO] running `Command { std: "docker" "inspect" "c9219fc7f93280e4e680a2c9494353e1546b99f21b3d797239420c78dd6e4db7", kill_on_drop: false }`
[INFO] running `Command { std: "docker" "rm" "-f" "c9219fc7f93280e4e680a2c9494353e1546b99f21b3d797239420c78dd6e4db7", kill_on_drop: false }`
[INFO] [stdout] c9219fc7f93280e4e680a2c9494353e1546b99f21b3d797239420c78dd6e4db7
[INFO] testing into_variant-0.3.0 against beta-2023-12-22 for beta-1.76-1
[INFO] extracting crate into_variant 0.3.0 into /workspace/builds/worker-0-tc2/source
[INFO] validating manifest of crates.io crate into_variant 0.3.0 on toolchain beta-2023-12-22
[INFO] running `Command { std: CARGO_HOME="/workspace/cargo-home" RUSTUP_HOME="/workspace/rustup-home" "/workspace/cargo-home/bin/cargo" "+beta-2023-12-22" "metadata" "--manifest-path" "Cargo.toml" "--no-deps", kill_on_drop: false }`
[INFO] started tweaking crates.io crate into_variant 0.3.0
[INFO] finished tweaking crates.io crate into_variant 0.3.0
[INFO] tweaked toml for crates.io crate into_variant 0.3.0 written to /workspace/builds/worker-0-tc2/source/Cargo.toml
[INFO] running `Command { std: CARGO_HOME="/workspace/cargo-home" RUSTUP_HOME="/workspace/rustup-home" "/workspace/cargo-home/bin/cargo" "+beta-2023-12-22" "generate-lockfile" "--manifest-path" "Cargo.toml", kill_on_drop: false }`
[INFO] [stderr]     Updating crates.io index
[INFO] running `Command { std: CARGO_HOME="/workspace/cargo-home" RUSTUP_HOME="/workspace/rustup-home" "/workspace/cargo-home/bin/cargo" "+beta-2023-12-22" "fetch" "--manifest-path" "Cargo.toml", kill_on_drop: false }`
[INFO] running `Command { std: "docker" "create" "-v" "/var/lib/crater-agent-workspace/builds/worker-0-tc2/target:/opt/rustwide/target:rw,Z" "-v" "/var/lib/crater-agent-workspace/builds/worker-0-tc2/source:/opt/rustwide/workdir:ro,Z" "-v" "/var/lib/crater-agent-workspace/cargo-home:/opt/rustwide/cargo-home:ro,Z" "-v" "/var/lib/crater-agent-workspace/rustup-home:/opt/rustwide/rustup-home:ro,Z" "-e" "SOURCE_DIR=/opt/rustwide/workdir" "-e" "CARGO_TARGET_DIR=/opt/rustwide/target" "-e" "CARGO_HOME=/opt/rustwide/cargo-home" "-e" "RUSTUP_HOME=/opt/rustwide/rustup-home" "-w" "/opt/rustwide/workdir" "-m" "1610612736" "--user" "0:0" "--network" "none" "ghcr.io/rust-lang/crates-build-env/linux@sha256:2788e3201cd34a07e3172128adcd8b3090168a8e3bcc40d7c032b9dda1df7d1c" "/opt/rustwide/cargo-home/bin/cargo" "+beta-2023-12-22" "metadata" "--no-deps" "--format-version=1", kill_on_drop: false }`
[INFO] [stdout] 2754b2a6bb35b535652d142da30f6e1d7fe41c9f25aa63b051b018bc7bdf0d8f
[INFO] running `Command { std: "docker" "start" "-a" "2754b2a6bb35b535652d142da30f6e1d7fe41c9f25aa63b051b018bc7bdf0d8f", kill_on_drop: false }`
[INFO] running `Command { std: "docker" "inspect" "2754b2a6bb35b535652d142da30f6e1d7fe41c9f25aa63b051b018bc7bdf0d8f", kill_on_drop: false }`
[INFO] running `Command { std: "docker" "rm" "-f" "2754b2a6bb35b535652d142da30f6e1d7fe41c9f25aa63b051b018bc7bdf0d8f", kill_on_drop: false }`
[INFO] [stdout] 2754b2a6bb35b535652d142da30f6e1d7fe41c9f25aa63b051b018bc7bdf0d8f
[INFO] running `Command { std: "docker" "create" "-v" "/var/lib/crater-agent-workspace/builds/worker-0-tc2/target:/opt/rustwide/target:rw,Z" "-v" "/var/lib/crater-agent-workspace/builds/worker-0-tc2/source:/opt/rustwide/workdir:ro,Z" "-v" "/var/lib/crater-agent-workspace/cargo-home:/opt/rustwide/cargo-home:ro,Z" "-v" "/var/lib/crater-agent-workspace/rustup-home:/opt/rustwide/rustup-home:ro,Z" "-e" "SOURCE_DIR=/opt/rustwide/workdir" "-e" "CARGO_TARGET_DIR=/opt/rustwide/target" "-e" "CARGO_INCREMENTAL=0" "-e" "RUST_BACKTRACE=full" "-e" "RUSTFLAGS=--cap-lints=warn" "-e" "RUSTDOCFLAGS=--cap-lints=warn" "-e" "CARGO_HOME=/opt/rustwide/cargo-home" "-e" "RUSTUP_HOME=/opt/rustwide/rustup-home" "-w" "/opt/rustwide/workdir" "-m" "1610612736" "--user" "0:0" "--network" "none" "ghcr.io/rust-lang/crates-build-env/linux@sha256:2788e3201cd34a07e3172128adcd8b3090168a8e3bcc40d7c032b9dda1df7d1c" "/opt/rustwide/cargo-home/bin/cargo" "+beta-2023-12-22" "build" "--frozen" "--message-format=json", kill_on_drop: false }`
[INFO] [stdout] bd253186a19ec2db899fbb35933677c6c9d6aa361a525a2034e5296307a7386b
[INFO] running `Command { std: "docker" "start" "-a" "bd253186a19ec2db899fbb35933677c6c9d6aa361a525a2034e5296307a7386b", kill_on_drop: false }`
[INFO] [stderr]    Compiling proc-macro2 v1.0.75
[INFO] [stderr]    Compiling syn v1.0.109
[INFO] [stderr]    Compiling quote v1.0.35
[INFO] [stderr]    Compiling into_variant_macro v0.3.0
[INFO] [stderr]    Compiling into_variant v0.3.0 (/opt/rustwide/workdir)
[INFO] [stderr]     Finished dev [unoptimized + debuginfo] target(s) in 5.23s
[INFO] running `Command { std: "docker" "inspect" "bd253186a19ec2db899fbb35933677c6c9d6aa361a525a2034e5296307a7386b", kill_on_drop: false }`
[INFO] running `Command { std: "docker" "rm" "-f" "bd253186a19ec2db899fbb35933677c6c9d6aa361a525a2034e5296307a7386b", kill_on_drop: false }`
[INFO] [stdout] bd253186a19ec2db899fbb35933677c6c9d6aa361a525a2034e5296307a7386b
[INFO] running `Command { std: "docker" "create" "-v" "/var/lib/crater-agent-workspace/builds/worker-0-tc2/target:/opt/rustwide/target:rw,Z" "-v" "/var/lib/crater-agent-workspace/builds/worker-0-tc2/source:/opt/rustwide/workdir:ro,Z" "-v" "/var/lib/crater-agent-workspace/cargo-home:/opt/rustwide/cargo-home:ro,Z" "-v" "/var/lib/crater-agent-workspace/rustup-home:/opt/rustwide/rustup-home:ro,Z" "-e" "SOURCE_DIR=/opt/rustwide/workdir" "-e" "CARGO_TARGET_DIR=/opt/rustwide/target" "-e" "CARGO_INCREMENTAL=0" "-e" "RUST_BACKTRACE=full" "-e" "RUSTFLAGS=--cap-lints=warn" "-e" "RUSTDOCFLAGS=--cap-lints=warn" "-e" "CARGO_HOME=/opt/rustwide/cargo-home" "-e" "RUSTUP_HOME=/opt/rustwide/rustup-home" "-w" "/opt/rustwide/workdir" "-m" "1610612736" "--user" "0:0" "--network" "none" "ghcr.io/rust-lang/crates-build-env/linux@sha256:2788e3201cd34a07e3172128adcd8b3090168a8e3bcc40d7c032b9dda1df7d1c" "/opt/rustwide/cargo-home/bin/cargo" "+beta-2023-12-22" "test" "--frozen" "--no-run" "--message-format=json", kill_on_drop: false }`
[INFO] [stdout] 39aea06b91b7f2b47b24bffc3b05b851db024615296110f1afcda92c3f69bb7a
[INFO] running `Command { std: "docker" "start" "-a" "39aea06b91b7f2b47b24bffc3b05b851db024615296110f1afcda92c3f69bb7a", kill_on_drop: false }`
[INFO] [stderr]    Compiling serde v1.0.194
[INFO] [stderr]    Compiling serde_json v1.0.111
[INFO] [stderr]    Compiling trybuild v1.0.87
[INFO] [stderr]    Compiling itoa v1.0.10
[INFO] [stderr]    Compiling ryu v1.0.16
[INFO] [stderr]    Compiling once_cell v1.19.0
[INFO] [stderr]    Compiling termcolor v1.4.0
[INFO] [stderr]    Compiling glob v0.3.1
[INFO] [stderr]    Compiling syn v2.0.48
[INFO] [stderr]    Compiling serde_derive v1.0.194
[INFO] [stderr]    Compiling basic-toml v0.1.8
[INFO] [stderr]    Compiling into_variant v0.3.0 (/opt/rustwide/workdir)
[INFO] [stderr]     Finished test [unoptimized + debuginfo] target(s) in 7.38s
[INFO] running `Command { std: "docker" "inspect" "39aea06b91b7f2b47b24bffc3b05b851db024615296110f1afcda92c3f69bb7a", kill_on_drop: false }`
[INFO] running `Command { std: "docker" "rm" "-f" "39aea06b91b7f2b47b24bffc3b05b851db024615296110f1afcda92c3f69bb7a", kill_on_drop: false }`
[INFO] [stdout] 39aea06b91b7f2b47b24bffc3b05b851db024615296110f1afcda92c3f69bb7a
[INFO] running `Command { std: "docker" "create" "-v" "/var/lib/crater-agent-workspace/builds/worker-0-tc2/target:/opt/rustwide/target:rw,Z" "-v" "/var/lib/crater-agent-workspace/builds/worker-0-tc2/source:/opt/rustwide/workdir:ro,Z" "-v" "/var/lib/crater-agent-workspace/cargo-home:/opt/rustwide/cargo-home:ro,Z" "-v" "/var/lib/crater-agent-workspace/rustup-home:/opt/rustwide/rustup-home:ro,Z" "-e" "SOURCE_DIR=/opt/rustwide/workdir" "-e" "CARGO_TARGET_DIR=/opt/rustwide/target" "-e" "CARGO_INCREMENTAL=0" "-e" "RUST_BACKTRACE=full" "-e" "RUSTFLAGS=--cap-lints=warn" "-e" "RUSTDOCFLAGS=--cap-lints=warn" "-e" "CARGO_HOME=/opt/rustwide/cargo-home" "-e" "RUSTUP_HOME=/opt/rustwide/rustup-home" "-w" "/opt/rustwide/workdir" "-m" "1610612736" "--user" "0:0" "--network" "none" "ghcr.io/rust-lang/crates-build-env/linux@sha256:2788e3201cd34a07e3172128adcd8b3090168a8e3bcc40d7c032b9dda1df7d1c" "/opt/rustwide/cargo-home/bin/cargo" "+beta-2023-12-22" "test" "--frozen", kill_on_drop: false }`
[INFO] [stdout] 12f56424bcaba8f200523c4362f73e3e274261f79ad0222c980a1d6f4420eb5d
[INFO] running `Command { std: "docker" "start" "-a" "12f56424bcaba8f200523c4362f73e3e274261f79ad0222c980a1d6f4420eb5d", kill_on_drop: false }`
[INFO] [stderr]     Finished test [unoptimized + debuginfo] target(s) in 0.01s
[INFO] [stderr]      Running unittests src/lib.rs (/opt/rustwide/target/debug/deps/into_variant-06ba364a911e1ee1)
[INFO] [stdout] 
[INFO] [stdout] running 1 test
[INFO] [stderr]    Compiling proc-macro2 v1.0.75
[INFO] [stderr]    Compiling unicode-ident v1.0.12
[INFO] [stderr]    Compiling syn v1.0.109
[INFO] [stderr]    Compiling quote v1.0.35
[INFO] [stderr]    Compiling into_variant_macro v0.3.0
[INFO] [stderr]     Checking into_variant v0.3.0 (/opt/rustwide/workdir)
[INFO] [stderr]     Checking into_variant-tests v0.0.0 (/opt/rustwide/target/tests/trybuild/into_variant)
[INFO] [stderr]     Finished dev [unoptimized + debuginfo] target(s) in 4.55s
[INFO] [stderr] 
[INFO] [stderr] 
[INFO] [stderr] test tests_error/conflicting_impls.rs ... mismatch
[INFO] [stderr] 
[INFO] [stderr] EXPECTED:
[INFO] [stderr] ┈┈┈┈┈┈┈┈┈┈┈┈┈┈┈┈┈┈┈┈┈┈┈┈┈┈┈┈┈┈┈┈┈┈┈┈┈┈┈┈┈┈┈┈┈┈┈┈┈┈┈┈┈┈┈┈┈┈┈┈
[INFO] [stderr] error[E0119]: conflicting implementations of trait `into_variant::IntoVariant<_>` for type `D`
[INFO] [stderr]   --> tests_error/conflicting_impls.rs:14:10
[INFO] [stderr]    |
[INFO] [stderr] 9  | #[derive(VariantFrom)]
[INFO] [stderr]    |          ----------- first implementation here
[INFO] [stderr] ...
[INFO] [stderr] 14 | #[derive(VariantFrom)]
[INFO] [stderr]    |          ^^^^^^^^^^^ conflicting implementation for `D`
[INFO] [stderr]    |
[INFO] [stderr]    = note: this error originates in the derive macro `VariantFrom` (in Nightly builds, run with -Z macro-backtrace for more info)
[INFO] [stderr] ┈┈┈┈┈┈┈┈┈┈┈┈┈┈┈┈┈┈┈┈┈┈┈┈┈┈┈┈┈┈┈┈┈┈┈┈┈┈┈┈┈┈┈┈┈┈┈┈┈┈┈┈┈┈┈┈┈┈┈┈
[INFO] [stderr] 
[INFO] [stderr] ACTUAL OUTPUT:
[INFO] [stderr] ┈┈┈┈┈┈┈┈┈┈┈┈┈┈┈┈┈┈┈┈┈┈┈┈┈┈┈┈┈┈┈┈┈┈┈┈┈┈┈┈┈┈┈┈┈┈┈┈┈┈┈┈┈┈┈┈┈┈┈┈
[INFO] [stderr] error[E0119]: conflicting implementations of trait `IntoVariant<_>` for type `D`
[INFO] [stderr]   --> tests_error/conflicting_impls.rs:14:10
[INFO] [stderr]    |
[INFO] [stderr] 9  | #[derive(VariantFrom)]
[INFO] [stderr]    |          ----------- first implementation here
[INFO] [stderr] ...
[INFO] [stderr] 14 | #[derive(VariantFrom)]
[INFO] [stderr]    |          ^^^^^^^^^^^ conflicting implementation for `D`
[INFO] [stderr]    |
[INFO] [stderr]    = note: this error originates in the derive macro `VariantFrom` (in Nightly builds, run with -Z macro-backtrace for more info)
[INFO] [stderr] ┈┈┈┈┈┈┈┈┈┈┈┈┈┈┈┈┈┈┈┈┈┈┈┈┈┈┈┈┈┈┈┈┈┈┈┈┈┈┈┈┈┈┈┈┈┈┈┈┈┈┈┈┈┈┈┈┈┈┈┈
[INFO] [stderr] note: If the actual output is the correct output you can bless it by rerunning
[INFO] [stderr]       your test with the environment variable TRYBUILD=overwrite
[INFO] [stderr] 
[INFO] [stderr] test tests_error/generic_enum.rs ... ok
[INFO] [stderr] test tests_error/invalid_annotation.rs ... ok
[INFO] [stderr] test tests_error/named_fields_variant.rs ... ok
[INFO] [stderr] test tests_error/not_an_enum.rs ... ok
[INFO] [stderr] test tests_error/tuple_field.rs ... ok
[INFO] [stderr] test tests_error/tuple_variant.rs ... ok
[INFO] [stderr] 
[INFO] [stderr] 
[INFO] [stdout] test test_compile_errors ... FAILED
[INFO] [stdout] 
[INFO] [stdout] failures:
[INFO] [stdout] 
[INFO] [stdout] ---- test_compile_errors stdout ----
[INFO] [stdout] thread 'test_compile_errors' panicked at /opt/rustwide/cargo-home/registry/src/index.crates.io-6f17d22bba15001f/trybuild-1.0.87/src/run.rs:101:13:
[INFO] [stdout] 1 of 7 tests failed
[INFO] [stdout] stack backtrace:
[INFO] [stdout]    0:     0x5594977ca0c6 - std::backtrace_rs::backtrace::libunwind::trace::h261606ad26a499c1
[INFO] [stdout]                                at /rustc/0e09125c6c3c2fd70d7de961bcf0e51575235fad/library/std/src/../../backtrace/src/backtrace/libunwind.rs:104:5
[INFO] [stdout]    1:     0x5594977ca0c6 - std::backtrace_rs::backtrace::trace_unsynchronized::hd183f0625477fb28
[INFO] [stdout]                                at /rustc/0e09125c6c3c2fd70d7de961bcf0e51575235fad/library/std/src/../../backtrace/src/backtrace/mod.rs:66:5
[INFO] [stdout]    2:     0x5594977ca0c6 - std::sys_common::backtrace::_print_fmt::hd7f8fef21b4eda67
[INFO] [stdout]                                at /rustc/0e09125c6c3c2fd70d7de961bcf0e51575235fad/library/std/src/sys_common/backtrace.rs:68:5
[INFO] [stdout]    3:     0x5594977ca0c6 - <std::sys_common::backtrace::_print::DisplayBacktrace as core::fmt::Display>::fmt::h623d9b51f2f453f1
[INFO] [stdout]                                at /rustc/0e09125c6c3c2fd70d7de961bcf0e51575235fad/library/std/src/sys_common/backtrace.rs:44:22
[INFO] [stdout]    4:     0x5594977f57c0 - core::fmt::rt::Argument::fmt::h9f417ac76a86f368
[INFO] [stdout]                                at /rustc/0e09125c6c3c2fd70d7de961bcf0e51575235fad/library/core/src/fmt/rt.rs:142:9
[INFO] [stdout]    5:     0x5594977f57c0 - core::fmt::write::hc9b6faf4ac2aeff7
[INFO] [stdout]                                at /rustc/0e09125c6c3c2fd70d7de961bcf0e51575235fad/library/core/src/fmt/mod.rs:1120:17
[INFO] [stdout]    6:     0x5594977c70bf - std::io::Write::write_fmt::he04625a3a989fec3
[INFO] [stdout]                                at /rustc/0e09125c6c3c2fd70d7de961bcf0e51575235fad/library/std/src/io/mod.rs:1810:15
[INFO] [stdout]    7:     0x5594977c9ea4 - std::sys_common::backtrace::_print::hd5d66399c7df88a2
[INFO] [stdout]                                at /rustc/0e09125c6c3c2fd70d7de961bcf0e51575235fad/library/std/src/sys_common/backtrace.rs:47:5
[INFO] [stdout]    8:     0x5594977c9ea4 - std::sys_common::backtrace::print::he81ed2da642d37e5
[INFO] [stdout]                                at /rustc/0e09125c6c3c2fd70d7de961bcf0e51575235fad/library/std/src/sys_common/backtrace.rs:34:9
[INFO] [stdout]    9:     0x5594977cbc17 - std::panicking::default_hook::{{closure}}::h85773f4fa117163d
[INFO] [stdout]   10:     0x5594977cb8fd - std::panicking::default_hook::h6a1694a91d09b278
[INFO] [stdout]                                at /rustc/0e09125c6c3c2fd70d7de961bcf0e51575235fad/library/std/src/panicking.rs:289:9
[INFO] [stdout]   11:     0x559497799b07 - <alloc::boxed::Box<F,A> as core::ops::function::Fn<Args>>::call::h616ac37fa3cd6c8f
[INFO] [stdout]                                at /rustc/0e09125c6c3c2fd70d7de961bcf0e51575235fad/library/alloc/src/boxed.rs:2029:9
[INFO] [stdout]   12:     0x559497799b07 - test::test_main::{{closure}}::h00d84697cefdcbb6
[INFO] [stdout]                                at /rustc/0e09125c6c3c2fd70d7de961bcf0e51575235fad/library/test/src/lib.rs:138:21
[INFO] [stdout]   13:     0x5594977cc236 - <alloc::boxed::Box<F,A> as core::ops::function::Fn<Args>>::call::hcb3fe3b9bb537ba8
[INFO] [stdout]                                at /rustc/0e09125c6c3c2fd70d7de961bcf0e51575235fad/library/alloc/src/boxed.rs:2029:9
[INFO] [stdout]   14:     0x5594977cc236 - std::panicking::rust_panic_with_hook::h0a7ad96e90f7145b
[INFO] [stdout]                                at /rustc/0e09125c6c3c2fd70d7de961bcf0e51575235fad/library/std/src/panicking.rs:783:13
[INFO] [stdout]   15:     0x5594977cbf82 - std::panicking::begin_panic_handler::{{closure}}::h7919090525c6485e
[INFO] [stdout]                                at /rustc/0e09125c6c3c2fd70d7de961bcf0e51575235fad/library/std/src/panicking.rs:657:13
[INFO] [stdout]   16:     0x5594977ca5c6 - std::sys_common::backtrace::__rust_end_short_backtrace::hf3289479464f7dfe
[INFO] [stdout]                                at /rustc/0e09125c6c3c2fd70d7de961bcf0e51575235fad/library/std/src/sys_common/backtrace.rs:171:18
[INFO] [stdout]   17:     0x5594977cbce0 - rust_begin_unwind
[INFO] [stdout]                                at /rustc/0e09125c6c3c2fd70d7de961bcf0e51575235fad/library/std/src/panicking.rs:645:5
[INFO] [stdout]   18:     0x559497577fc5 - core::panicking::panic_fmt::hcc9f77c5c132af55
[INFO] [stdout]                                at /rustc/0e09125c6c3c2fd70d7de961bcf0e51575235fad/library/core/src/panicking.rs:72:14
[INFO] [stdout]   19:     0x5594975dc0a1 - trybuild::run::<impl trybuild::Runner>::run::hfec0a99b48956672
[INFO] [stdout]                                at /opt/rustwide/cargo-home/registry/src/index.crates.io-6f17d22bba15001f/trybuild-1.0.87/src/run.rs:101:13
[INFO] [stdout]   20:     0x5594975e1858 - <trybuild::TestCases as core::ops::drop::Drop>::drop::hced70e89c0d4c141
[INFO] [stdout]                                at /opt/rustwide/cargo-home/registry/src/index.crates.io-6f17d22bba15001f/trybuild-1.0.87/src/lib.rs:317:13
[INFO] [stdout]   21:     0x559497578bd7 - core::ptr::drop_in_place<trybuild::TestCases>::h4abb070dceb749ef
[INFO] [stdout]                                at /rustc/0e09125c6c3c2fd70d7de961bcf0e51575235fad/library/core/src/ptr/mod.rs:507:1
[INFO] [stdout]   22:     0x559497579b73 - into_variant::test_compile_errors::h9b81a00def2b58f4
[INFO] [stdout]                                at /opt/rustwide/workdir/src/lib.rs:73:1
[INFO] [stdout]   23:     0x559497579b07 - into_variant::test_compile_errors::{{closure}}::hdacd60cba357b586
[INFO] [stdout]                                at /opt/rustwide/workdir/src/lib.rs:70:25
[INFO] [stdout]   24:     0x559497578b86 - core::ops::function::FnOnce::call_once::hd38efa2748047edd
[INFO] [stdout]                                at /rustc/0e09125c6c3c2fd70d7de961bcf0e51575235fad/library/core/src/ops/function.rs:250:5
[INFO] [stdout]   25:     0x55949779f3df - core::ops::function::FnOnce::call_once::hd64d26f405258157
[INFO] [stdout]                                at /rustc/0e09125c6c3c2fd70d7de961bcf0e51575235fad/library/core/src/ops/function.rs:250:5
[INFO] [stdout]   26:     0x55949779f3df - test::__rust_begin_short_backtrace::he21b0b7a6d731bf9
[INFO] [stdout]                                at /rustc/0e09125c6c3c2fd70d7de961bcf0e51575235fad/library/test/src/lib.rs:627:18
[INFO] [stdout]   27:     0x55949779e161 - test::run_test_in_process::{{closure}}::hf5c73986d7bdfde2
[INFO] [stdout]                                at /rustc/0e09125c6c3c2fd70d7de961bcf0e51575235fad/library/test/src/lib.rs:650:60
[INFO] [stdout]   28:     0x55949779e161 - <core::panic::unwind_safe::AssertUnwindSafe<F> as core::ops::function::FnOnce<()>>::call_once::h330011ad032aadc0
[INFO] [stdout]                                at /rustc/0e09125c6c3c2fd70d7de961bcf0e51575235fad/library/core/src/panic/unwind_safe.rs:272:9
[INFO] [stdout]   29:     0x55949779e161 - std::panicking::try::do_call::he61b0a958b795a41
[INFO] [stdout]                                at /rustc/0e09125c6c3c2fd70d7de961bcf0e51575235fad/library/std/src/panicking.rs:552:40
[INFO] [stdout]   30:     0x55949779e161 - std::panicking::try::h7309da130f906eb7
[INFO] [stdout]                                at /rustc/0e09125c6c3c2fd70d7de961bcf0e51575235fad/library/std/src/panicking.rs:516:19
[INFO] [stdout]   31:     0x55949779e161 - std::panic::catch_unwind::hc5c3a06fdaf0a92a
[INFO] [stdout]                                at /rustc/0e09125c6c3c2fd70d7de961bcf0e51575235fad/library/std/src/panic.rs:142:14
[INFO] [stdout]   32:     0x55949779e161 - test::run_test_in_process::h7e7b7c71c3324e0f
[INFO] [stdout]                                at /rustc/0e09125c6c3c2fd70d7de961bcf0e51575235fad/library/test/src/lib.rs:650:27
[INFO] [stdout]   33:     0x55949779e161 - test::run_test::{{closure}}::h1f509f28f5cf20b1
[INFO] [stdout]                                at /rustc/0e09125c6c3c2fd70d7de961bcf0e51575235fad/library/test/src/lib.rs:573:43
[INFO] [stdout]   34:     0x559497765496 - test::run_test::{{closure}}::h1754218abf443f6d
[INFO] [stdout]                                at /rustc/0e09125c6c3c2fd70d7de961bcf0e51575235fad/library/test/src/lib.rs:601:41
[INFO] [stdout]   35:     0x559497765496 - std::sys_common::backtrace::__rust_begin_short_backtrace::h2ee174b9d5954948
[INFO] [stdout]                                at /rustc/0e09125c6c3c2fd70d7de961bcf0e51575235fad/library/std/src/sys_common/backtrace.rs:155:18
[INFO] [stdout]   36:     0x55949776a4f7 - std::thread::Builder::spawn_unchecked_::{{closure}}::{{closure}}::hf60bee9c1a17ef09
[INFO] [stdout]                                at /rustc/0e09125c6c3c2fd70d7de961bcf0e51575235fad/library/std/src/thread/mod.rs:529:17
[INFO] [stdout]   37:     0x55949776a4f7 - <core::panic::unwind_safe::AssertUnwindSafe<F> as core::ops::function::FnOnce<()>>::call_once::h33d0dddec5216160
[INFO] [stdout]                                at /rustc/0e09125c6c3c2fd70d7de961bcf0e51575235fad/library/core/src/panic/unwind_safe.rs:272:9
[INFO] [stdout]   38:     0x55949776a4f7 - std::panicking::try::do_call::h144b3048b546f835
[INFO] [stdout]                                at /rustc/0e09125c6c3c2fd70d7de961bcf0e51575235fad/library/std/src/panicking.rs:552:40
[INFO] [stdout]   39:     0x55949776a4f7 - std::panicking::try::h978244d04646189f
[INFO] [stdout]                                at /rustc/0e09125c6c3c2fd70d7de961bcf0e51575235fad/library/std/src/panicking.rs:516:19
[INFO] [stdout]   40:     0x55949776a4f7 - std::panic::catch_unwind::hdf436369d188fe86
[INFO] [stdout]                                at /rustc/0e09125c6c3c2fd70d7de961bcf0e51575235fad/library/std/src/panic.rs:142:14
[INFO] [stdout]   41:     0x55949776a4f7 - std::thread::Builder::spawn_unchecked_::{{closure}}::h87329cbdd33c79ec
[INFO] [stdout]                                at /rustc/0e09125c6c3c2fd70d7de961bcf0e51575235fad/library/std/src/thread/mod.rs:528:30
[INFO] [stdout]   42:     0x55949776a4f7 - core::ops::function::FnOnce::call_once{{vtable.shim}}::h401abbe67897d450
[INFO] [stdout]                                at /rustc/0e09125c6c3c2fd70d7de961bcf0e51575235fad/library/core/src/ops/function.rs:250:5
[INFO] [stdout]   43:     0x5594977d1e65 - <alloc::boxed::Box<F,A> as core::ops::function::FnOnce<Args>>::call_once::h5d7c8f150ab9c84c
[INFO] [stdout]                                at /rustc/0e09125c6c3c2fd70d7de961bcf0e51575235fad/library/alloc/src/boxed.rs:2015:9
[INFO] [stdout]   44:     0x5594977d1e65 - <alloc::boxed::Box<F,A> as core::ops::function::FnOnce<Args>>::call_once::h570d5b005c242c15
[INFO] [stdout]                                at /rustc/0e09125c6c3c2fd70d7de961bcf0e51575235fad/library/alloc/src/boxed.rs:2015:9
[INFO] [stdout]   45:     0x5594977d1e65 - std::sys::unix::thread::Thread::new::thread_start::h36b0a20c0b2361ad
[INFO] [stdout]                                at /rustc/0e09125c6c3c2fd70d7de961bcf0e51575235fad/library/std/src/sys/unix/thread.rs:108:17
[INFO] [stdout]   46:     0x7f7c08f1cac3 - <unknown>
[INFO] [stdout]   47:     0x7f7c08fadbf4 - __clone
[INFO] [stdout]   48:                0x0 - <unknown>
[INFO] [stdout] 
[INFO] [stdout] 
[INFO] [stdout] failures:
[INFO] [stdout]     test_compile_errors
[INFO] [stdout] 
[INFO] [stdout] test result: FAILED. 0 passed; 1 failed; 0 ignored; 0 measured; 0 filtered out; finished in 4.71s
[INFO] [stdout] 
[INFO] [stderr] error: test failed, to rerun pass `--lib`
[INFO] running `Command { std: "docker" "inspect" "12f56424bcaba8f200523c4362f73e3e274261f79ad0222c980a1d6f4420eb5d", kill_on_drop: false }`
[INFO] running `Command { std: "docker" "rm" "-f" "12f56424bcaba8f200523c4362f73e3e274261f79ad0222c980a1d6f4420eb5d", kill_on_drop: false }`
[INFO] [stdout] 12f56424bcaba8f200523c4362f73e3e274261f79ad0222c980a1d6f4420eb5d
