[INFO] fetching crate interthread 1.2.1...
[INFO] testing interthread-1.2.1 against 1.75.0 for beta-1.76-1
[INFO] extracting crate interthread 1.2.1 into /workspace/builds/worker-4-tc1/source
[INFO] validating manifest of crates.io crate interthread 1.2.1 on toolchain 1.75.0
[INFO] running `Command { std: CARGO_HOME="/workspace/cargo-home" RUSTUP_HOME="/workspace/rustup-home" "/workspace/cargo-home/bin/cargo" "+1.75.0" "metadata" "--manifest-path" "Cargo.toml" "--no-deps", kill_on_drop: false }`
[INFO] started tweaking crates.io crate interthread 1.2.1
[INFO] finished tweaking crates.io crate interthread 1.2.1
[INFO] tweaked toml for crates.io crate interthread 1.2.1 written to /workspace/builds/worker-4-tc1/source/Cargo.toml
[INFO] crate crates.io crate interthread 1.2.1 already has a lockfile, it will not be regenerated
[INFO] running `Command { std: CARGO_HOME="/workspace/cargo-home" RUSTUP_HOME="/workspace/rustup-home" "/workspace/cargo-home/bin/cargo" "+1.75.0" "fetch" "--manifest-path" "Cargo.toml", kill_on_drop: false }`
[INFO] [stderr]     Updating crates.io index
[INFO] [stderr]  Downloading crates ...
[INFO] [stderr]   Downloaded async-net v1.7.0
[INFO] [stderr]   Downloaded async-process v1.7.0
[INFO] [stderr]   Downloaded prettyplease v0.2.12
[INFO] [stderr]   Downloaded oneshot v0.1.5
[INFO] [stderr]   Downloaded value-bag v1.4.0
[INFO] [stderr]   Downloaded generator v0.7.4
[INFO] running `Command { std: "docker" "create" "-v" "/var/lib/crater-agent-workspace/builds/worker-4-tc1/target:/opt/rustwide/target:rw,Z" "-v" "/var/lib/crater-agent-workspace/builds/worker-4-tc1/source:/opt/rustwide/workdir:ro,Z" "-v" "/var/lib/crater-agent-workspace/cargo-home:/opt/rustwide/cargo-home:ro,Z" "-v" "/var/lib/crater-agent-workspace/rustup-home:/opt/rustwide/rustup-home:ro,Z" "-e" "SOURCE_DIR=/opt/rustwide/workdir" "-e" "CARGO_TARGET_DIR=/opt/rustwide/target" "-e" "CARGO_HOME=/opt/rustwide/cargo-home" "-e" "RUSTUP_HOME=/opt/rustwide/rustup-home" "-w" "/opt/rustwide/workdir" "-m" "1610612736" "--user" "0:0" "--network" "none" "ghcr.io/rust-lang/crates-build-env/linux@sha256:2788e3201cd34a07e3172128adcd8b3090168a8e3bcc40d7c032b9dda1df7d1c" "/opt/rustwide/cargo-home/bin/cargo" "+1.75.0" "metadata" "--no-deps" "--format-version=1", kill_on_drop: false }`
[INFO] [stdout] 53378b3fd65a7af38dc9ee560bf8dc95c34e8748b255f52771ad4253f3077efd
[INFO] running `Command { std: "docker" "start" "-a" "53378b3fd65a7af38dc9ee560bf8dc95c34e8748b255f52771ad4253f3077efd", kill_on_drop: false }`
[INFO] running `Command { std: "docker" "inspect" "53378b3fd65a7af38dc9ee560bf8dc95c34e8748b255f52771ad4253f3077efd", kill_on_drop: false }`
[INFO] running `Command { std: "docker" "rm" "-f" "53378b3fd65a7af38dc9ee560bf8dc95c34e8748b255f52771ad4253f3077efd", kill_on_drop: false }`
[INFO] [stdout] 53378b3fd65a7af38dc9ee560bf8dc95c34e8748b255f52771ad4253f3077efd
[INFO] running `Command { std: "docker" "create" "-v" "/var/lib/crater-agent-workspace/builds/worker-4-tc1/target:/opt/rustwide/target:rw,Z" "-v" "/var/lib/crater-agent-workspace/builds/worker-4-tc1/source:/opt/rustwide/workdir:ro,Z" "-v" "/var/lib/crater-agent-workspace/cargo-home:/opt/rustwide/cargo-home:ro,Z" "-v" "/var/lib/crater-agent-workspace/rustup-home:/opt/rustwide/rustup-home:ro,Z" "-e" "SOURCE_DIR=/opt/rustwide/workdir" "-e" "CARGO_TARGET_DIR=/opt/rustwide/target" "-e" "CARGO_INCREMENTAL=0" "-e" "RUST_BACKTRACE=full" "-e" "RUSTFLAGS=--cap-lints=warn" "-e" "RUSTDOCFLAGS=--cap-lints=warn" "-e" "CARGO_HOME=/opt/rustwide/cargo-home" "-e" "RUSTUP_HOME=/opt/rustwide/rustup-home" "-w" "/opt/rustwide/workdir" "-m" "1610612736" "--user" "0:0" "--network" "none" "ghcr.io/rust-lang/crates-build-env/linux@sha256:2788e3201cd34a07e3172128adcd8b3090168a8e3bcc40d7c032b9dda1df7d1c" "/opt/rustwide/cargo-home/bin/cargo" "+1.75.0" "build" "--frozen" "--message-format=json", kill_on_drop: false }`
[INFO] [stdout] 60d85c22120f5c2a2e710cb2aa55e2c3b9667318d79a3fddffdb2a1d3e2f0bac
[INFO] running `Command { std: "docker" "start" "-a" "60d85c22120f5c2a2e710cb2aa55e2c3b9667318d79a3fddffdb2a1d3e2f0bac", kill_on_drop: false }`
[INFO] [stderr]    Compiling proc-macro2 v1.0.67
[INFO] [stderr]    Compiling unicode-ident v1.0.9
[INFO] [stderr]    Compiling version_check v0.9.4
[INFO] [stderr]    Compiling syn v1.0.109
[INFO] [stderr]    Compiling hashbrown v0.12.3
[INFO] [stderr]    Compiling winnow v0.4.6
[INFO] [stderr]    Compiling prettyplease v0.2.12
[INFO] [stderr]    Compiling indexmap v1.9.3
[INFO] [stderr]    Compiling toml_datetime v0.6.2
[INFO] [stderr]    Compiling once_cell v1.18.0
[INFO] [stderr]    Compiling proc-macro-error-attr v1.0.4
[INFO] [stderr]    Compiling proc-macro-error v1.0.4
[INFO] [stderr]    Compiling quote v1.0.33
[INFO] [stderr]    Compiling syn v2.0.37
[INFO] [stderr]    Compiling toml_edit v0.19.10
[INFO] [stderr]    Compiling proc-macro-crate v1.3.1
[INFO] [stderr]    Compiling interthread v1.2.1 (/opt/rustwide/workdir)
[INFO] [stdout] warning: unused import: `example::*`
[INFO] [stdout]  --> src/model/attribute/mod.rs:7:9
[INFO] [stdout]   |
[INFO] [stdout] 7 | pub use example::*; 
[INFO] [stdout]   |         ^^^^^^^^^^
[INFO] [stdout]   |
[INFO] [stdout]   = note: `#[warn(unused_imports)]` on by default
[INFO] [stdout] 
[INFO] [stdout] 
[INFO] [stdout] warning: call to `.clone()` on a reference in this situation does nothing
[INFO] [stdout]    --> src/show.rs:124:56
[INFO] [stdout]     |
[INFO] [stdout] 124 |             let main_file = crate::file::main_file(stem.clone().into(),lib);
[INFO] [stdout]     |                                                        ^^^^^^^^ help: remove this redundant call
[INFO] [stdout]     |
[INFO] [stdout]     = note: the type `str` does not implement `Clone`, so calling `clone` on `&str` copies the reference, which does not do anything and can be removed
[INFO] [stdout]     = note: `#[warn(noop_method_call)]` on by default
[INFO] [stdout] 
[INFO] [stdout] 
[INFO] [stdout] warning: 2 warnings emitted
[INFO] [stdout] 
[INFO] [stdout] 
[INFO] [stderr]     Finished dev [unoptimized + debuginfo] target(s) in 9.87s
[INFO] running `Command { std: "docker" "inspect" "60d85c22120f5c2a2e710cb2aa55e2c3b9667318d79a3fddffdb2a1d3e2f0bac", kill_on_drop: false }`
[INFO] running `Command { std: "docker" "rm" "-f" "60d85c22120f5c2a2e710cb2aa55e2c3b9667318d79a3fddffdb2a1d3e2f0bac", kill_on_drop: false }`
[INFO] [stdout] 60d85c22120f5c2a2e710cb2aa55e2c3b9667318d79a3fddffdb2a1d3e2f0bac
[INFO] running `Command { std: "docker" "create" "-v" "/var/lib/crater-agent-workspace/builds/worker-4-tc1/target:/opt/rustwide/target:rw,Z" "-v" "/var/lib/crater-agent-workspace/builds/worker-4-tc1/source:/opt/rustwide/workdir:ro,Z" "-v" "/var/lib/crater-agent-workspace/cargo-home:/opt/rustwide/cargo-home:ro,Z" "-v" "/var/lib/crater-agent-workspace/rustup-home:/opt/rustwide/rustup-home:ro,Z" "-e" "SOURCE_DIR=/opt/rustwide/workdir" "-e" "CARGO_TARGET_DIR=/opt/rustwide/target" "-e" "CARGO_INCREMENTAL=0" "-e" "RUST_BACKTRACE=full" "-e" "RUSTFLAGS=--cap-lints=warn" "-e" "RUSTDOCFLAGS=--cap-lints=warn" "-e" "CARGO_HOME=/opt/rustwide/cargo-home" "-e" "RUSTUP_HOME=/opt/rustwide/rustup-home" "-w" "/opt/rustwide/workdir" "-m" "1610612736" "--user" "0:0" "--network" "none" "ghcr.io/rust-lang/crates-build-env/linux@sha256:2788e3201cd34a07e3172128adcd8b3090168a8e3bcc40d7c032b9dda1df7d1c" "/opt/rustwide/cargo-home/bin/cargo" "+1.75.0" "test" "--frozen" "--no-run" "--message-format=json", kill_on_drop: false }`
[INFO] [stdout] 750abb758238ecf51a6684a079ea42422cb48f52de01a5454f4c771b957d5e13
[INFO] running `Command { std: "docker" "start" "-a" "750abb758238ecf51a6684a079ea42422cb48f52de01a5454f4c771b957d5e13", kill_on_drop: false }`
[INFO] [stderr]    Compiling libc v0.2.146
[INFO] [stderr]    Compiling unicode-ident v1.0.9
[INFO] [stderr]    Compiling crossbeam-utils v0.8.16
[INFO] [stderr]    Compiling futures-core v0.3.28
[INFO] [stderr]    Compiling memchr v2.5.0
[INFO] [stderr]    Compiling proc-macro2 v1.0.67
[INFO] [stderr]    Compiling event-listener v2.5.3
[INFO] [stderr]    Compiling value-bag v1.4.0
[INFO] [stderr]    Compiling parking v2.1.0
[INFO] [stderr]    Compiling fastrand v1.9.0
[INFO] [stderr]    Compiling futures-io v0.3.28
[INFO] [stderr]    Compiling log v0.4.19
[INFO] [stderr]    Compiling waker-fn v1.1.0
[INFO] [stderr]    Compiling async-lock v2.7.0
[INFO] [stderr]    Compiling slab v0.4.8
[INFO] [stderr]    Compiling quote v1.0.33
[INFO] [stderr]    Compiling io-lifetimes v1.0.11
[INFO] [stderr]    Compiling concurrent-queue v2.2.0
[INFO] [stderr]    Compiling polling v2.8.0
[INFO] [stderr]    Compiling rustix v0.37.20
[INFO] [stderr]    Compiling futures-lite v1.13.0
[INFO] [stderr]    Compiling async-io v1.13.0
[INFO] [stderr]    Compiling bitflags v1.3.2
[INFO] [stderr]    Compiling async-task v4.4.0
[INFO] [stderr]    Compiling linux-raw-sys v0.3.8
[INFO] [stderr]    Compiling async-channel v1.8.0
[INFO] [stderr]    Compiling socket2 v0.4.9
[INFO] [stderr]    Compiling syn v1.0.109
[INFO] [stderr]    Compiling atomic-waker v1.1.1
[INFO] [stderr]    Compiling indexmap v1.9.3
[INFO] [stderr]    Compiling signal-hook-registry v1.4.1
[INFO] [stderr]    Compiling syn v2.0.37
[INFO] [stderr]    Compiling lock_api v0.4.10
[INFO] [stderr]    Compiling blocking v1.3.1
[INFO] [stderr]    Compiling parking_lot_core v0.9.8
[INFO] [stderr]    Compiling once_cell v1.18.0
[INFO] [stderr]    Compiling signal-hook v0.3.15
[INFO] [stderr]    Compiling async-executor v1.5.1
[INFO] [stderr]    Compiling proc-macro-error v1.0.4
[INFO] [stderr]    Compiling proc-macro-error-attr v1.0.4
[INFO] [stderr]    Compiling async-process v1.7.0
[INFO] [stderr]    Compiling async-fs v1.6.0
[INFO] [stderr]    Compiling async-net v1.7.0
[INFO] [stderr]    Compiling scopeguard v1.1.0
[INFO] [stderr]    Compiling toml_datetime v0.6.2
[INFO] [stderr]    Compiling winnow v0.4.6
[INFO] [stderr]    Compiling smallvec v1.10.0
[INFO] [stderr]    Compiling prettyplease v0.2.12
[INFO] [stderr]    Compiling parking_lot v0.12.1
[INFO] [stderr]    Compiling socket2 v0.5.3
[INFO] [stderr]    Compiling num_cpus v1.15.0
[INFO] [stderr]    Compiling mio v0.8.8
[INFO] [stderr]    Compiling kv-log-macro v1.0.7
[INFO] [stderr]    Compiling bytes v1.4.0
[INFO] [stderr]    Compiling toml_edit v0.19.10
[INFO] [stderr]    Compiling async-global-executor v2.3.1
[INFO] [stderr]    Compiling oneshot v0.1.5
[INFO] [stderr]    Compiling smol v1.3.0
[INFO] [stderr]    Compiling proc-macro-crate v1.3.1
[INFO] [stderr]    Compiling async-attributes v1.1.2
[INFO] [stderr]    Compiling async-std v1.12.0
[INFO] [stderr]    Compiling tokio-macros v2.1.0
[INFO] [stderr]    Compiling interthread v1.2.1 (/opt/rustwide/workdir)
[INFO] [stdout] warning: unused import: `example::*`
[INFO] [stdout]  --> src/model/attribute/mod.rs:7:9
[INFO] [stdout]   |
[INFO] [stdout] 7 | pub use example::*; 
[INFO] [stdout]   |         ^^^^^^^^^^
[INFO] [stdout]   |
[INFO] [stdout]   = note: `#[warn(unused_imports)]` on by default
[INFO] [stdout] 
[INFO] [stdout] 
[INFO] [stderr]    Compiling tokio v1.32.0
[INFO] [stdout] warning: call to `.clone()` on a reference in this situation does nothing
[INFO] [stdout]    --> src/show.rs:124:56
[INFO] [stdout]     |
[INFO] [stdout] 124 |             let main_file = crate::file::main_file(stem.clone().into(),lib);
[INFO] [stdout]     |                                                        ^^^^^^^^ help: remove this redundant call
[INFO] [stdout]     |
[INFO] [stdout]     = note: the type `str` does not implement `Clone`, so calling `clone` on `&str` copies the reference, which does not do anything and can be removed
[INFO] [stdout]     = note: `#[warn(noop_method_call)]` on by default
[INFO] [stdout] 
[INFO] [stdout] 
[INFO] [stdout] warning: 2 warnings emitted
[INFO] [stdout] 
[INFO] [stdout] 
[INFO] [stdout] warning: unnecessary parentheses around type
[INFO] [stdout]   --> examples/inter/intro_std.rs:21:24
[INFO] [stdout]    |
[INFO] [stdout] 21 |     AddNumber { input: (i8), inter_send: oneshot::Sender<i8> },
[INFO] [stdout]    |                        ^  ^
[INFO] [stdout]    |
[INFO] [stdout]    = note: `#[warn(unused_parens)]` on by default
[INFO] [stdout] help: remove these parentheses
[INFO] [stdout]    |
[INFO] [stdout] 21 -     AddNumber { input: (i8), inter_send: oneshot::Sender<i8> },
[INFO] [stdout] 21 +     AddNumber { input: i8, inter_send: oneshot::Sender<i8> },
[INFO] [stdout]    |
[INFO] [stdout] 
[INFO] [stdout] 
[INFO] [stdout] warning: unnecessary parentheses around pattern
[INFO] [stdout]   --> examples/inter/intro_std.rs:30:47
[INFO] [stdout]    |
[INFO] [stdout] 30 |             MyActorScript::AddNumber { input: (num), inter_send } => {
[INFO] [stdout]    |                                               ^   ^
[INFO] [stdout]    |
[INFO] [stdout] help: remove these parentheses
[INFO] [stdout]    |
[INFO] [stdout] 30 -             MyActorScript::AddNumber { input: (num), inter_send } => {
[INFO] [stdout] 30 +             MyActorScript::AddNumber { input: num, inter_send } => {
[INFO] [stdout]    |
[INFO] [stdout] 
[INFO] [stdout] 
[INFO] [stdout] warning: 2 warnings emitted
[INFO] [stdout] 
[INFO] [stdout] 
[INFO] [stdout] warning: field `any` is never read
[INFO] [stdout]   --> examples/intro_group_generic.rs:92:5
[INFO] [stdout]    |
[INFO] [stdout] 88 | pub struct AaBbCc<Ta,Va,Ma,Tb,Vb,Mb,Tc,Vc,Mc> {
[INFO] [stdout]    |            ------ field in this struct
[INFO] [stdout] ...
[INFO] [stdout] 92 |     any: AnyOtherType,
[INFO] [stdout]    |     ^^^
[INFO] [stdout]    |
[INFO] [stdout]    = note: `#[warn(dead_code)]` on by default
[INFO] [stdout] 
[INFO] [stdout] 
[INFO] [stdout] warning: unused import: `example::*`
[INFO] [stdout]  --> src/model/attribute/mod.rs:7:9
[INFO] [stdout]   |
[INFO] [stdout] 7 | pub use example::*; 
[INFO] [stdout]   |         ^^^^^^^^^^
[INFO] [stdout]   |
[INFO] [stdout]   = note: `#[warn(unused_imports)]` on by default
[INFO] [stdout] 
[INFO] [stdout] 
[INFO] [stdout] warning: call to `.clone()` on a reference in this situation does nothing
[INFO] [stdout]    --> src/show.rs:124:56
[INFO] [stdout]     |
[INFO] [stdout] 124 |             let main_file = crate::file::main_file(stem.clone().into(),lib);
[INFO] [stdout]     |                                                        ^^^^^^^^ help: remove this redundant call
[INFO] [stdout]     |
[INFO] [stdout]     = note: the type `str` does not implement `Clone`, so calling `clone` on `&str` copies the reference, which does not do anything and can be removed
[INFO] [stdout]     = note: `#[warn(noop_method_call)]` on by default
[INFO] [stdout] 
[INFO] [stdout] 
[INFO] [stdout] warning: 1 warning emitted
[INFO] [stdout] 
[INFO] [stdout] 
[INFO] [stdout] warning: 2 warnings emitted
[INFO] [stdout] 
[INFO] [stdout] 
[INFO] [stdout] warning: associated items `new` and `add_number` are never used
[INFO] [stdout]   --> examples/visibility.rs:8:19
[INFO] [stdout]    |
[INFO] [stdout] 6  | impl MyActor {
[INFO] [stdout]    | ------------ associated items in this implementation
[INFO] [stdout] 7  |
[INFO] [stdout] 8  |     pub(crate) fn new( v: i8 ) -> Self {
[INFO] [stdout]    |                   ^^^
[INFO] [stdout] ...
[INFO] [stdout] 14 |     pub(self) fn add_number(&mut self, num: i8) -> i8 {
[INFO] [stdout]    |                  ^^^^^^^^^^
[INFO] [stdout]    |
[INFO] [stdout]    = note: `#[warn(dead_code)]` on by default
[INFO] [stdout] 
[INFO] [stdout] 
[INFO] [stdout] warning: 1 warning emitted
[INFO] [stdout] 
[INFO] [stdout] 
[INFO] [stderr]     Finished test [unoptimized + debuginfo] target(s) in 23.72s
[INFO] running `Command { std: "docker" "inspect" "750abb758238ecf51a6684a079ea42422cb48f52de01a5454f4c771b957d5e13", kill_on_drop: false }`
[INFO] running `Command { std: "docker" "rm" "-f" "750abb758238ecf51a6684a079ea42422cb48f52de01a5454f4c771b957d5e13", kill_on_drop: false }`
[INFO] [stdout] 750abb758238ecf51a6684a079ea42422cb48f52de01a5454f4c771b957d5e13
[INFO] running `Command { std: "docker" "create" "-v" "/var/lib/crater-agent-workspace/builds/worker-4-tc1/target:/opt/rustwide/target:rw,Z" "-v" "/var/lib/crater-agent-workspace/builds/worker-4-tc1/source:/opt/rustwide/workdir:ro,Z" "-v" "/var/lib/crater-agent-workspace/cargo-home:/opt/rustwide/cargo-home:ro,Z" "-v" "/var/lib/crater-agent-workspace/rustup-home:/opt/rustwide/rustup-home:ro,Z" "-e" "SOURCE_DIR=/opt/rustwide/workdir" "-e" "CARGO_TARGET_DIR=/opt/rustwide/target" "-e" "CARGO_INCREMENTAL=0" "-e" "RUST_BACKTRACE=full" "-e" "RUSTFLAGS=--cap-lints=warn" "-e" "RUSTDOCFLAGS=--cap-lints=warn" "-e" "CARGO_HOME=/opt/rustwide/cargo-home" "-e" "RUSTUP_HOME=/opt/rustwide/rustup-home" "-w" "/opt/rustwide/workdir" "-m" "1610612736" "--user" "0:0" "--network" "none" "ghcr.io/rust-lang/crates-build-env/linux@sha256:2788e3201cd34a07e3172128adcd8b3090168a8e3bcc40d7c032b9dda1df7d1c" "/opt/rustwide/cargo-home/bin/cargo" "+1.75.0" "test" "--frozen", kill_on_drop: false }`
[INFO] [stdout] 8ef5afc631730b8d0eb3f5b51671378872bbee77cec4279fb23220ff42c8e313
[INFO] running `Command { std: "docker" "start" "-a" "8ef5afc631730b8d0eb3f5b51671378872bbee77cec4279fb23220ff42c8e313", kill_on_drop: false }`
[INFO] [stderr] warning: unused import: `example::*`
[INFO] [stderr]  --> src/model/attribute/mod.rs:7:9
[INFO] [stderr]   |
[INFO] [stderr] 7 | pub use example::*; 
[INFO] [stderr]   |         ^^^^^^^^^^
[INFO] [stderr]   |
[INFO] [stderr]   = note: `#[warn(unused_imports)]` on by default
[INFO] [stderr] 
[INFO] [stderr] warning: call to `.clone()` on a reference in this situation does nothing
[INFO] [stderr]    --> src/show.rs:124:56
[INFO] [stderr]     |
[INFO] [stderr] 124 |             let main_file = crate::file::main_file(stem.clone().into(),lib);
[INFO] [stderr]     |                                                        ^^^^^^^^ help: remove this redundant call
[INFO] [stderr]     |
[INFO] [stderr]     = note: the type `str` does not implement `Clone`, so calling `clone` on `&str` copies the reference, which does not do anything and can be removed
[INFO] [stderr]     = note: `#[warn(noop_method_call)]` on by default
[INFO] [stderr] 
[INFO] [stderr] warning: `interthread` (lib) generated 2 warnings (run `cargo fix --lib -p interthread` to apply 2 suggestions)
[INFO] [stderr] warning: `interthread` (lib test) generated 2 warnings (2 duplicates)
[INFO] [stderr] warning: associated items `new` and `add_number` are never used
[INFO] [stderr]   --> examples/visibility.rs:8:19
[INFO] [stderr]    |
[INFO] [stderr] 6  | impl MyActor {
[INFO] [stderr]    | ------------ associated items in this implementation
[INFO] [stderr] 7  |
[INFO] [stderr] 8  |     pub(crate) fn new( v: i8 ) -> Self {
[INFO] [stderr]    |                   ^^^
[INFO] [stderr] ...
[INFO] [stderr] 14 |     pub(self) fn add_number(&mut self, num: i8) -> i8 {
[INFO] [stderr]    |                  ^^^^^^^^^^
[INFO] [stderr]    |
[INFO] [stderr]    = note: `#[warn(dead_code)]` on by default
[INFO] [stderr] 
[INFO] [stderr] warning: `interthread` (example "visibility") generated 1 warning
[INFO] [stderr] warning: field `any` is never read
[INFO] [stderr]   --> examples/intro_group_generic.rs:92:5
[INFO] [stderr]    |
[INFO] [stderr] 88 | pub struct AaBbCc<Ta,Va,Ma,Tb,Vb,Mb,Tc,Vc,Mc> {
[INFO] [stderr]    |            ------ field in this struct
[INFO] [stderr] ...
[INFO] [stderr] 92 |     any: AnyOtherType,
[INFO] [stderr]    |     ^^^
[INFO] [stderr]    |
[INFO] [stderr]    = note: `#[warn(dead_code)]` on by default
[INFO] [stderr] 
[INFO] [stderr] warning: `interthread` (example "intro_group_generic") generated 1 warning
[INFO] [stderr] warning: unnecessary parentheses around type
[INFO] [stderr]   --> examples/inter/intro_std.rs:21:24
[INFO] [stderr]    |
[INFO] [stderr] 21 |     AddNumber { input: (i8), inter_send: oneshot::Sender<i8> },
[INFO] [stderr]    |                        ^  ^
[INFO] [stderr]    |
[INFO] [stderr]    = note: `#[warn(unused_parens)]` on by default
[INFO] [stderr] help: remove these parentheses
[INFO] [stderr]    |
[INFO] [stderr] 21 -     AddNumber { input: (i8), inter_send: oneshot::Sender<i8> },
[INFO] [stderr] 21 +     AddNumber { input: i8, inter_send: oneshot::Sender<i8> },
[INFO] [stderr]    |
[INFO] [stderr] 
[INFO] [stderr] warning: unnecessary parentheses around pattern
[INFO] [stderr]   --> examples/inter/intro_std.rs:30:47
[INFO] [stderr]    |
[INFO] [stderr] 30 |             MyActorScript::AddNumber { input: (num), inter_send } => {
[INFO] [stderr]    |                                               ^   ^
[INFO] [stderr]    |
[INFO] [stderr] help: remove these parentheses
[INFO] [stderr]    |
[INFO] [stderr] 30 -             MyActorScript::AddNumber { input: (num), inter_send } => {
[INFO] [stderr] 30 +             MyActorScript::AddNumber { input: num, inter_send } => {
[INFO] [stderr]    |
[INFO] [stderr] 
[INFO] [stderr] warning: `interthread` (example "inter") generated 2 warnings (run `cargo fix --example "inter"` to apply 2 suggestions)
[INFO] [stderr]     Finished test [unoptimized + debuginfo] target(s) in 0.19s
[INFO] [stderr]      Running unittests src/lib.rs (/opt/rustwide/target/debug/deps/interthread-c968b8293944cc45)
[INFO] [stdout] 
[INFO] [stdout] running 7 tests
[INFO] [stdout] test parse::tests::close_cap_test ... ok
[INFO] [stdout] test parse::tests::parser_close_open ... ok
[INFO] [stdout] test parse::tests::open_comment_test ... ok
[INFO] [stdout] test parse::tests::test_func_actor_edit ... ok
[INFO] [stdout] test parse::tests::parser_close_open_inline ... ok
[INFO] [stdout] test parse::tests::explicit_chars_in_str ... ok
[INFO] [stdout] test parse::tests::test_func_group_edit ... ok
[INFO] [stdout] 
[INFO] [stdout] test result: ok. 7 passed; 0 failed; 0 ignored; 0 measured; 0 filtered out; finished in 0.00s
[INFO] [stdout] 
[INFO] [stderr]      Running tests/debut.rs (/opt/rustwide/target/debug/deps/debut-c5f936730dfc3a6b)
[INFO] [stdout] 
[INFO] [stdout] running 3 tests
[INFO] [stdout] test debut_std_test ... ok
[INFO] [stdout] test debut_std_tokio_test ... ok
[INFO] [stdout] test debut_async_tokio_test ... ok
[INFO] [stdout] 
[INFO] [stdout] test result: ok. 3 passed; 0 failed; 0 ignored; 0 measured; 0 filtered out; finished in 1.34s
[INFO] [stdout] 
[INFO] [stderr]      Running tests/generic_actor.rs (/opt/rustwide/target/debug/deps/generic_actor-a996332afb09f3d1)
[INFO] [stdout] 
[INFO] [stdout] running 9 tests
[INFO] [stdout] test actor_sync_bounded ... ok
[INFO] [stdout] test actor_sync_unbounded_int ... ok
[INFO] [stdout] test actor_sync_unbound_default ... ok
[INFO] [stdout] test actor_async_std_bounded ... ok
[INFO] [stdout] test actor_async_std_unbounded ... ok
[INFO] [stdout] test actor_smol_bounded ... ok
[INFO] [stdout] test actor_smol_unbounded ... ok
[INFO] [stdout] test actor_tokio_bounded ... ok
[INFO] [stdout] test actor_tokio_unbounded ... ok
[INFO] [stdout] 
[INFO] [stdout] test result: ok. 9 passed; 0 failed; 0 ignored; 0 measured; 0 filtered out; finished in 0.01s
[INFO] [stdout] 
[INFO] [stderr]      Running tests/generic_method.rs (/opt/rustwide/target/debug/deps/generic_method-b421f85170dac83e)
[INFO] [stdout] 
[INFO] [stdout] running 11 tests
[INFO] [stdout] test actor_async_std_bounded ... ok
[INFO] [stdout] test actor_async_std_unbounded ... ok
[INFO] [stdout] test actor_async_std_unbounded_option ... ok
[INFO] [stdout] test actor_sync_unbounded_int ... ok
[INFO] [stdout] test actor_sync_bounded ... ok
[INFO] [stdout] test actor_smol_unbounded ... ok
[INFO] [stdout] test actor_smol_bounded ... ok
[INFO] [stdout] test actor_sync_unbound_default ... ok
[INFO] [stdout] test actor_tokio_unbounded ... ok
[INFO] [stdout] test actor_tokio_bounded ... ok
[INFO] [stdout] test actor_tokio_unbounded_result ... ok
[INFO] [stdout] 
[INFO] [stdout] test result: ok. 11 passed; 0 failed; 0 ignored; 0 measured; 0 filtered out; finished in 0.01s
[INFO] [stdout] 
[INFO] [stderr]      Running tests/pat_input.rs (/opt/rustwide/target/debug/deps/pat_input-d09c3cb601aae824)
[INFO] [stdout] 
[INFO] [stdout] running 4 tests
[INFO] [stdout] test actor_sync_bounded ... ok
[INFO] [stdout] test actor_async_std_bounded_gen ... ok
[INFO] [stdout] test actor_async_std_bounded ... ok
[INFO] [stdout] test actor_tokio_bounded ... ok
[INFO] [stdout] 
[INFO] [stdout] test result: ok. 4 passed; 0 failed; 0 ignored; 0 measured; 0 filtered out; finished in 0.00s
[INFO] [stdout] 
[INFO] [stderr]      Running tests/type_actor.rs (/opt/rustwide/target/debug/deps/type_actor-fa42156c87c94c57)
[INFO] [stdout] 
[INFO] [stdout] running 13 tests
[INFO] [stdout] test actor_sync_unbounded_int ... ok
[INFO] [stdout] test actor_sync_unbound_default ... ok
[INFO] [stdout] test actor_sync_bounded ... ok
[INFO] [stdout] test id_actor_sync_bounded ... ok
[INFO] [stdout] test actor_async_std_unbounded ... ok
[INFO] [stdout] test actor_async_std_bounded ... ok
[INFO] [stdout] test id_actor_sync_inter ... ok
[INFO] [stdout] test actor_smol_bounded ... ok
[INFO] [stdout] test actor_smol_unbounded ... ok
[INFO] [stdout] test self_word_in_arg_type ... ok
[INFO] [stdout] test actor_tokio_bounded ... ok
[INFO] [stdout] test id_actor_tokio_bounded ... ok
[INFO] [stdout] test actor_tokio_unbounded ... ok
[INFO] [stdout] 
[INFO] [stdout] test result: ok. 13 passed; 0 failed; 0 ignored; 0 measured; 0 filtered out; finished in 0.01s
[INFO] [stdout] 
[INFO] [stderr]    Doc-tests interthread
[INFO] [stdout] 
[INFO] [stdout] running 35 tests
[INFO] [stdout] test src/lib.rs - (line 259) ... FAILED
[INFO] [stdout] test src/lib.rs - (line 269) ... FAILED
[INFO] [stdout] test src/lib.rs - (line 210) ... FAILED
[INFO] [stdout] test src/lib.rs - (line 242) ... FAILED
[INFO] [stdout] test src/lib.rs - (line 296) ... FAILED
[INFO] [stdout] test src/lib.rs - actor (line 1318) ... FAILED
[INFO] [stdout] test src/lib.rs - actor (line 1279) ... FAILED
[INFO] [stdout] test src/lib.rs - (line 185) ... ok
[INFO] [stdout] test src/lib.rs - actor (line 1258) ... FAILED
[INFO] [stdout] test src/lib.rs - actor (line 742) ... FAILED
[INFO] [stdout] test src/lib.rs - actor (line 746) ... FAILED
[INFO] [stdout] test src/lib.rs - actor (line 813) ... FAILED
[INFO] [stdout] test src/lib.rs - actor (line 753) ... FAILED
[INFO] [stdout] test src/lib.rs - actor (line 836) ... FAILED
[INFO] [stdout] test src/lib.rs - actor (line 856) ... FAILED
[INFO] [stdout] test src/lib.rs - actor (line 1008) ... ok
[INFO] [stdout] test src/lib.rs - (line 91) ... ok
[INFO] [stdout] test src/lib.rs - example (line 498) ... FAILED
[INFO] [stdout] test src/lib.rs - actor (line 1220) ... ok
[INFO] [stdout] test src/lib.rs - example (line 537) ... FAILED
[INFO] [stdout] test src/lib.rs - example (line 561) ... FAILED
[INFO] [stdout] test src/lib.rs - example (line 630) ... FAILED
[INFO] [stdout] test src/lib.rs - example (line 543) ... FAILED
[INFO] [stdout] test src/lib.rs - group (line 1491) ... FAILED
[INFO] [stdout] test src/lib.rs - group (line 1521) ... FAILED
[INFO] [stdout] test src/lib.rs - group (line 1415) ... FAILED
[INFO] [stdout] test src/lib.rs - example (line 482) ... ok
[INFO] [stdout] test src/lib.rs - group (line 1562) ... FAILED
[INFO] [stdout] test src/lib.rs - group (line 1558) ... FAILED
[INFO] [stdout] test src/lib.rs - actor (line 913) ... ok
[INFO] [stdout] test src/lib.rs - group (line 1642) ... FAILED
[INFO] [stdout] test src/lib.rs - group (line 1661) ... FAILED
[INFO] [stdout] test src/lib.rs - actor (line 939) ... ok
[INFO] [stdout] test src/lib.rs - actor (line 1149) ... ok
[INFO] [stdout] test src/lib.rs - actor (line 778) ... ok
[INFO] [stdout] 
[INFO] [stdout] failures:
[INFO] [stdout] 
[INFO] [stdout] ---- src/lib.rs - (line 259) stdout ----
[INFO] [stdout] error: expected statement after outer attribute
[INFO] [stdout]  --> src/lib.rs:261:1
[INFO] [stdout]   |
[INFO] [stdout] 5 | #[interthread::actor(channel=2, edit(script(imp(play))))]
[INFO] [stdout]   | ^^^^^^^^^^^^^^^^^^^^^^^^^^^^^^^^^^^^^^^^^^^^^^^^^^^^^^^^^
[INFO] [stdout] 
[INFO] [stdout] error: aborting due to previous error
[INFO] [stdout] 
[INFO] [stdout] Couldn't compile the test.
[INFO] [stdout] ---- src/lib.rs - (line 269) stdout ----
[INFO] [stdout] error[E0412]: cannot find type `MyActorScript` in this scope
[INFO] [stdout]  --> src/lib.rs:270:26
[INFO] [stdout]   |
[INFO] [stdout] 3 | impl std::fmt::Debug for MyActorScript {
[INFO] [stdout]   |                          ^^^^^^^^^^^^^ not found in this scope
[INFO] [stdout] 
[INFO] [stdout] error[E0433]: failed to resolve: use of undeclared type `MyActorScript`
[INFO] [stdout]  --> src/lib.rs:273:12
[INFO] [stdout]   |
[INFO] [stdout] 6 |            MyActorScript::Increment { .. } => write!(f, "MyActorScript::Increment"),
[INFO] [stdout]   |            ^^^^^^^^^^^^^ use of undeclared type `MyActorScript`
[INFO] [stdout] 
[INFO] [stdout] error[E0433]: failed to resolve: use of undeclared type `MyActorScript`
[INFO] [stdout]  --> src/lib.rs:274:12
[INFO] [stdout]   |
[INFO] [stdout] 7 |            MyActorScript::AddNumber { .. } => write!(f, "MyActorScript::AddNumber"),
[INFO] [stdout]   |            ^^^^^^^^^^^^^ use of undeclared type `MyActorScript`
[INFO] [stdout] 
[INFO] [stdout] error[E0433]: failed to resolve: use of undeclared type `MyActorScript`
[INFO] [stdout]  --> src/lib.rs:275:12
[INFO] [stdout]   |
[INFO] [stdout] 8 |            MyActorScript::GetValue { .. } => write!(f, "MyActorScript::GetValue"),
[INFO] [stdout]   |            ^^^^^^^^^^^^^ use of undeclared type `MyActorScript`
[INFO] [stdout] 
[INFO] [stdout] error: aborting due to 4 previous errors
[INFO] [stdout] 
[INFO] [stdout] Some errors have detailed explanations: E0412, E0433.
[INFO] [stdout] For more information about an error, try `rustc --explain E0412`.
[INFO] [stdout] Couldn't compile the test.
[INFO] [stdout] ---- src/lib.rs - (line 210) stdout ----
[INFO] [stdout] error[E0412]: cannot find type `MyActorScript` in this scope
[INFO] [stdout]  --> src/lib.rs:211:6
[INFO] [stdout]   |
[INFO] [stdout] 3 | impl MyActorScript {
[INFO] [stdout]   |      ^^^^^^^^^^^^^ not found in this scope
[INFO] [stdout] 
[INFO] [stdout] error[E0412]: cannot find type `MyActor` in this scope
[INFO] [stdout]  --> src/lib.rs:212:37
[INFO] [stdout]   |
[INFO] [stdout] 4 |     pub fn direct(self, actor: &mut MyActor) {
[INFO] [stdout]   |                                     ^^^^^^^ not found in this scope
[INFO] [stdout] 
[INFO] [stdout] error[E0433]: failed to resolve: use of undeclared type `MyActorScript`
[INFO] [stdout]  --> src/lib.rs:214:13
[INFO] [stdout]   |
[INFO] [stdout] 6 |             MyActorScript::Increment {} => {
[INFO] [stdout]   |             ^^^^^^^^^^^^^ use of undeclared type `MyActorScript`
[INFO] [stdout] 
[INFO] [stdout] error[E0433]: failed to resolve: use of undeclared type `MyActorScript`
[INFO] [stdout]  --> src/lib.rs:217:13
[INFO] [stdout]   |
[INFO] [stdout] 9 |             MyActorScript::AddNumber {
[INFO] [stdout]   |             ^^^^^^^^^^^^^ use of undeclared type `MyActorScript`
[INFO] [stdout] 
[INFO] [stdout] error[E0433]: failed to resolve: use of undeclared type `MyActorScript`
[INFO] [stdout]   --> src/lib.rs:224:13
[INFO] [stdout]    |
[INFO] [stdout] 16 |             MyActorScript::GetValue { output: send } => {
[INFO] [stdout]    |             ^^^^^^^^^^^^^ use of undeclared type `MyActorScript`
[INFO] [stdout] 
[INFO] [stdout] error: aborting due to 5 previous errors
[INFO] [stdout] 
[INFO] [stdout] Some errors have detailed explanations: E0412, E0433.
[INFO] [stdout] For more information about an error, try `rustc --explain E0412`.
[INFO] [stdout] Couldn't compile the test.
[INFO] [stdout] ---- src/lib.rs - (line 242) stdout ----
[INFO] [stdout] error[E0412]: cannot find type `MyActorScript` in this scope
[INFO] [stdout]  --> src/lib.rs:243:6
[INFO] [stdout]   |
[INFO] [stdout] 3 | impl MyActorScript { 
[INFO] [stdout]   |      ^^^^^^^^^^^^^ not found in this scope
[INFO] [stdout] 
[INFO] [stdout] error[E0412]: cannot find type `MyActorScript` in this scope
[INFO] [stdout]  --> src/lib.rs:245:45
[INFO] [stdout]   |
[INFO] [stdout] 5 |         receiver: std::sync::mpsc::Receiver<MyActorScript>, 
[INFO] [stdout]   |                                             ^^^^^^^^^^^^^ not found in this scope
[INFO] [stdout]   |
[INFO] [stdout] help: you might be missing a type parameter
[INFO] [stdout]   |
[INFO] [stdout] 3 | impl<MyActorScript> MyActorScript { 
[INFO] [stdout]   |     +++++++++++++++
[INFO] [stdout] 
[INFO] [stdout] error[E0412]: cannot find type `MyActor` in this scope
[INFO] [stdout]  --> src/lib.rs:246:20
[INFO] [stdout]   |
[INFO] [stdout] 6 |         mut actor: MyActor) {
[INFO] [stdout]   |                    ^^^^^^^ not found in this scope
[INFO] [stdout] 
[INFO] [stdout] error: aborting due to 3 previous errors
[INFO] [stdout] 
[INFO] [stdout] For more information about this error, try `rustc --explain E0412`.
[INFO] [stdout] Couldn't compile the test.
[INFO] [stdout] ---- src/lib.rs - (line 296) stdout ----
[INFO] [stdout] error[E0412]: cannot find type `MyActorScript` in this scope
[INFO] [stdout]  --> src/lib.rs:300:40
[INFO] [stdout]   |
[INFO] [stdout] 6 |    sender: std::sync::mpsc::SyncSender<MyActorScript>,
[INFO] [stdout]   |                                        ^^^^^^^^^^^^^ not found in this scope
[INFO] [stdout]   |
[INFO] [stdout] help: you might be missing a type parameter
[INFO] [stdout]   |
[INFO] [stdout] 5 | pub struct MyActorLive<MyActorScript> {
[INFO] [stdout]   |                       +++++++++++++++
[INFO] [stdout] 
[INFO] [stdout] error[E0433]: failed to resolve: use of undeclared type `MyActor`
[INFO] [stdout]   --> src/lib.rs:305:20
[INFO] [stdout]    |
[INFO] [stdout] 11 |        let actor = MyActor::new(v);
[INFO] [stdout]    |                    ^^^^^^^ use of undeclared type `MyActor`
[INFO] [stdout] 
[INFO] [stdout] error[E0433]: failed to resolve: use of undeclared type `MyActorScript`
[INFO] [stdout]   --> src/lib.rs:307:32
[INFO] [stdout]    |
[INFO] [stdout] 13 |        std::thread::spawn(|| { MyActorScript::play(receiver, actor) });
[INFO] [stdout]    |                                ^^^^^^^^^^^^^ use of undeclared type `MyActorScript`
[INFO] [stdout] 
[INFO] [stdout] error[E0433]: failed to resolve: use of undeclared type `MyActorScript`
[INFO] [stdout]   --> src/lib.rs:331:18
[INFO] [stdout]    |
[INFO] [stdout] 37 |        let msg = MyActorScript::GetValue {
[INFO] [stdout]    |                  ^^^^^^^^^^^^^ use of undeclared type `MyActorScript`
[INFO] [stdout] 
[INFO] [stdout] error[E0433]: failed to resolve: use of undeclared type `MyActorScript`
[INFO] [stdout]   --> src/lib.rs:319:18
[INFO] [stdout]    |
[INFO] [stdout] 25 |        let msg = MyActorScript::AddNumber {
[INFO] [stdout]    |                  ^^^^^^^^^^^^^ use of undeclared type `MyActorScript`
[INFO] [stdout] 
[INFO] [stdout] error[E0433]: failed to resolve: use of undeclared type `MyActorScript`
[INFO] [stdout]   --> src/lib.rs:311:18
[INFO] [stdout]    |
[INFO] [stdout] 17 |        let msg = MyActorScript::Increment {};
[INFO] [stdout]    |                  ^^^^^^^^^^^^^ use of undeclared type `MyActorScript`
[INFO] [stdout] 
[INFO] [stdout] error: aborting due to 6 previous errors
[INFO] [stdout] 
[INFO] [stdout] Some errors have detailed explanations: E0412, E0433.
[INFO] [stdout] For more information about an error, try `rustc --explain E0412`.
[INFO] [stdout] Couldn't compile the test.
[INFO] [stdout] ---- src/lib.rs - actor (line 1318) stdout ----
[INFO] [stdout] error: `self` parameter is only allowed in associated functions
[INFO] [stdout]  --> src/lib.rs:1320:18
[INFO] [stdout]   |
[INFO] [stdout] 4 | pub fn set_value(&mut self) {
[INFO] [stdout]   |                  ^^^^^^^^^ not semantically valid as function parameter
[INFO] [stdout]   |
[INFO] [stdout]   = note: associated functions are those in `impl` or `trait` definitions
[INFO] [stdout] 
[INFO] [stdout] error[E0433]: failed to resolve: use of undeclared type `MyActorScript`
[INFO] [stdout]  --> src/lib.rs:1322:15
[INFO] [stdout]   |
[INFO] [stdout] 6 |     let msg = MyActorScript::SetValue {
[INFO] [stdout]   |               ^^^^^^^^^^^^^ use of undeclared type `MyActorScript`
[INFO] [stdout] 
[INFO] [stdout] error: aborting due to 2 previous errors
[INFO] [stdout] 
[INFO] [stdout] For more information about this error, try `rustc --explain E0433`.
[INFO] [stdout] Couldn't compile the test.
[INFO] [stdout] ---- src/lib.rs - actor (line 1279) stdout ----
[INFO] [stdout] error: Read-only file system (os error 30)
[INFO] [stdout]   --> src/lib.rs:1299:1
[INFO] [stdout]    |
[INFO] [stdout] 22 | #[interthread::example(main(path="examples/intro_interact.rs"))] 
[INFO] [stdout]    | ^^^^^^^^^^^^^^^^^^^^^^^^^^^^^^^^^^^^^^^^^^^^^^^^^^^^^^^^^^^^^^^^
[INFO] [stdout]    |
[INFO] [stdout]    = note: this error originates in the attribute macro `interthread::example` (in Nightly builds, run with -Z macro-backtrace for more info)
[INFO] [stdout] 
[INFO] [stdout] error[E0601]: `main` function not found in crate `rust_out`
[INFO] [stdout]   --> src/lib.rs:1312:2
[INFO] [stdout]    |
[INFO] [stdout] 35 | }
[INFO] [stdout]    |  ^ consider adding a `main` function to `src/lib.rs`
[INFO] [stdout] 
[INFO] [stdout] error: aborting due to 2 previous errors
[INFO] [stdout] 
[INFO] [stdout] For more information about this error, try `rustc --explain E0601`.
[INFO] [stdout] Couldn't compile the test.
[INFO] [stdout] ---- src/lib.rs - actor (line 1258) stdout ----
[INFO] [stdout] error: `self` parameter is only allowed in associated functions
[INFO] [stdout]  --> src/lib.rs:1260:19
[INFO] [stdout]   |
[INFO] [stdout] 4 | pub fn heavy_work(&self) -> oneshot::Receiver<u8> {
[INFO] [stdout]   |                   ^^^^^ not semantically valid as function parameter
[INFO] [stdout]   |
[INFO] [stdout]   = note: associated functions are those in `impl` or `trait` definitions
[INFO] [stdout] 
[INFO] [stdout] error[E0433]: failed to resolve: use of undeclared type `MyActorScript`
[INFO] [stdout]  --> src/lib.rs:1262:15
[INFO] [stdout]   |
[INFO] [stdout] 6 |     let msg = MyActorScript::HeavyWork {
[INFO] [stdout]   |               ^^^^^^^^^^^^^ use of undeclared type `MyActorScript`
[INFO] [stdout] 
[INFO] [stdout] error: aborting due to 2 previous errors
[INFO] [stdout] 
[INFO] [stdout] For more information about this error, try `rustc --explain E0433`.
[INFO] [stdout] Couldn't compile the test.
[INFO] [stdout] ---- src/lib.rs - actor (line 742) stdout ----
[INFO] [stdout] error: expected statement after outer attribute
[INFO] [stdout]  --> src/lib.rs:743:1
[INFO] [stdout]   |
[INFO] [stdout] 3 | #[actor]
[INFO] [stdout]   | ^^^^^^^^
[INFO] [stdout] 
[INFO] [stdout] error: aborting due to previous error
[INFO] [stdout] 
[INFO] [stdout] Couldn't compile the test.
[INFO] [stdout] ---- src/lib.rs - actor (line 746) stdout ----
[INFO] [stdout] error: expected statement after outer attribute
[INFO] [stdout]  --> src/lib.rs:747:1
[INFO] [stdout]   |
[INFO] [stdout] 3 | #[actor(channel=0)]
[INFO] [stdout]   | ^^^^^^^^^^^^^^^^^^^
[INFO] [stdout] 
[INFO] [stdout] error: aborting due to previous error
[INFO] [stdout] 
[INFO] [stdout] Couldn't compile the test.
[INFO] [stdout] ---- src/lib.rs - actor (line 813) stdout ----
[INFO] [stdout] error: expected statement after outer attribute
[INFO] [stdout]  --> src/lib.rs:814:1
[INFO] [stdout]   |
[INFO] [stdout] 3 | / #[actor(channel = 2,
[INFO] [stdout] 4 | |    edit(live(imp(foo))))
[INFO] [stdout] 5 | | ]
[INFO] [stdout]   | |_^
[INFO] [stdout] 
[INFO] [stdout] error: aborting due to previous error
[INFO] [stdout] 
[INFO] [stdout] Couldn't compile the test.
[INFO] [stdout] ---- src/lib.rs - actor (line 753) stdout ----
[INFO] [stdout] error: expected statement after outer attribute
[INFO] [stdout]  --> src/lib.rs:754:1
[INFO] [stdout]   |
[INFO] [stdout] 3 | #[actor(channel=4)]
[INFO] [stdout]   | ^^^^^^^^^^^^^^^^^^^
[INFO] [stdout] 
[INFO] [stdout] error: aborting due to previous error
[INFO] [stdout] 
[INFO] [stdout] Couldn't compile the test.
[INFO] [stdout] ---- src/lib.rs - actor (line 836) stdout ----
[INFO] [stdout] error: Path - "src/main.rs" does not exist.
[INFO] [stdout]  --> src/lib.rs:842:5
[INFO] [stdout]   |
[INFO] [stdout] 9 |     file="src/main.rs",
[INFO] [stdout]   |     ^^^^^^^^^^^^^^^^^^
[INFO] [stdout] 
[INFO] [stdout] error: aborting due to previous error
[INFO] [stdout] 
[INFO] [stdout] Couldn't compile the test.
[INFO] [stdout] ---- src/lib.rs - actor (line 856) stdout ----
[INFO] [stdout] error: Path - "src/main.rs" does not exist.
[INFO] [stdout]   --> src/lib.rs:863:4
[INFO] [stdout]    |
[INFO] [stdout] 10 |    file="src/main.rs",
[INFO] [stdout]    |    ^^^^^^^^^^^^^^^^^^
[INFO] [stdout] 
[INFO] [stdout] error[E0412]: cannot find type `MyActorLive` in this scope
[INFO] [stdout]   --> src/lib.rs:881:6
[INFO] [stdout]    |
[INFO] [stdout] 28 | impl MyActorLive {
[INFO] [stdout]    |      ^^^^^^^^^^^ not found in this scope
[INFO] [stdout] 
[INFO] [stdout] error[E0433]: failed to resolve: use of undeclared type `MyActorScript`
[INFO] [stdout]   --> src/lib.rs:883:19
[INFO] [stdout]    |
[INFO] [stdout] 30 |         let msg = MyActorScript::Increment {};
[INFO] [stdout]    |                   ^^^^^^^^^^^^^ use of undeclared type `MyActorScript`
[INFO] [stdout] 
[INFO] [stdout] error: aborting due to 3 previous errors
[INFO] [stdout] 
[INFO] [stdout] Some errors have detailed explanations: E0412, E0433.
[INFO] [stdout] For more information about an error, try `rustc --explain E0412`.
[INFO] [stdout] Couldn't compile the test.
[INFO] [stdout] ---- src/lib.rs - example (line 498) stdout ----
[INFO] [stdout] error: Path - "src/my_file.rs" does not exists.
[INFO] [stdout]  --> src/lib.rs:501:16
[INFO] [stdout]   |
[INFO] [stdout] 5 | #[example(path="src/my_file.rs")]
[INFO] [stdout]   |                ^^^^^^^^^^^^^^^^
[INFO] [stdout] 
[INFO] [stdout] error[E0601]: `main` function not found in crate `rust_out`
[INFO] [stdout]  --> src/lib.rs:503:2
[INFO] [stdout]   |
[INFO] [stdout] 7 | }
[INFO] [stdout]   |  ^ consider adding a `main` function to `src/lib.rs`
[INFO] [stdout] 
[INFO] [stdout] error: aborting due to 2 previous errors
[INFO] [stdout] 
[INFO] [stdout] For more information about this error, try `rustc --explain E0601`.
[INFO] [stdout] Couldn't compile the test.
[INFO] [stdout] ---- src/lib.rs - example (line 537) stdout ----
[INFO] [stdout] error: expected statement after outer attribute
[INFO] [stdout]  --> src/lib.rs:538:1
[INFO] [stdout]   |
[INFO] [stdout] 3 | #[example(path="my_file.rs")]
[INFO] [stdout]   | ^^^^^^^^^^^^^^^^^^^^^^^^^^^^^
[INFO] [stdout] 
[INFO] [stdout] error: aborting due to previous error
[INFO] [stdout] 
[INFO] [stdout] Couldn't compile the test.
[INFO] [stdout] ---- src/lib.rs - example (line 561) stdout ----
[INFO] [stdout] error: expected statement after outer attribute
[INFO] [stdout]  --> src/lib.rs:562:1
[INFO] [stdout]   |
[INFO] [stdout] 3 | #[example(main(path="my_file.rs"))]
[INFO] [stdout]   | ^^^^^^^^^^^^^^^^^^^^^^^^^^^^^^^^^^^
[INFO] [stdout] 
[INFO] [stdout] error: aborting due to previous error
[INFO] [stdout] 
[INFO] [stdout] Couldn't compile the test.
[INFO] [stdout] ---- src/lib.rs - example (line 630) stdout ----
[INFO] [stdout] error: expected statement after outer attribute
[INFO] [stdout]  --> src/lib.rs:631:1
[INFO] [stdout]   |
[INFO] [stdout] 3 | #[example(path="my_file.rs",expand(actor))]
[INFO] [stdout]   | ^^^^^^^^^^^^^^^^^^^^^^^^^^^^^^^^^^^^^^^^^^^
[INFO] [stdout] 
[INFO] [stdout] error: aborting due to previous error
[INFO] [stdout] 
[INFO] [stdout] Couldn't compile the test.
[INFO] [stdout] ---- src/lib.rs - example (line 543) stdout ----
[INFO] [stdout] error: expected statement after outer attribute
[INFO] [stdout]  --> src/lib.rs:544:1
[INFO] [stdout]   |
[INFO] [stdout] 3 | #[example(mod(path="my_file.rs"))]
[INFO] [stdout]   | ^^^^^^^^^^^^^^^^^^^^^^^^^^^^^^^^^^
[INFO] [stdout] 
[INFO] [stdout] error: aborting due to previous error
[INFO] [stdout] 
[INFO] [stdout] Couldn't compile the test.
[INFO] [stdout] ---- src/lib.rs - group (line 1491) stdout ----
[INFO] [stdout] error: expected `{}`, found `;`
[INFO] [stdout]  --> src/lib.rs:1496:19
[INFO] [stdout]   |
[INFO] [stdout] 7 | enum AaScriptGroup;
[INFO] [stdout]   |                   ^
[INFO] [stdout]   |
[INFO] [stdout]   = help: try using `{}` instead
[INFO] [stdout] 
[INFO] [stdout] error: expected `{}`, found `;`
[INFO] [stdout]   --> src/lib.rs:1499:19
[INFO] [stdout]    |
[INFO] [stdout] 10 | enum BbScriptGroup;
[INFO] [stdout]    |                   ^
[INFO] [stdout]    |
[INFO] [stdout]    = help: try using `{}` instead
[INFO] [stdout] 
[INFO] [stdout] error: expected `{}`, found `;`
[INFO] [stdout]   --> src/lib.rs:1507:21
[INFO] [stdout]    |
[INFO] [stdout] 18 | enum AaBbGroupScript;
[INFO] [stdout]    |                     ^
[INFO] [stdout]    |
[INFO] [stdout]    = help: try using `{}` instead
[INFO] [stdout] 
[INFO] [stdout] error: aborting due to 3 previous errors
[INFO] [stdout] 
[INFO] [stdout] Couldn't compile the test.
[INFO] [stdout] ---- src/lib.rs - group (line 1521) stdout ----
[INFO] [stdout] error: expected statement after outer attribute
[INFO] [stdout]  --> src/lib.rs:1523:1
[INFO] [stdout]   |
[INFO] [stdout] 5 | #[interthread::group( file="path/to/file.rs",edit(file))]
[INFO] [stdout]   | ^^^^^^^^^^^^^^^^^^^^^^^^^^^^^^^^^^^^^^^^^^^^^^^^^^^^^^^^^
[INFO] [stdout] 
[INFO] [stdout] error: aborting due to previous error
[INFO] [stdout] 
[INFO] [stdout] Couldn't compile the test.
[INFO] [stdout] ---- src/lib.rs - group (line 1415) stdout ----
[INFO] [stdout] error: Path - "path/to/file.rs" does not exist.
[INFO] [stdout]   --> src/lib.rs:1437:23
[INFO] [stdout]    |
[INFO] [stdout] 24 | #[interthread::group( file= "path/to/file.rs")]
[INFO] [stdout]    |                       ^^^^^^^^^^^^^^^^^^^^^^^
[INFO] [stdout] 
[INFO] [stdout] error[E0433]: failed to resolve: use of undeclared type `AaBbGroupLive`
[INFO] [stdout]   --> src/lib.rs:1459:21
[INFO] [stdout]    |
[INFO] [stdout] 46 |     let mut group = AaBbGroupLive::new();
[INFO] [stdout]    |                     ^^^^^^^^^^^^^ use of undeclared type `AaBbGroupLive`
[INFO] [stdout] 
[INFO] [stdout] error: aborting due to 2 previous errors
[INFO] [stdout] 
[INFO] [stdout] For more information about this error, try `rustc --explain E0433`.
[INFO] [stdout] Couldn't compile the test.
[INFO] [stdout] ---- src/lib.rs - group (line 1562) stdout ----
[INFO] [stdout] error[E0425]: cannot find value `assoc` in module `self`
[INFO] [stdout]  --> src/lib.rs:1563:23
[INFO] [stdout]   |
[INFO] [stdout] 3 | assoc(a::assoc, self::assoc)
[INFO] [stdout]   |                       ^^^^^ not found in `self`
[INFO] [stdout] 
[INFO] [stdout] error[E0433]: failed to resolve: use of undeclared crate or module `a`
[INFO] [stdout]  --> src/lib.rs:1563:7
[INFO] [stdout]   |
[INFO] [stdout] 3 | assoc(a::assoc, self::assoc)
[INFO] [stdout]   |       ^ use of undeclared crate or module `a`
[INFO] [stdout] 
[INFO] [stdout] error[E0425]: cannot find function `assoc` in this scope
[INFO] [stdout]  --> src/lib.rs:1563:1
[INFO] [stdout]   |
[INFO] [stdout] 3 | assoc(a::assoc, self::assoc)
[INFO] [stdout]   | ^^^^^ not found in this scope
[INFO] [stdout] 
[INFO] [stdout] error: aborting due to 3 previous errors
[INFO] [stdout] 
[INFO] [stdout] Some errors have detailed explanations: E0425, E0433.
[INFO] [stdout] For more information about an error, try `rustc --explain E0425`.
[INFO] [stdout] Couldn't compile the test.
[INFO] [stdout] ---- src/lib.rs - group (line 1558) stdout ----
[INFO] [stdout] error[E0433]: failed to resolve: use of undeclared crate or module `a`
[INFO] [stdout]  --> src/lib.rs:1559:7
[INFO] [stdout]   |
[INFO] [stdout] 3 | assoc(a::assoc)
[INFO] [stdout]   |       ^ use of undeclared crate or module `a`
[INFO] [stdout] 
[INFO] [stdout] error[E0425]: cannot find function `assoc` in this scope
[INFO] [stdout]  --> src/lib.rs:1559:1
[INFO] [stdout]   |
[INFO] [stdout] 3 | assoc(a::assoc)
[INFO] [stdout]   | ^^^^^ not found in this scope
[INFO] [stdout] 
[INFO] [stdout] error: aborting due to 2 previous errors
[INFO] [stdout] 
[INFO] [stdout] Some errors have detailed explanations: E0425, E0433.
[INFO] [stdout] For more information about an error, try `rustc --explain E0425`.
[INFO] [stdout] Couldn't compile the test.
[INFO] [stdout] ---- src/lib.rs - group (line 1642) stdout ----
[INFO] [stdout] error[E0412]: cannot find type `Aa` in this scope
[INFO] [stdout]  --> src/lib.rs:1644:13
[INFO] [stdout]   |
[INFO] [stdout] 4 |     pub a:  Aa,
[INFO] [stdout]   |             ^^ not found in this scope
[INFO] [stdout] 
[INFO] [stdout] error[E0412]: cannot find type `Aa` in this scope
[INFO] [stdout]  --> src/lib.rs:1645:13
[INFO] [stdout]   |
[INFO] [stdout] 5 |     pub a1: Aa,
[INFO] [stdout]   |             ^^ not found in this scope
[INFO] [stdout] 
[INFO] [stdout] error[E0412]: cannot find type `Bb` in this scope
[INFO] [stdout]  --> src/lib.rs:1646:13
[INFO] [stdout]   |
[INFO] [stdout] 6 |     pub b:  Bb,
[INFO] [stdout]   |             ^^ not found in this scope
[INFO] [stdout] 
[INFO] [stdout] error: aborting due to 3 previous errors
[INFO] [stdout] 
[INFO] [stdout] For more information about this error, try `rustc --explain E0412`.
[INFO] [stdout] Couldn't compile the test.
[INFO] [stdout] ---- src/lib.rs - group (line 1661) stdout ----
[INFO] [stdout] error: Path - "path/to/file.rs" does not exist.
[INFO] [stdout]   --> src/lib.rs:1672:6
[INFO] [stdout]    |
[INFO] [stdout] 14 |      file="path/to/file.rs",
[INFO] [stdout]    |      ^^^^^^^^^^^^^^^^^^^^^^
[INFO] [stdout] 
[INFO] [stdout] error[E0412]: cannot find type `Aa` in this scope
[INFO] [stdout]  --> src/lib.rs:1664:14
[INFO] [stdout]   |
[INFO] [stdout] 6 |      pub a:  Aa,
[INFO] [stdout]   |              ^^ not found in this scope
[INFO] [stdout] 
[INFO] [stdout] error[E0412]: cannot find type `Aa` in this scope
[INFO] [stdout]  --> src/lib.rs:1665:14
[INFO] [stdout]   |
[INFO] [stdout] 7 |      pub a1: Aa,
[INFO] [stdout]   |              ^^ not found in this scope
[INFO] [stdout] 
[INFO] [stdout] error[E0412]: cannot find type `Bb` in this scope
[INFO] [stdout]  --> src/lib.rs:1666:14
[INFO] [stdout]   |
[INFO] [stdout] 8 |      pub b:  Bb,
[INFO] [stdout]   |              ^^ not found in this scope
[INFO] [stdout] 
[INFO] [stdout] error: aborting due to 4 previous errors
[INFO] [stdout] 
[INFO] [stdout] For more information about this error, try `rustc --explain E0412`.
[INFO] [stdout] Couldn't compile the test.
[INFO] [stdout] 
[INFO] [stdout] failures:
[INFO] [stdout]     src/lib.rs - (line 210)
[INFO] [stdout]     src/lib.rs - (line 242)
[INFO] [stdout]     src/lib.rs - (line 259)
[INFO] [stdout]     src/lib.rs - (line 269)
[INFO] [stdout]     src/lib.rs - (line 296)
[INFO] [stdout]     src/lib.rs - actor (line 1258)
[INFO] [stdout]     src/lib.rs - actor (line 1279)
[INFO] [stdout]     src/lib.rs - actor (line 1318)
[INFO] [stdout]     src/lib.rs - actor (line 742)
[INFO] [stdout]     src/lib.rs - actor (line 746)
[INFO] [stdout]     src/lib.rs - actor (line 753)
[INFO] [stdout]     src/lib.rs - actor (line 813)
[INFO] [stdout]     src/lib.rs - actor (line 836)
[INFO] [stdout]     src/lib.rs - actor (line 856)
[INFO] [stdout]     src/lib.rs - example (line 498)
[INFO] [stdout]     src/lib.rs - example (line 537)
[INFO] [stdout]     src/lib.rs - example (line 543)
[INFO] [stdout]     src/lib.rs - example (line 561)
[INFO] [stdout]     src/lib.rs - example (line 630)
[INFO] [stdout]     src/lib.rs - group (line 1415)
[INFO] [stdout]     src/lib.rs - group (line 1491)
[INFO] [stdout]     src/lib.rs - group (line 1521)
[INFO] [stdout]     src/lib.rs - group (line 1558)
[INFO] [stdout]     src/lib.rs - group (line 1562)
[INFO] [stdout]     src/lib.rs - group (line 1642)
[INFO] [stdout]     src/lib.rs - group (line 1661)
[INFO] [stdout] 
[INFO] [stdout] test result: FAILED. 9 passed; 26 failed; 0 ignored; 0 measured; 0 filtered out; finished in 1.20s
[INFO] [stdout] 
[INFO] [stderr] error: doctest failed, to rerun pass `--doc`
[INFO] running `Command { std: "docker" "inspect" "8ef5afc631730b8d0eb3f5b51671378872bbee77cec4279fb23220ff42c8e313", kill_on_drop: false }`
[INFO] running `Command { std: "docker" "rm" "-f" "8ef5afc631730b8d0eb3f5b51671378872bbee77cec4279fb23220ff42c8e313", kill_on_drop: false }`
[INFO] [stdout] 8ef5afc631730b8d0eb3f5b51671378872bbee77cec4279fb23220ff42c8e313
[INFO] testing interthread-1.2.1 against beta-2023-12-22 for beta-1.76-1
[INFO] extracting crate interthread 1.2.1 into /workspace/builds/worker-4-tc2/source
[INFO] validating manifest of crates.io crate interthread 1.2.1 on toolchain beta-2023-12-22
[INFO] running `Command { std: CARGO_HOME="/workspace/cargo-home" RUSTUP_HOME="/workspace/rustup-home" "/workspace/cargo-home/bin/cargo" "+beta-2023-12-22" "metadata" "--manifest-path" "Cargo.toml" "--no-deps", kill_on_drop: false }`
[INFO] started tweaking crates.io crate interthread 1.2.1
[INFO] finished tweaking crates.io crate interthread 1.2.1
[INFO] tweaked toml for crates.io crate interthread 1.2.1 written to /workspace/builds/worker-4-tc2/source/Cargo.toml
[INFO] crate crates.io crate interthread 1.2.1 already has a lockfile, it will not be regenerated
[INFO] running `Command { std: CARGO_HOME="/workspace/cargo-home" RUSTUP_HOME="/workspace/rustup-home" "/workspace/cargo-home/bin/cargo" "+beta-2023-12-22" "fetch" "--manifest-path" "Cargo.toml", kill_on_drop: false }`
[INFO] running `Command { std: "docker" "create" "-v" "/var/lib/crater-agent-workspace/builds/worker-4-tc2/target:/opt/rustwide/target:rw,Z" "-v" "/var/lib/crater-agent-workspace/builds/worker-4-tc2/source:/opt/rustwide/workdir:ro,Z" "-v" "/var/lib/crater-agent-workspace/cargo-home:/opt/rustwide/cargo-home:ro,Z" "-v" "/var/lib/crater-agent-workspace/rustup-home:/opt/rustwide/rustup-home:ro,Z" "-e" "SOURCE_DIR=/opt/rustwide/workdir" "-e" "CARGO_TARGET_DIR=/opt/rustwide/target" "-e" "CARGO_HOME=/opt/rustwide/cargo-home" "-e" "RUSTUP_HOME=/opt/rustwide/rustup-home" "-w" "/opt/rustwide/workdir" "-m" "1610612736" "--user" "0:0" "--network" "none" "ghcr.io/rust-lang/crates-build-env/linux@sha256:2788e3201cd34a07e3172128adcd8b3090168a8e3bcc40d7c032b9dda1df7d1c" "/opt/rustwide/cargo-home/bin/cargo" "+beta-2023-12-22" "metadata" "--no-deps" "--format-version=1", kill_on_drop: false }`
[INFO] [stdout] 46516130378dc520d2c1de8fdd68658ac85b866d48648df1e53637d828ee607f
[INFO] running `Command { std: "docker" "start" "-a" "46516130378dc520d2c1de8fdd68658ac85b866d48648df1e53637d828ee607f", kill_on_drop: false }`
[INFO] running `Command { std: "docker" "inspect" "46516130378dc520d2c1de8fdd68658ac85b866d48648df1e53637d828ee607f", kill_on_drop: false }`
[INFO] running `Command { std: "docker" "rm" "-f" "46516130378dc520d2c1de8fdd68658ac85b866d48648df1e53637d828ee607f", kill_on_drop: false }`
[INFO] [stdout] 46516130378dc520d2c1de8fdd68658ac85b866d48648df1e53637d828ee607f
[INFO] running `Command { std: "docker" "create" "-v" "/var/lib/crater-agent-workspace/builds/worker-4-tc2/target:/opt/rustwide/target:rw,Z" "-v" "/var/lib/crater-agent-workspace/builds/worker-4-tc2/source:/opt/rustwide/workdir:ro,Z" "-v" "/var/lib/crater-agent-workspace/cargo-home:/opt/rustwide/cargo-home:ro,Z" "-v" "/var/lib/crater-agent-workspace/rustup-home:/opt/rustwide/rustup-home:ro,Z" "-e" "SOURCE_DIR=/opt/rustwide/workdir" "-e" "CARGO_TARGET_DIR=/opt/rustwide/target" "-e" "CARGO_INCREMENTAL=0" "-e" "RUST_BACKTRACE=full" "-e" "RUSTFLAGS=--cap-lints=warn" "-e" "RUSTDOCFLAGS=--cap-lints=warn" "-e" "CARGO_HOME=/opt/rustwide/cargo-home" "-e" "RUSTUP_HOME=/opt/rustwide/rustup-home" "-w" "/opt/rustwide/workdir" "-m" "1610612736" "--user" "0:0" "--network" "none" "ghcr.io/rust-lang/crates-build-env/linux@sha256:2788e3201cd34a07e3172128adcd8b3090168a8e3bcc40d7c032b9dda1df7d1c" "/opt/rustwide/cargo-home/bin/cargo" "+beta-2023-12-22" "build" "--frozen" "--message-format=json", kill_on_drop: false }`
[INFO] [stdout] 8e590fcbea175b2c4f570e171071a55515e5023033984ce816c782b9205d8e26
[INFO] running `Command { std: "docker" "start" "-a" "8e590fcbea175b2c4f570e171071a55515e5023033984ce816c782b9205d8e26", kill_on_drop: false }`
[INFO] [stderr]    Compiling proc-macro2 v1.0.67
[INFO] [stderr]    Compiling unicode-ident v1.0.9
[INFO] [stderr]    Compiling version_check v0.9.4
[INFO] [stderr]    Compiling syn v1.0.109
[INFO] [stderr]    Compiling hashbrown v0.12.3
[INFO] [stderr]    Compiling prettyplease v0.2.12
[INFO] [stderr]    Compiling toml_datetime v0.6.2
[INFO] [stderr]    Compiling indexmap v1.9.3
[INFO] [stderr]    Compiling winnow v0.4.6
[INFO] [stderr]    Compiling once_cell v1.18.0
[INFO] [stderr]    Compiling proc-macro-error-attr v1.0.4
[INFO] [stderr]    Compiling proc-macro-error v1.0.4
[INFO] [stderr]    Compiling quote v1.0.33
[INFO] [stderr]    Compiling syn v2.0.37
[INFO] [stderr]    Compiling toml_edit v0.19.10
[INFO] [stderr]    Compiling proc-macro-crate v1.3.1
[INFO] [stderr]    Compiling interthread v1.2.1 (/opt/rustwide/workdir)
[INFO] [stdout] warning: unused import: `example::*`
[INFO] [stdout]  --> src/model/attribute/mod.rs:7:9
[INFO] [stdout]   |
[INFO] [stdout] 7 | pub use example::*; 
[INFO] [stdout]   |         ^^^^^^^^^^
[INFO] [stdout]   |
[INFO] [stdout]   = note: `#[warn(unused_imports)]` on by default
[INFO] [stdout] 
[INFO] [stdout] 
[INFO] [stdout] warning: call to `.clone()` on a reference in this situation does nothing
[INFO] [stdout]    --> src/show.rs:124:56
[INFO] [stdout]     |
[INFO] [stdout] 124 |             let main_file = crate::file::main_file(stem.clone().into(),lib);
[INFO] [stdout]     |                                                        ^^^^^^^^ help: remove this redundant call
[INFO] [stdout]     |
[INFO] [stdout]     = note: the type `str` does not implement `Clone`, so calling `clone` on `&str` copies the reference, which does not do anything and can be removed
[INFO] [stdout]     = note: `#[warn(noop_method_call)]` on by default
[INFO] [stdout] 
[INFO] [stdout] 
[INFO] [stdout] warning: 2 warnings emitted
[INFO] [stdout] 
[INFO] [stdout] 
[INFO] [stderr]     Finished dev [unoptimized + debuginfo] target(s) in 6.82s
[INFO] running `Command { std: "docker" "inspect" "8e590fcbea175b2c4f570e171071a55515e5023033984ce816c782b9205d8e26", kill_on_drop: false }`
[INFO] running `Command { std: "docker" "rm" "-f" "8e590fcbea175b2c4f570e171071a55515e5023033984ce816c782b9205d8e26", kill_on_drop: false }`
[INFO] [stdout] 8e590fcbea175b2c4f570e171071a55515e5023033984ce816c782b9205d8e26
[INFO] running `Command { std: "docker" "create" "-v" "/var/lib/crater-agent-workspace/builds/worker-4-tc2/target:/opt/rustwide/target:rw,Z" "-v" "/var/lib/crater-agent-workspace/builds/worker-4-tc2/source:/opt/rustwide/workdir:ro,Z" "-v" "/var/lib/crater-agent-workspace/cargo-home:/opt/rustwide/cargo-home:ro,Z" "-v" "/var/lib/crater-agent-workspace/rustup-home:/opt/rustwide/rustup-home:ro,Z" "-e" "SOURCE_DIR=/opt/rustwide/workdir" "-e" "CARGO_TARGET_DIR=/opt/rustwide/target" "-e" "CARGO_INCREMENTAL=0" "-e" "RUST_BACKTRACE=full" "-e" "RUSTFLAGS=--cap-lints=warn" "-e" "RUSTDOCFLAGS=--cap-lints=warn" "-e" "CARGO_HOME=/opt/rustwide/cargo-home" "-e" "RUSTUP_HOME=/opt/rustwide/rustup-home" "-w" "/opt/rustwide/workdir" "-m" "1610612736" "--user" "0:0" "--network" "none" "ghcr.io/rust-lang/crates-build-env/linux@sha256:2788e3201cd34a07e3172128adcd8b3090168a8e3bcc40d7c032b9dda1df7d1c" "/opt/rustwide/cargo-home/bin/cargo" "+beta-2023-12-22" "test" "--frozen" "--no-run" "--message-format=json", kill_on_drop: false }`
[INFO] [stdout] ce3a3e5c54f7f9b7a20e90760eed2d6f7ccc96bed3cdbfdb8a6454bd6448eeaf
[INFO] running `Command { std: "docker" "start" "-a" "ce3a3e5c54f7f9b7a20e90760eed2d6f7ccc96bed3cdbfdb8a6454bd6448eeaf", kill_on_drop: false }`
[INFO] [stderr]    Compiling libc v0.2.146
[INFO] [stderr]    Compiling unicode-ident v1.0.9
[INFO] [stderr]    Compiling futures-core v0.3.28
[INFO] [stderr]    Compiling crossbeam-utils v0.8.16
[INFO] [stderr]    Compiling memchr v2.5.0
[INFO] [stderr]    Compiling event-listener v2.5.3
[INFO] [stderr]    Compiling proc-macro2 v1.0.67
[INFO] [stderr]    Compiling value-bag v1.4.0
[INFO] [stderr]    Compiling fastrand v1.9.0
[INFO] [stderr]    Compiling log v0.4.19
[INFO] [stderr]    Compiling futures-io v0.3.28
[INFO] [stderr]    Compiling waker-fn v1.1.0
[INFO] [stderr]    Compiling parking v2.1.0
[INFO] [stderr]    Compiling async-lock v2.7.0
[INFO] [stderr]    Compiling slab v0.4.8
[INFO] [stderr]    Compiling quote v1.0.33
[INFO] [stderr]    Compiling io-lifetimes v1.0.11
[INFO] [stderr]    Compiling concurrent-queue v2.2.0
[INFO] [stderr]    Compiling futures-lite v1.13.0
[INFO] [stderr]    Compiling polling v2.8.0
[INFO] [stderr]    Compiling rustix v0.37.20
[INFO] [stderr]    Compiling async-io v1.13.0
[INFO] [stderr]    Compiling linux-raw-sys v0.3.8
[INFO] [stderr]    Compiling bitflags v1.3.2
[INFO] [stderr]    Compiling async-task v4.4.0
[INFO] [stderr]    Compiling socket2 v0.4.9
[INFO] [stderr]    Compiling async-channel v1.8.0
[INFO] [stderr]    Compiling syn v1.0.109
[INFO] [stderr]    Compiling atomic-waker v1.1.1
[INFO] [stderr]    Compiling indexmap v1.9.3
[INFO] [stderr]    Compiling signal-hook-registry v1.4.1
[INFO] [stderr]    Compiling syn v2.0.37
[INFO] [stderr]    Compiling lock_api v0.4.10
[INFO] [stderr]    Compiling parking_lot_core v0.9.8
[INFO] [stderr]    Compiling blocking v1.3.1
[INFO] [stderr]    Compiling signal-hook v0.3.15
[INFO] [stderr]    Compiling once_cell v1.18.0
[INFO] [stderr]    Compiling async-executor v1.5.1
[INFO] [stderr]    Compiling proc-macro-error v1.0.4
[INFO] [stderr]    Compiling proc-macro-error-attr v1.0.4
[INFO] [stderr]    Compiling async-fs v1.6.0
[INFO] [stderr]    Compiling async-process v1.7.0
[INFO] [stderr]    Compiling async-net v1.7.0
[INFO] [stderr]    Compiling smallvec v1.10.0
[INFO] [stderr]    Compiling toml_datetime v0.6.2
[INFO] [stderr]    Compiling scopeguard v1.1.0
[INFO] [stderr]    Compiling winnow v0.4.6
[INFO] [stderr]    Compiling prettyplease v0.2.12
[INFO] [stderr]    Compiling mio v0.8.8
[INFO] [stderr]    Compiling parking_lot v0.12.1
[INFO] [stderr]    Compiling socket2 v0.5.3
[INFO] [stderr]    Compiling num_cpus v1.15.0
[INFO] [stderr]    Compiling kv-log-macro v1.0.7
[INFO] [stderr]    Compiling bytes v1.4.0
[INFO] [stderr]    Compiling oneshot v0.1.5
[INFO] [stderr]    Compiling toml_edit v0.19.10
[INFO] [stderr]    Compiling async-global-executor v2.3.1
[INFO] [stderr]    Compiling proc-macro-crate v1.3.1
[INFO] [stderr]    Compiling smol v1.3.0
[INFO] [stderr]    Compiling async-attributes v1.1.2
[INFO] [stderr]    Compiling async-std v1.12.0
[INFO] [stderr]    Compiling tokio-macros v2.1.0
[INFO] [stderr]    Compiling interthread v1.2.1 (/opt/rustwide/workdir)
[INFO] [stdout] warning: unused import: `example::*`
[INFO] [stdout]  --> src/model/attribute/mod.rs:7:9
[INFO] [stdout]   |
[INFO] [stdout] 7 | pub use example::*; 
[INFO] [stdout]   |         ^^^^^^^^^^
[INFO] [stdout]   |
[INFO] [stdout]   = note: `#[warn(unused_imports)]` on by default
[INFO] [stdout] 
[INFO] [stdout] 
[INFO] [stderr]    Compiling tokio v1.32.0
[INFO] [stdout] warning: call to `.clone()` on a reference in this situation does nothing
[INFO] [stdout]    --> src/show.rs:124:56
[INFO] [stdout]     |
[INFO] [stdout] 124 |             let main_file = crate::file::main_file(stem.clone().into(),lib);
[INFO] [stdout]     |                                                        ^^^^^^^^ help: remove this redundant call
[INFO] [stdout]     |
[INFO] [stdout]     = note: the type `str` does not implement `Clone`, so calling `clone` on `&str` copies the reference, which does not do anything and can be removed
[INFO] [stdout]     = note: `#[warn(noop_method_call)]` on by default
[INFO] [stdout] 
[INFO] [stdout] 
[INFO] [stdout] warning: 2 warnings emitted
[INFO] [stdout] 
[INFO] [stdout] 
[INFO] [stdout] warning: unnecessary parentheses around type
[INFO] [stdout]   --> examples/inter/intro_std.rs:21:24
[INFO] [stdout]    |
[INFO] [stdout] 21 |     AddNumber { input: (i8), inter_send: oneshot::Sender<i8> },
[INFO] [stdout]    |                        ^  ^
[INFO] [stdout]    |
[INFO] [stdout]    = note: `#[warn(unused_parens)]` on by default
[INFO] [stdout] help: remove these parentheses
[INFO] [stdout]    |
[INFO] [stdout] 21 -     AddNumber { input: (i8), inter_send: oneshot::Sender<i8> },
[INFO] [stdout] 21 +     AddNumber { input: i8, inter_send: oneshot::Sender<i8> },
[INFO] [stdout]    |
[INFO] [stdout] 
[INFO] [stdout] 
[INFO] [stdout] warning: unnecessary parentheses around pattern
[INFO] [stdout]   --> examples/inter/intro_std.rs:30:47
[INFO] [stdout]    |
[INFO] [stdout] 30 |             MyActorScript::AddNumber { input: (num), inter_send } => {
[INFO] [stdout]    |                                               ^   ^
[INFO] [stdout]    |
[INFO] [stdout] help: remove these parentheses
[INFO] [stdout]    |
[INFO] [stdout] 30 -             MyActorScript::AddNumber { input: (num), inter_send } => {
[INFO] [stdout] 30 +             MyActorScript::AddNumber { input: num, inter_send } => {
[INFO] [stdout]    |
[INFO] [stdout] 
[INFO] [stdout] 
[INFO] [stdout] warning: associated items `new` and `add_number` are never used
[INFO] [stdout]   --> examples/visibility.rs:8:19
[INFO] [stdout]    |
[INFO] [stdout] 6  | impl MyActor {
[INFO] [stdout]    | ------------ associated items in this implementation
[INFO] [stdout] 7  |
[INFO] [stdout] 8  |     pub(crate) fn new( v: i8 ) -> Self {
[INFO] [stdout]    |                   ^^^
[INFO] [stdout] ...
[INFO] [stdout] 14 |     pub(self) fn add_number(&mut self, num: i8) -> i8 {
[INFO] [stdout]    |                  ^^^^^^^^^^
[INFO] [stdout]    |
[INFO] [stdout]    = note: `#[warn(dead_code)]` on by default
[INFO] [stdout] 
[INFO] [stdout] 
[INFO] [stdout] warning: unused import: `example::*`
[INFO] [stdout]  --> src/model/attribute/mod.rs:7:9
[INFO] [stdout]   |
[INFO] [stdout] 7 | pub use example::*; 
[INFO] [stdout]   |         ^^^^^^^^^^
[INFO] [stdout]   |
[INFO] [stdout]   = note: `#[warn(unused_imports)]` on by default
[INFO] [stdout] 
[INFO] [stdout] 
[INFO] [stdout] warning: 1 warning emitted
[INFO] [stdout] 
[INFO] [stdout] 
[INFO] [stdout] warning: 2 warnings emitted
[INFO] [stdout] 
[INFO] [stdout] 
[INFO] [stdout] warning: call to `.clone()` on a reference in this situation does nothing
[INFO] [stdout]    --> src/show.rs:124:56
[INFO] [stdout]     |
[INFO] [stdout] 124 |             let main_file = crate::file::main_file(stem.clone().into(),lib);
[INFO] [stdout]     |                                                        ^^^^^^^^ help: remove this redundant call
[INFO] [stdout]     |
[INFO] [stdout]     = note: the type `str` does not implement `Clone`, so calling `clone` on `&str` copies the reference, which does not do anything and can be removed
[INFO] [stdout]     = note: `#[warn(noop_method_call)]` on by default
[INFO] [stdout] 
[INFO] [stdout] 
[INFO] [stdout] warning: field `any` is never read
[INFO] [stdout]   --> examples/intro_group_generic.rs:92:5
[INFO] [stdout]    |
[INFO] [stdout] 88 | pub struct AaBbCc<Ta,Va,Ma,Tb,Vb,Mb,Tc,Vc,Mc> {
[INFO] [stdout]    |            ------ field in this struct
[INFO] [stdout] ...
[INFO] [stdout] 92 |     any: AnyOtherType,
[INFO] [stdout]    |     ^^^
[INFO] [stdout]    |
[INFO] [stdout]    = note: `#[warn(dead_code)]` on by default
[INFO] [stdout] 
[INFO] [stdout] 
[INFO] [stdout] warning: 1 warning emitted
[INFO] [stdout] 
[INFO] [stdout] 
[INFO] [stdout] warning: 2 warnings emitted
[INFO] [stdout] 
[INFO] [stdout] 
[INFO] [stderr]     Finished test [unoptimized + debuginfo] target(s) in 18.03s
[INFO] running `Command { std: "docker" "inspect" "ce3a3e5c54f7f9b7a20e90760eed2d6f7ccc96bed3cdbfdb8a6454bd6448eeaf", kill_on_drop: false }`
[INFO] running `Command { std: "docker" "rm" "-f" "ce3a3e5c54f7f9b7a20e90760eed2d6f7ccc96bed3cdbfdb8a6454bd6448eeaf", kill_on_drop: false }`
[INFO] [stdout] ce3a3e5c54f7f9b7a20e90760eed2d6f7ccc96bed3cdbfdb8a6454bd6448eeaf
[INFO] running `Command { std: "docker" "create" "-v" "/var/lib/crater-agent-workspace/builds/worker-4-tc2/target:/opt/rustwide/target:rw,Z" "-v" "/var/lib/crater-agent-workspace/builds/worker-4-tc2/source:/opt/rustwide/workdir:ro,Z" "-v" "/var/lib/crater-agent-workspace/cargo-home:/opt/rustwide/cargo-home:ro,Z" "-v" "/var/lib/crater-agent-workspace/rustup-home:/opt/rustwide/rustup-home:ro,Z" "-e" "SOURCE_DIR=/opt/rustwide/workdir" "-e" "CARGO_TARGET_DIR=/opt/rustwide/target" "-e" "CARGO_INCREMENTAL=0" "-e" "RUST_BACKTRACE=full" "-e" "RUSTFLAGS=--cap-lints=warn" "-e" "RUSTDOCFLAGS=--cap-lints=warn" "-e" "CARGO_HOME=/opt/rustwide/cargo-home" "-e" "RUSTUP_HOME=/opt/rustwide/rustup-home" "-w" "/opt/rustwide/workdir" "-m" "1610612736" "--user" "0:0" "--network" "none" "ghcr.io/rust-lang/crates-build-env/linux@sha256:2788e3201cd34a07e3172128adcd8b3090168a8e3bcc40d7c032b9dda1df7d1c" "/opt/rustwide/cargo-home/bin/cargo" "+beta-2023-12-22" "test" "--frozen", kill_on_drop: false }`
[INFO] [stdout] 95f4e5389506cc6871657b1b7e28b806899c152896bff1313129534ec24d49d8
[INFO] running `Command { std: "docker" "start" "-a" "95f4e5389506cc6871657b1b7e28b806899c152896bff1313129534ec24d49d8", kill_on_drop: false }`
[INFO] [stderr] warning: unused import: `example::*`
[INFO] [stderr]  --> src/model/attribute/mod.rs:7:9
[INFO] [stderr]   |
[INFO] [stderr] 7 | pub use example::*; 
[INFO] [stderr]   |         ^^^^^^^^^^
[INFO] [stderr]   |
[INFO] [stderr]   = note: `#[warn(unused_imports)]` on by default
[INFO] [stderr] 
[INFO] [stderr] warning: call to `.clone()` on a reference in this situation does nothing
[INFO] [stderr]    --> src/show.rs:124:56
[INFO] [stderr]     |
[INFO] [stderr] 124 |             let main_file = crate::file::main_file(stem.clone().into(),lib);
[INFO] [stderr]     |                                                        ^^^^^^^^ help: remove this redundant call
[INFO] [stderr]     |
[INFO] [stderr]     = note: the type `str` does not implement `Clone`, so calling `clone` on `&str` copies the reference, which does not do anything and can be removed
[INFO] [stderr]     = note: `#[warn(noop_method_call)]` on by default
[INFO] [stderr] 
[INFO] [stderr] warning: `interthread` (lib) generated 2 warnings (run `cargo fix --lib -p interthread` to apply 2 suggestions)
[INFO] [stderr] warning: `interthread` (lib test) generated 2 warnings (2 duplicates)
[INFO] [stderr] warning: field `any` is never read
[INFO] [stderr]   --> examples/intro_group_generic.rs:92:5
[INFO] [stderr]    |
[INFO] [stderr] 88 | pub struct AaBbCc<Ta,Va,Ma,Tb,Vb,Mb,Tc,Vc,Mc> {
[INFO] [stderr]    |            ------ field in this struct
[INFO] [stderr] ...
[INFO] [stderr] 92 |     any: AnyOtherType,
[INFO] [stderr]    |     ^^^
[INFO] [stderr]    |
[INFO] [stderr]    = note: `#[warn(dead_code)]` on by default
[INFO] [stderr] 
[INFO] [stderr] warning: associated items `new` and `add_number` are never used
[INFO] [stderr]   --> examples/visibility.rs:8:19
[INFO] [stderr]    |
[INFO] [stderr] 6  | impl MyActor {
[INFO] [stderr]    | ------------ associated items in this implementation
[INFO] [stderr] 7  |
[INFO] [stderr] 8  |     pub(crate) fn new( v: i8 ) -> Self {
[INFO] [stderr]    |                   ^^^
[INFO] [stderr] ...
[INFO] [stderr] 14 |     pub(self) fn add_number(&mut self, num: i8) -> i8 {
[INFO] [stderr]    |                  ^^^^^^^^^^
[INFO] [stderr]    |
[INFO] [stderr]    = note: `#[warn(dead_code)]` on by default
[INFO] [stderr] 
[INFO] [stderr] warning: `interthread` (example "intro_group_generic") generated 1 warning
[INFO] [stderr] warning: `interthread` (example "visibility") generated 1 warning
[INFO] [stderr] warning: unnecessary parentheses around type
[INFO] [stderr]   --> examples/inter/intro_std.rs:21:24
[INFO] [stderr]    |
[INFO] [stderr] 21 |     AddNumber { input: (i8), inter_send: oneshot::Sender<i8> },
[INFO] [stderr]    |                        ^  ^
[INFO] [stderr]    |
[INFO] [stderr]    = note: `#[warn(unused_parens)]` on by default
[INFO] [stderr] help: remove these parentheses
[INFO] [stderr]    |
[INFO] [stderr] 21 -     AddNumber { input: (i8), inter_send: oneshot::Sender<i8> },
[INFO] [stderr] 21 +     AddNumber { input: i8, inter_send: oneshot::Sender<i8> },
[INFO] [stderr]    |
[INFO] [stderr] 
[INFO] [stderr] warning: unnecessary parentheses around pattern
[INFO] [stderr]   --> examples/inter/intro_std.rs:30:47
[INFO] [stderr]    |
[INFO] [stderr] 30 |             MyActorScript::AddNumber { input: (num), inter_send } => {
[INFO] [stderr]    |                                               ^   ^
[INFO] [stderr]    |
[INFO] [stderr] help: remove these parentheses
[INFO] [stderr]    |
[INFO] [stderr] 30 -             MyActorScript::AddNumber { input: (num), inter_send } => {
[INFO] [stderr] 30 +             MyActorScript::AddNumber { input: num, inter_send } => {
[INFO] [stderr]    |
[INFO] [stderr] 
[INFO] [stderr] warning: `interthread` (example "inter") generated 2 warnings (run `cargo fix --example "inter"` to apply 2 suggestions)
[INFO] [stderr]     Finished test [unoptimized + debuginfo] target(s) in 0.06s
[INFO] [stderr]      Running unittests src/lib.rs (/opt/rustwide/target/debug/deps/interthread-09340801d21cdf6a)
[INFO] [stdout] 
[INFO] [stdout] running 7 tests
[INFO] [stdout] test parse::tests::close_cap_test ... ok
[INFO] [stdout] test parse::tests::explicit_chars_in_str ... ok
[INFO] [stdout] test parse::tests::parser_close_open ... ok
[INFO] [stdout] test parse::tests::open_comment_test ... ok
[INFO] [stdout] test parse::tests::test_func_actor_edit ... ok
[INFO] [stdout] test parse::tests::parser_close_open_inline ... ok
[INFO] [stdout] test parse::tests::test_func_group_edit ... ok
[INFO] [stdout] 
[INFO] [stdout] test result: ok. 7 passed; 0 failed; 0 ignored; 0 measured; 0 filtered out; finished in 0.00s
[INFO] [stdout] 
[INFO] [stderr]      Running tests/debut.rs (/opt/rustwide/target/debug/deps/debut-9aa7fa707a5d3590)
[INFO] [stdout] 
[INFO] [stdout] running 3 tests
[INFO] [stdout] test debut_std_test ... ok
[INFO] [stdout] test debut_std_tokio_test ... ok
[INFO] [stdout] test debut_async_tokio_test ... ok
[INFO] [stdout] 
[INFO] [stdout] test result: ok. 3 passed; 0 failed; 0 ignored; 0 measured; 0 filtered out; finished in 0.94s
[INFO] [stdout] 
[INFO] [stderr]      Running tests/generic_actor.rs (/opt/rustwide/target/debug/deps/generic_actor-18b7a00cfeb6a910)
[INFO] [stdout] 
[INFO] [stdout] running 9 tests
[INFO] [stdout] test actor_sync_unbounded_int ... ok
[INFO] [stdout] test actor_sync_unbound_default ... ok
[INFO] [stdout] test actor_sync_bounded ... ok
[INFO] [stdout] test actor_async_std_bounded ... ok
[INFO] [stdout] test actor_async_std_unbounded ... ok
[INFO] [stdout] test actor_smol_bounded ... ok
[INFO] [stdout] test actor_smol_unbounded ... ok
[INFO] [stdout] test actor_tokio_bounded ... ok
[INFO] [stdout] test actor_tokio_unbounded ... ok
[INFO] [stdout] 
[INFO] [stdout] test result: ok. 9 passed; 0 failed; 0 ignored; 0 measured; 0 filtered out; finished in 0.00s
[INFO] [stdout] 
[INFO] [stderr]      Running tests/generic_method.rs (/opt/rustwide/target/debug/deps/generic_method-ebef02d2cc7075cf)
[INFO] [stdout] 
[INFO] [stdout] running 11 tests
[INFO] [stdout] test actor_sync_unbound_default ... ok
[INFO] [stdout] test actor_sync_unbounded_int ... ok
[INFO] [stdout] test actor_sync_bounded ... ok
[INFO] [stdout] test actor_async_std_unbounded_option ... ok
[INFO] [stdout] test actor_smol_unbounded ... ok
[INFO] [stdout] test actor_async_std_unbounded ... ok
[INFO] [stdout] test actor_async_std_bounded ... ok
[INFO] [stdout] test actor_smol_bounded ... ok
[INFO] [stdout] test actor_tokio_bounded ... ok
[INFO] [stdout] test actor_tokio_unbounded_result ... ok
[INFO] [stdout] test actor_tokio_unbounded ... ok
[INFO] [stdout] 
[INFO] [stdout] test result: ok. 11 passed; 0 failed; 0 ignored; 0 measured; 0 filtered out; finished in 0.01s
[INFO] [stdout] 
[INFO] [stderr]      Running tests/pat_input.rs (/opt/rustwide/target/debug/deps/pat_input-b919a541f2c47cff)
[INFO] [stdout] 
[INFO] [stdout] running 4 tests
[INFO] [stdout] test actor_sync_bounded ... ok
[INFO] [stdout] test actor_async_std_bounded_gen ... ok
[INFO] [stdout] test actor_async_std_bounded ... ok
[INFO] [stdout] test actor_tokio_bounded ... ok
[INFO] [stdout] 
[INFO] [stdout] test result: ok. 4 passed; 0 failed; 0 ignored; 0 measured; 0 filtered out; finished in 0.00s
[INFO] [stdout] 
[INFO] [stderr]      Running tests/type_actor.rs (/opt/rustwide/target/debug/deps/type_actor-2224bc958df6a8cd)
[INFO] [stdout] 
[INFO] [stdout] running 13 tests
[INFO] [stdout] test actor_sync_unbound_default ... ok
[INFO] [stdout] test actor_sync_bounded ... ok
[INFO] [stdout] test actor_sync_unbounded_int ... ok
[INFO] [stdout] test id_actor_sync_inter ... ok
[INFO] [stdout] test id_actor_sync_bounded ... ok
[INFO] [stdout] test actor_async_std_unbounded ... ok
[INFO] [stdout] test actor_smol_unbounded ... ok
[INFO] [stdout] test actor_smol_bounded ... ok
[INFO] [stdout] test actor_async_std_bounded ... ok
[INFO] [stdout] test self_word_in_arg_type ... ok
[INFO] [stdout] test actor_tokio_bounded ... ok
[INFO] [stdout] test id_actor_tokio_bounded ... ok
[INFO] [stdout] test actor_tokio_unbounded ... ok
[INFO] [stdout] 
[INFO] [stdout] test result: ok. 13 passed; 0 failed; 0 ignored; 0 measured; 0 filtered out; finished in 0.01s
[INFO] [stdout] 
[INFO] [stderr]    Doc-tests interthread
[INFO] [stdout] 
[INFO] [stdout] running 35 tests
[INFO] [stdout] test src/lib.rs - (line 259) ... FAILED
[INFO] [stdout] test src/lib.rs - (line 269) ... FAILED
[INFO] [stdout] test src/lib.rs - (line 242) ... FAILED
[INFO] [stdout] test src/lib.rs - (line 210) ... FAILED
[INFO] [stdout] test src/lib.rs - (line 296) ... FAILED
[INFO] [stdout] test src/lib.rs - actor (line 1258) ... FAILED
[INFO] [stdout] test src/lib.rs - (line 185) ... ok
[INFO] [stdout] test src/lib.rs - actor (line 742) ... FAILED
[INFO] [stdout] test src/lib.rs - actor (line 1318) ... FAILED
[INFO] [stdout] test src/lib.rs - actor (line 746) ... FAILED
[INFO] [stdout] test src/lib.rs - actor (line 1279) ... FAILED
[INFO] [stdout] test src/lib.rs - actor (line 753) ... FAILED
[INFO] [stdout] test src/lib.rs - actor (line 813) ... FAILED
[INFO] [stdout] test src/lib.rs - actor (line 836) ... FAILED
[INFO] [stdout] test src/lib.rs - actor (line 856) ... FAILED
[INFO] [stdout] test src/lib.rs - (line 91) ... ok
[INFO] [stdout] test src/lib.rs - actor (line 1008) ... ok
[INFO] [stdout] test src/lib.rs - actor (line 1220) ... ok
[INFO] [stdout] test src/lib.rs - example (line 498) ... FAILED
[INFO] [stdout] test src/lib.rs - example (line 537) ... FAILED
[INFO] [stdout] test src/lib.rs - example (line 543) ... FAILED
[INFO] [stdout] test src/lib.rs - example (line 561) ... FAILED
[INFO] [stdout] test src/lib.rs - example (line 630) ... FAILED
[INFO] [stdout] test src/lib.rs - example (line 482) ... ok
[INFO] [stdout] test src/lib.rs - group (line 1491) ... FAILED
[INFO] [stdout] test src/lib.rs - group (line 1521) ... FAILED
[INFO] [stdout] test src/lib.rs - group (line 1415) ... FAILED
[INFO] [stdout] test src/lib.rs - actor (line 939) ... ok
[INFO] [stdout] test src/lib.rs - actor (line 913) ... ok
[INFO] [stdout] test src/lib.rs - group (line 1558) ... FAILED
[INFO] [stdout] test src/lib.rs - group (line 1642) ... FAILED
[INFO] [stdout] test src/lib.rs - group (line 1562) ... FAILED
[INFO] [stdout] test src/lib.rs - group (line 1661) ... FAILED
[INFO] [stdout] test src/lib.rs - actor (line 1149) ... ok
[INFO] [stdout] test src/lib.rs - actor (line 778) ... ok
[INFO] [stdout] 
[INFO] [stdout] failures:
[INFO] [stdout] 
[INFO] [stdout] ---- src/lib.rs - (line 259) stdout ----
[INFO] [stdout] error: expected statement after outer attribute
[INFO] [stdout]  --> src/lib.rs:261:1
[INFO] [stdout]   |
[INFO] [stdout] 5 | #[interthread::actor(channel=2, edit(script(imp(play))))]
[INFO] [stdout]   | ^^^^^^^^^^^^^^^^^^^^^^^^^^^^^^^^^^^^^^^^^^^^^^^^^^^^^^^^^
[INFO] [stdout] 
[INFO] [stdout] error: aborting due to 1 previous error
[INFO] [stdout] 
[INFO] [stdout] Couldn't compile the test.
[INFO] [stdout] ---- src/lib.rs - (line 269) stdout ----
[INFO] [stdout] error[E0412]: cannot find type `MyActorScript` in this scope
[INFO] [stdout]  --> src/lib.rs:270:26
[INFO] [stdout]   |
[INFO] [stdout] 3 | impl std::fmt::Debug for MyActorScript {
[INFO] [stdout]   |                          ^^^^^^^^^^^^^ not found in this scope
[INFO] [stdout] 
[INFO] [stdout] error[E0433]: failed to resolve: use of undeclared type `MyActorScript`
[INFO] [stdout]  --> src/lib.rs:273:12
[INFO] [stdout]   |
[INFO] [stdout] 6 |            MyActorScript::Increment { .. } => write!(f, "MyActorScript::Increment"),
[INFO] [stdout]   |            ^^^^^^^^^^^^^ use of undeclared type `MyActorScript`
[INFO] [stdout] 
[INFO] [stdout] error[E0433]: failed to resolve: use of undeclared type `MyActorScript`
[INFO] [stdout]  --> src/lib.rs:274:12
[INFO] [stdout]   |
[INFO] [stdout] 7 |            MyActorScript::AddNumber { .. } => write!(f, "MyActorScript::AddNumber"),
[INFO] [stdout]   |            ^^^^^^^^^^^^^ use of undeclared type `MyActorScript`
[INFO] [stdout] 
[INFO] [stdout] error[E0433]: failed to resolve: use of undeclared type `MyActorScript`
[INFO] [stdout]  --> src/lib.rs:275:12
[INFO] [stdout]   |
[INFO] [stdout] 8 |            MyActorScript::GetValue { .. } => write!(f, "MyActorScript::GetValue"),
[INFO] [stdout]   |            ^^^^^^^^^^^^^ use of undeclared type `MyActorScript`
[INFO] [stdout] 
[INFO] [stdout] error: aborting due to 4 previous errors
[INFO] [stdout] 
[INFO] [stdout] Some errors have detailed explanations: E0412, E0433.
[INFO] [stdout] For more information about an error, try `rustc --explain E0412`.
[INFO] [stdout] Couldn't compile the test.
[INFO] [stdout] ---- src/lib.rs - (line 242) stdout ----
[INFO] [stdout] error[E0412]: cannot find type `MyActorScript` in this scope
[INFO] [stdout]  --> src/lib.rs:243:6
[INFO] [stdout]   |
[INFO] [stdout] 3 | impl MyActorScript { 
[INFO] [stdout]   |      ^^^^^^^^^^^^^ not found in this scope
[INFO] [stdout] 
[INFO] [stdout] error[E0412]: cannot find type `MyActorScript` in this scope
[INFO] [stdout]  --> src/lib.rs:245:45
[INFO] [stdout]   |
[INFO] [stdout] 5 |         receiver: std::sync::mpsc::Receiver<MyActorScript>, 
[INFO] [stdout]   |                                             ^^^^^^^^^^^^^ not found in this scope
[INFO] [stdout]   |
[INFO] [stdout] help: you might be missing a type parameter
[INFO] [stdout]   |
[INFO] [stdout] 3 | impl<MyActorScript> MyActorScript { 
[INFO] [stdout]   |     +++++++++++++++
[INFO] [stdout] 
[INFO] [stdout] error[E0412]: cannot find type `MyActor` in this scope
[INFO] [stdout]  --> src/lib.rs:246:20
[INFO] [stdout]   |
[INFO] [stdout] 6 |         mut actor: MyActor) {
[INFO] [stdout]   |                    ^^^^^^^ not found in this scope
[INFO] [stdout] 
[INFO] [stdout] error: aborting due to 3 previous errors
[INFO] [stdout] 
[INFO] [stdout] For more information about this error, try `rustc --explain E0412`.
[INFO] [stdout] Couldn't compile the test.
[INFO] [stdout] ---- src/lib.rs - (line 210) stdout ----
[INFO] [stdout] error[E0412]: cannot find type `MyActorScript` in this scope
[INFO] [stdout]  --> src/lib.rs:211:6
[INFO] [stdout]   |
[INFO] [stdout] 3 | impl MyActorScript {
[INFO] [stdout]   |      ^^^^^^^^^^^^^ not found in this scope
[INFO] [stdout] 
[INFO] [stdout] error[E0412]: cannot find type `MyActor` in this scope
[INFO] [stdout]  --> src/lib.rs:212:37
[INFO] [stdout]   |
[INFO] [stdout] 4 |     pub fn direct(self, actor: &mut MyActor) {
[INFO] [stdout]   |                                     ^^^^^^^ not found in this scope
[INFO] [stdout] 
[INFO] [stdout] error[E0433]: failed to resolve: use of undeclared type `MyActorScript`
[INFO] [stdout]  --> src/lib.rs:214:13
[INFO] [stdout]   |
[INFO] [stdout] 6 |             MyActorScript::Increment {} => {
[INFO] [stdout]   |             ^^^^^^^^^^^^^ use of undeclared type `MyActorScript`
[INFO] [stdout] 
[INFO] [stdout] error[E0433]: failed to resolve: use of undeclared type `MyActorScript`
[INFO] [stdout]  --> src/lib.rs:217:13
[INFO] [stdout]   |
[INFO] [stdout] 9 |             MyActorScript::AddNumber {
[INFO] [stdout]   |             ^^^^^^^^^^^^^ use of undeclared type `MyActorScript`
[INFO] [stdout] 
[INFO] [stdout] error[E0433]: failed to resolve: use of undeclared type `MyActorScript`
[INFO] [stdout]   --> src/lib.rs:224:13
[INFO] [stdout]    |
[INFO] [stdout] 16 |             MyActorScript::GetValue { output: send } => {
[INFO] [stdout]    |             ^^^^^^^^^^^^^ use of undeclared type `MyActorScript`
[INFO] [stdout] 
[INFO] [stdout] error: aborting due to 5 previous errors
[INFO] [stdout] 
[INFO] [stdout] Some errors have detailed explanations: E0412, E0433.
[INFO] [stdout] For more information about an error, try `rustc --explain E0412`.
[INFO] [stdout] Couldn't compile the test.
[INFO] [stdout] ---- src/lib.rs - (line 296) stdout ----
[INFO] [stdout] error[E0412]: cannot find type `MyActorScript` in this scope
[INFO] [stdout]  --> src/lib.rs:300:40
[INFO] [stdout]   |
[INFO] [stdout] 6 |    sender: std::sync::mpsc::SyncSender<MyActorScript>,
[INFO] [stdout]   |                                        ^^^^^^^^^^^^^ not found in this scope
[INFO] [stdout]   |
[INFO] [stdout] help: you might be missing a type parameter
[INFO] [stdout]   |
[INFO] [stdout] 5 | pub struct MyActorLive<MyActorScript> {
[INFO] [stdout]   |                       +++++++++++++++
[INFO] [stdout] 
[INFO] [stdout] error[E0433]: failed to resolve: use of undeclared type `MyActor`
[INFO] [stdout]   --> src/lib.rs:305:20
[INFO] [stdout]    |
[INFO] [stdout] 11 |        let actor = MyActor::new(v);
[INFO] [stdout]    |                    ^^^^^^^ use of undeclared type `MyActor`
[INFO] [stdout] 
[INFO] [stdout] error[E0433]: failed to resolve: use of undeclared type `MyActorScript`
[INFO] [stdout]   --> src/lib.rs:307:32
[INFO] [stdout]    |
[INFO] [stdout] 13 |        std::thread::spawn(|| { MyActorScript::play(receiver, actor) });
[INFO] [stdout]    |                                ^^^^^^^^^^^^^ use of undeclared type `MyActorScript`
[INFO] [stdout] 
[INFO] [stdout] error[E0433]: failed to resolve: use of undeclared type `MyActorScript`
[INFO] [stdout]   --> src/lib.rs:331:18
[INFO] [stdout]    |
[INFO] [stdout] 37 |        let msg = MyActorScript::GetValue {
[INFO] [stdout]    |                  ^^^^^^^^^^^^^ use of undeclared type `MyActorScript`
[INFO] [stdout] 
[INFO] [stdout] error[E0433]: failed to resolve: use of undeclared type `MyActorScript`
[INFO] [stdout]   --> src/lib.rs:319:18
[INFO] [stdout]    |
[INFO] [stdout] 25 |        let msg = MyActorScript::AddNumber {
[INFO] [stdout]    |                  ^^^^^^^^^^^^^ use of undeclared type `MyActorScript`
[INFO] [stdout] 
[INFO] [stdout] error[E0433]: failed to resolve: use of undeclared type `MyActorScript`
[INFO] [stdout]   --> src/lib.rs:311:18
[INFO] [stdout]    |
[INFO] [stdout] 17 |        let msg = MyActorScript::Increment {};
[INFO] [stdout]    |                  ^^^^^^^^^^^^^ use of undeclared type `MyActorScript`
[INFO] [stdout] 
[INFO] [stdout] error: aborting due to 6 previous errors
[INFO] [stdout] 
[INFO] [stdout] Some errors have detailed explanations: E0412, E0433.
[INFO] [stdout] For more information about an error, try `rustc --explain E0412`.
[INFO] [stdout] Couldn't compile the test.
[INFO] [stdout] ---- src/lib.rs - actor (line 1258) stdout ----
[INFO] [stdout] error: `self` parameter is only allowed in associated functions
[INFO] [stdout]  --> src/lib.rs:1260:19
[INFO] [stdout]   |
[INFO] [stdout] 4 | pub fn heavy_work(&self) -> oneshot::Receiver<u8> {
[INFO] [stdout]   |                   ^^^^^ not semantically valid as function parameter
[INFO] [stdout]   |
[INFO] [stdout]   = note: associated functions are those in `impl` or `trait` definitions
[INFO] [stdout] 
[INFO] [stdout] error[E0433]: failed to resolve: use of undeclared type `MyActorScript`
[INFO] [stdout]  --> src/lib.rs:1262:15
[INFO] [stdout]   |
[INFO] [stdout] 6 |     let msg = MyActorScript::HeavyWork {
[INFO] [stdout]   |               ^^^^^^^^^^^^^ use of undeclared type `MyActorScript`
[INFO] [stdout] 
[INFO] [stdout] error: aborting due to 2 previous errors
[INFO] [stdout] 
[INFO] [stdout] For more information about this error, try `rustc --explain E0433`.
[INFO] [stdout] Couldn't compile the test.
[INFO] [stdout] ---- src/lib.rs - actor (line 742) stdout ----
[INFO] [stdout] error: expected statement after outer attribute
[INFO] [stdout]  --> src/lib.rs:743:1
[INFO] [stdout]   |
[INFO] [stdout] 3 | #[actor]
[INFO] [stdout]   | ^^^^^^^^
[INFO] [stdout] 
[INFO] [stdout] error: aborting due to 1 previous error
[INFO] [stdout] 
[INFO] [stdout] Couldn't compile the test.
[INFO] [stdout] ---- src/lib.rs - actor (line 1318) stdout ----
[INFO] [stdout] error: `self` parameter is only allowed in associated functions
[INFO] [stdout]  --> src/lib.rs:1320:18
[INFO] [stdout]   |
[INFO] [stdout] 4 | pub fn set_value(&mut self) {
[INFO] [stdout]   |                  ^^^^^^^^^ not semantically valid as function parameter
[INFO] [stdout]   |
[INFO] [stdout]   = note: associated functions are those in `impl` or `trait` definitions
[INFO] [stdout] 
[INFO] [stdout] error[E0433]: failed to resolve: use of undeclared type `MyActorScript`
[INFO] [stdout]  --> src/lib.rs:1322:15
[INFO] [stdout]   |
[INFO] [stdout] 6 |     let msg = MyActorScript::SetValue {
[INFO] [stdout]   |               ^^^^^^^^^^^^^ use of undeclared type `MyActorScript`
[INFO] [stdout] 
[INFO] [stdout] error: aborting due to 2 previous errors
[INFO] [stdout] 
[INFO] [stdout] For more information about this error, try `rustc --explain E0433`.
[INFO] [stdout] Couldn't compile the test.
[INFO] [stdout] ---- src/lib.rs - actor (line 746) stdout ----
[INFO] [stdout] error: expected statement after outer attribute
[INFO] [stdout]  --> src/lib.rs:747:1
[INFO] [stdout]   |
[INFO] [stdout] 3 | #[actor(channel=0)]
[INFO] [stdout]   | ^^^^^^^^^^^^^^^^^^^
[INFO] [stdout] 
[INFO] [stdout] error: aborting due to 1 previous error
[INFO] [stdout] 
[INFO] [stdout] Couldn't compile the test.
[INFO] [stdout] ---- src/lib.rs - actor (line 1279) stdout ----
[INFO] [stdout] error: Read-only file system (os error 30)
[INFO] [stdout]   --> src/lib.rs:1299:1
[INFO] [stdout]    |
[INFO] [stdout] 22 | #[interthread::example(main(path="examples/intro_interact.rs"))] 
[INFO] [stdout]    | ^^^^^^^^^^^^^^^^^^^^^^^^^^^^^^^^^^^^^^^^^^^^^^^^^^^^^^^^^^^^^^^^
[INFO] [stdout]    |
[INFO] [stdout]    = note: this error originates in the attribute macro `interthread::example` (in Nightly builds, run with -Z macro-backtrace for more info)
[INFO] [stdout] 
[INFO] [stdout] error[E0601]: `main` function not found in crate `rust_out`
[INFO] [stdout]   --> src/lib.rs:1312:2
[INFO] [stdout]    |
[INFO] [stdout] 35 | }
[INFO] [stdout]    |  ^ consider adding a `main` function to `src/lib.rs`
[INFO] [stdout] 
[INFO] [stdout] error: aborting due to 2 previous errors
[INFO] [stdout] 
[INFO] [stdout] For more information about this error, try `rustc --explain E0601`.
[INFO] [stdout] Couldn't compile the test.
[INFO] [stdout] ---- src/lib.rs - actor (line 753) stdout ----
[INFO] [stdout] error: expected statement after outer attribute
[INFO] [stdout]  --> src/lib.rs:754:1
[INFO] [stdout]   |
[INFO] [stdout] 3 | #[actor(channel=4)]
[INFO] [stdout]   | ^^^^^^^^^^^^^^^^^^^
[INFO] [stdout] 
[INFO] [stdout] error: aborting due to 1 previous error
[INFO] [stdout] 
[INFO] [stdout] Couldn't compile the test.
[INFO] [stdout] ---- src/lib.rs - actor (line 813) stdout ----
[INFO] [stdout] error: expected statement after outer attribute
[INFO] [stdout]  --> src/lib.rs:814:1
[INFO] [stdout]   |
[INFO] [stdout] 3 | / #[actor(channel = 2,
[INFO] [stdout] 4 | |    edit(live(imp(foo))))
[INFO] [stdout] 5 | | ]
[INFO] [stdout]   | |_^
[INFO] [stdout] 
[INFO] [stdout] error: aborting due to 1 previous error
[INFO] [stdout] 
[INFO] [stdout] Couldn't compile the test.
[INFO] [stdout] ---- src/lib.rs - actor (line 836) stdout ----
[INFO] [stdout] error: Path - "src/main.rs" does not exist.
[INFO] [stdout]  --> src/lib.rs:842:5
[INFO] [stdout]   |
[INFO] [stdout] 9 |     file="src/main.rs",
[INFO] [stdout]   |     ^^^^^^^^^^^^^^^^^^
[INFO] [stdout] 
[INFO] [stdout] error: aborting due to 1 previous error
[INFO] [stdout] 
[INFO] [stdout] Couldn't compile the test.
[INFO] [stdout] ---- src/lib.rs - actor (line 856) stdout ----
[INFO] [stdout] error: Path - "src/main.rs" does not exist.
[INFO] [stdout]   --> src/lib.rs:863:4
[INFO] [stdout]    |
[INFO] [stdout] 10 |    file="src/main.rs",
[INFO] [stdout]    |    ^^^^^^^^^^^^^^^^^^
[INFO] [stdout] 
[INFO] [stdout] error[E0412]: cannot find type `MyActorLive` in this scope
[INFO] [stdout]   --> src/lib.rs:881:6
[INFO] [stdout]    |
[INFO] [stdout] 28 | impl MyActorLive {
[INFO] [stdout]    |      ^^^^^^^^^^^ not found in this scope
[INFO] [stdout] 
[INFO] [stdout] error[E0433]: failed to resolve: use of undeclared type `MyActorScript`
[INFO] [stdout]   --> src/lib.rs:883:19
[INFO] [stdout]    |
[INFO] [stdout] 30 |         let msg = MyActorScript::Increment {};
[INFO] [stdout]    |                   ^^^^^^^^^^^^^ use of undeclared type `MyActorScript`
[INFO] [stdout] 
[INFO] [stdout] error: aborting due to 3 previous errors
[INFO] [stdout] 
[INFO] [stdout] Some errors have detailed explanations: E0412, E0433.
[INFO] [stdout] For more information about an error, try `rustc --explain E0412`.
[INFO] [stdout] Couldn't compile the test.
[INFO] [stdout] ---- src/lib.rs - example (line 498) stdout ----
[INFO] [stdout] error: Path - "src/my_file.rs" does not exists.
[INFO] [stdout]  --> src/lib.rs:501:16
[INFO] [stdout]   |
[INFO] [stdout] 5 | #[example(path="src/my_file.rs")]
[INFO] [stdout]   |                ^^^^^^^^^^^^^^^^
[INFO] [stdout] 
[INFO] [stdout] error[E0601]: `main` function not found in crate `rust_out`
[INFO] [stdout]  --> src/lib.rs:503:2
[INFO] [stdout]   |
[INFO] [stdout] 7 | }
[INFO] [stdout]   |  ^ consider adding a `main` function to `src/lib.rs`
[INFO] [stdout] 
[INFO] [stdout] error: aborting due to 2 previous errors
[INFO] [stdout] 
[INFO] [stdout] For more information about this error, try `rustc --explain E0601`.
[INFO] [stdout] Couldn't compile the test.
[INFO] [stdout] ---- src/lib.rs - example (line 537) stdout ----
[INFO] [stdout] error: expected statement after outer attribute
[INFO] [stdout]  --> src/lib.rs:538:1
[INFO] [stdout]   |
[INFO] [stdout] 3 | #[example(path="my_file.rs")]
[INFO] [stdout]   | ^^^^^^^^^^^^^^^^^^^^^^^^^^^^^
[INFO] [stdout] 
[INFO] [stdout] error: aborting due to 1 previous error
[INFO] [stdout] 
[INFO] [stdout] Couldn't compile the test.
[INFO] [stdout] ---- src/lib.rs - example (line 543) stdout ----
[INFO] [stdout] error: expected statement after outer attribute
[INFO] [stdout]  --> src/lib.rs:544:1
[INFO] [stdout]   |
[INFO] [stdout] 3 | #[example(mod(path="my_file.rs"))]
[INFO] [stdout]   | ^^^^^^^^^^^^^^^^^^^^^^^^^^^^^^^^^^
[INFO] [stdout] 
[INFO] [stdout] error: aborting due to 1 previous error
[INFO] [stdout] 
[INFO] [stdout] Couldn't compile the test.
[INFO] [stdout] ---- src/lib.rs - example (line 561) stdout ----
[INFO] [stdout] error: expected statement after outer attribute
[INFO] [stdout]  --> src/lib.rs:562:1
[INFO] [stdout]   |
[INFO] [stdout] 3 | #[example(main(path="my_file.rs"))]
[INFO] [stdout]   | ^^^^^^^^^^^^^^^^^^^^^^^^^^^^^^^^^^^
[INFO] [stdout] 
[INFO] [stdout] error: aborting due to 1 previous error
[INFO] [stdout] 
[INFO] [stdout] Couldn't compile the test.
[INFO] [stdout] ---- src/lib.rs - example (line 630) stdout ----
[INFO] [stdout] error: expected statement after outer attribute
[INFO] [stdout]  --> src/lib.rs:631:1
[INFO] [stdout]   |
[INFO] [stdout] 3 | #[example(path="my_file.rs",expand(actor))]
[INFO] [stdout]   | ^^^^^^^^^^^^^^^^^^^^^^^^^^^^^^^^^^^^^^^^^^^
[INFO] [stdout] 
[INFO] [stdout] error: aborting due to 1 previous error
[INFO] [stdout] 
[INFO] [stdout] Couldn't compile the test.
[INFO] [stdout] ---- src/lib.rs - group (line 1491) stdout ----
[INFO] [stdout] error: expected `{}`, found `;`
[INFO] [stdout]  --> src/lib.rs:1496:19
[INFO] [stdout]   |
[INFO] [stdout] 7 | enum AaScriptGroup;
[INFO] [stdout]   |                   ^
[INFO] [stdout]   |
[INFO] [stdout]   = help: try using `{}` instead
[INFO] [stdout] 
[INFO] [stdout] error: expected `{}`, found `;`
[INFO] [stdout]   --> src/lib.rs:1499:19
[INFO] [stdout]    |
[INFO] [stdout] 10 | enum BbScriptGroup;
[INFO] [stdout]    |                   ^
[INFO] [stdout]    |
[INFO] [stdout]    = help: try using `{}` instead
[INFO] [stdout] 
[INFO] [stdout] error: expected `{}`, found `;`
[INFO] [stdout]   --> src/lib.rs:1507:21
[INFO] [stdout]    |
[INFO] [stdout] 18 | enum AaBbGroupScript;
[INFO] [stdout]    |                     ^
[INFO] [stdout]    |
[INFO] [stdout]    = help: try using `{}` instead
[INFO] [stdout] 
[INFO] [stdout] error: aborting due to 3 previous errors
[INFO] [stdout] 
[INFO] [stdout] Couldn't compile the test.
[INFO] [stdout] ---- src/lib.rs - group (line 1521) stdout ----
[INFO] [stdout] error: expected statement after outer attribute
[INFO] [stdout]  --> src/lib.rs:1523:1
[INFO] [stdout]   |
[INFO] [stdout] 5 | #[interthread::group( file="path/to/file.rs",edit(file))]
[INFO] [stdout]   | ^^^^^^^^^^^^^^^^^^^^^^^^^^^^^^^^^^^^^^^^^^^^^^^^^^^^^^^^^
[INFO] [stdout] 
[INFO] [stdout] error: aborting due to 1 previous error
[INFO] [stdout] 
[INFO] [stdout] Couldn't compile the test.
[INFO] [stdout] ---- src/lib.rs - group (line 1415) stdout ----
[INFO] [stdout] error: Path - "path/to/file.rs" does not exist.
[INFO] [stdout]   --> src/lib.rs:1437:23
[INFO] [stdout]    |
[INFO] [stdout] 24 | #[interthread::group( file= "path/to/file.rs")]
[INFO] [stdout]    |                       ^^^^^^^^^^^^^^^^^^^^^^^
[INFO] [stdout] 
[INFO] [stdout] error[E0433]: failed to resolve: use of undeclared type `AaBbGroupLive`
[INFO] [stdout]   --> src/lib.rs:1459:21
[INFO] [stdout]    |
[INFO] [stdout] 46 |     let mut group = AaBbGroupLive::new();
[INFO] [stdout]    |                     ^^^^^^^^^^^^^ use of undeclared type `AaBbGroupLive`
[INFO] [stdout] 
[INFO] [stdout] error: aborting due to 2 previous errors
[INFO] [stdout] 
[INFO] [stdout] For more information about this error, try `rustc --explain E0433`.
[INFO] [stdout] Couldn't compile the test.
[INFO] [stdout] ---- src/lib.rs - group (line 1558) stdout ----
[INFO] [stdout] error[E0433]: failed to resolve: use of undeclared crate or module `a`
[INFO] [stdout]  --> src/lib.rs:1559:7
[INFO] [stdout]   |
[INFO] [stdout] 3 | assoc(a::assoc)
[INFO] [stdout]   |       ^ use of undeclared crate or module `a`
[INFO] [stdout] 
[INFO] [stdout] error[E0425]: cannot find function `assoc` in this scope
[INFO] [stdout]  --> src/lib.rs:1559:1
[INFO] [stdout]   |
[INFO] [stdout] 3 | assoc(a::assoc)
[INFO] [stdout]   | ^^^^^ not found in this scope
[INFO] [stdout] 
[INFO] [stdout] error: aborting due to 2 previous errors
[INFO] [stdout] 
[INFO] [stdout] Some errors have detailed explanations: E0425, E0433.
[INFO] [stdout] For more information about an error, try `rustc --explain E0425`.
[INFO] [stdout] Couldn't compile the test.
[INFO] [stdout] ---- src/lib.rs - group (line 1642) stdout ----
[INFO] [stdout] error[E0412]: cannot find type `Aa` in this scope
[INFO] [stdout]  --> src/lib.rs:1644:13
[INFO] [stdout]   |
[INFO] [stdout] 4 |     pub a:  Aa,
[INFO] [stdout]   |             ^^ not found in this scope
[INFO] [stdout] 
[INFO] [stdout] error[E0412]: cannot find type `Aa` in this scope
[INFO] [stdout]  --> src/lib.rs:1645:13
[INFO] [stdout]   |
[INFO] [stdout] 5 |     pub a1: Aa,
[INFO] [stdout]   |             ^^ not found in this scope
[INFO] [stdout] 
[INFO] [stdout] error[E0412]: cannot find type `Bb` in this scope
[INFO] [stdout]  --> src/lib.rs:1646:13
[INFO] [stdout]   |
[INFO] [stdout] 6 |     pub b:  Bb,
[INFO] [stdout]   |             ^^ not found in this scope
[INFO] [stdout] 
[INFO] [stdout] error: aborting due to 3 previous errors
[INFO] [stdout] 
[INFO] [stdout] For more information about this error, try `rustc --explain E0412`.
[INFO] [stdout] Couldn't compile the test.
[INFO] [stdout] ---- src/lib.rs - group (line 1562) stdout ----
[INFO] [stdout] error[E0425]: cannot find value `assoc` in module `self`
[INFO] [stdout]  --> src/lib.rs:1563:23
[INFO] [stdout]   |
[INFO] [stdout] 3 | assoc(a::assoc, self::assoc)
[INFO] [stdout]   |                       ^^^^^ not found in `self`
[INFO] [stdout] 
[INFO] [stdout] error[E0433]: failed to resolve: use of undeclared crate or module `a`
[INFO] [stdout]  --> src/lib.rs:1563:7
[INFO] [stdout]   |
[INFO] [stdout] 3 | assoc(a::assoc, self::assoc)
[INFO] [stdout]   |       ^ use of undeclared crate or module `a`
[INFO] [stdout] 
[INFO] [stdout] error[E0425]: cannot find function `assoc` in this scope
[INFO] [stdout]  --> src/lib.rs:1563:1
[INFO] [stdout]   |
[INFO] [stdout] 3 | assoc(a::assoc, self::assoc)
[INFO] [stdout]   | ^^^^^ not found in this scope
[INFO] [stdout] 
[INFO] [stdout] error: aborting due to 3 previous errors
[INFO] [stdout] 
[INFO] [stdout] Some errors have detailed explanations: E0425, E0433.
[INFO] [stdout] For more information about an error, try `rustc --explain E0425`.
[INFO] [stdout] Couldn't compile the test.
[INFO] [stdout] ---- src/lib.rs - group (line 1661) stdout ----
[INFO] [stdout] error: Path - "path/to/file.rs" does not exist.
[INFO] [stdout]   --> src/lib.rs:1672:6
[INFO] [stdout]    |
[INFO] [stdout] 14 |      file="path/to/file.rs",
[INFO] [stdout]    |      ^^^^^^^^^^^^^^^^^^^^^^
[INFO] [stdout] 
[INFO] [stdout] error[E0412]: cannot find type `Aa` in this scope
[INFO] [stdout]  --> src/lib.rs:1664:14
[INFO] [stdout]   |
[INFO] [stdout] 6 |      pub a:  Aa,
[INFO] [stdout]   |              ^^ not found in this scope
[INFO] [stdout] 
[INFO] [stdout] error[E0412]: cannot find type `Aa` in this scope
[INFO] [stdout]  --> src/lib.rs:1665:14
[INFO] [stdout]   |
[INFO] [stdout] 7 |      pub a1: Aa,
[INFO] [stdout]   |              ^^ not found in this scope
[INFO] [stdout] 
[INFO] [stdout] error[E0412]: cannot find type `Bb` in this scope
[INFO] [stdout]  --> src/lib.rs:1666:14
[INFO] [stdout]   |
[INFO] [stdout] 8 |      pub b:  Bb,
[INFO] [stdout]   |              ^^ not found in this scope
[INFO] [stdout] 
[INFO] [stdout] error: aborting due to 4 previous errors
[INFO] [stdout] 
[INFO] [stdout] For more information about this error, try `rustc --explain E0412`.
[INFO] [stdout] Couldn't compile the test.
[INFO] [stdout] 
[INFO] [stdout] failures:
[INFO] [stdout]     src/lib.rs - (line 210)
[INFO] [stdout]     src/lib.rs - (line 242)
[INFO] [stdout]     src/lib.rs - (line 259)
[INFO] [stdout]     src/lib.rs - (line 269)
[INFO] [stdout]     src/lib.rs - (line 296)
[INFO] [stdout]     src/lib.rs - actor (line 1258)
[INFO] [stdout]     src/lib.rs - actor (line 1279)
[INFO] [stdout]     src/lib.rs - actor (line 1318)
[INFO] [stdout]     src/lib.rs - actor (line 742)
[INFO] [stdout]     src/lib.rs - actor (line 746)
[INFO] [stdout]     src/lib.rs - actor (line 753)
[INFO] [stdout]     src/lib.rs - actor (line 813)
[INFO] [stdout]     src/lib.rs - actor (line 836)
[INFO] [stdout]     src/lib.rs - actor (line 856)
[INFO] [stdout]     src/lib.rs - example (line 498)
[INFO] [stdout]     src/lib.rs - example (line 537)
[INFO] [stdout]     src/lib.rs - example (line 543)
[INFO] [stdout]     src/lib.rs - example (line 561)
[INFO] [stdout]     src/lib.rs - example (line 630)
[INFO] [stdout]     src/lib.rs - group (line 1415)
[INFO] [stdout]     src/lib.rs - group (line 1491)
[INFO] [stdout]     src/lib.rs - group (line 1521)
[INFO] [stdout]     src/lib.rs - group (line 1558)
[INFO] [stdout]     src/lib.rs - group (line 1562)
[INFO] [stdout]     src/lib.rs - group (line 1642)
[INFO] [stdout]     src/lib.rs - group (line 1661)
[INFO] [stdout] 
[INFO] [stdout] test result: FAILED. 9 passed; 26 failed; 0 ignored; 0 measured; 0 filtered out; finished in 0.97s
[INFO] [stdout] 
[INFO] [stderr] error: doctest failed, to rerun pass `--doc`
[INFO] running `Command { std: "docker" "inspect" "95f4e5389506cc6871657b1b7e28b806899c152896bff1313129534ec24d49d8", kill_on_drop: false }`
[INFO] running `Command { std: "docker" "rm" "-f" "95f4e5389506cc6871657b1b7e28b806899c152896bff1313129534ec24d49d8", kill_on_drop: false }`
[INFO] [stdout] 95f4e5389506cc6871657b1b7e28b806899c152896bff1313129534ec24d49d8
