[INFO] fetching crate interpolator 0.5.0...
[INFO] testing interpolator-0.5.0 against 1.75.0 for beta-1.76-1
[INFO] extracting crate interpolator 0.5.0 into /workspace/builds/worker-5-tc1/source
[INFO] validating manifest of crates.io crate interpolator 0.5.0 on toolchain 1.75.0
[INFO] running `Command { std: CARGO_HOME="/workspace/cargo-home" RUSTUP_HOME="/workspace/rustup-home" "/workspace/cargo-home/bin/cargo" "+1.75.0" "metadata" "--manifest-path" "Cargo.toml" "--no-deps", kill_on_drop: false }`
[INFO] started tweaking crates.io crate interpolator 0.5.0
[INFO] finished tweaking crates.io crate interpolator 0.5.0
[INFO] tweaked toml for crates.io crate interpolator 0.5.0 written to /workspace/builds/worker-5-tc1/source/Cargo.toml
[INFO] running `Command { std: CARGO_HOME="/workspace/cargo-home" RUSTUP_HOME="/workspace/rustup-home" "/workspace/cargo-home/bin/cargo" "+1.75.0" "generate-lockfile" "--manifest-path" "Cargo.toml", kill_on_drop: false }`
[INFO] [stderr]     Updating crates.io index
[INFO] running `Command { std: CARGO_HOME="/workspace/cargo-home" RUSTUP_HOME="/workspace/rustup-home" "/workspace/cargo-home/bin/cargo" "+1.75.0" "fetch" "--manifest-path" "Cargo.toml", kill_on_drop: false }`
[INFO] [stderr]  Downloading crates ...
[INFO] [stderr]   Downloaded collection_literals v1.0.1
[INFO] [stderr]   Downloaded trybuild2 v1.2.0
[INFO] running `Command { std: "docker" "create" "-v" "/var/lib/crater-agent-workspace/builds/worker-5-tc1/target:/opt/rustwide/target:rw,Z" "-v" "/var/lib/crater-agent-workspace/builds/worker-5-tc1/source:/opt/rustwide/workdir:ro,Z" "-v" "/var/lib/crater-agent-workspace/cargo-home:/opt/rustwide/cargo-home:ro,Z" "-v" "/var/lib/crater-agent-workspace/rustup-home:/opt/rustwide/rustup-home:ro,Z" "-e" "SOURCE_DIR=/opt/rustwide/workdir" "-e" "CARGO_TARGET_DIR=/opt/rustwide/target" "-e" "CARGO_HOME=/opt/rustwide/cargo-home" "-e" "RUSTUP_HOME=/opt/rustwide/rustup-home" "-w" "/opt/rustwide/workdir" "-m" "1610612736" "--user" "0:0" "--network" "none" "ghcr.io/rust-lang/crates-build-env/linux@sha256:2788e3201cd34a07e3172128adcd8b3090168a8e3bcc40d7c032b9dda1df7d1c" "/opt/rustwide/cargo-home/bin/cargo" "+1.75.0" "metadata" "--no-deps" "--format-version=1", kill_on_drop: false }`
[INFO] [stdout] 9c1377d5a5f420ceab25bcfcc1e42383dca4073f7590df6b13f1060634acd249
[INFO] running `Command { std: "docker" "start" "-a" "9c1377d5a5f420ceab25bcfcc1e42383dca4073f7590df6b13f1060634acd249", kill_on_drop: false }`
[INFO] running `Command { std: "docker" "inspect" "9c1377d5a5f420ceab25bcfcc1e42383dca4073f7590df6b13f1060634acd249", kill_on_drop: false }`
[INFO] running `Command { std: "docker" "rm" "-f" "9c1377d5a5f420ceab25bcfcc1e42383dca4073f7590df6b13f1060634acd249", kill_on_drop: false }`
[INFO] [stdout] 9c1377d5a5f420ceab25bcfcc1e42383dca4073f7590df6b13f1060634acd249
[INFO] running `Command { std: "docker" "create" "-v" "/var/lib/crater-agent-workspace/builds/worker-5-tc1/target:/opt/rustwide/target:rw,Z" "-v" "/var/lib/crater-agent-workspace/builds/worker-5-tc1/source:/opt/rustwide/workdir:ro,Z" "-v" "/var/lib/crater-agent-workspace/cargo-home:/opt/rustwide/cargo-home:ro,Z" "-v" "/var/lib/crater-agent-workspace/rustup-home:/opt/rustwide/rustup-home:ro,Z" "-e" "SOURCE_DIR=/opt/rustwide/workdir" "-e" "CARGO_TARGET_DIR=/opt/rustwide/target" "-e" "CARGO_INCREMENTAL=0" "-e" "RUST_BACKTRACE=full" "-e" "RUSTFLAGS=--cap-lints=warn" "-e" "RUSTDOCFLAGS=--cap-lints=warn" "-e" "CARGO_HOME=/opt/rustwide/cargo-home" "-e" "RUSTUP_HOME=/opt/rustwide/rustup-home" "-w" "/opt/rustwide/workdir" "-m" "1610612736" "--user" "0:0" "--network" "none" "ghcr.io/rust-lang/crates-build-env/linux@sha256:2788e3201cd34a07e3172128adcd8b3090168a8e3bcc40d7c032b9dda1df7d1c" "/opt/rustwide/cargo-home/bin/cargo" "+1.75.0" "build" "--frozen" "--message-format=json", kill_on_drop: false }`
[INFO] [stdout] 76607135da057cee82fb18899b73f99e3ac03ff4ca0d36217fdb2844840bc4db
[INFO] running `Command { std: "docker" "start" "-a" "76607135da057cee82fb18899b73f99e3ac03ff4ca0d36217fdb2844840bc4db", kill_on_drop: false }`
[INFO] [stderr]    Compiling interpolator v0.5.0 (/opt/rustwide/workdir)
[INFO] [stderr]     Finished dev [unoptimized + debuginfo] target(s) in 0.27s
[INFO] running `Command { std: "docker" "inspect" "76607135da057cee82fb18899b73f99e3ac03ff4ca0d36217fdb2844840bc4db", kill_on_drop: false }`
[INFO] running `Command { std: "docker" "rm" "-f" "76607135da057cee82fb18899b73f99e3ac03ff4ca0d36217fdb2844840bc4db", kill_on_drop: false }`
[INFO] [stdout] 76607135da057cee82fb18899b73f99e3ac03ff4ca0d36217fdb2844840bc4db
[INFO] running `Command { std: "docker" "create" "-v" "/var/lib/crater-agent-workspace/builds/worker-5-tc1/target:/opt/rustwide/target:rw,Z" "-v" "/var/lib/crater-agent-workspace/builds/worker-5-tc1/source:/opt/rustwide/workdir:ro,Z" "-v" "/var/lib/crater-agent-workspace/cargo-home:/opt/rustwide/cargo-home:ro,Z" "-v" "/var/lib/crater-agent-workspace/rustup-home:/opt/rustwide/rustup-home:ro,Z" "-e" "SOURCE_DIR=/opt/rustwide/workdir" "-e" "CARGO_TARGET_DIR=/opt/rustwide/target" "-e" "CARGO_INCREMENTAL=0" "-e" "RUST_BACKTRACE=full" "-e" "RUSTFLAGS=--cap-lints=warn" "-e" "RUSTDOCFLAGS=--cap-lints=warn" "-e" "CARGO_HOME=/opt/rustwide/cargo-home" "-e" "RUSTUP_HOME=/opt/rustwide/rustup-home" "-w" "/opt/rustwide/workdir" "-m" "1610612736" "--user" "0:0" "--network" "none" "ghcr.io/rust-lang/crates-build-env/linux@sha256:2788e3201cd34a07e3172128adcd8b3090168a8e3bcc40d7c032b9dda1df7d1c" "/opt/rustwide/cargo-home/bin/cargo" "+1.75.0" "test" "--frozen" "--no-run" "--message-format=json", kill_on_drop: false }`
[INFO] [stdout] 86fd913a9ea4e27cf8d66f8b6668a297b929d3395653d21c247e648c07e0259e
[INFO] running `Command { std: "docker" "start" "-a" "86fd913a9ea4e27cf8d66f8b6668a297b929d3395653d21c247e648c07e0259e", kill_on_drop: false }`
[INFO] [stderr]    Compiling libc v0.2.151
[INFO] [stderr]    Compiling unicode-ident v1.0.12
[INFO] [stderr]    Compiling proc-macro2 v1.0.75
[INFO] [stderr]    Compiling cfg-if v1.0.0
[INFO] [stderr]    Compiling rustix v0.38.28
[INFO] [stderr]    Compiling serde v1.0.194
[INFO] [stderr]    Compiling proc-macro2 v0.4.30
[INFO] [stderr]    Compiling linux-raw-sys v0.4.12
[INFO] [stderr]    Compiling libm v0.2.8
[INFO] [stderr]    Compiling unicode-xid v0.1.0
[INFO] [stderr]    Compiling autocfg v1.1.0
[INFO] [stderr]    Compiling bitflags v2.4.1
[INFO] [stderr]    Compiling fastrand v2.0.1
[INFO] [stderr]    Compiling syn v0.15.44
[INFO] [stderr]    Compiling ppv-lite86 v0.2.17
[INFO] [stderr]    Compiling serde_json v1.0.111
[INFO] [stderr]    Compiling syn v1.0.109
[INFO] [stderr]    Compiling fnv v1.0.7
[INFO] [stderr]    Compiling ryu v1.0.16
[INFO] [stderr]    Compiling trybuild2 v1.2.0
[INFO] [stderr]    Compiling quick-error v1.2.3
[INFO] [stderr]    Compiling itoa v1.0.10
[INFO] [stderr]    Compiling bit-vec v0.6.3
[INFO] [stderr]    Compiling lazy_static v1.4.0
[INFO] [stderr]    Compiling once_cell v1.19.0
[INFO] [stderr]    Compiling num-traits v0.2.17
[INFO] [stderr]    Compiling unarray v0.1.4
[INFO] [stderr]    Compiling glob v0.3.1
[INFO] [stderr]    Compiling termcolor v1.4.0
[INFO] [stderr]    Compiling regex-syntax v0.8.2
[INFO] [stderr]    Compiling convert_case v0.4.0
[INFO] [stderr]    Compiling bit-set v0.5.3
[INFO] [stderr]    Compiling collection_literals v1.0.1
[INFO] [stderr]    Compiling quote v1.0.35
[INFO] [stderr]    Compiling quote v0.6.13
[INFO] [stderr]    Compiling syn v2.0.48
[INFO] [stderr]    Compiling getrandom v0.2.11
[INFO] [stderr]    Compiling wait-timeout v0.2.0
[INFO] [stderr]    Compiling rand_core v0.6.4
[INFO] [stderr]    Compiling rand_chacha v0.3.1
[INFO] [stderr]    Compiling rand_xorshift v0.3.0
[INFO] [stderr]    Compiling rand v0.8.5
[INFO] [stderr]    Compiling tempfile v3.9.0
[INFO] [stderr]    Compiling rusty-fork v0.3.0
[INFO] [stderr]    Compiling proptest v1.4.0
[INFO] [stderr]    Compiling serde_derive v1.0.194
[INFO] [stderr]    Compiling basic-toml v0.1.8
[INFO] [stderr]    Compiling derive_more v0.99.17
[INFO] [stderr]    Compiling proptest-derive v0.3.0
[INFO] [stderr]    Compiling interpolator v0.5.0 (/opt/rustwide/workdir)
[INFO] [stderr]     Finished test [unoptimized + debuginfo] target(s) in 6.43s
[INFO] running `Command { std: "docker" "inspect" "86fd913a9ea4e27cf8d66f8b6668a297b929d3395653d21c247e648c07e0259e", kill_on_drop: false }`
[INFO] running `Command { std: "docker" "rm" "-f" "86fd913a9ea4e27cf8d66f8b6668a297b929d3395653d21c247e648c07e0259e", kill_on_drop: false }`
[INFO] [stdout] 86fd913a9ea4e27cf8d66f8b6668a297b929d3395653d21c247e648c07e0259e
[INFO] running `Command { std: "docker" "create" "-v" "/var/lib/crater-agent-workspace/builds/worker-5-tc1/target:/opt/rustwide/target:rw,Z" "-v" "/var/lib/crater-agent-workspace/builds/worker-5-tc1/source:/opt/rustwide/workdir:ro,Z" "-v" "/var/lib/crater-agent-workspace/cargo-home:/opt/rustwide/cargo-home:ro,Z" "-v" "/var/lib/crater-agent-workspace/rustup-home:/opt/rustwide/rustup-home:ro,Z" "-e" "SOURCE_DIR=/opt/rustwide/workdir" "-e" "CARGO_TARGET_DIR=/opt/rustwide/target" "-e" "CARGO_INCREMENTAL=0" "-e" "RUST_BACKTRACE=full" "-e" "RUSTFLAGS=--cap-lints=warn" "-e" "RUSTDOCFLAGS=--cap-lints=warn" "-e" "CARGO_HOME=/opt/rustwide/cargo-home" "-e" "RUSTUP_HOME=/opt/rustwide/rustup-home" "-w" "/opt/rustwide/workdir" "-m" "1610612736" "--user" "0:0" "--network" "none" "ghcr.io/rust-lang/crates-build-env/linux@sha256:2788e3201cd34a07e3172128adcd8b3090168a8e3bcc40d7c032b9dda1df7d1c" "/opt/rustwide/cargo-home/bin/cargo" "+1.75.0" "test" "--frozen", kill_on_drop: false }`
[INFO] [stdout] c50745828fab31fc1d3ae51552fdc73cd2953637775836a7669c3d2d0d7688da
[INFO] running `Command { std: "docker" "start" "-a" "c50745828fab31fc1d3ae51552fdc73cd2953637775836a7669c3d2d0d7688da", kill_on_drop: false }`
[INFO] [stderr]     Finished test [unoptimized + debuginfo] target(s) in 0.03s
[INFO] [stderr]      Running unittests src/lib.rs (/opt/rustwide/target/debug/deps/interpolator-6f8b5a40506dd428)
[INFO] [stdout] 
[INFO] [stdout] running 0 tests
[INFO] [stdout] 
[INFO] [stdout] test result: ok. 0 passed; 0 failed; 0 ignored; 0 measured; 0 filtered out; finished in 0.00s
[INFO] [stdout] 
[INFO] [stderr]    Doc-tests interpolator
[INFO] [stdout] 
[INFO] [stdout] running 16 tests
[INFO] [stdout] test src/macros.rs - macros::context (line 173) - compile fail ... ok
[INFO] [stdout] test src/macros.rs - macros::list (line 223) - compile fail ... ok
[INFO] [stdout] test src/macros.rs - macros::iwrite (line 29) ... FAILED
[INFO] [stdout] test src/macros.rs - macros::iprintln (line 92) ... FAILED
[INFO] [stdout] test src/macros.rs - macros::iprint (line 75) ... FAILED
[INFO] [stdout] test src/macros.rs - macros::ieprint (line 109) ... FAILED
[INFO] [stdout] test src/macros.rs - macros::iwriteln (line 49) ... FAILED
[INFO] [stdout] test src/macros.rs - macros::iformat (line 9) ... FAILED
[INFO] [stdout] test src/macros.rs - macros::ieprintln (line 126) ... FAILED
[INFO] [stdout] test src/macros.rs - macros::context (line 149) ... FAILED
[INFO] [stdout] test src/macros.rs - macros::list (line 191) ... FAILED
[INFO] [stdout] test src/macros.rs - macros::list (line 215) ... ok
[INFO] [stdout] test src/macros.rs - macros::context (line 165) ... ok
[INFO] [stdout] test src/lib.rs - write (line 206) ... ok
[INFO] [stdout] test src/lib.rs - format (line 137) ... ok
[INFO] [stdout] test src/lib.rs - (line 11) ... ok
[INFO] [stdout] 
[INFO] [stdout] failures:
[INFO] [stdout] 
[INFO] [stdout] ---- src/macros.rs - macros::iwrite (line 29) stdout ----
[INFO] [stdout] error[E0599]: no method named `set_debug` found for mutable reference `&mut Formattable<'_>` in the current scope
[INFO] [stdout]  --> src/macros.rs:35:1
[INFO] [stdout]   |
[INFO] [stdout] 9 | iwrite!(&mut buf, "{a}, {b:?}", a = 10, b:? = "test").unwrap();
[INFO] [stdout]   | ^^^^^^^^^^^^^^^^^^^^^^^^^^^^^^^^^^^^^^^^^^^^^^^^^^^^^ method not found in `&mut Formattable<'_>`
[INFO] [stdout]   |
[INFO] [stdout]   = note: this error originates in the macro `$crate::set_trait` which comes from the expansion of the macro `iwrite` (in Nightly builds, run with -Z macro-backtrace for more info)
[INFO] [stdout] 
[INFO] [stdout] error: aborting due to previous error
[INFO] [stdout] 
[INFO] [stdout] For more information about this error, try `rustc --explain E0599`.
[INFO] [stdout] Couldn't compile the test.
[INFO] [stdout] ---- src/macros.rs - macros::iprintln (line 92) stdout ----
[INFO] [stdout] error[E0599]: no method named `set_debug` found for mutable reference `&mut Formattable<'_>` in the current scope
[INFO] [stdout]  --> src/macros.rs:95:1
[INFO] [stdout]   |
[INFO] [stdout] 6 | iprintln!("{a}, {b:?}", a = 10, b:? = "test").unwrap();
[INFO] [stdout]   | ^^^^^^^^^^^^^^^^^^^^^^^^^^^^^^^^^^^^^^^^^^^^^ method not found in `&mut Formattable<'_>`
[INFO] [stdout]   |
[INFO] [stdout]   = note: this error originates in the macro `$crate::set_trait` which comes from the expansion of the macro `iprintln` (in Nightly builds, run with -Z macro-backtrace for more info)
[INFO] [stdout] 
[INFO] [stdout] error: aborting due to previous error
[INFO] [stdout] 
[INFO] [stdout] For more information about this error, try `rustc --explain E0599`.
[INFO] [stdout] Couldn't compile the test.
[INFO] [stdout] ---- src/macros.rs - macros::iprint (line 75) stdout ----
[INFO] [stdout] error[E0599]: no method named `set_debug` found for mutable reference `&mut Formattable<'_>` in the current scope
[INFO] [stdout]  --> src/macros.rs:78:1
[INFO] [stdout]   |
[INFO] [stdout] 6 | iprint!("{a}, {b:?}", a = 10, b:? = "test").unwrap();
[INFO] [stdout]   | ^^^^^^^^^^^^^^^^^^^^^^^^^^^^^^^^^^^^^^^^^^^ method not found in `&mut Formattable<'_>`
[INFO] [stdout]   |
[INFO] [stdout]   = note: this error originates in the macro `$crate::set_trait` which comes from the expansion of the macro `iprint` (in Nightly builds, run with -Z macro-backtrace for more info)
[INFO] [stdout] 
[INFO] [stdout] error: aborting due to previous error
[INFO] [stdout] 
[INFO] [stdout] For more information about this error, try `rustc --explain E0599`.
[INFO] [stdout] Couldn't compile the test.
[INFO] [stdout] ---- src/macros.rs - macros::ieprint (line 109) stdout ----
[INFO] [stdout] error[E0599]: no method named `set_debug` found for mutable reference `&mut Formattable<'_>` in the current scope
[INFO] [stdout]  --> src/macros.rs:112:1
[INFO] [stdout]   |
[INFO] [stdout] 6 | ieprint!("{a}, {b:?}", a = 10, b:? = "test").unwrap();
[INFO] [stdout]   | ^^^^^^^^^^^^^^^^^^^^^^^^^^^^^^^^^^^^^^^^^^^^ method not found in `&mut Formattable<'_>`
[INFO] [stdout]   |
[INFO] [stdout]   = note: this error originates in the macro `$crate::set_trait` which comes from the expansion of the macro `ieprint` (in Nightly builds, run with -Z macro-backtrace for more info)
[INFO] [stdout] 
[INFO] [stdout] error: aborting due to previous error
[INFO] [stdout] 
[INFO] [stdout] For more information about this error, try `rustc --explain E0599`.
[INFO] [stdout] Couldn't compile the test.
[INFO] [stdout] ---- src/macros.rs - macros::iwriteln (line 49) stdout ----
[INFO] [stdout] error[E0599]: no method named `set_debug` found for mutable reference `&mut Formattable<'_>` in the current scope
[INFO] [stdout]  --> src/macros.rs:55:1
[INFO] [stdout]   |
[INFO] [stdout] 9 | iwriteln!(&mut buf, "{a}, {b:?}", a = 10, b:? = "test").unwrap();
[INFO] [stdout]   | ^^^^^^^^^^^^^^^^^^^^^^^^^^^^^^^^^^^^^^^^^^^^^^^^^^^^^^^ method not found in `&mut Formattable<'_>`
[INFO] [stdout]   |
[INFO] [stdout]   = note: this error originates in the macro `$crate::set_trait` which comes from the expansion of the macro `iwriteln` (in Nightly builds, run with -Z macro-backtrace for more info)
[INFO] [stdout] 
[INFO] [stdout] error: aborting due to previous error
[INFO] [stdout] 
[INFO] [stdout] For more information about this error, try `rustc --explain E0599`.
[INFO] [stdout] Couldn't compile the test.
[INFO] [stdout] ---- src/macros.rs - macros::iformat (line 9) stdout ----
[INFO] [stdout] error[E0599]: no method named `set_debug` found for mutable reference `&mut Formattable<'_>` in the current scope
[INFO] [stdout]  --> src/macros.rs:14:5
[INFO] [stdout]   |
[INFO] [stdout] 8 |     iformat!("{a}, {b:?}", a = 10, b:? = "test").unwrap(),
[INFO] [stdout]   |     ^^^^^^^^^^^^^^^^^^^^^^^^^^^^^^^^^^^^^^^^^^^^ method not found in `&mut Formattable<'_>`
[INFO] [stdout]   |
[INFO] [stdout]   = note: this error originates in the macro `$crate::set_trait` which comes from the expansion of the macro `iformat` (in Nightly builds, run with -Z macro-backtrace for more info)
[INFO] [stdout] 
[INFO] [stdout] error: aborting due to previous error
[INFO] [stdout] 
[INFO] [stdout] For more information about this error, try `rustc --explain E0599`.
[INFO] [stdout] Couldn't compile the test.
[INFO] [stdout] ---- src/macros.rs - macros::ieprintln (line 126) stdout ----
[INFO] [stdout] error[E0599]: no method named `set_debug` found for mutable reference `&mut Formattable<'_>` in the current scope
[INFO] [stdout]  --> src/macros.rs:129:1
[INFO] [stdout]   |
[INFO] [stdout] 6 | ieprintln!("{a}, {b:?}", a = 10, b:? = "test").unwrap();
[INFO] [stdout]   | ^^^^^^^^^^^^^^^^^^^^^^^^^^^^^^^^^^^^^^^^^^^^^^ method not found in `&mut Formattable<'_>`
[INFO] [stdout]   |
[INFO] [stdout]   = note: this error originates in the macro `$crate::set_trait` which comes from the expansion of the macro `ieprintln` (in Nightly builds, run with -Z macro-backtrace for more info)
[INFO] [stdout] 
[INFO] [stdout] error: aborting due to previous error
[INFO] [stdout] 
[INFO] [stdout] For more information about this error, try `rustc --explain E0599`.
[INFO] [stdout] Couldn't compile the test.
[INFO] [stdout] ---- src/macros.rs - macros::context (line 149) stdout ----
[INFO] [stdout] error[E0599]: no method named `set_debug` found for mutable reference `&mut Formattable<'_>` in the current scope
[INFO] [stdout]   --> src/macros.rs:154:15
[INFO] [stdout]    |
[INFO] [stdout] 8  |   let context = context! {
[INFO] [stdout]    |  _______________^
[INFO] [stdout] 9  | |     a,
[INFO] [stdout] 10 | |     a:?, // This does not override the display implementation, only debug
[INFO] [stdout] 11 | |     a: :?, // This overrides both display and debug
[INFO] [stdout] 12 | |     a = 5, // Only overrides display
[INFO] [stdout] 13 | |     a:?:x = 5, // Sets debug and lower hex implementation
[INFO] [stdout] 14 | | };
[INFO] [stdout]    | |_^ method not found in `&mut Formattable<'_>`
[INFO] [stdout]    |
[INFO] [stdout]    = note: this error originates in the macro `$crate::set_trait` which comes from the expansion of the macro `context` (in Nightly builds, run with -Z macro-backtrace for more info)
[INFO] [stdout] 
[INFO] [stdout] error[E0599]: no method named `set_debug` found for mutable reference `&mut Formattable<'_>` in the current scope
[INFO] [stdout]   --> src/macros.rs:154:15
[INFO] [stdout]    |
[INFO] [stdout] 8  |   let context = context! {
[INFO] [stdout]    |  _______________^
[INFO] [stdout] 9  | |     a,
[INFO] [stdout] 10 | |     a:?, // This does not override the display implementation, only debug
[INFO] [stdout] 11 | |     a: :?, // This overrides both display and debug
[INFO] [stdout] 12 | |     a = 5, // Only overrides display
[INFO] [stdout] 13 | |     a:?:x = 5, // Sets debug and lower hex implementation
[INFO] [stdout] 14 | | };
[INFO] [stdout]    | |_^ method not found in `&mut Formattable<'_>`
[INFO] [stdout]    |
[INFO] [stdout]    = note: this error originates in the macro `$crate::set_trait` which comes from the expansion of the macro `context` (in Nightly builds, run with -Z macro-backtrace for more info)
[INFO] [stdout] 
[INFO] [stdout] error[E0599]: no method named `set_debug` found for mutable reference `&mut Formattable<'_>` in the current scope
[INFO] [stdout]   --> src/macros.rs:154:15
[INFO] [stdout]    |
[INFO] [stdout] 8  |   let context = context! {
[INFO] [stdout]    |  _______________^
[INFO] [stdout] 9  | |     a,
[INFO] [stdout] 10 | |     a:?, // This does not override the display implementation, only debug
[INFO] [stdout] 11 | |     a: :?, // This overrides both display and debug
[INFO] [stdout] 12 | |     a = 5, // Only overrides display
[INFO] [stdout] 13 | |     a:?:x = 5, // Sets debug and lower hex implementation
[INFO] [stdout] 14 | | };
[INFO] [stdout]    | |_^ method not found in `&mut Formattable<'_>`
[INFO] [stdout]    |
[INFO] [stdout]    = note: this error originates in the macro `$crate::set_trait` which comes from the expansion of the macro `context` (in Nightly builds, run with -Z macro-backtrace for more info)
[INFO] [stdout] 
[INFO] [stdout] error[E0599]: no method named `set_lower_hex` found for mutable reference `&mut Formattable<'_>` in the current scope
[INFO] [stdout]   --> src/macros.rs:154:15
[INFO] [stdout]    |
[INFO] [stdout] 8  |   let context = context! {
[INFO] [stdout]    |  _______________^
[INFO] [stdout] 9  | |     a,
[INFO] [stdout] 10 | |     a:?, // This does not override the display implementation, only debug
[INFO] [stdout] 11 | |     a: :?, // This overrides both display and debug
[INFO] [stdout] 12 | |     a = 5, // Only overrides display
[INFO] [stdout] 13 | |     a:?:x = 5, // Sets debug and lower hex implementation
[INFO] [stdout] 14 | | };
[INFO] [stdout]    | |_^ method not found in `&mut Formattable<'_>`
[INFO] [stdout]    |
[INFO] [stdout]    = note: this error originates in the macro `$crate::set_trait` which comes from the expansion of the macro `context` (in Nightly builds, run with -Z macro-backtrace for more info)
[INFO] [stdout] 
[INFO] [stdout] error[E0599]: no method named `set_debug` found for mutable reference `&mut Formattable<'_>` in the current scope
[INFO] [stdout]   --> src/macros.rs:154:15
[INFO] [stdout]    |
[INFO] [stdout] 8  |   let context = context! {
[INFO] [stdout]    |  _______________^
[INFO] [stdout] 9  | |     a,
[INFO] [stdout] 10 | |     a:?, // This does not override the display implementation, only debug
[INFO] [stdout] 11 | |     a: :?, // This overrides both display and debug
[INFO] [stdout] 12 | |     a = 5, // Only overrides display
[INFO] [stdout] 13 | |     a:?:x = 5, // Sets debug and lower hex implementation
[INFO] [stdout] 14 | | };
[INFO] [stdout]    | |_^ method not found in `&mut Formattable<'_>`
[INFO] [stdout]    |
[INFO] [stdout]    = note: this error originates in the macro `$crate::set_trait` which comes from the expansion of the macro `context` (in Nightly builds, run with -Z macro-backtrace for more info)
[INFO] [stdout] 
[INFO] [stdout] error[E0599]: no method named `set_debug` found for mutable reference `&mut Formattable<'_>` in the current scope
[INFO] [stdout]   --> src/macros.rs:154:15
[INFO] [stdout]    |
[INFO] [stdout] 8  |   let context = context! {
[INFO] [stdout]    |  _______________^
[INFO] [stdout] 9  | |     a,
[INFO] [stdout] 10 | |     a:?, // This does not override the display implementation, only debug
[INFO] [stdout] 11 | |     a: :?, // This overrides both display and debug
[INFO] [stdout] 12 | |     a = 5, // Only overrides display
[INFO] [stdout] 13 | |     a:?:x = 5, // Sets debug and lower hex implementation
[INFO] [stdout] 14 | | };
[INFO] [stdout]    | |_^ method not found in `&mut Formattable<'_>`
[INFO] [stdout]    |
[INFO] [stdout]    = note: this error originates in the macro `$crate::set_trait` which comes from the expansion of the macro `context` (in Nightly builds, run with -Z macro-backtrace for more info)
[INFO] [stdout] 
[INFO] [stdout] error[E0599]: no method named `set_debug` found for mutable reference `&mut Formattable<'_>` in the current scope
[INFO] [stdout]   --> src/macros.rs:154:15
[INFO] [stdout]    |
[INFO] [stdout] 8  |   let context = context! {
[INFO] [stdout]    |  _______________^
[INFO] [stdout] 9  | |     a,
[INFO] [stdout] 10 | |     a:?, // This does not override the display implementation, only debug
[INFO] [stdout] 11 | |     a: :?, // This overrides both display and debug
[INFO] [stdout] 12 | |     a = 5, // Only overrides display
[INFO] [stdout] 13 | |     a:?:x = 5, // Sets debug and lower hex implementation
[INFO] [stdout] 14 | | };
[INFO] [stdout]    | |_^ method not found in `&mut Formattable<'_>`
[INFO] [stdout]    |
[INFO] [stdout]    = note: this error originates in the macro `$crate::set_trait` which comes from the expansion of the macro `context` (in Nightly builds, run with -Z macro-backtrace for more info)
[INFO] [stdout] 
[INFO] [stdout] error[E0599]: no method named `set_lower_hex` found for mutable reference `&mut Formattable<'_>` in the current scope
[INFO] [stdout]   --> src/macros.rs:154:15
[INFO] [stdout]    |
[INFO] [stdout] 8  |   let context = context! {
[INFO] [stdout]    |  _______________^
[INFO] [stdout] 9  | |     a,
[INFO] [stdout] 10 | |     a:?, // This does not override the display implementation, only debug
[INFO] [stdout] 11 | |     a: :?, // This overrides both display and debug
[INFO] [stdout] 12 | |     a = 5, // Only overrides display
[INFO] [stdout] 13 | |     a:?:x = 5, // Sets debug and lower hex implementation
[INFO] [stdout] 14 | | };
[INFO] [stdout]    | |_^ method not found in `&mut Formattable<'_>`
[INFO] [stdout]    |
[INFO] [stdout]    = note: this error originates in the macro `$crate::set_trait` which comes from the expansion of the macro `context` (in Nightly builds, run with -Z macro-backtrace for more info)
[INFO] [stdout] 
[INFO] [stdout] error: aborting due to 8 previous errors
[INFO] [stdout] 
[INFO] [stdout] For more information about this error, try `rustc --explain E0599`.
[INFO] [stdout] Couldn't compile the test.
[INFO] [stdout] ---- src/macros.rs - macros::list (line 191) stdout ----
[INFO] [stdout] error[E0432]: unresolved import `assert_dbg`
[INFO] [stdout]  --> src/macros.rs:193:5
[INFO] [stdout]   |
[INFO] [stdout] 5 | use assert_dbg::assert_dbg;
[INFO] [stdout]   |     ^^^^^^^^^^ use of undeclared crate or module `assert_dbg`
[INFO] [stdout] 
[INFO] [stdout] error: cannot determine resolution for the macro `assert_dbg`
[INFO] [stdout]  --> src/macros.rs:197:1
[INFO] [stdout]   |
[INFO] [stdout] 9 | assert_dbg!(list, "[Formattable(display), Formattable(display), Formattable(display)]");
[INFO] [stdout]   | ^^^^^^^^^^
[INFO] [stdout]   |
[INFO] [stdout]   = note: import resolution is stuck, try simplifying macro imports
[INFO] [stdout] 
[INFO] [stdout] error: cannot determine resolution for the macro `assert_dbg`
[INFO] [stdout]   --> src/macros.rs:199:1
[INFO] [stdout]    |
[INFO] [stdout] 11 | assert_dbg!(list, "[Formattable(display), Formattable(display), Formattable(display)]");
[INFO] [stdout]    | ^^^^^^^^^^
[INFO] [stdout]    |
[INFO] [stdout]    = note: import resolution is stuck, try simplifying macro imports
[INFO] [stdout] 
[INFO] [stdout] error[E0599]: no method named `set_iter` found for mutable reference `&mut Formattable<'_>` in the current scope
[INFO] [stdout]   --> src/macros.rs:202:5
[INFO] [stdout]    |
[INFO] [stdout] 14 |     iformat!("{list:i({})(, )}", list:i).unwrap(),
[INFO] [stdout]    |     ^^^^^^^^^^^^^^^^^^^^^^^^^^^^^^^^^^^^ method not found in `&mut Formattable<'_>`
[INFO] [stdout]    |
[INFO] [stdout]    = note: this error originates in the macro `$crate::set_trait` which comes from the expansion of the macro `iformat` (in Nightly builds, run with -Z macro-backtrace for more info)
[INFO] [stdout] 
[INFO] [stdout] error[E0599]: no method named `set_debug` found for struct `Formattable` in the current scope
[INFO] [stdout]   --> src/macros.rs:206:12
[INFO] [stdout]    |
[INFO] [stdout] 18 | let list = list![: :?:X; 4, 0x10, 0xa4];
[INFO] [stdout]    |            ^^^^^^^^^^^^^^^^^^^^^^^^^^^^ method not found in `Formattable<'_>`
[INFO] [stdout]    |
[INFO] [stdout]    = note: this error originates in the macro `$crate::set_trait` which comes from the expansion of the macro `list` (in Nightly builds, run with -Z macro-backtrace for more info)
[INFO] [stdout] 
[INFO] [stdout] error[E0599]: no method named `set_upper_hex` found for struct `Formattable` in the current scope
[INFO] [stdout]   --> src/macros.rs:206:12
[INFO] [stdout]    |
[INFO] [stdout] 18 | let list = list![: :?:X; 4, 0x10, 0xa4];
[INFO] [stdout]    |            ^^^^^^^^^^^^^^^^^^^^^^^^^^^^ method not found in `Formattable<'_>`
[INFO] [stdout]    |
[INFO] [stdout]    = note: this error originates in the macro `$crate::set_trait` which comes from the expansion of the macro `list` (in Nightly builds, run with -Z macro-backtrace for more info)
[INFO] [stdout] 
[INFO] [stdout] error[E0599]: no method named `set_debug` found for struct `Formattable` in the current scope
[INFO] [stdout]   --> src/macros.rs:206:12
[INFO] [stdout]    |
[INFO] [stdout] 18 | let list = list![: :?:X; 4, 0x10, 0xa4];
[INFO] [stdout]    |            ^^^^^^^^^^^^^^^^^^^^^^^^^^^^ method not found in `Formattable<'_>`
[INFO] [stdout]    |
[INFO] [stdout]    = note: this error originates in the macro `$crate::set_trait` which comes from the expansion of the macro `list` (in Nightly builds, run with -Z macro-backtrace for more info)
[INFO] [stdout] 
[INFO] [stdout] error[E0599]: no method named `set_upper_hex` found for struct `Formattable` in the current scope
[INFO] [stdout]   --> src/macros.rs:206:12
[INFO] [stdout]    |
[INFO] [stdout] 18 | let list = list![: :?:X; 4, 0x10, 0xa4];
[INFO] [stdout]    |            ^^^^^^^^^^^^^^^^^^^^^^^^^^^^ method not found in `Formattable<'_>`
[INFO] [stdout]    |
[INFO] [stdout]    = note: this error originates in the macro `$crate::set_trait` which comes from the expansion of the macro `list` (in Nightly builds, run with -Z macro-backtrace for more info)
[INFO] [stdout] 
[INFO] [stdout] error[E0599]: no method named `set_debug` found for struct `Formattable` in the current scope
[INFO] [stdout]   --> src/macros.rs:206:12
[INFO] [stdout]    |
[INFO] [stdout] 18 | let list = list![: :?:X; 4, 0x10, 0xa4];
[INFO] [stdout]    |            ^^^^^^^^^^^^^^^^^^^^^^^^^^^^ method not found in `Formattable<'_>`
[INFO] [stdout]    |
[INFO] [stdout]    = note: this error originates in the macro `$crate::set_trait` which comes from the expansion of the macro `list` (in Nightly builds, run with -Z macro-backtrace for more info)
[INFO] [stdout] 
[INFO] [stdout] error[E0599]: no method named `set_upper_hex` found for struct `Formattable` in the current scope
[INFO] [stdout]   --> src/macros.rs:206:12
[INFO] [stdout]    |
[INFO] [stdout] 18 | let list = list![: :?:X; 4, 0x10, 0xa4];
[INFO] [stdout]    |            ^^^^^^^^^^^^^^^^^^^^^^^^^^^^ method not found in `Formattable<'_>`
[INFO] [stdout]    |
[INFO] [stdout]    = note: this error originates in the macro `$crate::set_trait` which comes from the expansion of the macro `list` (in Nightly builds, run with -Z macro-backtrace for more info)
[INFO] [stdout] 
[INFO] [stdout] error[E0599]: no method named `set_iter` found for mutable reference `&mut Formattable<'_>` in the current scope
[INFO] [stdout]   --> src/macros.rs:208:5
[INFO] [stdout]    |
[INFO] [stdout] 20 |     iformat!("{list:i({} {:?} {:X})(, )}", list:i).unwrap(),
[INFO] [stdout]    |     ^^^^^^^^^^^^^^^^^^^^^^^^^^^^^^^^^^^^^^^^^^^^^^ method not found in `&mut Formattable<'_>`
[INFO] [stdout]    |
[INFO] [stdout]    = note: this error originates in the macro `$crate::set_trait` which comes from the expansion of the macro `iformat` (in Nightly builds, run with -Z macro-backtrace for more info)
[INFO] [stdout] 
[INFO] [stdout] error: aborting due to 11 previous errors
[INFO] [stdout] 
[INFO] [stdout] Some errors have detailed explanations: E0432, E0599.
[INFO] [stdout] For more information about an error, try `rustc --explain E0432`.
[INFO] [stdout] Couldn't compile the test.
[INFO] [stdout] 
[INFO] [stdout] failures:
[INFO] [stdout]     src/macros.rs - macros::context (line 149)
[INFO] [stdout]     src/macros.rs - macros::ieprint (line 109)
[INFO] [stdout]     src/macros.rs - macros::ieprintln (line 126)
[INFO] [stdout]     src/macros.rs - macros::iformat (line 9)
[INFO] [stdout]     src/macros.rs - macros::iprint (line 75)
[INFO] [stdout]     src/macros.rs - macros::iprintln (line 92)
[INFO] [stdout]     src/macros.rs - macros::iwrite (line 29)
[INFO] [stdout]     src/macros.rs - macros::iwriteln (line 49)
[INFO] [stdout]     src/macros.rs - macros::list (line 191)
[INFO] [stdout] 
[INFO] [stdout] test result: FAILED. 7 passed; 9 failed; 0 ignored; 0 measured; 0 filtered out; finished in 0.33s
[INFO] [stdout] 
[INFO] [stderr] error: doctest failed, to rerun pass `--doc`
[INFO] running `Command { std: "docker" "inspect" "c50745828fab31fc1d3ae51552fdc73cd2953637775836a7669c3d2d0d7688da", kill_on_drop: false }`
[INFO] running `Command { std: "docker" "rm" "-f" "c50745828fab31fc1d3ae51552fdc73cd2953637775836a7669c3d2d0d7688da", kill_on_drop: false }`
[INFO] [stdout] c50745828fab31fc1d3ae51552fdc73cd2953637775836a7669c3d2d0d7688da
