[INFO] fetching crate interactive_process 0.1.3...
[INFO] testing interactive_process-0.1.3 against 1.75.0 for beta-1.76-1
[INFO] extracting crate interactive_process 0.1.3 into /workspace/builds/worker-5-tc1/source
[INFO] validating manifest of crates.io crate interactive_process 0.1.3 on toolchain 1.75.0
[INFO] running `Command { std: CARGO_HOME="/workspace/cargo-home" RUSTUP_HOME="/workspace/rustup-home" "/workspace/cargo-home/bin/cargo" "+1.75.0" "metadata" "--manifest-path" "Cargo.toml" "--no-deps", kill_on_drop: false }`
[INFO] started tweaking crates.io crate interactive_process 0.1.3
[INFO] finished tweaking crates.io crate interactive_process 0.1.3
[INFO] tweaked toml for crates.io crate interactive_process 0.1.3 written to /workspace/builds/worker-5-tc1/source/Cargo.toml
[INFO] crate crates.io crate interactive_process 0.1.3 already has a lockfile, it will not be regenerated
[INFO] running `Command { std: CARGO_HOME="/workspace/cargo-home" RUSTUP_HOME="/workspace/rustup-home" "/workspace/cargo-home/bin/cargo" "+1.75.0" "fetch" "--manifest-path" "Cargo.toml", kill_on_drop: false }`
[INFO] running `Command { std: "docker" "create" "-v" "/var/lib/crater-agent-workspace/builds/worker-5-tc1/target:/opt/rustwide/target:rw,Z" "-v" "/var/lib/crater-agent-workspace/builds/worker-5-tc1/source:/opt/rustwide/workdir:ro,Z" "-v" "/var/lib/crater-agent-workspace/cargo-home:/opt/rustwide/cargo-home:ro,Z" "-v" "/var/lib/crater-agent-workspace/rustup-home:/opt/rustwide/rustup-home:ro,Z" "-e" "SOURCE_DIR=/opt/rustwide/workdir" "-e" "CARGO_TARGET_DIR=/opt/rustwide/target" "-e" "CARGO_HOME=/opt/rustwide/cargo-home" "-e" "RUSTUP_HOME=/opt/rustwide/rustup-home" "-w" "/opt/rustwide/workdir" "-m" "1610612736" "--user" "0:0" "--network" "none" "ghcr.io/rust-lang/crates-build-env/linux@sha256:2788e3201cd34a07e3172128adcd8b3090168a8e3bcc40d7c032b9dda1df7d1c" "/opt/rustwide/cargo-home/bin/cargo" "+1.75.0" "metadata" "--no-deps" "--format-version=1", kill_on_drop: false }`
[INFO] [stdout] 619612ec81fb34a355d088c28010a79e7cddf40dad0ffebdf8883ed4a3c97e9d
[INFO] running `Command { std: "docker" "start" "-a" "619612ec81fb34a355d088c28010a79e7cddf40dad0ffebdf8883ed4a3c97e9d", kill_on_drop: false }`
[INFO] running `Command { std: "docker" "inspect" "619612ec81fb34a355d088c28010a79e7cddf40dad0ffebdf8883ed4a3c97e9d", kill_on_drop: false }`
[INFO] running `Command { std: "docker" "rm" "-f" "619612ec81fb34a355d088c28010a79e7cddf40dad0ffebdf8883ed4a3c97e9d", kill_on_drop: false }`
[INFO] [stdout] 619612ec81fb34a355d088c28010a79e7cddf40dad0ffebdf8883ed4a3c97e9d
[INFO] running `Command { std: "docker" "create" "-v" "/var/lib/crater-agent-workspace/builds/worker-5-tc1/target:/opt/rustwide/target:rw,Z" "-v" "/var/lib/crater-agent-workspace/builds/worker-5-tc1/source:/opt/rustwide/workdir:ro,Z" "-v" "/var/lib/crater-agent-workspace/cargo-home:/opt/rustwide/cargo-home:ro,Z" "-v" "/var/lib/crater-agent-workspace/rustup-home:/opt/rustwide/rustup-home:ro,Z" "-e" "SOURCE_DIR=/opt/rustwide/workdir" "-e" "CARGO_TARGET_DIR=/opt/rustwide/target" "-e" "CARGO_INCREMENTAL=0" "-e" "RUST_BACKTRACE=full" "-e" "RUSTFLAGS=--cap-lints=warn" "-e" "RUSTDOCFLAGS=--cap-lints=warn" "-e" "CARGO_HOME=/opt/rustwide/cargo-home" "-e" "RUSTUP_HOME=/opt/rustwide/rustup-home" "-w" "/opt/rustwide/workdir" "-m" "1610612736" "--user" "0:0" "--network" "none" "ghcr.io/rust-lang/crates-build-env/linux@sha256:2788e3201cd34a07e3172128adcd8b3090168a8e3bcc40d7c032b9dda1df7d1c" "/opt/rustwide/cargo-home/bin/cargo" "+1.75.0" "build" "--frozen" "--message-format=json", kill_on_drop: false }`
[INFO] [stdout] 684e255b0719f985c44ae4cbc768879ab18745d841e197b3da3b9310453c3787
[INFO] running `Command { std: "docker" "start" "-a" "684e255b0719f985c44ae4cbc768879ab18745d841e197b3da3b9310453c3787", kill_on_drop: false }`
[INFO] [stderr]    Compiling interactive_process v0.1.3 (/opt/rustwide/workdir)
[INFO] [stderr]     Finished dev [unoptimized + debuginfo] target(s) in 0.13s
[INFO] running `Command { std: "docker" "inspect" "684e255b0719f985c44ae4cbc768879ab18745d841e197b3da3b9310453c3787", kill_on_drop: false }`
[INFO] running `Command { std: "docker" "rm" "-f" "684e255b0719f985c44ae4cbc768879ab18745d841e197b3da3b9310453c3787", kill_on_drop: false }`
[INFO] [stdout] 684e255b0719f985c44ae4cbc768879ab18745d841e197b3da3b9310453c3787
[INFO] running `Command { std: "docker" "create" "-v" "/var/lib/crater-agent-workspace/builds/worker-5-tc1/target:/opt/rustwide/target:rw,Z" "-v" "/var/lib/crater-agent-workspace/builds/worker-5-tc1/source:/opt/rustwide/workdir:ro,Z" "-v" "/var/lib/crater-agent-workspace/cargo-home:/opt/rustwide/cargo-home:ro,Z" "-v" "/var/lib/crater-agent-workspace/rustup-home:/opt/rustwide/rustup-home:ro,Z" "-e" "SOURCE_DIR=/opt/rustwide/workdir" "-e" "CARGO_TARGET_DIR=/opt/rustwide/target" "-e" "CARGO_INCREMENTAL=0" "-e" "RUST_BACKTRACE=full" "-e" "RUSTFLAGS=--cap-lints=warn" "-e" "RUSTDOCFLAGS=--cap-lints=warn" "-e" "CARGO_HOME=/opt/rustwide/cargo-home" "-e" "RUSTUP_HOME=/opt/rustwide/rustup-home" "-w" "/opt/rustwide/workdir" "-m" "1610612736" "--user" "0:0" "--network" "none" "ghcr.io/rust-lang/crates-build-env/linux@sha256:2788e3201cd34a07e3172128adcd8b3090168a8e3bcc40d7c032b9dda1df7d1c" "/opt/rustwide/cargo-home/bin/cargo" "+1.75.0" "test" "--frozen" "--no-run" "--message-format=json", kill_on_drop: false }`
[INFO] [stdout] 011aeedc05e82a696bf9569ad1cff242c37e5553099a1b5b937021358385ee04
[INFO] running `Command { std: "docker" "start" "-a" "011aeedc05e82a696bf9569ad1cff242c37e5553099a1b5b937021358385ee04", kill_on_drop: false }`
[INFO] [stderr]    Compiling interactive_process v0.1.3 (/opt/rustwide/workdir)
[INFO] [stderr]     Finished test [unoptimized + debuginfo] target(s) in 0.30s
[INFO] running `Command { std: "docker" "inspect" "011aeedc05e82a696bf9569ad1cff242c37e5553099a1b5b937021358385ee04", kill_on_drop: false }`
[INFO] running `Command { std: "docker" "rm" "-f" "011aeedc05e82a696bf9569ad1cff242c37e5553099a1b5b937021358385ee04", kill_on_drop: false }`
[INFO] [stdout] 011aeedc05e82a696bf9569ad1cff242c37e5553099a1b5b937021358385ee04
[INFO] running `Command { std: "docker" "create" "-v" "/var/lib/crater-agent-workspace/builds/worker-5-tc1/target:/opt/rustwide/target:rw,Z" "-v" "/var/lib/crater-agent-workspace/builds/worker-5-tc1/source:/opt/rustwide/workdir:ro,Z" "-v" "/var/lib/crater-agent-workspace/cargo-home:/opt/rustwide/cargo-home:ro,Z" "-v" "/var/lib/crater-agent-workspace/rustup-home:/opt/rustwide/rustup-home:ro,Z" "-e" "SOURCE_DIR=/opt/rustwide/workdir" "-e" "CARGO_TARGET_DIR=/opt/rustwide/target" "-e" "CARGO_INCREMENTAL=0" "-e" "RUST_BACKTRACE=full" "-e" "RUSTFLAGS=--cap-lints=warn" "-e" "RUSTDOCFLAGS=--cap-lints=warn" "-e" "CARGO_HOME=/opt/rustwide/cargo-home" "-e" "RUSTUP_HOME=/opt/rustwide/rustup-home" "-w" "/opt/rustwide/workdir" "-m" "1610612736" "--user" "0:0" "--network" "none" "ghcr.io/rust-lang/crates-build-env/linux@sha256:2788e3201cd34a07e3172128adcd8b3090168a8e3bcc40d7c032b9dda1df7d1c" "/opt/rustwide/cargo-home/bin/cargo" "+1.75.0" "test" "--frozen", kill_on_drop: false }`
[INFO] [stdout] fd5d70ecbc941e831913eb8bc6f3b891e36db67e86f87a165807364f6c2254dd
[INFO] running `Command { std: "docker" "start" "-a" "fd5d70ecbc941e831913eb8bc6f3b891e36db67e86f87a165807364f6c2254dd", kill_on_drop: false }`
[INFO] [stderr]     Finished test [unoptimized + debuginfo] target(s) in 0.00s
[INFO] [stderr]      Running unittests src/lib.rs (/opt/rustwide/target/debug/deps/interactive_process-1e1ba586368bbfb5)
[INFO] [stdout] 
[INFO] [stdout] running 0 tests
[INFO] [stdout] 
[INFO] [stdout] test result: ok. 0 passed; 0 failed; 0 ignored; 0 measured; 0 filtered out; finished in 0.00s
[INFO] [stdout] 
[INFO] [stderr]    Doc-tests interactive_process
[INFO] [stdout] 
[INFO] [stdout] running 1 test
[INFO] [stdout] test src/lib.rs - InteractiveProcess::close (line 102) ... FAILED
[INFO] [stdout] 
[INFO] [stdout] failures:
[INFO] [stdout] 
[INFO] [stdout] ---- src/lib.rs - InteractiveProcess::close (line 102) stdout ----
[INFO] [stdout] error: unexpected token: `...`
[INFO] [stdout]  --> src/lib.rs:103:31
[INFO] [stdout]   |
[INFO] [stdout] 3 | proc = InteractiveProces::new(...);
[INFO] [stdout]   |                               ^^^
[INFO] [stdout]   |
[INFO] [stdout] help: use `..` for an exclusive range
[INFO] [stdout]   |
[INFO] [stdout] 3 | proc = InteractiveProces::new(..);
[INFO] [stdout]   |                               ~~
[INFO] [stdout] help: or `..=` for an inclusive range
[INFO] [stdout]   |
[INFO] [stdout] 3 | proc = InteractiveProces::new(..=);
[INFO] [stdout]   |                               ~~~
[INFO] [stdout] 
[INFO] [stdout] error[E0586]: inclusive range with no end
[INFO] [stdout]  --> src/lib.rs:103:31
[INFO] [stdout]   |
[INFO] [stdout] 3 | proc = InteractiveProces::new(...);
[INFO] [stdout]   |                               ^^^ help: use `..` instead
[INFO] [stdout]   |
[INFO] [stdout]   = note: inclusive ranges must be bounded at the end (`..=b` or `a..=b`)
[INFO] [stdout] 
[INFO] [stdout] error[E0425]: cannot find value `proc` in this scope
[INFO] [stdout]  --> src/lib.rs:103:1
[INFO] [stdout]   |
[INFO] [stdout] 3 | proc = InteractiveProces::new(...);
[INFO] [stdout]   | ^^^^
[INFO] [stdout]   |
[INFO] [stdout] help: you might have meant to introduce a new binding
[INFO] [stdout]   |
[INFO] [stdout] 3 | let proc = InteractiveProces::new(...);
[INFO] [stdout]   | +++
[INFO] [stdout] 
[INFO] [stdout] error[E0425]: cannot find value `proc` in this scope
[INFO] [stdout]  --> src/lib.rs:104:1
[INFO] [stdout]   |
[INFO] [stdout] 4 | proc.take().kill().unwrap();
[INFO] [stdout]   | ^^^^ not found in this scope
[INFO] [stdout] 
[INFO] [stdout] error[E0433]: failed to resolve: use of undeclared type `InteractiveProces`
[INFO] [stdout]  --> src/lib.rs:103:8
[INFO] [stdout]   |
[INFO] [stdout] 3 | proc = InteractiveProces::new(...);
[INFO] [stdout]   |        ^^^^^^^^^^^^^^^^^ use of undeclared type `InteractiveProces`
[INFO] [stdout] 
[INFO] [stdout] error: aborting due to 5 previous errors
[INFO] [stdout] 
[INFO] [stdout] Some errors have detailed explanations: E0425, E0433, E0586.
[INFO] [stdout] For more information about an error, try `rustc --explain E0425`.
[INFO] [stdout] Couldn't compile the test.
[INFO] [stdout] 
[INFO] [stdout] failures:
[INFO] [stdout]     src/lib.rs - InteractiveProcess::close (line 102)
[INFO] [stdout] 
[INFO] [stdout] test result: FAILED. 0 passed; 1 failed; 0 ignored; 0 measured; 0 filtered out; finished in 0.05s
[INFO] [stdout] 
[INFO] [stderr] error: doctest failed, to rerun pass `--doc`
[INFO] running `Command { std: "docker" "inspect" "fd5d70ecbc941e831913eb8bc6f3b891e36db67e86f87a165807364f6c2254dd", kill_on_drop: false }`
[INFO] running `Command { std: "docker" "rm" "-f" "fd5d70ecbc941e831913eb8bc6f3b891e36db67e86f87a165807364f6c2254dd", kill_on_drop: false }`
[INFO] [stdout] fd5d70ecbc941e831913eb8bc6f3b891e36db67e86f87a165807364f6c2254dd
