[INFO] fetching crate integer-iterator 0.3.0...
[INFO] testing integer-iterator-0.3.0 against 1.75.0 for beta-1.76-1
[INFO] extracting crate integer-iterator 0.3.0 into /workspace/builds/worker-1-tc1/source
[INFO] validating manifest of crates.io crate integer-iterator 0.3.0 on toolchain 1.75.0
[INFO] running `Command { std: CARGO_HOME="/workspace/cargo-home" RUSTUP_HOME="/workspace/rustup-home" "/workspace/cargo-home/bin/cargo" "+1.75.0" "metadata" "--manifest-path" "Cargo.toml" "--no-deps", kill_on_drop: false }`
[INFO] started tweaking crates.io crate integer-iterator 0.3.0
[INFO] finished tweaking crates.io crate integer-iterator 0.3.0
[INFO] tweaked toml for crates.io crate integer-iterator 0.3.0 written to /workspace/builds/worker-1-tc1/source/Cargo.toml
[INFO] running `Command { std: CARGO_HOME="/workspace/cargo-home" RUSTUP_HOME="/workspace/rustup-home" "/workspace/cargo-home/bin/cargo" "+1.75.0" "generate-lockfile" "--manifest-path" "Cargo.toml", kill_on_drop: false }`
[INFO] running `Command { std: CARGO_HOME="/workspace/cargo-home" RUSTUP_HOME="/workspace/rustup-home" "/workspace/cargo-home/bin/cargo" "+1.75.0" "fetch" "--manifest-path" "Cargo.toml", kill_on_drop: false }`
[INFO] running `Command { std: "docker" "create" "-v" "/var/lib/crater-agent-workspace/builds/worker-1-tc1/target:/opt/rustwide/target:rw,Z" "-v" "/var/lib/crater-agent-workspace/builds/worker-1-tc1/source:/opt/rustwide/workdir:ro,Z" "-v" "/var/lib/crater-agent-workspace/cargo-home:/opt/rustwide/cargo-home:ro,Z" "-v" "/var/lib/crater-agent-workspace/rustup-home:/opt/rustwide/rustup-home:ro,Z" "-e" "SOURCE_DIR=/opt/rustwide/workdir" "-e" "CARGO_TARGET_DIR=/opt/rustwide/target" "-e" "CARGO_HOME=/opt/rustwide/cargo-home" "-e" "RUSTUP_HOME=/opt/rustwide/rustup-home" "-w" "/opt/rustwide/workdir" "-m" "1610612736" "--user" "0:0" "--network" "none" "ghcr.io/rust-lang/crates-build-env/linux@sha256:2788e3201cd34a07e3172128adcd8b3090168a8e3bcc40d7c032b9dda1df7d1c" "/opt/rustwide/cargo-home/bin/cargo" "+1.75.0" "metadata" "--no-deps" "--format-version=1", kill_on_drop: false }`
[INFO] [stdout] a2c012d9cfac5fd28847728088a14fb8ddefa4cf8784abfc749f5aa0e2b0b036
[INFO] running `Command { std: "docker" "start" "-a" "a2c012d9cfac5fd28847728088a14fb8ddefa4cf8784abfc749f5aa0e2b0b036", kill_on_drop: false }`
[INFO] running `Command { std: "docker" "inspect" "a2c012d9cfac5fd28847728088a14fb8ddefa4cf8784abfc749f5aa0e2b0b036", kill_on_drop: false }`
[INFO] running `Command { std: "docker" "rm" "-f" "a2c012d9cfac5fd28847728088a14fb8ddefa4cf8784abfc749f5aa0e2b0b036", kill_on_drop: false }`
[INFO] [stdout] a2c012d9cfac5fd28847728088a14fb8ddefa4cf8784abfc749f5aa0e2b0b036
[INFO] running `Command { std: "docker" "create" "-v" "/var/lib/crater-agent-workspace/builds/worker-1-tc1/target:/opt/rustwide/target:rw,Z" "-v" "/var/lib/crater-agent-workspace/builds/worker-1-tc1/source:/opt/rustwide/workdir:ro,Z" "-v" "/var/lib/crater-agent-workspace/cargo-home:/opt/rustwide/cargo-home:ro,Z" "-v" "/var/lib/crater-agent-workspace/rustup-home:/opt/rustwide/rustup-home:ro,Z" "-e" "SOURCE_DIR=/opt/rustwide/workdir" "-e" "CARGO_TARGET_DIR=/opt/rustwide/target" "-e" "CARGO_INCREMENTAL=0" "-e" "RUST_BACKTRACE=full" "-e" "RUSTFLAGS=--cap-lints=warn" "-e" "RUSTDOCFLAGS=--cap-lints=warn" "-e" "CARGO_HOME=/opt/rustwide/cargo-home" "-e" "RUSTUP_HOME=/opt/rustwide/rustup-home" "-w" "/opt/rustwide/workdir" "-m" "1610612736" "--user" "0:0" "--network" "none" "ghcr.io/rust-lang/crates-build-env/linux@sha256:2788e3201cd34a07e3172128adcd8b3090168a8e3bcc40d7c032b9dda1df7d1c" "/opt/rustwide/cargo-home/bin/cargo" "+1.75.0" "build" "--frozen" "--message-format=json", kill_on_drop: false }`
[INFO] [stdout] a627fab717607aa5559ab49531b10496cab48b1dace823bd44098b8d64dc2b39
[INFO] running `Command { std: "docker" "start" "-a" "a627fab717607aa5559ab49531b10496cab48b1dace823bd44098b8d64dc2b39", kill_on_drop: false }`
[INFO] [stderr]    Compiling integer-iterator v0.3.0 (/opt/rustwide/workdir)
[INFO] [stderr]     Finished dev [unoptimized + debuginfo] target(s) in 0.05s
[INFO] running `Command { std: "docker" "inspect" "a627fab717607aa5559ab49531b10496cab48b1dace823bd44098b8d64dc2b39", kill_on_drop: false }`
[INFO] running `Command { std: "docker" "rm" "-f" "a627fab717607aa5559ab49531b10496cab48b1dace823bd44098b8d64dc2b39", kill_on_drop: false }`
[INFO] [stdout] a627fab717607aa5559ab49531b10496cab48b1dace823bd44098b8d64dc2b39
[INFO] running `Command { std: "docker" "create" "-v" "/var/lib/crater-agent-workspace/builds/worker-1-tc1/target:/opt/rustwide/target:rw,Z" "-v" "/var/lib/crater-agent-workspace/builds/worker-1-tc1/source:/opt/rustwide/workdir:ro,Z" "-v" "/var/lib/crater-agent-workspace/cargo-home:/opt/rustwide/cargo-home:ro,Z" "-v" "/var/lib/crater-agent-workspace/rustup-home:/opt/rustwide/rustup-home:ro,Z" "-e" "SOURCE_DIR=/opt/rustwide/workdir" "-e" "CARGO_TARGET_DIR=/opt/rustwide/target" "-e" "CARGO_INCREMENTAL=0" "-e" "RUST_BACKTRACE=full" "-e" "RUSTFLAGS=--cap-lints=warn" "-e" "RUSTDOCFLAGS=--cap-lints=warn" "-e" "CARGO_HOME=/opt/rustwide/cargo-home" "-e" "RUSTUP_HOME=/opt/rustwide/rustup-home" "-w" "/opt/rustwide/workdir" "-m" "1610612736" "--user" "0:0" "--network" "none" "ghcr.io/rust-lang/crates-build-env/linux@sha256:2788e3201cd34a07e3172128adcd8b3090168a8e3bcc40d7c032b9dda1df7d1c" "/opt/rustwide/cargo-home/bin/cargo" "+1.75.0" "test" "--frozen" "--no-run" "--message-format=json", kill_on_drop: false }`
[INFO] [stdout] f299b43aca5fd86d8f93b545b417663b0af68ef21eae1e6a755a719833276c61
[INFO] running `Command { std: "docker" "start" "-a" "f299b43aca5fd86d8f93b545b417663b0af68ef21eae1e6a755a719833276c61", kill_on_drop: false }`
[INFO] [stderr]    Compiling integer-iterator v0.3.0 (/opt/rustwide/workdir)
[INFO] [stderr]     Finished test [unoptimized + debuginfo] target(s) in 0.22s
[INFO] running `Command { std: "docker" "inspect" "f299b43aca5fd86d8f93b545b417663b0af68ef21eae1e6a755a719833276c61", kill_on_drop: false }`
[INFO] running `Command { std: "docker" "rm" "-f" "f299b43aca5fd86d8f93b545b417663b0af68ef21eae1e6a755a719833276c61", kill_on_drop: false }`
[INFO] [stdout] f299b43aca5fd86d8f93b545b417663b0af68ef21eae1e6a755a719833276c61
[INFO] running `Command { std: "docker" "create" "-v" "/var/lib/crater-agent-workspace/builds/worker-1-tc1/target:/opt/rustwide/target:rw,Z" "-v" "/var/lib/crater-agent-workspace/builds/worker-1-tc1/source:/opt/rustwide/workdir:ro,Z" "-v" "/var/lib/crater-agent-workspace/cargo-home:/opt/rustwide/cargo-home:ro,Z" "-v" "/var/lib/crater-agent-workspace/rustup-home:/opt/rustwide/rustup-home:ro,Z" "-e" "SOURCE_DIR=/opt/rustwide/workdir" "-e" "CARGO_TARGET_DIR=/opt/rustwide/target" "-e" "CARGO_INCREMENTAL=0" "-e" "RUST_BACKTRACE=full" "-e" "RUSTFLAGS=--cap-lints=warn" "-e" "RUSTDOCFLAGS=--cap-lints=warn" "-e" "CARGO_HOME=/opt/rustwide/cargo-home" "-e" "RUSTUP_HOME=/opt/rustwide/rustup-home" "-w" "/opt/rustwide/workdir" "-m" "1610612736" "--user" "0:0" "--network" "none" "ghcr.io/rust-lang/crates-build-env/linux@sha256:2788e3201cd34a07e3172128adcd8b3090168a8e3bcc40d7c032b9dda1df7d1c" "/opt/rustwide/cargo-home/bin/cargo" "+1.75.0" "test" "--frozen", kill_on_drop: false }`
[INFO] [stdout] 5046df72d7274e888fd16af3d22afe5c7539f876a4289a44bc956a5e6131c02e
[INFO] running `Command { std: "docker" "start" "-a" "5046df72d7274e888fd16af3d22afe5c7539f876a4289a44bc956a5e6131c02e", kill_on_drop: false }`
[INFO] [stderr]     Finished test [unoptimized + debuginfo] target(s) in 0.00s
[INFO] [stderr]      Running unittests src/lib.rs (/opt/rustwide/target/debug/deps/integer_iterator-1e5271649a88daec)
[INFO] [stdout] 
[INFO] [stdout] running 1 test
[INFO] [stdout] test test_all_numbers ... ok
[INFO] [stdout] 
[INFO] [stdout] test result: ok. 1 passed; 0 failed; 0 ignored; 0 measured; 0 filtered out; finished in 0.00s
[INFO] [stdout] 
[INFO] [stderr]    Doc-tests integer-iterator
[INFO] [stdout] 
[INFO] [stdout] running 1 test
[INFO] [stdout] test src/lib.rs - DigitIterator (line 6) ... FAILED
[INFO] [stdout] 
[INFO] [stdout] failures:
[INFO] [stdout] 
[INFO] [stdout] ---- src/lib.rs - DigitIterator (line 6) stdout ----
[INFO] [stdout] error[E0423]: cannot initialize a tuple struct which contains private fields
[INFO] [stdout]   --> src/lib.rs:10:13
[INFO] [stdout]    |
[INFO] [stdout] 6  | let mut y = DigitIterator(30u32);
[INFO] [stdout]    |             ^^^^^^^^^^^^^
[INFO] [stdout]    |
[INFO] [stdout] note: constructor is not visible here due to private fields
[INFO] [stdout]   --> /opt/rustwide/workdir/src/lib.rs:17:36
[INFO] [stdout]    |
[INFO] [stdout] 17 | pub struct DigitIterator<T>(pub T, bool); // TODO :: Where T is an integer?
[INFO] [stdout]    |                                    ^^^^ private field
[INFO] [stdout] 
[INFO] [stdout] error: aborting due to previous error
[INFO] [stdout] 
[INFO] [stdout] For more information about this error, try `rustc --explain E0423`.
[INFO] [stdout] Couldn't compile the test.
[INFO] [stdout] 
[INFO] [stdout] failures:
[INFO] [stdout]     src/lib.rs - DigitIterator (line 6)
[INFO] [stdout] 
[INFO] [stdout] test result: FAILED. 0 passed; 1 failed; 0 ignored; 0 measured; 0 filtered out; finished in 0.04s
[INFO] [stdout] 
[INFO] [stderr] error: doctest failed, to rerun pass `--doc`
[INFO] running `Command { std: "docker" "inspect" "5046df72d7274e888fd16af3d22afe5c7539f876a4289a44bc956a5e6131c02e", kill_on_drop: false }`
[INFO] running `Command { std: "docker" "rm" "-f" "5046df72d7274e888fd16af3d22afe5c7539f876a4289a44bc956a5e6131c02e", kill_on_drop: false }`
[INFO] [stdout] 5046df72d7274e888fd16af3d22afe5c7539f876a4289a44bc956a5e6131c02e
[INFO] testing integer-iterator-0.3.0 against beta-2023-12-22 for beta-1.76-1
[INFO] extracting crate integer-iterator 0.3.0 into /workspace/builds/worker-1-tc2/source
[INFO] validating manifest of crates.io crate integer-iterator 0.3.0 on toolchain beta-2023-12-22
[INFO] running `Command { std: CARGO_HOME="/workspace/cargo-home" RUSTUP_HOME="/workspace/rustup-home" "/workspace/cargo-home/bin/cargo" "+beta-2023-12-22" "metadata" "--manifest-path" "Cargo.toml" "--no-deps", kill_on_drop: false }`
[INFO] started tweaking crates.io crate integer-iterator 0.3.0
[INFO] finished tweaking crates.io crate integer-iterator 0.3.0
[INFO] tweaked toml for crates.io crate integer-iterator 0.3.0 written to /workspace/builds/worker-1-tc2/source/Cargo.toml
[INFO] running `Command { std: CARGO_HOME="/workspace/cargo-home" RUSTUP_HOME="/workspace/rustup-home" "/workspace/cargo-home/bin/cargo" "+beta-2023-12-22" "generate-lockfile" "--manifest-path" "Cargo.toml", kill_on_drop: false }`
[INFO] running `Command { std: CARGO_HOME="/workspace/cargo-home" RUSTUP_HOME="/workspace/rustup-home" "/workspace/cargo-home/bin/cargo" "+beta-2023-12-22" "fetch" "--manifest-path" "Cargo.toml", kill_on_drop: false }`
[INFO] running `Command { std: "docker" "create" "-v" "/var/lib/crater-agent-workspace/builds/worker-1-tc2/target:/opt/rustwide/target:rw,Z" "-v" "/var/lib/crater-agent-workspace/builds/worker-1-tc2/source:/opt/rustwide/workdir:ro,Z" "-v" "/var/lib/crater-agent-workspace/cargo-home:/opt/rustwide/cargo-home:ro,Z" "-v" "/var/lib/crater-agent-workspace/rustup-home:/opt/rustwide/rustup-home:ro,Z" "-e" "SOURCE_DIR=/opt/rustwide/workdir" "-e" "CARGO_TARGET_DIR=/opt/rustwide/target" "-e" "CARGO_HOME=/opt/rustwide/cargo-home" "-e" "RUSTUP_HOME=/opt/rustwide/rustup-home" "-w" "/opt/rustwide/workdir" "-m" "1610612736" "--user" "0:0" "--network" "none" "ghcr.io/rust-lang/crates-build-env/linux@sha256:2788e3201cd34a07e3172128adcd8b3090168a8e3bcc40d7c032b9dda1df7d1c" "/opt/rustwide/cargo-home/bin/cargo" "+beta-2023-12-22" "metadata" "--no-deps" "--format-version=1", kill_on_drop: false }`
[INFO] [stdout] ec64315fcc0a249bea2e82f766841b00798493d354f807eae5e4870759076057
[INFO] running `Command { std: "docker" "start" "-a" "ec64315fcc0a249bea2e82f766841b00798493d354f807eae5e4870759076057", kill_on_drop: false }`
[INFO] running `Command { std: "docker" "inspect" "ec64315fcc0a249bea2e82f766841b00798493d354f807eae5e4870759076057", kill_on_drop: false }`
[INFO] running `Command { std: "docker" "rm" "-f" "ec64315fcc0a249bea2e82f766841b00798493d354f807eae5e4870759076057", kill_on_drop: false }`
[INFO] [stdout] ec64315fcc0a249bea2e82f766841b00798493d354f807eae5e4870759076057
[INFO] running `Command { std: "docker" "create" "-v" "/var/lib/crater-agent-workspace/builds/worker-1-tc2/target:/opt/rustwide/target:rw,Z" "-v" "/var/lib/crater-agent-workspace/builds/worker-1-tc2/source:/opt/rustwide/workdir:ro,Z" "-v" "/var/lib/crater-agent-workspace/cargo-home:/opt/rustwide/cargo-home:ro,Z" "-v" "/var/lib/crater-agent-workspace/rustup-home:/opt/rustwide/rustup-home:ro,Z" "-e" "SOURCE_DIR=/opt/rustwide/workdir" "-e" "CARGO_TARGET_DIR=/opt/rustwide/target" "-e" "CARGO_INCREMENTAL=0" "-e" "RUST_BACKTRACE=full" "-e" "RUSTFLAGS=--cap-lints=warn" "-e" "RUSTDOCFLAGS=--cap-lints=warn" "-e" "CARGO_HOME=/opt/rustwide/cargo-home" "-e" "RUSTUP_HOME=/opt/rustwide/rustup-home" "-w" "/opt/rustwide/workdir" "-m" "1610612736" "--user" "0:0" "--network" "none" "ghcr.io/rust-lang/crates-build-env/linux@sha256:2788e3201cd34a07e3172128adcd8b3090168a8e3bcc40d7c032b9dda1df7d1c" "/opt/rustwide/cargo-home/bin/cargo" "+beta-2023-12-22" "build" "--frozen" "--message-format=json", kill_on_drop: false }`
[INFO] [stdout] e5251cc87380c19ff83c2a683deec2de797b2ffa981b95947b1aca0fc9903437
[INFO] running `Command { std: "docker" "start" "-a" "e5251cc87380c19ff83c2a683deec2de797b2ffa981b95947b1aca0fc9903437", kill_on_drop: false }`
[INFO] [stderr]    Compiling integer-iterator v0.3.0 (/opt/rustwide/workdir)
[INFO] [stderr]     Finished dev [unoptimized + debuginfo] target(s) in 0.05s
[INFO] running `Command { std: "docker" "inspect" "e5251cc87380c19ff83c2a683deec2de797b2ffa981b95947b1aca0fc9903437", kill_on_drop: false }`
[INFO] running `Command { std: "docker" "rm" "-f" "e5251cc87380c19ff83c2a683deec2de797b2ffa981b95947b1aca0fc9903437", kill_on_drop: false }`
[INFO] [stdout] e5251cc87380c19ff83c2a683deec2de797b2ffa981b95947b1aca0fc9903437
[INFO] running `Command { std: "docker" "create" "-v" "/var/lib/crater-agent-workspace/builds/worker-1-tc2/target:/opt/rustwide/target:rw,Z" "-v" "/var/lib/crater-agent-workspace/builds/worker-1-tc2/source:/opt/rustwide/workdir:ro,Z" "-v" "/var/lib/crater-agent-workspace/cargo-home:/opt/rustwide/cargo-home:ro,Z" "-v" "/var/lib/crater-agent-workspace/rustup-home:/opt/rustwide/rustup-home:ro,Z" "-e" "SOURCE_DIR=/opt/rustwide/workdir" "-e" "CARGO_TARGET_DIR=/opt/rustwide/target" "-e" "CARGO_INCREMENTAL=0" "-e" "RUST_BACKTRACE=full" "-e" "RUSTFLAGS=--cap-lints=warn" "-e" "RUSTDOCFLAGS=--cap-lints=warn" "-e" "CARGO_HOME=/opt/rustwide/cargo-home" "-e" "RUSTUP_HOME=/opt/rustwide/rustup-home" "-w" "/opt/rustwide/workdir" "-m" "1610612736" "--user" "0:0" "--network" "none" "ghcr.io/rust-lang/crates-build-env/linux@sha256:2788e3201cd34a07e3172128adcd8b3090168a8e3bcc40d7c032b9dda1df7d1c" "/opt/rustwide/cargo-home/bin/cargo" "+beta-2023-12-22" "test" "--frozen" "--no-run" "--message-format=json", kill_on_drop: false }`
[INFO] [stdout] 7a5f5c6a075561d5a0ebaae39df595a09eda9b19f1a6c38b33140cf36711fab9
[INFO] running `Command { std: "docker" "start" "-a" "7a5f5c6a075561d5a0ebaae39df595a09eda9b19f1a6c38b33140cf36711fab9", kill_on_drop: false }`
[INFO] [stderr]    Compiling integer-iterator v0.3.0 (/opt/rustwide/workdir)
[INFO] [stderr]     Finished test [unoptimized + debuginfo] target(s) in 0.23s
[INFO] running `Command { std: "docker" "inspect" "7a5f5c6a075561d5a0ebaae39df595a09eda9b19f1a6c38b33140cf36711fab9", kill_on_drop: false }`
[INFO] running `Command { std: "docker" "rm" "-f" "7a5f5c6a075561d5a0ebaae39df595a09eda9b19f1a6c38b33140cf36711fab9", kill_on_drop: false }`
[INFO] [stdout] 7a5f5c6a075561d5a0ebaae39df595a09eda9b19f1a6c38b33140cf36711fab9
[INFO] running `Command { std: "docker" "create" "-v" "/var/lib/crater-agent-workspace/builds/worker-1-tc2/target:/opt/rustwide/target:rw,Z" "-v" "/var/lib/crater-agent-workspace/builds/worker-1-tc2/source:/opt/rustwide/workdir:ro,Z" "-v" "/var/lib/crater-agent-workspace/cargo-home:/opt/rustwide/cargo-home:ro,Z" "-v" "/var/lib/crater-agent-workspace/rustup-home:/opt/rustwide/rustup-home:ro,Z" "-e" "SOURCE_DIR=/opt/rustwide/workdir" "-e" "CARGO_TARGET_DIR=/opt/rustwide/target" "-e" "CARGO_INCREMENTAL=0" "-e" "RUST_BACKTRACE=full" "-e" "RUSTFLAGS=--cap-lints=warn" "-e" "RUSTDOCFLAGS=--cap-lints=warn" "-e" "CARGO_HOME=/opt/rustwide/cargo-home" "-e" "RUSTUP_HOME=/opt/rustwide/rustup-home" "-w" "/opt/rustwide/workdir" "-m" "1610612736" "--user" "0:0" "--network" "none" "ghcr.io/rust-lang/crates-build-env/linux@sha256:2788e3201cd34a07e3172128adcd8b3090168a8e3bcc40d7c032b9dda1df7d1c" "/opt/rustwide/cargo-home/bin/cargo" "+beta-2023-12-22" "test" "--frozen", kill_on_drop: false }`
[INFO] [stdout] 13ead1c3c9e738ed81091b6f94f6d244a1512db63f864cb5ca88008c7487f3d3
[INFO] running `Command { std: "docker" "start" "-a" "13ead1c3c9e738ed81091b6f94f6d244a1512db63f864cb5ca88008c7487f3d3", kill_on_drop: false }`
[INFO] [stderr]     Finished test [unoptimized + debuginfo] target(s) in 0.00s
[INFO] [stderr]      Running unittests src/lib.rs (/opt/rustwide/target/debug/deps/integer_iterator-252ddb687638ff55)
[INFO] [stdout] 
[INFO] [stdout] running 1 test
[INFO] [stdout] test test_all_numbers ... ok
[INFO] [stdout] 
[INFO] [stdout] test result: ok. 1 passed; 0 failed; 0 ignored; 0 measured; 0 filtered out; finished in 0.00s
[INFO] [stdout] 
[INFO] [stderr]    Doc-tests integer-iterator
[INFO] [stdout] 
[INFO] [stdout] running 1 test
[INFO] [stdout] test src/lib.rs - DigitIterator (line 6) ... FAILED
[INFO] [stdout] 
[INFO] [stdout] failures:
[INFO] [stdout] 
[INFO] [stdout] ---- src/lib.rs - DigitIterator (line 6) stdout ----
[INFO] [stdout] error[E0423]: cannot initialize a tuple struct which contains private fields
[INFO] [stdout]   --> src/lib.rs:10:13
[INFO] [stdout]    |
[INFO] [stdout] 6  | let mut y = DigitIterator(30u32);
[INFO] [stdout]    |             ^^^^^^^^^^^^^
[INFO] [stdout]    |
[INFO] [stdout] note: constructor is not visible here due to private fields
[INFO] [stdout]   --> /opt/rustwide/workdir/src/lib.rs:17:36
[INFO] [stdout]    |
[INFO] [stdout] 17 | pub struct DigitIterator<T>(pub T, bool); // TODO :: Where T is an integer?
[INFO] [stdout]    |                                    ^^^^ private field
[INFO] [stdout] 
[INFO] [stdout] error: aborting due to 1 previous error
[INFO] [stdout] 
[INFO] [stdout] For more information about this error, try `rustc --explain E0423`.
[INFO] [stdout] Couldn't compile the test.
[INFO] [stdout] 
[INFO] [stdout] failures:
[INFO] [stdout]     src/lib.rs - DigitIterator (line 6)
[INFO] [stdout] 
[INFO] [stdout] test result: FAILED. 0 passed; 1 failed; 0 ignored; 0 measured; 0 filtered out; finished in 0.04s
[INFO] [stdout] 
[INFO] [stderr] error: doctest failed, to rerun pass `--doc`
[INFO] running `Command { std: "docker" "inspect" "13ead1c3c9e738ed81091b6f94f6d244a1512db63f864cb5ca88008c7487f3d3", kill_on_drop: false }`
[INFO] running `Command { std: "docker" "rm" "-f" "13ead1c3c9e738ed81091b6f94f6d244a1512db63f864cb5ca88008c7487f3d3", kill_on_drop: false }`
[INFO] [stdout] 13ead1c3c9e738ed81091b6f94f6d244a1512db63f864cb5ca88008c7487f3d3
