[INFO] fetching crate instant_log 0.1.2...
[INFO] testing instant_log-0.1.2 against 1.75.0 for beta-1.76-1
[INFO] extracting crate instant_log 0.1.2 into /workspace/builds/worker-4-tc1/source
[INFO] validating manifest of crates.io crate instant_log 0.1.2 on toolchain 1.75.0
[INFO] running `Command { std: CARGO_HOME="/workspace/cargo-home" RUSTUP_HOME="/workspace/rustup-home" "/workspace/cargo-home/bin/cargo" "+1.75.0" "metadata" "--manifest-path" "Cargo.toml" "--no-deps", kill_on_drop: false }`
[INFO] started tweaking crates.io crate instant_log 0.1.2
[INFO] finished tweaking crates.io crate instant_log 0.1.2
[INFO] tweaked toml for crates.io crate instant_log 0.1.2 written to /workspace/builds/worker-4-tc1/source/Cargo.toml
[INFO] running `Command { std: CARGO_HOME="/workspace/cargo-home" RUSTUP_HOME="/workspace/rustup-home" "/workspace/cargo-home/bin/cargo" "+1.75.0" "generate-lockfile" "--manifest-path" "Cargo.toml", kill_on_drop: false }`
[INFO] [stderr]     Updating crates.io index
[INFO] running `Command { std: CARGO_HOME="/workspace/cargo-home" RUSTUP_HOME="/workspace/rustup-home" "/workspace/cargo-home/bin/cargo" "+1.75.0" "fetch" "--manifest-path" "Cargo.toml", kill_on_drop: false }`
[INFO] running `Command { std: "docker" "create" "-v" "/var/lib/crater-agent-workspace/builds/worker-4-tc1/target:/opt/rustwide/target:rw,Z" "-v" "/var/lib/crater-agent-workspace/builds/worker-4-tc1/source:/opt/rustwide/workdir:ro,Z" "-v" "/var/lib/crater-agent-workspace/cargo-home:/opt/rustwide/cargo-home:ro,Z" "-v" "/var/lib/crater-agent-workspace/rustup-home:/opt/rustwide/rustup-home:ro,Z" "-e" "SOURCE_DIR=/opt/rustwide/workdir" "-e" "CARGO_TARGET_DIR=/opt/rustwide/target" "-e" "CARGO_HOME=/opt/rustwide/cargo-home" "-e" "RUSTUP_HOME=/opt/rustwide/rustup-home" "-w" "/opt/rustwide/workdir" "-m" "1610612736" "--user" "0:0" "--network" "none" "ghcr.io/rust-lang/crates-build-env/linux@sha256:2788e3201cd34a07e3172128adcd8b3090168a8e3bcc40d7c032b9dda1df7d1c" "/opt/rustwide/cargo-home/bin/cargo" "+1.75.0" "metadata" "--no-deps" "--format-version=1", kill_on_drop: false }`
[INFO] [stdout] 0134f1c2c7dd849c85b8675141f39c78a3675a2dc6e70cc2a56c315ca626dde8
[INFO] running `Command { std: "docker" "start" "-a" "0134f1c2c7dd849c85b8675141f39c78a3675a2dc6e70cc2a56c315ca626dde8", kill_on_drop: false }`
[INFO] running `Command { std: "docker" "inspect" "0134f1c2c7dd849c85b8675141f39c78a3675a2dc6e70cc2a56c315ca626dde8", kill_on_drop: false }`
[INFO] running `Command { std: "docker" "rm" "-f" "0134f1c2c7dd849c85b8675141f39c78a3675a2dc6e70cc2a56c315ca626dde8", kill_on_drop: false }`
[INFO] [stdout] 0134f1c2c7dd849c85b8675141f39c78a3675a2dc6e70cc2a56c315ca626dde8
[INFO] running `Command { std: "docker" "create" "-v" "/var/lib/crater-agent-workspace/builds/worker-4-tc1/target:/opt/rustwide/target:rw,Z" "-v" "/var/lib/crater-agent-workspace/builds/worker-4-tc1/source:/opt/rustwide/workdir:ro,Z" "-v" "/var/lib/crater-agent-workspace/cargo-home:/opt/rustwide/cargo-home:ro,Z" "-v" "/var/lib/crater-agent-workspace/rustup-home:/opt/rustwide/rustup-home:ro,Z" "-e" "SOURCE_DIR=/opt/rustwide/workdir" "-e" "CARGO_TARGET_DIR=/opt/rustwide/target" "-e" "CARGO_INCREMENTAL=0" "-e" "RUST_BACKTRACE=full" "-e" "RUSTFLAGS=--cap-lints=warn" "-e" "RUSTDOCFLAGS=--cap-lints=warn" "-e" "CARGO_HOME=/opt/rustwide/cargo-home" "-e" "RUSTUP_HOME=/opt/rustwide/rustup-home" "-w" "/opt/rustwide/workdir" "-m" "1610612736" "--user" "0:0" "--network" "none" "ghcr.io/rust-lang/crates-build-env/linux@sha256:2788e3201cd34a07e3172128adcd8b3090168a8e3bcc40d7c032b9dda1df7d1c" "/opt/rustwide/cargo-home/bin/cargo" "+1.75.0" "build" "--frozen" "--message-format=json", kill_on_drop: false }`
[INFO] [stdout] 38b6ad4269a7e9eb49b6017f5a8cec5570afeac17ae1df74aaa112693b038f46
[INFO] running `Command { std: "docker" "start" "-a" "38b6ad4269a7e9eb49b6017f5a8cec5570afeac17ae1df74aaa112693b038f46", kill_on_drop: false }`
[INFO] [stderr]    Compiling autocfg v1.1.0
[INFO] [stderr]    Compiling iana-time-zone v0.1.59
[INFO] [stderr]    Compiling dotenv v0.15.0
[INFO] [stderr]    Compiling num-traits v0.2.17
[INFO] [stderr]    Compiling chrono v0.4.31
[INFO] [stderr]    Compiling instant_log v0.1.2 (/opt/rustwide/workdir)
[INFO] [stderr]     Finished dev [unoptimized + debuginfo] target(s) in 1.77s
[INFO] running `Command { std: "docker" "inspect" "38b6ad4269a7e9eb49b6017f5a8cec5570afeac17ae1df74aaa112693b038f46", kill_on_drop: false }`
[INFO] running `Command { std: "docker" "rm" "-f" "38b6ad4269a7e9eb49b6017f5a8cec5570afeac17ae1df74aaa112693b038f46", kill_on_drop: false }`
[INFO] [stdout] 38b6ad4269a7e9eb49b6017f5a8cec5570afeac17ae1df74aaa112693b038f46
[INFO] running `Command { std: "docker" "create" "-v" "/var/lib/crater-agent-workspace/builds/worker-4-tc1/target:/opt/rustwide/target:rw,Z" "-v" "/var/lib/crater-agent-workspace/builds/worker-4-tc1/source:/opt/rustwide/workdir:ro,Z" "-v" "/var/lib/crater-agent-workspace/cargo-home:/opt/rustwide/cargo-home:ro,Z" "-v" "/var/lib/crater-agent-workspace/rustup-home:/opt/rustwide/rustup-home:ro,Z" "-e" "SOURCE_DIR=/opt/rustwide/workdir" "-e" "CARGO_TARGET_DIR=/opt/rustwide/target" "-e" "CARGO_INCREMENTAL=0" "-e" "RUST_BACKTRACE=full" "-e" "RUSTFLAGS=--cap-lints=warn" "-e" "RUSTDOCFLAGS=--cap-lints=warn" "-e" "CARGO_HOME=/opt/rustwide/cargo-home" "-e" "RUSTUP_HOME=/opt/rustwide/rustup-home" "-w" "/opt/rustwide/workdir" "-m" "1610612736" "--user" "0:0" "--network" "none" "ghcr.io/rust-lang/crates-build-env/linux@sha256:2788e3201cd34a07e3172128adcd8b3090168a8e3bcc40d7c032b9dda1df7d1c" "/opt/rustwide/cargo-home/bin/cargo" "+1.75.0" "test" "--frozen" "--no-run" "--message-format=json", kill_on_drop: false }`
[INFO] [stdout] 5c44c5a6e79c00dab30d61bdfd812be203ccd74a805fa32491366cac898226a6
[INFO] running `Command { std: "docker" "start" "-a" "5c44c5a6e79c00dab30d61bdfd812be203ccd74a805fa32491366cac898226a6", kill_on_drop: false }`
[INFO] [stderr]    Compiling instant_log v0.1.2 (/opt/rustwide/workdir)
[INFO] [stderr]     Finished test [unoptimized + debuginfo] target(s) in 0.19s
[INFO] running `Command { std: "docker" "inspect" "5c44c5a6e79c00dab30d61bdfd812be203ccd74a805fa32491366cac898226a6", kill_on_drop: false }`
[INFO] running `Command { std: "docker" "rm" "-f" "5c44c5a6e79c00dab30d61bdfd812be203ccd74a805fa32491366cac898226a6", kill_on_drop: false }`
[INFO] [stdout] 5c44c5a6e79c00dab30d61bdfd812be203ccd74a805fa32491366cac898226a6
[INFO] running `Command { std: "docker" "create" "-v" "/var/lib/crater-agent-workspace/builds/worker-4-tc1/target:/opt/rustwide/target:rw,Z" "-v" "/var/lib/crater-agent-workspace/builds/worker-4-tc1/source:/opt/rustwide/workdir:ro,Z" "-v" "/var/lib/crater-agent-workspace/cargo-home:/opt/rustwide/cargo-home:ro,Z" "-v" "/var/lib/crater-agent-workspace/rustup-home:/opt/rustwide/rustup-home:ro,Z" "-e" "SOURCE_DIR=/opt/rustwide/workdir" "-e" "CARGO_TARGET_DIR=/opt/rustwide/target" "-e" "CARGO_INCREMENTAL=0" "-e" "RUST_BACKTRACE=full" "-e" "RUSTFLAGS=--cap-lints=warn" "-e" "RUSTDOCFLAGS=--cap-lints=warn" "-e" "CARGO_HOME=/opt/rustwide/cargo-home" "-e" "RUSTUP_HOME=/opt/rustwide/rustup-home" "-w" "/opt/rustwide/workdir" "-m" "1610612736" "--user" "0:0" "--network" "none" "ghcr.io/rust-lang/crates-build-env/linux@sha256:2788e3201cd34a07e3172128adcd8b3090168a8e3bcc40d7c032b9dda1df7d1c" "/opt/rustwide/cargo-home/bin/cargo" "+1.75.0" "test" "--frozen", kill_on_drop: false }`
[INFO] [stdout] 79c857663c26c8eb180e991ee8e625bef8f4134ba27c596e847f99590ba5df55
[INFO] running `Command { std: "docker" "start" "-a" "79c857663c26c8eb180e991ee8e625bef8f4134ba27c596e847f99590ba5df55", kill_on_drop: false }`
[INFO] [stderr]     Finished test [unoptimized + debuginfo] target(s) in 0.01s
[INFO] [stderr]      Running unittests src/lib.rs (/opt/rustwide/target/debug/deps/instant_log-89a824d1a43525e7)
[INFO] [stdout] 
[INFO] [stdout] running 0 tests
[INFO] [stdout] 
[INFO] [stdout] test result: ok. 0 passed; 0 failed; 0 ignored; 0 measured; 0 filtered out; finished in 0.00s
[INFO] [stdout] 
[INFO] [stderr]    Doc-tests instant_log
[INFO] [stdout] 
[INFO] [stdout] running 6 tests
[INFO] [stdout] test src/lib.rs - debug (line 67) ... FAILED
[INFO] [stdout] test src/lib.rs - warn (line 103) ... FAILED
[INFO] [stdout] test src/lib.rs - error (line 120) ... FAILED
[INFO] [stdout] test src/lib.rs - info (line 85) ... FAILED
[INFO] [stdout] test src/lib.rs - trace (line 48) ... FAILED
[INFO] [stdout] test src/lib.rs - fatal (line 138) ... FAILED
[INFO] [stdout] 
[INFO] [stdout] failures:
[INFO] [stdout] 
[INFO] [stdout] ---- src/lib.rs - debug (line 67) stdout ----
[INFO] [stdout] error[E0308]: mismatched types
[INFO] [stdout]   --> src/lib.rs:71:12
[INFO] [stdout]    |
[INFO] [stdout] 7  | log::debug("debug message");
[INFO] [stdout]    | ---------- ^^^^^^^^^^^^^^^- help: try using a conversion method: `.to_string()`
[INFO] [stdout]    | |          |
[INFO] [stdout]    | |          expected `String`, found `&str`
[INFO] [stdout]    | arguments to this function are incorrect
[INFO] [stdout]    |
[INFO] [stdout] note: function defined here
[INFO] [stdout]   --> /opt/rustwide/workdir/src/lib.rs:78:8
[INFO] [stdout]    |
[INFO] [stdout] 78 | pub fn debug (message: String) {
[INFO] [stdout]    |        ^^^^^
[INFO] [stdout] 
[INFO] [stdout] error: aborting due to previous error
[INFO] [stdout] 
[INFO] [stdout] For more information about this error, try `rustc --explain E0308`.
[INFO] [stdout] Couldn't compile the test.
[INFO] [stdout] ---- src/lib.rs - warn (line 103) stdout ----
[INFO] [stdout] error[E0308]: mismatched types
[INFO] [stdout]    --> src/lib.rs:107:11
[INFO] [stdout]     |
[INFO] [stdout] 7   | log::warn("Warning message");
[INFO] [stdout]     | --------- ^^^^^^^^^^^^^^^^^- help: try using a conversion method: `.to_string()`
[INFO] [stdout]     | |         |
[INFO] [stdout]     | |         expected `String`, found `&str`
[INFO] [stdout]     | arguments to this function are incorrect
[INFO] [stdout]     |
[INFO] [stdout] note: function defined here
[INFO] [stdout]    --> /opt/rustwide/workdir/src/lib.rs:113:8
[INFO] [stdout]     |
[INFO] [stdout] 113 | pub fn warn (message: String) {
[INFO] [stdout]     |        ^^^^
[INFO] [stdout] 
[INFO] [stdout] error: aborting due to previous error
[INFO] [stdout] 
[INFO] [stdout] For more information about this error, try `rustc --explain E0308`.
[INFO] [stdout] Couldn't compile the test.
[INFO] [stdout] ---- src/lib.rs - error (line 120) stdout ----
[INFO] [stdout] error[E0308]: mismatched types
[INFO] [stdout]    --> src/lib.rs:124:12
[INFO] [stdout]     |
[INFO] [stdout] 7   | log::error("No rows returned from database");
[INFO] [stdout]     | ---------- ^^^^^^^^^^^^^^^^^^^^^^^^^^^^^^^^- help: try using a conversion method: `.to_string()`
[INFO] [stdout]     | |          |
[INFO] [stdout]     | |          expected `String`, found `&str`
[INFO] [stdout]     | arguments to this function are incorrect
[INFO] [stdout]     |
[INFO] [stdout] note: function defined here
[INFO] [stdout]    --> /opt/rustwide/workdir/src/lib.rs:131:8
[INFO] [stdout]     |
[INFO] [stdout] 131 | pub fn error (message: String) {
[INFO] [stdout]     |        ^^^^^
[INFO] [stdout] 
[INFO] [stdout] error: aborting due to previous error
[INFO] [stdout] 
[INFO] [stdout] For more information about this error, try `rustc --explain E0308`.
[INFO] [stdout] Couldn't compile the test.
[INFO] [stdout] ---- src/lib.rs - info (line 85) stdout ----
[INFO] [stdout] error[E0308]: mismatched types
[INFO] [stdout]   --> src/lib.rs:89:11
[INFO] [stdout]    |
[INFO] [stdout] 7  | log::info("Information message");
[INFO] [stdout]    | --------- ^^^^^^^^^^^^^^^^^^^^^- help: try using a conversion method: `.to_string()`
[INFO] [stdout]    | |         |
[INFO] [stdout]    | |         expected `String`, found `&str`
[INFO] [stdout]    | arguments to this function are incorrect
[INFO] [stdout]    |
[INFO] [stdout] note: function defined here
[INFO] [stdout]   --> /opt/rustwide/workdir/src/lib.rs:96:8
[INFO] [stdout]    |
[INFO] [stdout] 96 | pub fn info (message: String) {
[INFO] [stdout]    |        ^^^^
[INFO] [stdout] 
[INFO] [stdout] error: aborting due to previous error
[INFO] [stdout] 
[INFO] [stdout] For more information about this error, try `rustc --explain E0308`.
[INFO] [stdout] Couldn't compile the test.
[INFO] [stdout] ---- src/lib.rs - trace (line 48) stdout ----
[INFO] [stdout] error[E0308]: mismatched types
[INFO] [stdout]   --> src/lib.rs:53:12
[INFO] [stdout]    |
[INFO] [stdout] 8  | log::trace(sql);
[INFO] [stdout]    | ---------- ^^^- help: try using a conversion method: `.to_string()`
[INFO] [stdout]    | |          |
[INFO] [stdout]    | |          expected `String`, found `&str`
[INFO] [stdout]    | arguments to this function are incorrect
[INFO] [stdout]    |
[INFO] [stdout] note: function defined here
[INFO] [stdout]   --> /opt/rustwide/workdir/src/lib.rs:60:8
[INFO] [stdout]    |
[INFO] [stdout] 60 | pub fn trace (message: String) {
[INFO] [stdout]    |        ^^^^^
[INFO] [stdout] 
[INFO] [stdout] error: aborting due to previous error
[INFO] [stdout] 
[INFO] [stdout] For more information about this error, try `rustc --explain E0308`.
[INFO] [stdout] Couldn't compile the test.
[INFO] [stdout] ---- src/lib.rs - fatal (line 138) stdout ----
[INFO] [stdout] Test executable failed (exit status: 1).
[INFO] [stdout] 
[INFO] [stdout] stderr:
[INFO] [stdout] 2024-01-05 05:09:50 - FATAL - Database connection failed
[INFO] [stdout] 
[INFO] [stdout] 
[INFO] [stdout] 
[INFO] [stdout] failures:
[INFO] [stdout]     src/lib.rs - debug (line 67)
[INFO] [stdout]     src/lib.rs - error (line 120)
[INFO] [stdout]     src/lib.rs - fatal (line 138)
[INFO] [stdout]     src/lib.rs - info (line 85)
[INFO] [stdout]     src/lib.rs - trace (line 48)
[INFO] [stdout]     src/lib.rs - warn (line 103)
[INFO] [stdout] 
[INFO] [stdout] test result: FAILED. 0 passed; 6 failed; 0 ignored; 0 measured; 0 filtered out; finished in 0.21s
[INFO] [stdout] 
[INFO] [stderr] error: doctest failed, to rerun pass `--doc`
[INFO] running `Command { std: "docker" "inspect" "79c857663c26c8eb180e991ee8e625bef8f4134ba27c596e847f99590ba5df55", kill_on_drop: false }`
[INFO] running `Command { std: "docker" "rm" "-f" "79c857663c26c8eb180e991ee8e625bef8f4134ba27c596e847f99590ba5df55", kill_on_drop: false }`
[INFO] [stdout] 79c857663c26c8eb180e991ee8e625bef8f4134ba27c596e847f99590ba5df55
