[INFO] fetching crate inspect 0.1.2...
[INFO] testing inspect-0.1.2 against 1.75.0 for beta-1.76-1
[INFO] extracting crate inspect 0.1.2 into /workspace/builds/worker-4-tc1/source
[INFO] validating manifest of crates.io crate inspect 0.1.2 on toolchain 1.75.0
[INFO] running `Command { std: CARGO_HOME="/workspace/cargo-home" RUSTUP_HOME="/workspace/rustup-home" "/workspace/cargo-home/bin/cargo" "+1.75.0" "metadata" "--manifest-path" "Cargo.toml" "--no-deps", kill_on_drop: false }`
[INFO] started tweaking crates.io crate inspect 0.1.2
[INFO] finished tweaking crates.io crate inspect 0.1.2
[INFO] tweaked toml for crates.io crate inspect 0.1.2 written to /workspace/builds/worker-4-tc1/source/Cargo.toml
[INFO] running `Command { std: CARGO_HOME="/workspace/cargo-home" RUSTUP_HOME="/workspace/rustup-home" "/workspace/cargo-home/bin/cargo" "+1.75.0" "generate-lockfile" "--manifest-path" "Cargo.toml", kill_on_drop: false }`
[INFO] [stderr] warning: manifest at `/workspace/builds/worker-4-tc1/source` contains `[project]` instead of `[package]`, this could become a hard error in the future
[INFO] running `Command { std: CARGO_HOME="/workspace/cargo-home" RUSTUP_HOME="/workspace/rustup-home" "/workspace/cargo-home/bin/cargo" "+1.75.0" "fetch" "--manifest-path" "Cargo.toml", kill_on_drop: false }`
[INFO] [stderr] warning: manifest at `/workspace/builds/worker-4-tc1/source` contains `[project]` instead of `[package]`, this could become a hard error in the future
[INFO] running `Command { std: "docker" "create" "-v" "/var/lib/crater-agent-workspace/builds/worker-4-tc1/target:/opt/rustwide/target:rw,Z" "-v" "/var/lib/crater-agent-workspace/builds/worker-4-tc1/source:/opt/rustwide/workdir:ro,Z" "-v" "/var/lib/crater-agent-workspace/cargo-home:/opt/rustwide/cargo-home:ro,Z" "-v" "/var/lib/crater-agent-workspace/rustup-home:/opt/rustwide/rustup-home:ro,Z" "-e" "SOURCE_DIR=/opt/rustwide/workdir" "-e" "CARGO_TARGET_DIR=/opt/rustwide/target" "-e" "CARGO_HOME=/opt/rustwide/cargo-home" "-e" "RUSTUP_HOME=/opt/rustwide/rustup-home" "-w" "/opt/rustwide/workdir" "-m" "1610612736" "--user" "0:0" "--network" "none" "ghcr.io/rust-lang/crates-build-env/linux@sha256:2788e3201cd34a07e3172128adcd8b3090168a8e3bcc40d7c032b9dda1df7d1c" "/opt/rustwide/cargo-home/bin/cargo" "+1.75.0" "metadata" "--no-deps" "--format-version=1", kill_on_drop: false }`
[INFO] [stdout] 94380016680ad95507243932d618ff5d46831f91cae25dd6312a976ac4dd2722
[INFO] running `Command { std: "docker" "start" "-a" "94380016680ad95507243932d618ff5d46831f91cae25dd6312a976ac4dd2722", kill_on_drop: false }`
[INFO] running `Command { std: "docker" "inspect" "94380016680ad95507243932d618ff5d46831f91cae25dd6312a976ac4dd2722", kill_on_drop: false }`
[INFO] running `Command { std: "docker" "rm" "-f" "94380016680ad95507243932d618ff5d46831f91cae25dd6312a976ac4dd2722", kill_on_drop: false }`
[INFO] [stdout] 94380016680ad95507243932d618ff5d46831f91cae25dd6312a976ac4dd2722
[INFO] running `Command { std: "docker" "create" "-v" "/var/lib/crater-agent-workspace/builds/worker-4-tc1/target:/opt/rustwide/target:rw,Z" "-v" "/var/lib/crater-agent-workspace/builds/worker-4-tc1/source:/opt/rustwide/workdir:ro,Z" "-v" "/var/lib/crater-agent-workspace/cargo-home:/opt/rustwide/cargo-home:ro,Z" "-v" "/var/lib/crater-agent-workspace/rustup-home:/opt/rustwide/rustup-home:ro,Z" "-e" "SOURCE_DIR=/opt/rustwide/workdir" "-e" "CARGO_TARGET_DIR=/opt/rustwide/target" "-e" "CARGO_INCREMENTAL=0" "-e" "RUST_BACKTRACE=full" "-e" "RUSTFLAGS=--cap-lints=warn" "-e" "RUSTDOCFLAGS=--cap-lints=warn" "-e" "CARGO_HOME=/opt/rustwide/cargo-home" "-e" "RUSTUP_HOME=/opt/rustwide/rustup-home" "-w" "/opt/rustwide/workdir" "-m" "1610612736" "--user" "0:0" "--network" "none" "ghcr.io/rust-lang/crates-build-env/linux@sha256:2788e3201cd34a07e3172128adcd8b3090168a8e3bcc40d7c032b9dda1df7d1c" "/opt/rustwide/cargo-home/bin/cargo" "+1.75.0" "build" "--frozen" "--message-format=json", kill_on_drop: false }`
[INFO] [stdout] a62119ad0ec874ef54579c5a39999c257b1bfbb0f26787d2f926136c2d582e77
[INFO] running `Command { std: "docker" "start" "-a" "a62119ad0ec874ef54579c5a39999c257b1bfbb0f26787d2f926136c2d582e77", kill_on_drop: false }`
[INFO] [stderr] warning: manifest at `/opt/rustwide/workdir` contains `[project]` instead of `[package]`, this could become a hard error in the future
[INFO] [stderr]    Compiling inspect v0.1.2 (/opt/rustwide/workdir)
[INFO] [stderr]     Finished dev [unoptimized + debuginfo] target(s) in 0.02s
[INFO] running `Command { std: "docker" "inspect" "a62119ad0ec874ef54579c5a39999c257b1bfbb0f26787d2f926136c2d582e77", kill_on_drop: false }`
[INFO] running `Command { std: "docker" "rm" "-f" "a62119ad0ec874ef54579c5a39999c257b1bfbb0f26787d2f926136c2d582e77", kill_on_drop: false }`
[INFO] [stdout] a62119ad0ec874ef54579c5a39999c257b1bfbb0f26787d2f926136c2d582e77
[INFO] running `Command { std: "docker" "create" "-v" "/var/lib/crater-agent-workspace/builds/worker-4-tc1/target:/opt/rustwide/target:rw,Z" "-v" "/var/lib/crater-agent-workspace/builds/worker-4-tc1/source:/opt/rustwide/workdir:ro,Z" "-v" "/var/lib/crater-agent-workspace/cargo-home:/opt/rustwide/cargo-home:ro,Z" "-v" "/var/lib/crater-agent-workspace/rustup-home:/opt/rustwide/rustup-home:ro,Z" "-e" "SOURCE_DIR=/opt/rustwide/workdir" "-e" "CARGO_TARGET_DIR=/opt/rustwide/target" "-e" "CARGO_INCREMENTAL=0" "-e" "RUST_BACKTRACE=full" "-e" "RUSTFLAGS=--cap-lints=warn" "-e" "RUSTDOCFLAGS=--cap-lints=warn" "-e" "CARGO_HOME=/opt/rustwide/cargo-home" "-e" "RUSTUP_HOME=/opt/rustwide/rustup-home" "-w" "/opt/rustwide/workdir" "-m" "1610612736" "--user" "0:0" "--network" "none" "ghcr.io/rust-lang/crates-build-env/linux@sha256:2788e3201cd34a07e3172128adcd8b3090168a8e3bcc40d7c032b9dda1df7d1c" "/opt/rustwide/cargo-home/bin/cargo" "+1.75.0" "test" "--frozen" "--no-run" "--message-format=json", kill_on_drop: false }`
[INFO] [stdout] 6aef1d6bb2e4c5f843fbc81b7778bff6c45420fc4ce5d127d8177091042e9cf8
[INFO] running `Command { std: "docker" "start" "-a" "6aef1d6bb2e4c5f843fbc81b7778bff6c45420fc4ce5d127d8177091042e9cf8", kill_on_drop: false }`
[INFO] [stderr] warning: manifest at `/opt/rustwide/workdir` contains `[project]` instead of `[package]`, this could become a hard error in the future
[INFO] [stderr]    Compiling inspect v0.1.2 (/opt/rustwide/workdir)
[INFO] [stderr]     Finished test [unoptimized + debuginfo] target(s) in 0.18s
[INFO] running `Command { std: "docker" "inspect" "6aef1d6bb2e4c5f843fbc81b7778bff6c45420fc4ce5d127d8177091042e9cf8", kill_on_drop: false }`
[INFO] running `Command { std: "docker" "rm" "-f" "6aef1d6bb2e4c5f843fbc81b7778bff6c45420fc4ce5d127d8177091042e9cf8", kill_on_drop: false }`
[INFO] [stdout] 6aef1d6bb2e4c5f843fbc81b7778bff6c45420fc4ce5d127d8177091042e9cf8
[INFO] running `Command { std: "docker" "create" "-v" "/var/lib/crater-agent-workspace/builds/worker-4-tc1/target:/opt/rustwide/target:rw,Z" "-v" "/var/lib/crater-agent-workspace/builds/worker-4-tc1/source:/opt/rustwide/workdir:ro,Z" "-v" "/var/lib/crater-agent-workspace/cargo-home:/opt/rustwide/cargo-home:ro,Z" "-v" "/var/lib/crater-agent-workspace/rustup-home:/opt/rustwide/rustup-home:ro,Z" "-e" "SOURCE_DIR=/opt/rustwide/workdir" "-e" "CARGO_TARGET_DIR=/opt/rustwide/target" "-e" "CARGO_INCREMENTAL=0" "-e" "RUST_BACKTRACE=full" "-e" "RUSTFLAGS=--cap-lints=warn" "-e" "RUSTDOCFLAGS=--cap-lints=warn" "-e" "CARGO_HOME=/opt/rustwide/cargo-home" "-e" "RUSTUP_HOME=/opt/rustwide/rustup-home" "-w" "/opt/rustwide/workdir" "-m" "1610612736" "--user" "0:0" "--network" "none" "ghcr.io/rust-lang/crates-build-env/linux@sha256:2788e3201cd34a07e3172128adcd8b3090168a8e3bcc40d7c032b9dda1df7d1c" "/opt/rustwide/cargo-home/bin/cargo" "+1.75.0" "test" "--frozen", kill_on_drop: false }`
[INFO] [stdout] 5528d2990ff396809334386234d38bfb54fc2dd5b45463bad57b71f162124d82
[INFO] running `Command { std: "docker" "start" "-a" "5528d2990ff396809334386234d38bfb54fc2dd5b45463bad57b71f162124d82", kill_on_drop: false }`
[INFO] [stderr] warning: manifest at `/opt/rustwide/workdir` contains `[project]` instead of `[package]`, this could become a hard error in the future
[INFO] [stderr]     Finished test [unoptimized + debuginfo] target(s) in 0.00s
[INFO] [stderr]      Running unittests src/lib.rs (/opt/rustwide/target/debug/deps/inspect-1aec33246eb53947)
[INFO] [stdout] 
[INFO] [stdout] running 0 tests
[INFO] [stdout] 
[INFO] [stdout] test result: ok. 0 passed; 0 failed; 0 ignored; 0 measured; 0 filtered out; finished in 0.00s
[INFO] [stdout] 
[INFO] [stderr]    Doc-tests inspect
[INFO] [stdout] 
[INFO] [stdout] running 1 test
[INFO] [stdout] test src/lib.rs - inspect (line 9) ... FAILED
[INFO] [stdout] 
[INFO] [stdout] failures:
[INFO] [stdout] 
[INFO] [stdout] ---- src/lib.rs - inspect (line 9) stdout ----
[INFO] [stdout] error: invalid suffix `u` for number literal
[INFO] [stdout]  --> src/lib.rs:13:13
[INFO] [stdout]   |
[INFO] [stdout] 5 |     let a = 7u;
[INFO] [stdout]   |             ^^ invalid suffix `u`
[INFO] [stdout]   |
[INFO] [stdout]   = help: the suffix must be one of the numeric types (`u32`, `isize`, `f32`, etc.)
[INFO] [stdout] 
[INFO] [stdout] error: aborting due to previous error
[INFO] [stdout] 
[INFO] [stdout] Couldn't compile the test.
[INFO] [stdout] 
[INFO] [stdout] failures:
[INFO] [stdout]     src/lib.rs - inspect (line 9)
[INFO] [stdout] 
[INFO] [stdout] test result: FAILED. 0 passed; 1 failed; 0 ignored; 0 measured; 0 filtered out; finished in 0.04s
[INFO] [stdout] 
[INFO] [stderr] error: doctest failed, to rerun pass `--doc`
[INFO] running `Command { std: "docker" "inspect" "5528d2990ff396809334386234d38bfb54fc2dd5b45463bad57b71f162124d82", kill_on_drop: false }`
[INFO] running `Command { std: "docker" "rm" "-f" "5528d2990ff396809334386234d38bfb54fc2dd5b45463bad57b71f162124d82", kill_on_drop: false }`
[INFO] [stdout] 5528d2990ff396809334386234d38bfb54fc2dd5b45463bad57b71f162124d82
[INFO] testing inspect-0.1.2 against beta-2023-12-22 for beta-1.76-1
[INFO] extracting crate inspect 0.1.2 into /workspace/builds/worker-4-tc2/source
[INFO] validating manifest of crates.io crate inspect 0.1.2 on toolchain beta-2023-12-22
[INFO] running `Command { std: CARGO_HOME="/workspace/cargo-home" RUSTUP_HOME="/workspace/rustup-home" "/workspace/cargo-home/bin/cargo" "+beta-2023-12-22" "metadata" "--manifest-path" "Cargo.toml" "--no-deps", kill_on_drop: false }`
[INFO] started tweaking crates.io crate inspect 0.1.2
[INFO] finished tweaking crates.io crate inspect 0.1.2
[INFO] tweaked toml for crates.io crate inspect 0.1.2 written to /workspace/builds/worker-4-tc2/source/Cargo.toml
[INFO] running `Command { std: CARGO_HOME="/workspace/cargo-home" RUSTUP_HOME="/workspace/rustup-home" "/workspace/cargo-home/bin/cargo" "+beta-2023-12-22" "generate-lockfile" "--manifest-path" "Cargo.toml", kill_on_drop: false }`
[INFO] [stderr] warning: manifest at `/workspace/builds/worker-4-tc2/source` contains `[project]` instead of `[package]`, this could become a hard error in the future
[INFO] running `Command { std: CARGO_HOME="/workspace/cargo-home" RUSTUP_HOME="/workspace/rustup-home" "/workspace/cargo-home/bin/cargo" "+beta-2023-12-22" "fetch" "--manifest-path" "Cargo.toml", kill_on_drop: false }`
[INFO] [stderr] warning: manifest at `/workspace/builds/worker-4-tc2/source` contains `[project]` instead of `[package]`, this could become a hard error in the future
[INFO] running `Command { std: "docker" "create" "-v" "/var/lib/crater-agent-workspace/builds/worker-4-tc2/target:/opt/rustwide/target:rw,Z" "-v" "/var/lib/crater-agent-workspace/builds/worker-4-tc2/source:/opt/rustwide/workdir:ro,Z" "-v" "/var/lib/crater-agent-workspace/cargo-home:/opt/rustwide/cargo-home:ro,Z" "-v" "/var/lib/crater-agent-workspace/rustup-home:/opt/rustwide/rustup-home:ro,Z" "-e" "SOURCE_DIR=/opt/rustwide/workdir" "-e" "CARGO_TARGET_DIR=/opt/rustwide/target" "-e" "CARGO_HOME=/opt/rustwide/cargo-home" "-e" "RUSTUP_HOME=/opt/rustwide/rustup-home" "-w" "/opt/rustwide/workdir" "-m" "1610612736" "--user" "0:0" "--network" "none" "ghcr.io/rust-lang/crates-build-env/linux@sha256:2788e3201cd34a07e3172128adcd8b3090168a8e3bcc40d7c032b9dda1df7d1c" "/opt/rustwide/cargo-home/bin/cargo" "+beta-2023-12-22" "metadata" "--no-deps" "--format-version=1", kill_on_drop: false }`
[INFO] [stdout] ef02d20066fd724f74ca9049fb3cf1750f70ef01ed47a57bc34c050182297b2e
[INFO] running `Command { std: "docker" "start" "-a" "ef02d20066fd724f74ca9049fb3cf1750f70ef01ed47a57bc34c050182297b2e", kill_on_drop: false }`
[INFO] running `Command { std: "docker" "inspect" "ef02d20066fd724f74ca9049fb3cf1750f70ef01ed47a57bc34c050182297b2e", kill_on_drop: false }`
[INFO] running `Command { std: "docker" "rm" "-f" "ef02d20066fd724f74ca9049fb3cf1750f70ef01ed47a57bc34c050182297b2e", kill_on_drop: false }`
[INFO] [stdout] ef02d20066fd724f74ca9049fb3cf1750f70ef01ed47a57bc34c050182297b2e
[INFO] running `Command { std: "docker" "create" "-v" "/var/lib/crater-agent-workspace/builds/worker-4-tc2/target:/opt/rustwide/target:rw,Z" "-v" "/var/lib/crater-agent-workspace/builds/worker-4-tc2/source:/opt/rustwide/workdir:ro,Z" "-v" "/var/lib/crater-agent-workspace/cargo-home:/opt/rustwide/cargo-home:ro,Z" "-v" "/var/lib/crater-agent-workspace/rustup-home:/opt/rustwide/rustup-home:ro,Z" "-e" "SOURCE_DIR=/opt/rustwide/workdir" "-e" "CARGO_TARGET_DIR=/opt/rustwide/target" "-e" "CARGO_INCREMENTAL=0" "-e" "RUST_BACKTRACE=full" "-e" "RUSTFLAGS=--cap-lints=warn" "-e" "RUSTDOCFLAGS=--cap-lints=warn" "-e" "CARGO_HOME=/opt/rustwide/cargo-home" "-e" "RUSTUP_HOME=/opt/rustwide/rustup-home" "-w" "/opt/rustwide/workdir" "-m" "1610612736" "--user" "0:0" "--network" "none" "ghcr.io/rust-lang/crates-build-env/linux@sha256:2788e3201cd34a07e3172128adcd8b3090168a8e3bcc40d7c032b9dda1df7d1c" "/opt/rustwide/cargo-home/bin/cargo" "+beta-2023-12-22" "build" "--frozen" "--message-format=json", kill_on_drop: false }`
[INFO] [stdout] a2495be087528f2ae5d5218c8dcf2e63ff38734e4bac94cf2adcdb1289fd733c
[INFO] running `Command { std: "docker" "start" "-a" "a2495be087528f2ae5d5218c8dcf2e63ff38734e4bac94cf2adcdb1289fd733c", kill_on_drop: false }`
[INFO] [stderr] warning: manifest at `/opt/rustwide/workdir` contains `[project]` instead of `[package]`, this could become a hard error in the future
[INFO] [stderr]    Compiling inspect v0.1.2 (/opt/rustwide/workdir)
[INFO] [stderr]     Finished dev [unoptimized + debuginfo] target(s) in 0.03s
[INFO] running `Command { std: "docker" "inspect" "a2495be087528f2ae5d5218c8dcf2e63ff38734e4bac94cf2adcdb1289fd733c", kill_on_drop: false }`
[INFO] running `Command { std: "docker" "rm" "-f" "a2495be087528f2ae5d5218c8dcf2e63ff38734e4bac94cf2adcdb1289fd733c", kill_on_drop: false }`
[INFO] [stdout] a2495be087528f2ae5d5218c8dcf2e63ff38734e4bac94cf2adcdb1289fd733c
[INFO] running `Command { std: "docker" "create" "-v" "/var/lib/crater-agent-workspace/builds/worker-4-tc2/target:/opt/rustwide/target:rw,Z" "-v" "/var/lib/crater-agent-workspace/builds/worker-4-tc2/source:/opt/rustwide/workdir:ro,Z" "-v" "/var/lib/crater-agent-workspace/cargo-home:/opt/rustwide/cargo-home:ro,Z" "-v" "/var/lib/crater-agent-workspace/rustup-home:/opt/rustwide/rustup-home:ro,Z" "-e" "SOURCE_DIR=/opt/rustwide/workdir" "-e" "CARGO_TARGET_DIR=/opt/rustwide/target" "-e" "CARGO_INCREMENTAL=0" "-e" "RUST_BACKTRACE=full" "-e" "RUSTFLAGS=--cap-lints=warn" "-e" "RUSTDOCFLAGS=--cap-lints=warn" "-e" "CARGO_HOME=/opt/rustwide/cargo-home" "-e" "RUSTUP_HOME=/opt/rustwide/rustup-home" "-w" "/opt/rustwide/workdir" "-m" "1610612736" "--user" "0:0" "--network" "none" "ghcr.io/rust-lang/crates-build-env/linux@sha256:2788e3201cd34a07e3172128adcd8b3090168a8e3bcc40d7c032b9dda1df7d1c" "/opt/rustwide/cargo-home/bin/cargo" "+beta-2023-12-22" "test" "--frozen" "--no-run" "--message-format=json", kill_on_drop: false }`
[INFO] [stdout] 506e5dd553d36da30cc88dec1e2318b954b56ecf7f71825112d79606284d3ede
[INFO] running `Command { std: "docker" "start" "-a" "506e5dd553d36da30cc88dec1e2318b954b56ecf7f71825112d79606284d3ede", kill_on_drop: false }`
[INFO] [stderr] warning: manifest at `/opt/rustwide/workdir` contains `[project]` instead of `[package]`, this could become a hard error in the future
[INFO] [stderr]    Compiling inspect v0.1.2 (/opt/rustwide/workdir)
[INFO] [stderr]     Finished test [unoptimized + debuginfo] target(s) in 0.33s
[INFO] running `Command { std: "docker" "inspect" "506e5dd553d36da30cc88dec1e2318b954b56ecf7f71825112d79606284d3ede", kill_on_drop: false }`
[INFO] running `Command { std: "docker" "rm" "-f" "506e5dd553d36da30cc88dec1e2318b954b56ecf7f71825112d79606284d3ede", kill_on_drop: false }`
[INFO] [stdout] 506e5dd553d36da30cc88dec1e2318b954b56ecf7f71825112d79606284d3ede
[INFO] running `Command { std: "docker" "create" "-v" "/var/lib/crater-agent-workspace/builds/worker-4-tc2/target:/opt/rustwide/target:rw,Z" "-v" "/var/lib/crater-agent-workspace/builds/worker-4-tc2/source:/opt/rustwide/workdir:ro,Z" "-v" "/var/lib/crater-agent-workspace/cargo-home:/opt/rustwide/cargo-home:ro,Z" "-v" "/var/lib/crater-agent-workspace/rustup-home:/opt/rustwide/rustup-home:ro,Z" "-e" "SOURCE_DIR=/opt/rustwide/workdir" "-e" "CARGO_TARGET_DIR=/opt/rustwide/target" "-e" "CARGO_INCREMENTAL=0" "-e" "RUST_BACKTRACE=full" "-e" "RUSTFLAGS=--cap-lints=warn" "-e" "RUSTDOCFLAGS=--cap-lints=warn" "-e" "CARGO_HOME=/opt/rustwide/cargo-home" "-e" "RUSTUP_HOME=/opt/rustwide/rustup-home" "-w" "/opt/rustwide/workdir" "-m" "1610612736" "--user" "0:0" "--network" "none" "ghcr.io/rust-lang/crates-build-env/linux@sha256:2788e3201cd34a07e3172128adcd8b3090168a8e3bcc40d7c032b9dda1df7d1c" "/opt/rustwide/cargo-home/bin/cargo" "+beta-2023-12-22" "test" "--frozen", kill_on_drop: false }`
[INFO] [stdout] 13b13aa7ba49419647fe37bae1b4048db22c3fed6c734805f36aac8fadcbea21
[INFO] running `Command { std: "docker" "start" "-a" "13b13aa7ba49419647fe37bae1b4048db22c3fed6c734805f36aac8fadcbea21", kill_on_drop: false }`
[INFO] [stderr] warning: manifest at `/opt/rustwide/workdir` contains `[project]` instead of `[package]`, this could become a hard error in the future
[INFO] [stderr]     Finished test [unoptimized + debuginfo] target(s) in 0.01s
[INFO] [stderr]      Running unittests src/lib.rs (/opt/rustwide/target/debug/deps/inspect-a8778d0c9cd7f65d)
[INFO] [stderr]    Doc-tests inspect
[INFO] [stdout] 
[INFO] [stdout] running 0 tests
[INFO] [stdout] 
[INFO] [stdout] test result: ok. 0 passed; 0 failed; 0 ignored; 0 measured; 0 filtered out; finished in 0.00s
[INFO] [stdout] 
[INFO] [stdout] 
[INFO] [stdout] running 1 test
[INFO] [stdout] test src/lib.rs - inspect (line 9) ... FAILED
[INFO] [stdout] 
[INFO] [stdout] failures:
[INFO] [stdout] 
[INFO] [stdout] ---- src/lib.rs - inspect (line 9) stdout ----
[INFO] [stdout] error: invalid suffix `u` for number literal
[INFO] [stdout]  --> src/lib.rs:13:13
[INFO] [stdout]   |
[INFO] [stdout] 5 |     let a = 7u;
[INFO] [stdout]   |             ^^ invalid suffix `u`
[INFO] [stdout]   |
[INFO] [stdout]   = help: the suffix must be one of the numeric types (`u32`, `isize`, `f32`, etc.)
[INFO] [stdout] 
[INFO] [stdout] error: aborting due to 1 previous error
[INFO] [stdout] 
[INFO] [stdout] Couldn't compile the test.
[INFO] [stdout] 
[INFO] [stdout] failures:
[INFO] [stdout]     src/lib.rs - inspect (line 9)
[INFO] [stdout] 
[INFO] [stdout] test result: FAILED. 0 passed; 1 failed; 0 ignored; 0 measured; 0 filtered out; finished in 0.05s
[INFO] [stdout] 
[INFO] [stderr] error: doctest failed, to rerun pass `--doc`
[INFO] running `Command { std: "docker" "inspect" "13b13aa7ba49419647fe37bae1b4048db22c3fed6c734805f36aac8fadcbea21", kill_on_drop: false }`
[INFO] running `Command { std: "docker" "rm" "-f" "13b13aa7ba49419647fe37bae1b4048db22c3fed6c734805f36aac8fadcbea21", kill_on_drop: false }`
[INFO] [stdout] 13b13aa7ba49419647fe37bae1b4048db22c3fed6c734805f36aac8fadcbea21
