[INFO] fetching crate inrs 1.0.0...
[INFO] testing inrs-1.0.0 against 1.75.0 for beta-1.76-1
[INFO] extracting crate inrs 1.0.0 into /workspace/builds/worker-2-tc1/source
[INFO] validating manifest of crates.io crate inrs 1.0.0 on toolchain 1.75.0
[INFO] running `Command { std: CARGO_HOME="/workspace/cargo-home" RUSTUP_HOME="/workspace/rustup-home" "/workspace/cargo-home/bin/cargo" "+1.75.0" "metadata" "--manifest-path" "Cargo.toml" "--no-deps", kill_on_drop: false }`
[INFO] started tweaking crates.io crate inrs 1.0.0
[INFO] finished tweaking crates.io crate inrs 1.0.0
[INFO] tweaked toml for crates.io crate inrs 1.0.0 written to /workspace/builds/worker-2-tc1/source/Cargo.toml
[INFO] crate crates.io crate inrs 1.0.0 already has a lockfile, it will not be regenerated
[INFO] running `Command { std: CARGO_HOME="/workspace/cargo-home" RUSTUP_HOME="/workspace/rustup-home" "/workspace/cargo-home/bin/cargo" "+1.75.0" "fetch" "--manifest-path" "Cargo.toml", kill_on_drop: false }`
[INFO] [stderr]  Downloading crates ...
[INFO] [stderr]   Downloaded clap v4.4.3
[INFO] [stderr]   Downloaded comfy-table v7.0.1
[INFO] [stderr]   Downloaded syn v2.0.36
[INFO] running `Command { std: "docker" "create" "-v" "/var/lib/crater-agent-workspace/builds/worker-2-tc1/target:/opt/rustwide/target:rw,Z" "-v" "/var/lib/crater-agent-workspace/builds/worker-2-tc1/source:/opt/rustwide/workdir:ro,Z" "-v" "/var/lib/crater-agent-workspace/cargo-home:/opt/rustwide/cargo-home:ro,Z" "-v" "/var/lib/crater-agent-workspace/rustup-home:/opt/rustwide/rustup-home:ro,Z" "-e" "SOURCE_DIR=/opt/rustwide/workdir" "-e" "CARGO_TARGET_DIR=/opt/rustwide/target" "-e" "CARGO_HOME=/opt/rustwide/cargo-home" "-e" "RUSTUP_HOME=/opt/rustwide/rustup-home" "-w" "/opt/rustwide/workdir" "-m" "1610612736" "--user" "0:0" "--network" "none" "ghcr.io/rust-lang/crates-build-env/linux@sha256:2788e3201cd34a07e3172128adcd8b3090168a8e3bcc40d7c032b9dda1df7d1c" "/opt/rustwide/cargo-home/bin/cargo" "+1.75.0" "metadata" "--no-deps" "--format-version=1", kill_on_drop: false }`
[INFO] [stdout] a6e02e038a1b5c33f527485eb8452020d7c288269b5465730b1188a1df9a0533
[INFO] running `Command { std: "docker" "start" "-a" "a6e02e038a1b5c33f527485eb8452020d7c288269b5465730b1188a1df9a0533", kill_on_drop: false }`
[INFO] running `Command { std: "docker" "inspect" "a6e02e038a1b5c33f527485eb8452020d7c288269b5465730b1188a1df9a0533", kill_on_drop: false }`
[INFO] running `Command { std: "docker" "rm" "-f" "a6e02e038a1b5c33f527485eb8452020d7c288269b5465730b1188a1df9a0533", kill_on_drop: false }`
[INFO] [stdout] a6e02e038a1b5c33f527485eb8452020d7c288269b5465730b1188a1df9a0533
[INFO] running `Command { std: "docker" "create" "-v" "/var/lib/crater-agent-workspace/builds/worker-2-tc1/target:/opt/rustwide/target:rw,Z" "-v" "/var/lib/crater-agent-workspace/builds/worker-2-tc1/source:/opt/rustwide/workdir:ro,Z" "-v" "/var/lib/crater-agent-workspace/cargo-home:/opt/rustwide/cargo-home:ro,Z" "-v" "/var/lib/crater-agent-workspace/rustup-home:/opt/rustwide/rustup-home:ro,Z" "-e" "SOURCE_DIR=/opt/rustwide/workdir" "-e" "CARGO_TARGET_DIR=/opt/rustwide/target" "-e" "CARGO_INCREMENTAL=0" "-e" "RUST_BACKTRACE=full" "-e" "RUSTFLAGS=--cap-lints=warn" "-e" "RUSTDOCFLAGS=--cap-lints=warn" "-e" "CARGO_HOME=/opt/rustwide/cargo-home" "-e" "RUSTUP_HOME=/opt/rustwide/rustup-home" "-w" "/opt/rustwide/workdir" "-m" "1610612736" "--user" "0:0" "--network" "none" "ghcr.io/rust-lang/crates-build-env/linux@sha256:2788e3201cd34a07e3172128adcd8b3090168a8e3bcc40d7c032b9dda1df7d1c" "/opt/rustwide/cargo-home/bin/cargo" "+1.75.0" "build" "--frozen" "--message-format=json", kill_on_drop: false }`
[INFO] [stdout] 8c8c4d07d431a78f2df918e353a848f16ed17d4083b84c490213a8c18f429860
[INFO] running `Command { std: "docker" "start" "-a" "8c8c4d07d431a78f2df918e353a848f16ed17d4083b84c490213a8c18f429860", kill_on_drop: false }`
[INFO] [stderr]    Compiling libc v0.2.148
[INFO] [stderr]    Compiling proc-macro2 v1.0.67
[INFO] [stderr]    Compiling signal-hook v0.3.17
[INFO] [stderr]    Compiling parking_lot_core v0.9.8
[INFO] [stderr]    Compiling smallvec v1.11.0
[INFO] [stderr]    Compiling heck v0.4.1
[INFO] [stderr]    Compiling lock_api v0.4.10
[INFO] [stderr]    Compiling rustix v0.38.13
[INFO] [stderr]    Compiling utf8parse v0.2.1
[INFO] [stderr]    Compiling anstyle-parse v0.2.1
[INFO] [stderr]    Compiling serde v1.0.188
[INFO] [stderr]    Compiling anstyle v1.0.3
[INFO] [stderr]    Compiling linux-raw-sys v0.4.7
[INFO] [stderr]    Compiling bitflags v2.4.0
[INFO] [stderr]    Compiling anstyle-query v1.0.0
[INFO] [stderr]    Compiling colorchoice v1.0.0
[INFO] [stderr]    Compiling strsim v0.10.0
[INFO] [stderr]    Compiling anstream v0.5.0
[INFO] [stderr]    Compiling clap_lex v0.5.1
[INFO] [stderr]    Compiling serde_json v1.0.107
[INFO] [stderr]    Compiling quote v1.0.33
[INFO] [stderr]    Compiling clap_builder v4.4.2
[INFO] [stderr]    Compiling itoa v1.0.9
[INFO] [stderr]    Compiling syn v1.0.109
[INFO] [stderr]    Compiling syn v2.0.36
[INFO] [stderr]    Compiling unicode-width v0.1.10
[INFO] [stderr]    Compiling ryu v1.0.15
[INFO] [stderr]    Compiling strum v0.24.1
[INFO] [stderr]    Compiling signal-hook-registry v1.4.1
[INFO] [stderr]    Compiling mio v0.8.8
[INFO] [stderr]    Compiling parking_lot v0.12.1
[INFO] [stderr]    Compiling is-terminal v0.4.9
[INFO] [stderr]    Compiling signal-hook-mio v0.2.3
[INFO] [stderr]    Compiling colored v2.0.4
[INFO] [stderr]    Compiling crossterm v0.26.1
[INFO] [stderr]    Compiling exitcode v1.1.2
[INFO] [stderr]    Compiling strum_macros v0.24.3
[INFO] [stderr]    Compiling clap_derive v4.4.2
[INFO] [stderr]    Compiling comfy-table v7.0.1
[INFO] [stderr]    Compiling clap v4.4.3
[INFO] [stderr]    Compiling inrs v1.0.0 (/opt/rustwide/workdir)
[INFO] [stdout] warning: unused import: `utils::Translation`
[INFO] [stdout]   --> src/cli/sub_commands/mod.rs:36:5
[INFO] [stdout]    |
[INFO] [stdout] 36 |     utils::Translation,
[INFO] [stdout]    |     ^^^^^^^^^^^^^^^^^^
[INFO] [stdout]    |
[INFO] [stdout]    = note: `#[warn(unused_imports)]` on by default
[INFO] [stdout] 
[INFO] [stdout] 
[INFO] [stdout] warning: 1 warning emitted
[INFO] [stdout] 
[INFO] [stdout] 
[INFO] [stderr]     Finished dev [unoptimized + debuginfo] target(s) in 7.26s
[INFO] running `Command { std: "docker" "inspect" "8c8c4d07d431a78f2df918e353a848f16ed17d4083b84c490213a8c18f429860", kill_on_drop: false }`
[INFO] running `Command { std: "docker" "rm" "-f" "8c8c4d07d431a78f2df918e353a848f16ed17d4083b84c490213a8c18f429860", kill_on_drop: false }`
[INFO] [stdout] 8c8c4d07d431a78f2df918e353a848f16ed17d4083b84c490213a8c18f429860
[INFO] running `Command { std: "docker" "create" "-v" "/var/lib/crater-agent-workspace/builds/worker-2-tc1/target:/opt/rustwide/target:rw,Z" "-v" "/var/lib/crater-agent-workspace/builds/worker-2-tc1/source:/opt/rustwide/workdir:ro,Z" "-v" "/var/lib/crater-agent-workspace/cargo-home:/opt/rustwide/cargo-home:ro,Z" "-v" "/var/lib/crater-agent-workspace/rustup-home:/opt/rustwide/rustup-home:ro,Z" "-e" "SOURCE_DIR=/opt/rustwide/workdir" "-e" "CARGO_TARGET_DIR=/opt/rustwide/target" "-e" "CARGO_INCREMENTAL=0" "-e" "RUST_BACKTRACE=full" "-e" "RUSTFLAGS=--cap-lints=warn" "-e" "RUSTDOCFLAGS=--cap-lints=warn" "-e" "CARGO_HOME=/opt/rustwide/cargo-home" "-e" "RUSTUP_HOME=/opt/rustwide/rustup-home" "-w" "/opt/rustwide/workdir" "-m" "1610612736" "--user" "0:0" "--network" "none" "ghcr.io/rust-lang/crates-build-env/linux@sha256:2788e3201cd34a07e3172128adcd8b3090168a8e3bcc40d7c032b9dda1df7d1c" "/opt/rustwide/cargo-home/bin/cargo" "+1.75.0" "test" "--frozen" "--no-run" "--message-format=json", kill_on_drop: false }`
[INFO] [stdout] a850dd0a85735ccad957fb74a10d468d1fd386f5729650d599211967c381d95d
[INFO] running `Command { std: "docker" "start" "-a" "a850dd0a85735ccad957fb74a10d468d1fd386f5729650d599211967c381d95d", kill_on_drop: false }`
[INFO] [stderr]    Compiling inrs v1.0.0 (/opt/rustwide/workdir)
[INFO] [stdout] warning: unused import: `utils::Translation`
[INFO] [stdout]   --> src/cli/sub_commands/mod.rs:36:5
[INFO] [stdout]    |
[INFO] [stdout] 36 |     utils::Translation,
[INFO] [stdout]    |     ^^^^^^^^^^^^^^^^^^
[INFO] [stdout]    |
[INFO] [stdout]    = note: `#[warn(unused_imports)]` on by default
[INFO] [stdout] 
[INFO] [stdout] 
[INFO] [stdout] warning: 1 warning emitted
[INFO] [stdout] 
[INFO] [stdout] 
[INFO] [stderr]     Finished test [unoptimized + debuginfo] target(s) in 1.01s
[INFO] running `Command { std: "docker" "inspect" "a850dd0a85735ccad957fb74a10d468d1fd386f5729650d599211967c381d95d", kill_on_drop: false }`
[INFO] running `Command { std: "docker" "rm" "-f" "a850dd0a85735ccad957fb74a10d468d1fd386f5729650d599211967c381d95d", kill_on_drop: false }`
[INFO] [stdout] a850dd0a85735ccad957fb74a10d468d1fd386f5729650d599211967c381d95d
[INFO] running `Command { std: "docker" "create" "-v" "/var/lib/crater-agent-workspace/builds/worker-2-tc1/target:/opt/rustwide/target:rw,Z" "-v" "/var/lib/crater-agent-workspace/builds/worker-2-tc1/source:/opt/rustwide/workdir:ro,Z" "-v" "/var/lib/crater-agent-workspace/cargo-home:/opt/rustwide/cargo-home:ro,Z" "-v" "/var/lib/crater-agent-workspace/rustup-home:/opt/rustwide/rustup-home:ro,Z" "-e" "SOURCE_DIR=/opt/rustwide/workdir" "-e" "CARGO_TARGET_DIR=/opt/rustwide/target" "-e" "CARGO_INCREMENTAL=0" "-e" "RUST_BACKTRACE=full" "-e" "RUSTFLAGS=--cap-lints=warn" "-e" "RUSTDOCFLAGS=--cap-lints=warn" "-e" "CARGO_HOME=/opt/rustwide/cargo-home" "-e" "RUSTUP_HOME=/opt/rustwide/rustup-home" "-w" "/opt/rustwide/workdir" "-m" "1610612736" "--user" "0:0" "--network" "none" "ghcr.io/rust-lang/crates-build-env/linux@sha256:2788e3201cd34a07e3172128adcd8b3090168a8e3bcc40d7c032b9dda1df7d1c" "/opt/rustwide/cargo-home/bin/cargo" "+1.75.0" "test" "--frozen", kill_on_drop: false }`
[INFO] [stdout] 49ab509f43820941c03a9728fca0321803f3e77c6a15992c2648964d3d74c740
[INFO] running `Command { std: "docker" "start" "-a" "49ab509f43820941c03a9728fca0321803f3e77c6a15992c2648964d3d74c740", kill_on_drop: false }`
[INFO] [stderr] warning: unused import: `utils::Translation`
[INFO] [stderr]   --> src/cli/sub_commands/mod.rs:36:5
[INFO] [stderr]    |
[INFO] [stderr] 36 |     utils::Translation,
[INFO] [stderr]    |     ^^^^^^^^^^^^^^^^^^
[INFO] [stderr]    |
[INFO] [stderr]    = note: `#[warn(unused_imports)]` on by default
[INFO] [stderr] 
[INFO] [stderr] warning: `inrs` (bin "inrs" test) generated 1 warning (run `cargo fix --bin "inrs" --tests` to apply 1 suggestion)
[INFO] [stderr]     Finished test [unoptimized + debuginfo] target(s) in 0.06s
[INFO] [stderr]      Running unittests src/main.rs (/opt/rustwide/target/debug/deps/inrs-e190e7ef2264fdc6)
[INFO] [stdout] 
[INFO] [stdout] running 4 tests
[INFO] [stdout] test cli::sub_commands::tests::delete::test_delete_key ... FAILED
[INFO] [stdout] test cli::sub_commands::tests::create::test_create ... FAILED
[INFO] [stdout] test cli::sub_commands::tests::update::test_update ... FAILED
[INFO] [stdout] test cli::sub_commands::tests::delete::test_delete_language ... FAILED
[INFO] [stdout] 
[INFO] [stdout] failures:
[INFO] [stdout] 
[INFO] [stdout] ---- cli::sub_commands::tests::delete::test_delete_key stdout ----
[INFO] [stdout] Error: Os { code: 30, kind: ReadOnlyFilesystem, message: "Read-only file system" }
[INFO] [stdout] 
[INFO] [stdout] ---- cli::sub_commands::tests::create::test_create stdout ----
[INFO] [stdout] Error: Os { code: 30, kind: ReadOnlyFilesystem, message: "Read-only file system" }
[INFO] [stdout] 
[INFO] [stdout] ---- cli::sub_commands::tests::update::test_update stdout ----
[INFO] [stdout] Error: Os { code: 30, kind: ReadOnlyFilesystem, message: "Read-only file system" }
[INFO] [stdout] 
[INFO] [stdout] ---- cli::sub_commands::tests::delete::test_delete_language stdout ----
[INFO] [stdout] Error: Os { code: 30, kind: ReadOnlyFilesystem, message: "Read-only file system" }
[INFO] [stdout] 
[INFO] [stdout] 
[INFO] [stdout] failures:
[INFO] [stdout]     cli::sub_commands::tests::create::test_create
[INFO] [stdout]     cli::sub_commands::tests::delete::test_delete_key
[INFO] [stdout]     cli::sub_commands::tests::delete::test_delete_language
[INFO] [stdout]     cli::sub_commands::tests::update::test_update
[INFO] [stdout] 
[INFO] [stdout] test result: FAILED. 0 passed; 4 failed; 0 ignored; 0 measured; 0 filtered out; finished in 0.01s
[INFO] [stdout] 
[INFO] [stderr] error: test failed, to rerun pass `--bin inrs`
[INFO] running `Command { std: "docker" "inspect" "49ab509f43820941c03a9728fca0321803f3e77c6a15992c2648964d3d74c740", kill_on_drop: false }`
[INFO] running `Command { std: "docker" "rm" "-f" "49ab509f43820941c03a9728fca0321803f3e77c6a15992c2648964d3d74c740", kill_on_drop: false }`
[INFO] [stdout] 49ab509f43820941c03a9728fca0321803f3e77c6a15992c2648964d3d74c740
[INFO] testing inrs-1.0.0 against beta-2023-12-22 for beta-1.76-1
[INFO] extracting crate inrs 1.0.0 into /workspace/builds/worker-2-tc2/source
[INFO] validating manifest of crates.io crate inrs 1.0.0 on toolchain beta-2023-12-22
[INFO] running `Command { std: CARGO_HOME="/workspace/cargo-home" RUSTUP_HOME="/workspace/rustup-home" "/workspace/cargo-home/bin/cargo" "+beta-2023-12-22" "metadata" "--manifest-path" "Cargo.toml" "--no-deps", kill_on_drop: false }`
[INFO] started tweaking crates.io crate inrs 1.0.0
[INFO] finished tweaking crates.io crate inrs 1.0.0
[INFO] tweaked toml for crates.io crate inrs 1.0.0 written to /workspace/builds/worker-2-tc2/source/Cargo.toml
[INFO] crate crates.io crate inrs 1.0.0 already has a lockfile, it will not be regenerated
[INFO] running `Command { std: CARGO_HOME="/workspace/cargo-home" RUSTUP_HOME="/workspace/rustup-home" "/workspace/cargo-home/bin/cargo" "+beta-2023-12-22" "fetch" "--manifest-path" "Cargo.toml", kill_on_drop: false }`
[INFO] running `Command { std: "docker" "create" "-v" "/var/lib/crater-agent-workspace/builds/worker-2-tc2/target:/opt/rustwide/target:rw,Z" "-v" "/var/lib/crater-agent-workspace/builds/worker-2-tc2/source:/opt/rustwide/workdir:ro,Z" "-v" "/var/lib/crater-agent-workspace/cargo-home:/opt/rustwide/cargo-home:ro,Z" "-v" "/var/lib/crater-agent-workspace/rustup-home:/opt/rustwide/rustup-home:ro,Z" "-e" "SOURCE_DIR=/opt/rustwide/workdir" "-e" "CARGO_TARGET_DIR=/opt/rustwide/target" "-e" "CARGO_HOME=/opt/rustwide/cargo-home" "-e" "RUSTUP_HOME=/opt/rustwide/rustup-home" "-w" "/opt/rustwide/workdir" "-m" "1610612736" "--user" "0:0" "--network" "none" "ghcr.io/rust-lang/crates-build-env/linux@sha256:2788e3201cd34a07e3172128adcd8b3090168a8e3bcc40d7c032b9dda1df7d1c" "/opt/rustwide/cargo-home/bin/cargo" "+beta-2023-12-22" "metadata" "--no-deps" "--format-version=1", kill_on_drop: false }`
[INFO] [stdout] f3d43a6164c8231dbb03deab600ea0e752126864b6f91e1f596616ff41dd71fa
[INFO] running `Command { std: "docker" "start" "-a" "f3d43a6164c8231dbb03deab600ea0e752126864b6f91e1f596616ff41dd71fa", kill_on_drop: false }`
[INFO] running `Command { std: "docker" "inspect" "f3d43a6164c8231dbb03deab600ea0e752126864b6f91e1f596616ff41dd71fa", kill_on_drop: false }`
[INFO] running `Command { std: "docker" "rm" "-f" "f3d43a6164c8231dbb03deab600ea0e752126864b6f91e1f596616ff41dd71fa", kill_on_drop: false }`
[INFO] [stdout] f3d43a6164c8231dbb03deab600ea0e752126864b6f91e1f596616ff41dd71fa
[INFO] running `Command { std: "docker" "create" "-v" "/var/lib/crater-agent-workspace/builds/worker-2-tc2/target:/opt/rustwide/target:rw,Z" "-v" "/var/lib/crater-agent-workspace/builds/worker-2-tc2/source:/opt/rustwide/workdir:ro,Z" "-v" "/var/lib/crater-agent-workspace/cargo-home:/opt/rustwide/cargo-home:ro,Z" "-v" "/var/lib/crater-agent-workspace/rustup-home:/opt/rustwide/rustup-home:ro,Z" "-e" "SOURCE_DIR=/opt/rustwide/workdir" "-e" "CARGO_TARGET_DIR=/opt/rustwide/target" "-e" "CARGO_INCREMENTAL=0" "-e" "RUST_BACKTRACE=full" "-e" "RUSTFLAGS=--cap-lints=warn" "-e" "RUSTDOCFLAGS=--cap-lints=warn" "-e" "CARGO_HOME=/opt/rustwide/cargo-home" "-e" "RUSTUP_HOME=/opt/rustwide/rustup-home" "-w" "/opt/rustwide/workdir" "-m" "1610612736" "--user" "0:0" "--network" "none" "ghcr.io/rust-lang/crates-build-env/linux@sha256:2788e3201cd34a07e3172128adcd8b3090168a8e3bcc40d7c032b9dda1df7d1c" "/opt/rustwide/cargo-home/bin/cargo" "+beta-2023-12-22" "build" "--frozen" "--message-format=json", kill_on_drop: false }`
[INFO] [stdout] d22f75658ac9e72e1406f80b4caeaa0560c24d350c57d923367a502767dfadbf
[INFO] running `Command { std: "docker" "start" "-a" "d22f75658ac9e72e1406f80b4caeaa0560c24d350c57d923367a502767dfadbf", kill_on_drop: false }`
[INFO] [stderr]    Compiling libc v0.2.148
[INFO] [stderr]    Compiling proc-macro2 v1.0.67
[INFO] [stderr]    Compiling signal-hook v0.3.17
[INFO] [stderr]    Compiling parking_lot_core v0.9.8
[INFO] [stderr]    Compiling rustix v0.38.13
[INFO] [stderr]    Compiling lock_api v0.4.10
[INFO] [stderr]    Compiling utf8parse v0.2.1
[INFO] [stderr]    Compiling smallvec v1.11.0
[INFO] [stderr]    Compiling heck v0.4.1
[INFO] [stderr]    Compiling anstyle-parse v0.2.1
[INFO] [stderr]    Compiling serde v1.0.188
[INFO] [stderr]    Compiling anstyle-query v1.0.0
[INFO] [stderr]    Compiling anstyle v1.0.3
[INFO] [stderr]    Compiling linux-raw-sys v0.4.7
[INFO] [stderr]    Compiling colorchoice v1.0.0
[INFO] [stderr]    Compiling bitflags v2.4.0
[INFO] [stderr]    Compiling anstream v0.5.0
[INFO] [stderr]    Compiling clap_lex v0.5.1
[INFO] [stderr]    Compiling strsim v0.10.0
[INFO] [stderr]    Compiling serde_json v1.0.107
[INFO] [stderr]    Compiling clap_builder v4.4.2
[INFO] [stderr]    Compiling quote v1.0.33
[INFO] [stderr]    Compiling itoa v1.0.9
[INFO] [stderr]    Compiling syn v1.0.109
[INFO] [stderr]    Compiling signal-hook-registry v1.4.1
[INFO] [stderr]    Compiling mio v0.8.8
[INFO] [stderr]    Compiling syn v2.0.36
[INFO] [stderr]    Compiling parking_lot v0.12.1
[INFO] [stderr]    Compiling is-terminal v0.4.9
[INFO] [stderr]    Compiling signal-hook-mio v0.2.3
[INFO] [stderr]    Compiling ryu v1.0.15
[INFO] [stderr]    Compiling crossterm v0.26.1
[INFO] [stderr]    Compiling strum v0.24.1
[INFO] [stderr]    Compiling unicode-width v0.1.10
[INFO] [stderr]    Compiling colored v2.0.4
[INFO] [stderr]    Compiling exitcode v1.1.2
[INFO] [stderr]    Compiling strum_macros v0.24.3
[INFO] [stderr]    Compiling clap_derive v4.4.2
[INFO] [stderr]    Compiling comfy-table v7.0.1
[INFO] [stderr]    Compiling clap v4.4.3
[INFO] [stderr]    Compiling inrs v1.0.0 (/opt/rustwide/workdir)
[INFO] [stdout] warning: unused import: `utils::Translation`
[INFO] [stdout]   --> src/cli/sub_commands/mod.rs:36:5
[INFO] [stdout]    |
[INFO] [stdout] 36 |     utils::Translation,
[INFO] [stdout]    |     ^^^^^^^^^^^^^^^^^^
[INFO] [stdout]    |
[INFO] [stdout]    = note: `#[warn(unused_imports)]` on by default
[INFO] [stdout] 
[INFO] [stdout] 
[INFO] [stdout] warning: 1 warning emitted
[INFO] [stdout] 
[INFO] [stdout] 
[INFO] [stderr]     Finished dev [unoptimized + debuginfo] target(s) in 8.41s
[INFO] running `Command { std: "docker" "inspect" "d22f75658ac9e72e1406f80b4caeaa0560c24d350c57d923367a502767dfadbf", kill_on_drop: false }`
[INFO] running `Command { std: "docker" "rm" "-f" "d22f75658ac9e72e1406f80b4caeaa0560c24d350c57d923367a502767dfadbf", kill_on_drop: false }`
[INFO] [stdout] d22f75658ac9e72e1406f80b4caeaa0560c24d350c57d923367a502767dfadbf
[INFO] running `Command { std: "docker" "create" "-v" "/var/lib/crater-agent-workspace/builds/worker-2-tc2/target:/opt/rustwide/target:rw,Z" "-v" "/var/lib/crater-agent-workspace/builds/worker-2-tc2/source:/opt/rustwide/workdir:ro,Z" "-v" "/var/lib/crater-agent-workspace/cargo-home:/opt/rustwide/cargo-home:ro,Z" "-v" "/var/lib/crater-agent-workspace/rustup-home:/opt/rustwide/rustup-home:ro,Z" "-e" "SOURCE_DIR=/opt/rustwide/workdir" "-e" "CARGO_TARGET_DIR=/opt/rustwide/target" "-e" "CARGO_INCREMENTAL=0" "-e" "RUST_BACKTRACE=full" "-e" "RUSTFLAGS=--cap-lints=warn" "-e" "RUSTDOCFLAGS=--cap-lints=warn" "-e" "CARGO_HOME=/opt/rustwide/cargo-home" "-e" "RUSTUP_HOME=/opt/rustwide/rustup-home" "-w" "/opt/rustwide/workdir" "-m" "1610612736" "--user" "0:0" "--network" "none" "ghcr.io/rust-lang/crates-build-env/linux@sha256:2788e3201cd34a07e3172128adcd8b3090168a8e3bcc40d7c032b9dda1df7d1c" "/opt/rustwide/cargo-home/bin/cargo" "+beta-2023-12-22" "test" "--frozen" "--no-run" "--message-format=json", kill_on_drop: false }`
[INFO] [stdout] 0c9133c7a3e6979994bdd9446428d6f45fc26bf4d1782dcfab898dad270f7b5b
[INFO] running `Command { std: "docker" "start" "-a" "0c9133c7a3e6979994bdd9446428d6f45fc26bf4d1782dcfab898dad270f7b5b", kill_on_drop: false }`
[INFO] [stderr]    Compiling inrs v1.0.0 (/opt/rustwide/workdir)
[INFO] [stdout] warning: unused import: `utils::Translation`
[INFO] [stdout]   --> src/cli/sub_commands/mod.rs:36:5
[INFO] [stdout]    |
[INFO] [stdout] 36 |     utils::Translation,
[INFO] [stdout]    |     ^^^^^^^^^^^^^^^^^^
[INFO] [stdout]    |
[INFO] [stdout]    = note: `#[warn(unused_imports)]` on by default
[INFO] [stdout] 
[INFO] [stdout] 
[INFO] [stdout] warning: 1 warning emitted
[INFO] [stdout] 
[INFO] [stdout] 
[INFO] [stderr]     Finished test [unoptimized + debuginfo] target(s) in 0.87s
[INFO] running `Command { std: "docker" "inspect" "0c9133c7a3e6979994bdd9446428d6f45fc26bf4d1782dcfab898dad270f7b5b", kill_on_drop: false }`
[INFO] running `Command { std: "docker" "rm" "-f" "0c9133c7a3e6979994bdd9446428d6f45fc26bf4d1782dcfab898dad270f7b5b", kill_on_drop: false }`
[INFO] [stdout] 0c9133c7a3e6979994bdd9446428d6f45fc26bf4d1782dcfab898dad270f7b5b
[INFO] running `Command { std: "docker" "create" "-v" "/var/lib/crater-agent-workspace/builds/worker-2-tc2/target:/opt/rustwide/target:rw,Z" "-v" "/var/lib/crater-agent-workspace/builds/worker-2-tc2/source:/opt/rustwide/workdir:ro,Z" "-v" "/var/lib/crater-agent-workspace/cargo-home:/opt/rustwide/cargo-home:ro,Z" "-v" "/var/lib/crater-agent-workspace/rustup-home:/opt/rustwide/rustup-home:ro,Z" "-e" "SOURCE_DIR=/opt/rustwide/workdir" "-e" "CARGO_TARGET_DIR=/opt/rustwide/target" "-e" "CARGO_INCREMENTAL=0" "-e" "RUST_BACKTRACE=full" "-e" "RUSTFLAGS=--cap-lints=warn" "-e" "RUSTDOCFLAGS=--cap-lints=warn" "-e" "CARGO_HOME=/opt/rustwide/cargo-home" "-e" "RUSTUP_HOME=/opt/rustwide/rustup-home" "-w" "/opt/rustwide/workdir" "-m" "1610612736" "--user" "0:0" "--network" "none" "ghcr.io/rust-lang/crates-build-env/linux@sha256:2788e3201cd34a07e3172128adcd8b3090168a8e3bcc40d7c032b9dda1df7d1c" "/opt/rustwide/cargo-home/bin/cargo" "+beta-2023-12-22" "test" "--frozen", kill_on_drop: false }`
[INFO] [stdout] b4577b33c25b415ee356bba3f364c0684e24223ca2cb815843eb07b3d86a98a9
[INFO] running `Command { std: "docker" "start" "-a" "b4577b33c25b415ee356bba3f364c0684e24223ca2cb815843eb07b3d86a98a9", kill_on_drop: false }`
[INFO] [stderr] warning: unused import: `utils::Translation`
[INFO] [stderr]   --> src/cli/sub_commands/mod.rs:36:5
[INFO] [stderr]    |
[INFO] [stderr] 36 |     utils::Translation,
[INFO] [stderr]    |     ^^^^^^^^^^^^^^^^^^
[INFO] [stderr]    |
[INFO] [stderr]    = note: `#[warn(unused_imports)]` on by default
[INFO] [stderr] 
[INFO] [stderr] warning: `inrs` (bin "inrs" test) generated 1 warning (run `cargo fix --bin "inrs" --tests` to apply 1 suggestion)
[INFO] [stderr]     Finished test [unoptimized + debuginfo] target(s) in 0.03s
[INFO] [stderr]      Running unittests src/main.rs (/opt/rustwide/target/debug/deps/inrs-dd9b99f4285be3d2)
[INFO] [stdout] 
[INFO] [stdout] running 4 tests
[INFO] [stdout] test cli::sub_commands::tests::delete::test_delete_language ... FAILED
[INFO] [stdout] test cli::sub_commands::tests::delete::test_delete_key ... FAILED
[INFO] [stdout] test cli::sub_commands::tests::create::test_create ... FAILED
[INFO] [stdout] test cli::sub_commands::tests::update::test_update ... FAILED
[INFO] [stdout] 
[INFO] [stdout] failures:
[INFO] [stdout] 
[INFO] [stdout] ---- cli::sub_commands::tests::delete::test_delete_language stdout ----
[INFO] [stdout] Error: Os { code: 30, kind: ReadOnlyFilesystem, message: "Read-only file system" }
[INFO] [stdout] 
[INFO] [stdout] ---- cli::sub_commands::tests::delete::test_delete_key stdout ----
[INFO] [stdout] Error: Os { code: 30, kind: ReadOnlyFilesystem, message: "Read-only file system" }
[INFO] [stdout] 
[INFO] [stdout] ---- cli::sub_commands::tests::create::test_create stdout ----
[INFO] [stdout] Error: Os { code: 30, kind: ReadOnlyFilesystem, message: "Read-only file system" }
[INFO] [stdout] 
[INFO] [stdout] ---- cli::sub_commands::tests::update::test_update stdout ----
[INFO] [stdout] Error: Os { code: 30, kind: ReadOnlyFilesystem, message: "Read-only file system" }
[INFO] [stdout] 
[INFO] [stdout] 
[INFO] [stdout] failures:
[INFO] [stdout]     cli::sub_commands::tests::create::test_create
[INFO] [stdout]     cli::sub_commands::tests::delete::test_delete_key
[INFO] [stdout]     cli::sub_commands::tests::delete::test_delete_language
[INFO] [stdout]     cli::sub_commands::tests::update::test_update
[INFO] [stdout] 
[INFO] [stdout] test result: FAILED. 0 passed; 4 failed; 0 ignored; 0 measured; 0 filtered out; finished in 0.00s
[INFO] [stdout] 
[INFO] [stderr] error: test failed, to rerun pass `--bin inrs`
[INFO] running `Command { std: "docker" "inspect" "b4577b33c25b415ee356bba3f364c0684e24223ca2cb815843eb07b3d86a98a9", kill_on_drop: false }`
[INFO] running `Command { std: "docker" "rm" "-f" "b4577b33c25b415ee356bba3f364c0684e24223ca2cb815843eb07b3d86a98a9", kill_on_drop: false }`
[INFO] [stdout] b4577b33c25b415ee356bba3f364c0684e24223ca2cb815843eb07b3d86a98a9
