[INFO] fetching crate input-utils 0.1.1...
[INFO] testing input-utils-0.1.1 against 1.75.0 for beta-1.76-1
[INFO] extracting crate input-utils 0.1.1 into /workspace/builds/worker-2-tc1/source
[INFO] validating manifest of crates.io crate input-utils 0.1.1 on toolchain 1.75.0
[INFO] running `Command { std: CARGO_HOME="/workspace/cargo-home" RUSTUP_HOME="/workspace/rustup-home" "/workspace/cargo-home/bin/cargo" "+1.75.0" "metadata" "--manifest-path" "Cargo.toml" "--no-deps", kill_on_drop: false }`
[INFO] started tweaking crates.io crate input-utils 0.1.1
[INFO] finished tweaking crates.io crate input-utils 0.1.1
[INFO] tweaked toml for crates.io crate input-utils 0.1.1 written to /workspace/builds/worker-2-tc1/source/Cargo.toml
[INFO] running `Command { std: CARGO_HOME="/workspace/cargo-home" RUSTUP_HOME="/workspace/rustup-home" "/workspace/cargo-home/bin/cargo" "+1.75.0" "generate-lockfile" "--manifest-path" "Cargo.toml", kill_on_drop: false }`
[INFO] running `Command { std: CARGO_HOME="/workspace/cargo-home" RUSTUP_HOME="/workspace/rustup-home" "/workspace/cargo-home/bin/cargo" "+1.75.0" "fetch" "--manifest-path" "Cargo.toml", kill_on_drop: false }`
[INFO] running `Command { std: "docker" "create" "-v" "/var/lib/crater-agent-workspace/builds/worker-2-tc1/target:/opt/rustwide/target:rw,Z" "-v" "/var/lib/crater-agent-workspace/builds/worker-2-tc1/source:/opt/rustwide/workdir:ro,Z" "-v" "/var/lib/crater-agent-workspace/cargo-home:/opt/rustwide/cargo-home:ro,Z" "-v" "/var/lib/crater-agent-workspace/rustup-home:/opt/rustwide/rustup-home:ro,Z" "-e" "SOURCE_DIR=/opt/rustwide/workdir" "-e" "CARGO_TARGET_DIR=/opt/rustwide/target" "-e" "CARGO_HOME=/opt/rustwide/cargo-home" "-e" "RUSTUP_HOME=/opt/rustwide/rustup-home" "-w" "/opt/rustwide/workdir" "-m" "1610612736" "--user" "0:0" "--network" "none" "ghcr.io/rust-lang/crates-build-env/linux@sha256:2788e3201cd34a07e3172128adcd8b3090168a8e3bcc40d7c032b9dda1df7d1c" "/opt/rustwide/cargo-home/bin/cargo" "+1.75.0" "metadata" "--no-deps" "--format-version=1", kill_on_drop: false }`
[INFO] [stdout] e884a04b41f4103155d09bab83c853b24f9269e8afe2861b372c6c83cbc07940
[INFO] running `Command { std: "docker" "start" "-a" "e884a04b41f4103155d09bab83c853b24f9269e8afe2861b372c6c83cbc07940", kill_on_drop: false }`
[INFO] running `Command { std: "docker" "inspect" "e884a04b41f4103155d09bab83c853b24f9269e8afe2861b372c6c83cbc07940", kill_on_drop: false }`
[INFO] running `Command { std: "docker" "rm" "-f" "e884a04b41f4103155d09bab83c853b24f9269e8afe2861b372c6c83cbc07940", kill_on_drop: false }`
[INFO] [stdout] e884a04b41f4103155d09bab83c853b24f9269e8afe2861b372c6c83cbc07940
[INFO] running `Command { std: "docker" "create" "-v" "/var/lib/crater-agent-workspace/builds/worker-2-tc1/target:/opt/rustwide/target:rw,Z" "-v" "/var/lib/crater-agent-workspace/builds/worker-2-tc1/source:/opt/rustwide/workdir:ro,Z" "-v" "/var/lib/crater-agent-workspace/cargo-home:/opt/rustwide/cargo-home:ro,Z" "-v" "/var/lib/crater-agent-workspace/rustup-home:/opt/rustwide/rustup-home:ro,Z" "-e" "SOURCE_DIR=/opt/rustwide/workdir" "-e" "CARGO_TARGET_DIR=/opt/rustwide/target" "-e" "CARGO_INCREMENTAL=0" "-e" "RUST_BACKTRACE=full" "-e" "RUSTFLAGS=--cap-lints=warn" "-e" "RUSTDOCFLAGS=--cap-lints=warn" "-e" "CARGO_HOME=/opt/rustwide/cargo-home" "-e" "RUSTUP_HOME=/opt/rustwide/rustup-home" "-w" "/opt/rustwide/workdir" "-m" "1610612736" "--user" "0:0" "--network" "none" "ghcr.io/rust-lang/crates-build-env/linux@sha256:2788e3201cd34a07e3172128adcd8b3090168a8e3bcc40d7c032b9dda1df7d1c" "/opt/rustwide/cargo-home/bin/cargo" "+1.75.0" "build" "--frozen" "--message-format=json", kill_on_drop: false }`
[INFO] [stdout] 04aa9ce3659c7b20fb119e169a410dbed2c957dfbf7811b3321eb4631d1fc3c7
[INFO] running `Command { std: "docker" "start" "-a" "04aa9ce3659c7b20fb119e169a410dbed2c957dfbf7811b3321eb4631d1fc3c7", kill_on_drop: false }`
[INFO] [stderr]    Compiling input-utils v0.1.1 (/opt/rustwide/workdir)
[INFO] [stderr]     Finished dev [unoptimized + debuginfo] target(s) in 0.03s
[INFO] running `Command { std: "docker" "inspect" "04aa9ce3659c7b20fb119e169a410dbed2c957dfbf7811b3321eb4631d1fc3c7", kill_on_drop: false }`
[INFO] running `Command { std: "docker" "rm" "-f" "04aa9ce3659c7b20fb119e169a410dbed2c957dfbf7811b3321eb4631d1fc3c7", kill_on_drop: false }`
[INFO] [stdout] 04aa9ce3659c7b20fb119e169a410dbed2c957dfbf7811b3321eb4631d1fc3c7
[INFO] running `Command { std: "docker" "create" "-v" "/var/lib/crater-agent-workspace/builds/worker-2-tc1/target:/opt/rustwide/target:rw,Z" "-v" "/var/lib/crater-agent-workspace/builds/worker-2-tc1/source:/opt/rustwide/workdir:ro,Z" "-v" "/var/lib/crater-agent-workspace/cargo-home:/opt/rustwide/cargo-home:ro,Z" "-v" "/var/lib/crater-agent-workspace/rustup-home:/opt/rustwide/rustup-home:ro,Z" "-e" "SOURCE_DIR=/opt/rustwide/workdir" "-e" "CARGO_TARGET_DIR=/opt/rustwide/target" "-e" "CARGO_INCREMENTAL=0" "-e" "RUST_BACKTRACE=full" "-e" "RUSTFLAGS=--cap-lints=warn" "-e" "RUSTDOCFLAGS=--cap-lints=warn" "-e" "CARGO_HOME=/opt/rustwide/cargo-home" "-e" "RUSTUP_HOME=/opt/rustwide/rustup-home" "-w" "/opt/rustwide/workdir" "-m" "1610612736" "--user" "0:0" "--network" "none" "ghcr.io/rust-lang/crates-build-env/linux@sha256:2788e3201cd34a07e3172128adcd8b3090168a8e3bcc40d7c032b9dda1df7d1c" "/opt/rustwide/cargo-home/bin/cargo" "+1.75.0" "test" "--frozen" "--no-run" "--message-format=json", kill_on_drop: false }`
[INFO] [stdout] 059692c130ea73016fb70332c42c0761cf820e728538a19d3cbfe9e8979ae598
[INFO] running `Command { std: "docker" "start" "-a" "059692c130ea73016fb70332c42c0761cf820e728538a19d3cbfe9e8979ae598", kill_on_drop: false }`
[INFO] [stderr]    Compiling input-utils v0.1.1 (/opt/rustwide/workdir)
[INFO] [stderr]     Finished test [unoptimized + debuginfo] target(s) in 0.18s
[INFO] running `Command { std: "docker" "inspect" "059692c130ea73016fb70332c42c0761cf820e728538a19d3cbfe9e8979ae598", kill_on_drop: false }`
[INFO] running `Command { std: "docker" "rm" "-f" "059692c130ea73016fb70332c42c0761cf820e728538a19d3cbfe9e8979ae598", kill_on_drop: false }`
[INFO] [stdout] 059692c130ea73016fb70332c42c0761cf820e728538a19d3cbfe9e8979ae598
[INFO] running `Command { std: "docker" "create" "-v" "/var/lib/crater-agent-workspace/builds/worker-2-tc1/target:/opt/rustwide/target:rw,Z" "-v" "/var/lib/crater-agent-workspace/builds/worker-2-tc1/source:/opt/rustwide/workdir:ro,Z" "-v" "/var/lib/crater-agent-workspace/cargo-home:/opt/rustwide/cargo-home:ro,Z" "-v" "/var/lib/crater-agent-workspace/rustup-home:/opt/rustwide/rustup-home:ro,Z" "-e" "SOURCE_DIR=/opt/rustwide/workdir" "-e" "CARGO_TARGET_DIR=/opt/rustwide/target" "-e" "CARGO_INCREMENTAL=0" "-e" "RUST_BACKTRACE=full" "-e" "RUSTFLAGS=--cap-lints=warn" "-e" "RUSTDOCFLAGS=--cap-lints=warn" "-e" "CARGO_HOME=/opt/rustwide/cargo-home" "-e" "RUSTUP_HOME=/opt/rustwide/rustup-home" "-w" "/opt/rustwide/workdir" "-m" "1610612736" "--user" "0:0" "--network" "none" "ghcr.io/rust-lang/crates-build-env/linux@sha256:2788e3201cd34a07e3172128adcd8b3090168a8e3bcc40d7c032b9dda1df7d1c" "/opt/rustwide/cargo-home/bin/cargo" "+1.75.0" "test" "--frozen", kill_on_drop: false }`
[INFO] [stdout] d4846eb5f44c589a97ad5e4c54fd2e28152c21f68a4409bfd10ae8fa3ce1cbc7
[INFO] running `Command { std: "docker" "start" "-a" "d4846eb5f44c589a97ad5e4c54fd2e28152c21f68a4409bfd10ae8fa3ce1cbc7", kill_on_drop: false }`
[INFO] [stderr]     Finished test [unoptimized + debuginfo] target(s) in 0.00s
[INFO] [stderr]      Running unittests src/lib.rs (/opt/rustwide/target/debug/deps/input_utils-9cbd2f656ace944a)
[INFO] [stdout] 
[INFO] [stdout] running 0 tests
[INFO] [stdout] 
[INFO] [stdout] test result: ok. 0 passed; 0 failed; 0 ignored; 0 measured; 0 filtered out; finished in 0.00s
[INFO] [stdout] 
[INFO] [stderr]    Doc-tests input-utils
[INFO] [stdout] 
[INFO] [stdout] running 1 test
[INFO] [stdout] test src/lib.rs - read_input (line 21) ... FAILED
[INFO] [stdout] 
[INFO] [stdout] failures:
[INFO] [stdout] 
[INFO] [stdout] ---- src/lib.rs - read_input (line 21) stdout ----
[INFO] [stdout] error[E0425]: cannot find function `read_input` in this scope
[INFO] [stdout]  --> src/lib.rs:22:16
[INFO] [stdout]   |
[INFO] [stdout] 3 | let age: u32 = read_input("Enter your age: ", "Invalid input. Please enter a valid age.");
[INFO] [stdout]   |                ^^^^^^^^^^ not found in this scope
[INFO] [stdout]   |
[INFO] [stdout] help: consider importing this function
[INFO] [stdout]   |
[INFO] [stdout] 2 + use input_utils::read_input;
[INFO] [stdout]   |
[INFO] [stdout] 
[INFO] [stdout] error: aborting due to previous error
[INFO] [stdout] 
[INFO] [stdout] For more information about this error, try `rustc --explain E0425`.
[INFO] [stdout] Couldn't compile the test.
[INFO] [stdout] 
[INFO] [stdout] failures:
[INFO] [stdout]     src/lib.rs - read_input (line 21)
[INFO] [stdout] 
[INFO] [stdout] test result: FAILED. 0 passed; 1 failed; 0 ignored; 0 measured; 0 filtered out; finished in 0.04s
[INFO] [stdout] 
[INFO] [stderr] error: doctest failed, to rerun pass `--doc`
[INFO] running `Command { std: "docker" "inspect" "d4846eb5f44c589a97ad5e4c54fd2e28152c21f68a4409bfd10ae8fa3ce1cbc7", kill_on_drop: false }`
[INFO] running `Command { std: "docker" "rm" "-f" "d4846eb5f44c589a97ad5e4c54fd2e28152c21f68a4409bfd10ae8fa3ce1cbc7", kill_on_drop: false }`
[INFO] [stdout] d4846eb5f44c589a97ad5e4c54fd2e28152c21f68a4409bfd10ae8fa3ce1cbc7
