[INFO] fetching crate inline-rust 1.0.0...
[INFO] testing inline-rust-1.0.0 against 1.75.0 for beta-1.76-1
[INFO] extracting crate inline-rust 1.0.0 into /workspace/builds/worker-4-tc1/source
[INFO] validating manifest of crates.io crate inline-rust 1.0.0 on toolchain 1.75.0
[INFO] running `Command { std: CARGO_HOME="/workspace/cargo-home" RUSTUP_HOME="/workspace/rustup-home" "/workspace/cargo-home/bin/cargo" "+1.75.0" "metadata" "--manifest-path" "Cargo.toml" "--no-deps", kill_on_drop: false }`
[INFO] started tweaking crates.io crate inline-rust 1.0.0
[INFO] finished tweaking crates.io crate inline-rust 1.0.0
[INFO] tweaked toml for crates.io crate inline-rust 1.0.0 written to /workspace/builds/worker-4-tc1/source/Cargo.toml
[INFO] running `Command { std: CARGO_HOME="/workspace/cargo-home" RUSTUP_HOME="/workspace/rustup-home" "/workspace/cargo-home/bin/cargo" "+1.75.0" "generate-lockfile" "--manifest-path" "Cargo.toml", kill_on_drop: false }`
[INFO] [stderr]     Updating crates.io index
[INFO] running `Command { std: CARGO_HOME="/workspace/cargo-home" RUSTUP_HOME="/workspace/rustup-home" "/workspace/cargo-home/bin/cargo" "+1.75.0" "fetch" "--manifest-path" "Cargo.toml", kill_on_drop: false }`
[INFO] running `Command { std: "docker" "create" "-v" "/var/lib/crater-agent-workspace/builds/worker-4-tc1/target:/opt/rustwide/target:rw,Z" "-v" "/var/lib/crater-agent-workspace/builds/worker-4-tc1/source:/opt/rustwide/workdir:ro,Z" "-v" "/var/lib/crater-agent-workspace/cargo-home:/opt/rustwide/cargo-home:ro,Z" "-v" "/var/lib/crater-agent-workspace/rustup-home:/opt/rustwide/rustup-home:ro,Z" "-e" "SOURCE_DIR=/opt/rustwide/workdir" "-e" "CARGO_TARGET_DIR=/opt/rustwide/target" "-e" "CARGO_HOME=/opt/rustwide/cargo-home" "-e" "RUSTUP_HOME=/opt/rustwide/rustup-home" "-w" "/opt/rustwide/workdir" "-m" "1610612736" "--user" "0:0" "--network" "none" "ghcr.io/rust-lang/crates-build-env/linux@sha256:2788e3201cd34a07e3172128adcd8b3090168a8e3bcc40d7c032b9dda1df7d1c" "/opt/rustwide/cargo-home/bin/cargo" "+1.75.0" "metadata" "--no-deps" "--format-version=1", kill_on_drop: false }`
[INFO] [stdout] 3fc1e04e290495fcb3fc159311b941cb755ccd4d1aca9ce2066e5f2aae604ba0
[INFO] running `Command { std: "docker" "start" "-a" "3fc1e04e290495fcb3fc159311b941cb755ccd4d1aca9ce2066e5f2aae604ba0", kill_on_drop: false }`
[INFO] running `Command { std: "docker" "inspect" "3fc1e04e290495fcb3fc159311b941cb755ccd4d1aca9ce2066e5f2aae604ba0", kill_on_drop: false }`
[INFO] running `Command { std: "docker" "rm" "-f" "3fc1e04e290495fcb3fc159311b941cb755ccd4d1aca9ce2066e5f2aae604ba0", kill_on_drop: false }`
[INFO] [stdout] 3fc1e04e290495fcb3fc159311b941cb755ccd4d1aca9ce2066e5f2aae604ba0
[INFO] running `Command { std: "docker" "create" "-v" "/var/lib/crater-agent-workspace/builds/worker-4-tc1/target:/opt/rustwide/target:rw,Z" "-v" "/var/lib/crater-agent-workspace/builds/worker-4-tc1/source:/opt/rustwide/workdir:ro,Z" "-v" "/var/lib/crater-agent-workspace/cargo-home:/opt/rustwide/cargo-home:ro,Z" "-v" "/var/lib/crater-agent-workspace/rustup-home:/opt/rustwide/rustup-home:ro,Z" "-e" "SOURCE_DIR=/opt/rustwide/workdir" "-e" "CARGO_TARGET_DIR=/opt/rustwide/target" "-e" "CARGO_INCREMENTAL=0" "-e" "RUST_BACKTRACE=full" "-e" "RUSTFLAGS=--cap-lints=warn" "-e" "RUSTDOCFLAGS=--cap-lints=warn" "-e" "CARGO_HOME=/opt/rustwide/cargo-home" "-e" "RUSTUP_HOME=/opt/rustwide/rustup-home" "-w" "/opt/rustwide/workdir" "-m" "1610612736" "--user" "0:0" "--network" "none" "ghcr.io/rust-lang/crates-build-env/linux@sha256:2788e3201cd34a07e3172128adcd8b3090168a8e3bcc40d7c032b9dda1df7d1c" "/opt/rustwide/cargo-home/bin/cargo" "+1.75.0" "build" "--frozen" "--message-format=json", kill_on_drop: false }`
[INFO] [stdout] ff4cadaac5e961d7cce0c09bbd0e5ab01dfffd14b5a3254789a9c7f63a99df13
[INFO] running `Command { std: "docker" "start" "-a" "ff4cadaac5e961d7cce0c09bbd0e5ab01dfffd14b5a3254789a9c7f63a99df13", kill_on_drop: false }`
[INFO] [stderr]    Compiling typenum v1.17.0
[INFO] [stderr]    Compiling proc-macro2 v1.0.75
[INFO] [stderr]    Compiling unicode-ident v1.0.12
[INFO] [stderr]    Compiling syn v1.0.109
[INFO] [stderr]    Compiling cpufeatures v0.2.12
[INFO] [stderr]    Compiling cfg-if v1.0.0
[INFO] [stderr]    Compiling generic-array v0.14.7
[INFO] [stderr]    Compiling quote v1.0.35
[INFO] [stderr]    Compiling block-buffer v0.10.4
[INFO] [stderr]    Compiling crypto-common v0.1.6
[INFO] [stderr]    Compiling digest v0.10.7
[INFO] [stderr]    Compiling sha2 v0.10.8
[INFO] [stderr]    Compiling inline-rust v1.0.0 (/opt/rustwide/workdir)
[INFO] [stderr]     Finished dev [unoptimized + debuginfo] target(s) in 7.28s
[INFO] running `Command { std: "docker" "inspect" "ff4cadaac5e961d7cce0c09bbd0e5ab01dfffd14b5a3254789a9c7f63a99df13", kill_on_drop: false }`
[INFO] running `Command { std: "docker" "rm" "-f" "ff4cadaac5e961d7cce0c09bbd0e5ab01dfffd14b5a3254789a9c7f63a99df13", kill_on_drop: false }`
[INFO] [stdout] ff4cadaac5e961d7cce0c09bbd0e5ab01dfffd14b5a3254789a9c7f63a99df13
[INFO] running `Command { std: "docker" "create" "-v" "/var/lib/crater-agent-workspace/builds/worker-4-tc1/target:/opt/rustwide/target:rw,Z" "-v" "/var/lib/crater-agent-workspace/builds/worker-4-tc1/source:/opt/rustwide/workdir:ro,Z" "-v" "/var/lib/crater-agent-workspace/cargo-home:/opt/rustwide/cargo-home:ro,Z" "-v" "/var/lib/crater-agent-workspace/rustup-home:/opt/rustwide/rustup-home:ro,Z" "-e" "SOURCE_DIR=/opt/rustwide/workdir" "-e" "CARGO_TARGET_DIR=/opt/rustwide/target" "-e" "CARGO_INCREMENTAL=0" "-e" "RUST_BACKTRACE=full" "-e" "RUSTFLAGS=--cap-lints=warn" "-e" "RUSTDOCFLAGS=--cap-lints=warn" "-e" "CARGO_HOME=/opt/rustwide/cargo-home" "-e" "RUSTUP_HOME=/opt/rustwide/rustup-home" "-w" "/opt/rustwide/workdir" "-m" "1610612736" "--user" "0:0" "--network" "none" "ghcr.io/rust-lang/crates-build-env/linux@sha256:2788e3201cd34a07e3172128adcd8b3090168a8e3bcc40d7c032b9dda1df7d1c" "/opt/rustwide/cargo-home/bin/cargo" "+1.75.0" "test" "--frozen" "--no-run" "--message-format=json", kill_on_drop: false }`
[INFO] [stdout] d58247767fda2a9090ed0b645f03c52bc938a9aa820b22a68c44403248838927
[INFO] running `Command { std: "docker" "start" "-a" "d58247767fda2a9090ed0b645f03c52bc938a9aa820b22a68c44403248838927", kill_on_drop: false }`
[INFO] [stderr]    Compiling inline-rust v1.0.0 (/opt/rustwide/workdir)
[INFO] [stderr]     Finished test [unoptimized + debuginfo] target(s) in 0.88s
[INFO] running `Command { std: "docker" "inspect" "d58247767fda2a9090ed0b645f03c52bc938a9aa820b22a68c44403248838927", kill_on_drop: false }`
[INFO] running `Command { std: "docker" "rm" "-f" "d58247767fda2a9090ed0b645f03c52bc938a9aa820b22a68c44403248838927", kill_on_drop: false }`
[INFO] [stdout] d58247767fda2a9090ed0b645f03c52bc938a9aa820b22a68c44403248838927
[INFO] running `Command { std: "docker" "create" "-v" "/var/lib/crater-agent-workspace/builds/worker-4-tc1/target:/opt/rustwide/target:rw,Z" "-v" "/var/lib/crater-agent-workspace/builds/worker-4-tc1/source:/opt/rustwide/workdir:ro,Z" "-v" "/var/lib/crater-agent-workspace/cargo-home:/opt/rustwide/cargo-home:ro,Z" "-v" "/var/lib/crater-agent-workspace/rustup-home:/opt/rustwide/rustup-home:ro,Z" "-e" "SOURCE_DIR=/opt/rustwide/workdir" "-e" "CARGO_TARGET_DIR=/opt/rustwide/target" "-e" "CARGO_INCREMENTAL=0" "-e" "RUST_BACKTRACE=full" "-e" "RUSTFLAGS=--cap-lints=warn" "-e" "RUSTDOCFLAGS=--cap-lints=warn" "-e" "CARGO_HOME=/opt/rustwide/cargo-home" "-e" "RUSTUP_HOME=/opt/rustwide/rustup-home" "-w" "/opt/rustwide/workdir" "-m" "1610612736" "--user" "0:0" "--network" "none" "ghcr.io/rust-lang/crates-build-env/linux@sha256:2788e3201cd34a07e3172128adcd8b3090168a8e3bcc40d7c032b9dda1df7d1c" "/opt/rustwide/cargo-home/bin/cargo" "+1.75.0" "test" "--frozen", kill_on_drop: false }`
[INFO] [stdout] c2b4faccc09bbc6d3627c7dd010d2cc7cb24d0885b12510637bc7fe7dc3a5971
[INFO] running `Command { std: "docker" "start" "-a" "c2b4faccc09bbc6d3627c7dd010d2cc7cb24d0885b12510637bc7fe7dc3a5971", kill_on_drop: false }`
[INFO] [stderr]     Finished test [unoptimized + debuginfo] target(s) in 0.02s
[INFO] [stderr]      Running unittests src/lib.rs (/opt/rustwide/target/debug/deps/inline_rust-f27a82cf41ac89a8)
[INFO] [stdout] 
[INFO] [stdout] running 0 tests
[INFO] [stdout] 
[INFO] [stdout] test result: ok. 0 passed; 0 failed; 0 ignored; 0 measured; 0 filtered out; finished in 0.00s
[INFO] [stdout] 
[INFO] [stderr]    Doc-tests inline-rust
[INFO] [stdout] 
[INFO] [stdout] running 1 test
[INFO] [stderr] error: doctest failed, to rerun pass `--doc`
[INFO] [stdout] test src/lib.rs - inline_rust (line 74) - compile ... FAILED
[INFO] [stdout] 
[INFO] [stdout] failures:
[INFO] [stdout] 
[INFO] [stdout] ---- src/lib.rs - inline_rust (line 74) stdout ----
[INFO] [stdout] error:     Updating crates.io index
[INFO] [stdout]        warning: spurious network error (3 tries remaining): [6] Couldn't resolve host name (Could not resolve host: index.crates.io)
[INFO] [stdout]        warning: spurious network error (2 tries remaining): [6] Couldn't resolve host name (Could not resolve host: index.crates.io)
[INFO] [stdout]        warning: spurious network error (1 tries remaining): [6] Couldn't resolve host name (Could not resolve host: index.crates.io)
[INFO] [stdout]        error: failed to get `sha2` as a dependency of package `inline_rust_e28a3dfbff27b995a7d3 v0.1.0 (/tmp/inline_rust/inline_rust_e28a3dfbff27b995a7d3)`
[INFO] [stdout]        
[INFO] [stdout]        Caused by:
[INFO] [stdout]          failed to query replaced source registry `crates-io`
[INFO] [stdout]        
[INFO] [stdout]        Caused by:
[INFO] [stdout]          download of config.json failed
[INFO] [stdout]        
[INFO] [stdout]        Caused by:
[INFO] [stdout]          failed to download from `https://index.crates.io/config.json`
[INFO] [stdout]        
[INFO] [stdout]        Caused by:
[INFO] [stdout]          [6] Couldn't resolve host name (Could not resolve host: index.crates.io)
[INFO] [stdout]   --> src/lib.rs:78:34
[INFO] [stdout]    |
[INFO] [stdout] 6  |   const CONST_HASH: &'static str = inline_rust!(
[INFO] [stdout]    |  __________________________________^
[INFO] [stdout] 7  | |     r#"
[INFO] [stdout] 8  | |         [dependencies]
[INFO] [stdout] 9  | |         sha2 = "0.9.8"
[INFO] [stdout] ...  |
[INFO] [stdout] 20 | |     }
[INFO] [stdout] 21 | | );
[INFO] [stdout]    | |_^
[INFO] [stdout]    |
[INFO] [stdout]    = note: this error originates in the macro `inline_rust` (in Nightly builds, run with -Z macro-backtrace for more info)
[INFO] [stdout] 
[INFO] [stdout] error: aborting due to previous error
[INFO] [stdout] 
[INFO] [stdout] Couldn't compile the test.
[INFO] [stdout] 
[INFO] [stdout] failures:
[INFO] [stdout]     src/lib.rs - inline_rust (line 74)
[INFO] [stdout] 
[INFO] [stdout] test result: FAILED. 0 passed; 1 failed; 0 ignored; 0 measured; 0 filtered out; finished in 12.29s
[INFO] [stdout] 
[INFO] running `Command { std: "docker" "inspect" "c2b4faccc09bbc6d3627c7dd010d2cc7cb24d0885b12510637bc7fe7dc3a5971", kill_on_drop: false }`
[INFO] running `Command { std: "docker" "rm" "-f" "c2b4faccc09bbc6d3627c7dd010d2cc7cb24d0885b12510637bc7fe7dc3a5971", kill_on_drop: false }`
[INFO] [stdout] c2b4faccc09bbc6d3627c7dd010d2cc7cb24d0885b12510637bc7fe7dc3a5971
[INFO] testing inline-rust-1.0.0 against beta-2023-12-22 for beta-1.76-1
[INFO] extracting crate inline-rust 1.0.0 into /workspace/builds/worker-4-tc2/source
[INFO] validating manifest of crates.io crate inline-rust 1.0.0 on toolchain beta-2023-12-22
[INFO] running `Command { std: CARGO_HOME="/workspace/cargo-home" RUSTUP_HOME="/workspace/rustup-home" "/workspace/cargo-home/bin/cargo" "+beta-2023-12-22" "metadata" "--manifest-path" "Cargo.toml" "--no-deps", kill_on_drop: false }`
[INFO] started tweaking crates.io crate inline-rust 1.0.0
[INFO] finished tweaking crates.io crate inline-rust 1.0.0
[INFO] tweaked toml for crates.io crate inline-rust 1.0.0 written to /workspace/builds/worker-4-tc2/source/Cargo.toml
[INFO] running `Command { std: CARGO_HOME="/workspace/cargo-home" RUSTUP_HOME="/workspace/rustup-home" "/workspace/cargo-home/bin/cargo" "+beta-2023-12-22" "generate-lockfile" "--manifest-path" "Cargo.toml", kill_on_drop: false }`
[INFO] [stderr]     Updating crates.io index
[INFO] running `Command { std: CARGO_HOME="/workspace/cargo-home" RUSTUP_HOME="/workspace/rustup-home" "/workspace/cargo-home/bin/cargo" "+beta-2023-12-22" "fetch" "--manifest-path" "Cargo.toml", kill_on_drop: false }`
[INFO] running `Command { std: "docker" "create" "-v" "/var/lib/crater-agent-workspace/builds/worker-4-tc2/target:/opt/rustwide/target:rw,Z" "-v" "/var/lib/crater-agent-workspace/builds/worker-4-tc2/source:/opt/rustwide/workdir:ro,Z" "-v" "/var/lib/crater-agent-workspace/cargo-home:/opt/rustwide/cargo-home:ro,Z" "-v" "/var/lib/crater-agent-workspace/rustup-home:/opt/rustwide/rustup-home:ro,Z" "-e" "SOURCE_DIR=/opt/rustwide/workdir" "-e" "CARGO_TARGET_DIR=/opt/rustwide/target" "-e" "CARGO_HOME=/opt/rustwide/cargo-home" "-e" "RUSTUP_HOME=/opt/rustwide/rustup-home" "-w" "/opt/rustwide/workdir" "-m" "1610612736" "--user" "0:0" "--network" "none" "ghcr.io/rust-lang/crates-build-env/linux@sha256:2788e3201cd34a07e3172128adcd8b3090168a8e3bcc40d7c032b9dda1df7d1c" "/opt/rustwide/cargo-home/bin/cargo" "+beta-2023-12-22" "metadata" "--no-deps" "--format-version=1", kill_on_drop: false }`
[INFO] [stdout] dff4351e49fa69e3586c4e84e2af99314aa01d33605368230514b3c3baa2cc91
[INFO] running `Command { std: "docker" "start" "-a" "dff4351e49fa69e3586c4e84e2af99314aa01d33605368230514b3c3baa2cc91", kill_on_drop: false }`
[INFO] running `Command { std: "docker" "inspect" "dff4351e49fa69e3586c4e84e2af99314aa01d33605368230514b3c3baa2cc91", kill_on_drop: false }`
[INFO] running `Command { std: "docker" "rm" "-f" "dff4351e49fa69e3586c4e84e2af99314aa01d33605368230514b3c3baa2cc91", kill_on_drop: false }`
[INFO] [stdout] dff4351e49fa69e3586c4e84e2af99314aa01d33605368230514b3c3baa2cc91
[INFO] running `Command { std: "docker" "create" "-v" "/var/lib/crater-agent-workspace/builds/worker-4-tc2/target:/opt/rustwide/target:rw,Z" "-v" "/var/lib/crater-agent-workspace/builds/worker-4-tc2/source:/opt/rustwide/workdir:ro,Z" "-v" "/var/lib/crater-agent-workspace/cargo-home:/opt/rustwide/cargo-home:ro,Z" "-v" "/var/lib/crater-agent-workspace/rustup-home:/opt/rustwide/rustup-home:ro,Z" "-e" "SOURCE_DIR=/opt/rustwide/workdir" "-e" "CARGO_TARGET_DIR=/opt/rustwide/target" "-e" "CARGO_INCREMENTAL=0" "-e" "RUST_BACKTRACE=full" "-e" "RUSTFLAGS=--cap-lints=warn" "-e" "RUSTDOCFLAGS=--cap-lints=warn" "-e" "CARGO_HOME=/opt/rustwide/cargo-home" "-e" "RUSTUP_HOME=/opt/rustwide/rustup-home" "-w" "/opt/rustwide/workdir" "-m" "1610612736" "--user" "0:0" "--network" "none" "ghcr.io/rust-lang/crates-build-env/linux@sha256:2788e3201cd34a07e3172128adcd8b3090168a8e3bcc40d7c032b9dda1df7d1c" "/opt/rustwide/cargo-home/bin/cargo" "+beta-2023-12-22" "build" "--frozen" "--message-format=json", kill_on_drop: false }`
[INFO] [stdout] c3a70116ca03efc5d957add710c2f6f9c8a016e8fabe2a6d8bb06290f2fd246e
[INFO] running `Command { std: "docker" "start" "-a" "c3a70116ca03efc5d957add710c2f6f9c8a016e8fabe2a6d8bb06290f2fd246e", kill_on_drop: false }`
[INFO] [stderr]    Compiling typenum v1.17.0
[INFO] [stderr]    Compiling generic-array v0.14.7
[INFO] [stderr]    Compiling proc-macro2 v1.0.75
[INFO] [stderr]    Compiling unicode-ident v1.0.12
[INFO] [stderr]    Compiling syn v1.0.109
[INFO] [stderr]    Compiling cpufeatures v0.2.12
[INFO] [stderr]    Compiling cfg-if v1.0.0
[INFO] [stderr]    Compiling quote v1.0.35
[INFO] [stderr]    Compiling crypto-common v0.1.6
[INFO] [stderr]    Compiling block-buffer v0.10.4
[INFO] [stderr]    Compiling digest v0.10.7
[INFO] [stderr]    Compiling sha2 v0.10.8
[INFO] [stderr]    Compiling inline-rust v1.0.0 (/opt/rustwide/workdir)
[INFO] [stderr]     Finished dev [unoptimized + debuginfo] target(s) in 7.01s
[INFO] running `Command { std: "docker" "inspect" "c3a70116ca03efc5d957add710c2f6f9c8a016e8fabe2a6d8bb06290f2fd246e", kill_on_drop: false }`
[INFO] running `Command { std: "docker" "rm" "-f" "c3a70116ca03efc5d957add710c2f6f9c8a016e8fabe2a6d8bb06290f2fd246e", kill_on_drop: false }`
[INFO] [stdout] c3a70116ca03efc5d957add710c2f6f9c8a016e8fabe2a6d8bb06290f2fd246e
[INFO] running `Command { std: "docker" "create" "-v" "/var/lib/crater-agent-workspace/builds/worker-4-tc2/target:/opt/rustwide/target:rw,Z" "-v" "/var/lib/crater-agent-workspace/builds/worker-4-tc2/source:/opt/rustwide/workdir:ro,Z" "-v" "/var/lib/crater-agent-workspace/cargo-home:/opt/rustwide/cargo-home:ro,Z" "-v" "/var/lib/crater-agent-workspace/rustup-home:/opt/rustwide/rustup-home:ro,Z" "-e" "SOURCE_DIR=/opt/rustwide/workdir" "-e" "CARGO_TARGET_DIR=/opt/rustwide/target" "-e" "CARGO_INCREMENTAL=0" "-e" "RUST_BACKTRACE=full" "-e" "RUSTFLAGS=--cap-lints=warn" "-e" "RUSTDOCFLAGS=--cap-lints=warn" "-e" "CARGO_HOME=/opt/rustwide/cargo-home" "-e" "RUSTUP_HOME=/opt/rustwide/rustup-home" "-w" "/opt/rustwide/workdir" "-m" "1610612736" "--user" "0:0" "--network" "none" "ghcr.io/rust-lang/crates-build-env/linux@sha256:2788e3201cd34a07e3172128adcd8b3090168a8e3bcc40d7c032b9dda1df7d1c" "/opt/rustwide/cargo-home/bin/cargo" "+beta-2023-12-22" "test" "--frozen" "--no-run" "--message-format=json", kill_on_drop: false }`
[INFO] [stdout] 12712b563095f5cab0faaf42c3f03cd74bb21341727218bd16189f70ac466588
[INFO] running `Command { std: "docker" "start" "-a" "12712b563095f5cab0faaf42c3f03cd74bb21341727218bd16189f70ac466588", kill_on_drop: false }`
[INFO] [stderr]    Compiling inline-rust v1.0.0 (/opt/rustwide/workdir)
[INFO] [stderr]     Finished test [unoptimized + debuginfo] target(s) in 0.88s
[INFO] running `Command { std: "docker" "inspect" "12712b563095f5cab0faaf42c3f03cd74bb21341727218bd16189f70ac466588", kill_on_drop: false }`
[INFO] running `Command { std: "docker" "rm" "-f" "12712b563095f5cab0faaf42c3f03cd74bb21341727218bd16189f70ac466588", kill_on_drop: false }`
[INFO] [stdout] 12712b563095f5cab0faaf42c3f03cd74bb21341727218bd16189f70ac466588
[INFO] running `Command { std: "docker" "create" "-v" "/var/lib/crater-agent-workspace/builds/worker-4-tc2/target:/opt/rustwide/target:rw,Z" "-v" "/var/lib/crater-agent-workspace/builds/worker-4-tc2/source:/opt/rustwide/workdir:ro,Z" "-v" "/var/lib/crater-agent-workspace/cargo-home:/opt/rustwide/cargo-home:ro,Z" "-v" "/var/lib/crater-agent-workspace/rustup-home:/opt/rustwide/rustup-home:ro,Z" "-e" "SOURCE_DIR=/opt/rustwide/workdir" "-e" "CARGO_TARGET_DIR=/opt/rustwide/target" "-e" "CARGO_INCREMENTAL=0" "-e" "RUST_BACKTRACE=full" "-e" "RUSTFLAGS=--cap-lints=warn" "-e" "RUSTDOCFLAGS=--cap-lints=warn" "-e" "CARGO_HOME=/opt/rustwide/cargo-home" "-e" "RUSTUP_HOME=/opt/rustwide/rustup-home" "-w" "/opt/rustwide/workdir" "-m" "1610612736" "--user" "0:0" "--network" "none" "ghcr.io/rust-lang/crates-build-env/linux@sha256:2788e3201cd34a07e3172128adcd8b3090168a8e3bcc40d7c032b9dda1df7d1c" "/opt/rustwide/cargo-home/bin/cargo" "+beta-2023-12-22" "test" "--frozen", kill_on_drop: false }`
[INFO] [stdout] af86344adddfba17b3e5f696cf3f2576b4204cfb934c9be94467a3425cb89dfe
[INFO] running `Command { std: "docker" "start" "-a" "af86344adddfba17b3e5f696cf3f2576b4204cfb934c9be94467a3425cb89dfe", kill_on_drop: false }`
[INFO] [stderr]     Finished test [unoptimized + debuginfo] target(s) in 0.02s
[INFO] [stderr]      Running unittests src/lib.rs (/opt/rustwide/target/debug/deps/inline_rust-36fcf305e6f591ef)
[INFO] [stdout] 
[INFO] [stderr]    Doc-tests inline-rust
[INFO] [stdout] running 0 tests
[INFO] [stdout] 
[INFO] [stdout] test result: ok. 0 passed; 0 failed; 0 ignored; 0 measured; 0 filtered out; finished in 0.00s
[INFO] [stdout] 
[INFO] [stdout] 
[INFO] [stdout] running 1 test
[INFO] [stdout] test src/lib.rs - inline_rust (line 74) - compile ... FAILED
[INFO] [stdout] 
[INFO] [stdout] failures:
[INFO] [stdout] 
[INFO] [stdout] ---- src/lib.rs - inline_rust (line 74) stdout ----
[INFO] [stdout] error:     Updating crates.io index
[INFO] [stdout]        warning: spurious network error (3 tries remaining): [6] Couldn't resolve host name (Could not resolve host: index.crates.io)
[INFO] [stdout]        warning: spurious network error (2 tries remaining): [6] Couldn't resolve host name (Could not resolve host: index.crates.io)
[INFO] [stdout]        warning: spurious network error (1 tries remaining): [6] Couldn't resolve host name (Could not resolve host: index.crates.io)
[INFO] [stdout]        error: failed to get `sha2` as a dependency of package `inline_rust_d541db9291b98ce6e88e v0.1.0 (/tmp/inline_rust/inline_rust_d541db9291b98ce6e88e)`
[INFO] [stdout]        
[INFO] [stdout]        Caused by:
[INFO] [stdout]          failed to query replaced source registry `crates-io`
[INFO] [stdout]        
[INFO] [stdout]        Caused by:
[INFO] [stdout]          download of config.json failed
[INFO] [stdout]        
[INFO] [stdout]        Caused by:
[INFO] [stdout]          failed to download from `https://index.crates.io/config.json`
[INFO] [stdout]        
[INFO] [stdout]        Caused by:
[INFO] [stdout]          [6] Couldn't resolve host name (Could not resolve host: index.crates.io)
[INFO] [stdout]   --> src/lib.rs:78:34
[INFO] [stdout]    |
[INFO] [stdout] 6  |   const CONST_HASH: &'static str = inline_rust!(
[INFO] [stdout]    |  __________________________________^
[INFO] [stdout] 7  | |     r#"
[INFO] [stdout] 8  | |         [dependencies]
[INFO] [stdout] 9  | |         sha2 = "0.9.8"
[INFO] [stdout] ...  |
[INFO] [stdout] 20 | |     }
[INFO] [stdout] 21 | | );
[INFO] [stdout]    | |_^
[INFO] [stdout]    |
[INFO] [stdout]    = note: this error originates in the macro `inline_rust` (in Nightly builds, run with -Z macro-backtrace for more info)
[INFO] [stdout] 
[INFO] [stdout] error: aborting due to 1 previous error
[INFO] [stdout] 
[INFO] [stdout] Couldn't compile the test.
[INFO] [stdout] 
[INFO] [stdout] failures:
[INFO] [stdout]     src/lib.rs - inline_rust (line 74)
[INFO] [stdout] 
[INFO] [stdout] test result: FAILED. 0 passed; 1 failed; 0 ignored; 0 measured; 0 filtered out; finished in 13.06s
[INFO] [stdout] 
[INFO] [stderr] error: doctest failed, to rerun pass `--doc`
[INFO] running `Command { std: "docker" "inspect" "af86344adddfba17b3e5f696cf3f2576b4204cfb934c9be94467a3425cb89dfe", kill_on_drop: false }`
[INFO] running `Command { std: "docker" "rm" "-f" "af86344adddfba17b3e5f696cf3f2576b4204cfb934c9be94467a3425cb89dfe", kill_on_drop: false }`
[INFO] [stdout] af86344adddfba17b3e5f696cf3f2576b4204cfb934c9be94467a3425cb89dfe
