[INFO] fetching crate inkan 0.0.3...
[INFO] testing inkan-0.0.3 against 1.75.0 for beta-1.76-1
[INFO] extracting crate inkan 0.0.3 into /workspace/builds/worker-5-tc1/source
[INFO] validating manifest of crates.io crate inkan 0.0.3 on toolchain 1.75.0
[INFO] running `Command { std: CARGO_HOME="/workspace/cargo-home" RUSTUP_HOME="/workspace/rustup-home" "/workspace/cargo-home/bin/cargo" "+1.75.0" "metadata" "--manifest-path" "Cargo.toml" "--no-deps", kill_on_drop: false }`
[INFO] started tweaking crates.io crate inkan 0.0.3
[INFO] finished tweaking crates.io crate inkan 0.0.3
[INFO] tweaked toml for crates.io crate inkan 0.0.3 written to /workspace/builds/worker-5-tc1/source/Cargo.toml
[INFO] crate crates.io crate inkan 0.0.3 already has a lockfile, it will not be regenerated
[INFO] running `Command { std: CARGO_HOME="/workspace/cargo-home" RUSTUP_HOME="/workspace/rustup-home" "/workspace/cargo-home/bin/cargo" "+1.75.0" "fetch" "--manifest-path" "Cargo.toml", kill_on_drop: false }`
[INFO] [stderr]     Updating crates.io index
[INFO] [stderr]  Downloading crates ...
[INFO] [stderr]   Downloaded newline-converter v0.2.2
[INFO] [stderr]   Downloaded inquire v0.6.2
[INFO] [stderr]   Downloaded rusqlite_migration v1.0.2
[INFO] [stderr]   Downloaded hashlink v0.8.2
[INFO] [stderr]   Downloaded clap v4.3.1
[INFO] [stderr]   Downloaded clap_builder v4.3.1
[INFO] [stderr]   Downloaded fake v2.6.1
[INFO] [stderr]   Downloaded libc v0.2.145
[INFO] [stderr]   Downloaded bitflags v2.3.1
[INFO] [stderr]   Downloaded unidecode v0.3.0
[INFO] [stderr]   Downloaded clap_derive v4.3.1
[INFO] running `Command { std: "docker" "create" "-v" "/var/lib/crater-agent-workspace/builds/worker-5-tc1/target:/opt/rustwide/target:rw,Z" "-v" "/var/lib/crater-agent-workspace/builds/worker-5-tc1/source:/opt/rustwide/workdir:ro,Z" "-v" "/var/lib/crater-agent-workspace/cargo-home:/opt/rustwide/cargo-home:ro,Z" "-v" "/var/lib/crater-agent-workspace/rustup-home:/opt/rustwide/rustup-home:ro,Z" "-e" "SOURCE_DIR=/opt/rustwide/workdir" "-e" "CARGO_TARGET_DIR=/opt/rustwide/target" "-e" "CARGO_HOME=/opt/rustwide/cargo-home" "-e" "RUSTUP_HOME=/opt/rustwide/rustup-home" "-w" "/opt/rustwide/workdir" "-m" "1610612736" "--user" "0:0" "--network" "none" "ghcr.io/rust-lang/crates-build-env/linux@sha256:2788e3201cd34a07e3172128adcd8b3090168a8e3bcc40d7c032b9dda1df7d1c" "/opt/rustwide/cargo-home/bin/cargo" "+1.75.0" "metadata" "--no-deps" "--format-version=1", kill_on_drop: false }`
[INFO] [stdout] 48462adce72f78a97431974baf63e42580773980fac0083b81450398155ae596
[INFO] running `Command { std: "docker" "start" "-a" "48462adce72f78a97431974baf63e42580773980fac0083b81450398155ae596", kill_on_drop: false }`
[INFO] running `Command { std: "docker" "inspect" "48462adce72f78a97431974baf63e42580773980fac0083b81450398155ae596", kill_on_drop: false }`
[INFO] running `Command { std: "docker" "rm" "-f" "48462adce72f78a97431974baf63e42580773980fac0083b81450398155ae596", kill_on_drop: false }`
[INFO] [stdout] 48462adce72f78a97431974baf63e42580773980fac0083b81450398155ae596
[INFO] running `Command { std: "docker" "create" "-v" "/var/lib/crater-agent-workspace/builds/worker-5-tc1/target:/opt/rustwide/target:rw,Z" "-v" "/var/lib/crater-agent-workspace/builds/worker-5-tc1/source:/opt/rustwide/workdir:ro,Z" "-v" "/var/lib/crater-agent-workspace/cargo-home:/opt/rustwide/cargo-home:ro,Z" "-v" "/var/lib/crater-agent-workspace/rustup-home:/opt/rustwide/rustup-home:ro,Z" "-e" "SOURCE_DIR=/opt/rustwide/workdir" "-e" "CARGO_TARGET_DIR=/opt/rustwide/target" "-e" "CARGO_INCREMENTAL=0" "-e" "RUST_BACKTRACE=full" "-e" "RUSTFLAGS=--cap-lints=warn" "-e" "RUSTDOCFLAGS=--cap-lints=warn" "-e" "CARGO_HOME=/opt/rustwide/cargo-home" "-e" "RUSTUP_HOME=/opt/rustwide/rustup-home" "-w" "/opt/rustwide/workdir" "-m" "1610612736" "--user" "0:0" "--network" "none" "ghcr.io/rust-lang/crates-build-env/linux@sha256:2788e3201cd34a07e3172128adcd8b3090168a8e3bcc40d7c032b9dda1df7d1c" "/opt/rustwide/cargo-home/bin/cargo" "+1.75.0" "build" "--frozen" "--message-format=json", kill_on_drop: false }`
[INFO] [stdout] 410f24d2fedb2a0db7caf225d2b03fbad5d905c502d8c60bec945bad79c619dd
[INFO] running `Command { std: "docker" "start" "-a" "410f24d2fedb2a0db7caf225d2b03fbad5d905c502d8c60bec945bad79c619dd", kill_on_drop: false }`
[INFO] [stderr]    Compiling libc v0.2.145
[INFO] [stderr]    Compiling proc-macro2 v1.0.59
[INFO] [stderr]    Compiling unicode-ident v1.0.9
[INFO] [stderr]    Compiling quote v1.0.28
[INFO] [stderr]    Compiling ahash v0.8.3
[INFO] [stderr]    Compiling pkg-config v0.3.27
[INFO] [stderr]    Compiling cc v1.0.79
[INFO] [stderr]    Compiling io-lifetimes v1.0.11
[INFO] [stderr]    Compiling log v0.4.18
[INFO] [stderr]    Compiling rustix v0.37.19
[INFO] [stderr]    Compiling once_cell v1.18.0
[INFO] [stderr]    Compiling bitflags v2.3.1
[INFO] [stderr]    Compiling fallible-streaming-iterator v0.1.9
[INFO] [stderr]    Compiling linux-raw-sys v0.3.8
[INFO] [stderr]    Compiling fallible-iterator v0.2.0
[INFO] [stderr]    Compiling option-ext v0.2.0
[INFO] [stderr]    Compiling hashbrown v0.13.2
[INFO] [stderr]    Compiling syn v2.0.18
[INFO] [stderr]    Compiling memchr v2.5.0
[INFO] [stderr]    Compiling signal-hook v0.3.15
[INFO] [stderr]    Compiling libsqlite3-sys v0.26.0
[INFO] [stderr]    Compiling hashlink v0.8.2
[INFO] [stderr]    Compiling utf8parse v0.2.1
[INFO] [stderr]    Compiling anstyle-parse v0.2.0
[INFO] [stderr]    Compiling signal-hook-registry v1.4.1
[INFO] [stderr]    Compiling dirs-sys v0.4.1
[INFO] [stderr]    Compiling mio v0.8.8
[INFO] [stderr]    Compiling parking_lot_core v0.9.7
[INFO] [stderr]    Compiling indexmap v1.9.3
[INFO] [stderr]    Compiling num-traits v0.2.15
[INFO] [stderr]    Compiling anstyle-query v1.0.0
[INFO] [stderr]    Compiling serde v1.0.163
[INFO] [stderr]    Compiling anstyle v1.0.0
[INFO] [stderr]    Compiling colorchoice v1.0.0
[INFO] [stderr]    Compiling parking_lot v0.12.1
[INFO] [stderr]    Compiling signal-hook-mio v0.2.3
[INFO] [stderr]    Compiling directories v5.0.1
[INFO] [stderr]    Compiling aho-corasick v1.0.2
[INFO] [stderr]    Compiling regex-syntax v0.7.2
[INFO] [stderr]    Compiling hashbrown v0.12.3
[INFO] [stderr]    Compiling is-terminal v0.4.7
[INFO] [stderr]    Compiling anstream v0.3.2
[INFO] [stderr]    Compiling clap_lex v0.5.0
[INFO] [stderr]    Compiling unicode-segmentation v1.10.1
[INFO] [stderr]    Compiling clap_builder v4.3.1
[INFO] [stderr]    Compiling newline-converter v0.2.2
[INFO] [stderr]    Compiling crossterm v0.25.0
[INFO] [stderr]    Compiling atty v0.2.14
[INFO] [stderr]    Compiling time v0.1.45
[INFO] [stderr]    Compiling getrandom v0.2.9
[INFO] [stderr]    Compiling termcolor v1.2.0
[INFO] [stderr]    Compiling dyn-clone v1.0.11
[INFO] [stderr]    Compiling regex v1.8.3
[INFO] [stderr]    Compiling unsafe-libyaml v0.2.8
[INFO] [stderr]    Compiling unicode-width v0.1.10
[INFO] [stderr]    Compiling chrono v0.4.26
[INFO] [stderr]    Compiling uuid v1.3.3
[INFO] [stderr]    Compiling thiserror-impl v1.0.40
[INFO] [stderr]    Compiling serde_derive v1.0.163
[INFO] [stderr]    Compiling clap_derive v4.3.1
[INFO] [stderr]    Compiling env_logger v0.10.0
[INFO] [stderr]    Compiling colored v2.0.0
[INFO] [stderr]    Compiling thiserror v1.0.40
[INFO] [stderr]    Compiling inquire v0.6.2
[INFO] [stderr]    Compiling dunce v1.0.4
[INFO] [stderr]    Compiling clap v4.3.1
[INFO] [stderr]    Compiling rusqlite v0.29.0
[INFO] [stderr]    Compiling rusqlite_migration v1.0.2
[INFO] [stderr]    Compiling inkan v0.0.3 (/opt/rustwide/workdir)
[INFO] [stderr]    Compiling serde_yaml v0.9.21
[INFO] [stderr]     Finished dev [unoptimized + debuginfo] target(s) in 16.46s
[INFO] running `Command { std: "docker" "inspect" "410f24d2fedb2a0db7caf225d2b03fbad5d905c502d8c60bec945bad79c619dd", kill_on_drop: false }`
[INFO] running `Command { std: "docker" "rm" "-f" "410f24d2fedb2a0db7caf225d2b03fbad5d905c502d8c60bec945bad79c619dd", kill_on_drop: false }`
[INFO] [stdout] 410f24d2fedb2a0db7caf225d2b03fbad5d905c502d8c60bec945bad79c619dd
[INFO] running `Command { std: "docker" "create" "-v" "/var/lib/crater-agent-workspace/builds/worker-5-tc1/target:/opt/rustwide/target:rw,Z" "-v" "/var/lib/crater-agent-workspace/builds/worker-5-tc1/source:/opt/rustwide/workdir:ro,Z" "-v" "/var/lib/crater-agent-workspace/cargo-home:/opt/rustwide/cargo-home:ro,Z" "-v" "/var/lib/crater-agent-workspace/rustup-home:/opt/rustwide/rustup-home:ro,Z" "-e" "SOURCE_DIR=/opt/rustwide/workdir" "-e" "CARGO_TARGET_DIR=/opt/rustwide/target" "-e" "CARGO_INCREMENTAL=0" "-e" "RUST_BACKTRACE=full" "-e" "RUSTFLAGS=--cap-lints=warn" "-e" "RUSTDOCFLAGS=--cap-lints=warn" "-e" "CARGO_HOME=/opt/rustwide/cargo-home" "-e" "RUSTUP_HOME=/opt/rustwide/rustup-home" "-w" "/opt/rustwide/workdir" "-m" "1610612736" "--user" "0:0" "--network" "none" "ghcr.io/rust-lang/crates-build-env/linux@sha256:2788e3201cd34a07e3172128adcd8b3090168a8e3bcc40d7c032b9dda1df7d1c" "/opt/rustwide/cargo-home/bin/cargo" "+1.75.0" "test" "--frozen" "--no-run" "--message-format=json", kill_on_drop: false }`
[INFO] [stdout] 308141b97a87d7c98500a29e2d46d32ce0e67cd1cbb8a52da5201ac4fd3ae6f1
[INFO] running `Command { std: "docker" "start" "-a" "308141b97a87d7c98500a29e2d46d32ce0e67cd1cbb8a52da5201ac4fd3ae6f1", kill_on_drop: false }`
[INFO] [stderr]    Compiling getrandom v0.2.9
[INFO] [stderr]    Compiling unidecode v0.3.0
[INFO] [stderr]    Compiling rand_core v0.6.4
[INFO] [stderr]    Compiling uuid v1.3.3
[INFO] [stderr]    Compiling rand_chacha v0.3.1
[INFO] [stderr]    Compiling inkan v0.0.3 (/opt/rustwide/workdir)
[INFO] [stderr]    Compiling rand v0.8.5
[INFO] [stderr]    Compiling fake v2.6.1
[INFO] [stderr]     Finished test [unoptimized + debuginfo] target(s) in 4.97s
[INFO] running `Command { std: "docker" "inspect" "308141b97a87d7c98500a29e2d46d32ce0e67cd1cbb8a52da5201ac4fd3ae6f1", kill_on_drop: false }`
[INFO] running `Command { std: "docker" "rm" "-f" "308141b97a87d7c98500a29e2d46d32ce0e67cd1cbb8a52da5201ac4fd3ae6f1", kill_on_drop: false }`
[INFO] [stdout] 308141b97a87d7c98500a29e2d46d32ce0e67cd1cbb8a52da5201ac4fd3ae6f1
[INFO] running `Command { std: "docker" "create" "-v" "/var/lib/crater-agent-workspace/builds/worker-5-tc1/target:/opt/rustwide/target:rw,Z" "-v" "/var/lib/crater-agent-workspace/builds/worker-5-tc1/source:/opt/rustwide/workdir:ro,Z" "-v" "/var/lib/crater-agent-workspace/cargo-home:/opt/rustwide/cargo-home:ro,Z" "-v" "/var/lib/crater-agent-workspace/rustup-home:/opt/rustwide/rustup-home:ro,Z" "-e" "SOURCE_DIR=/opt/rustwide/workdir" "-e" "CARGO_TARGET_DIR=/opt/rustwide/target" "-e" "CARGO_INCREMENTAL=0" "-e" "RUST_BACKTRACE=full" "-e" "RUSTFLAGS=--cap-lints=warn" "-e" "RUSTDOCFLAGS=--cap-lints=warn" "-e" "CARGO_HOME=/opt/rustwide/cargo-home" "-e" "RUSTUP_HOME=/opt/rustwide/rustup-home" "-w" "/opt/rustwide/workdir" "-m" "1610612736" "--user" "0:0" "--network" "none" "ghcr.io/rust-lang/crates-build-env/linux@sha256:2788e3201cd34a07e3172128adcd8b3090168a8e3bcc40d7c032b9dda1df7d1c" "/opt/rustwide/cargo-home/bin/cargo" "+1.75.0" "test" "--frozen", kill_on_drop: false }`
[INFO] [stdout] 78066a05f48650446368cee08b33fe8f1fbe53fb83c60ca132e1a4e7ce4c353a
[INFO] running `Command { std: "docker" "start" "-a" "78066a05f48650446368cee08b33fe8f1fbe53fb83c60ca132e1a4e7ce4c353a", kill_on_drop: false }`
[INFO] [stderr]     Finished test [unoptimized + debuginfo] target(s) in 0.08s
[INFO] [stderr]      Running unittests src/lib.rs (/opt/rustwide/target/debug/deps/inkan-c6cc65376d73e62c)
[INFO] [stdout] 
[INFO] [stdout] running 80 tests
[INFO] [stdout] test adapters::git::git_adapter::tests::branch_name_error_on_get_output_system_command ... ok
[INFO] [stdout] test adapters::git::git_adapter::tests::branch_name_add_expected_git_options ... ok
[INFO] [stdout] test adapters::git::git_adapter::tests::checkout_errors_on_get_status_system_command_fail ... ok
[INFO] [stdout] test adapters::git::git_adapter::tests::checkout_existing_branch_adds_expected_git_options ... ok
[INFO] [stdout] test adapters::git::git_adapter::tests::checkout_new_branch_adds_expected_git_options ... ok
[INFO] [stdout] test adapters::git::git_adapter::tests::commit_with_template_errors_on_failed_get_output_system_command ... ok
[INFO] [stdout] test adapters::git::git_adapter::tests::commit_with_template_errors_on_invalid_path ... ok
[INFO] [stdout] test adapters::git::git_adapter::tests::commit_with_template_with_completed_status_adds_expected_options ... ok
[INFO] [stdout] test adapters::git::git_adapter::tests::repository_name_returns_this_repo_name ... ignored
[INFO] [stdout] test adapters::git::git_adapter::tests::repository_name_errors_on_get_output_system_command ... ok
[INFO] [stdout] test adapters::git::git_adapter::tests::commit_with_template_with_incomplete_status_adds_expected_options ... ok
[INFO] [stdout] test adapters::git::git_adapter::tests::root_repository_errors_on_system_command_failure ... ok
[INFO] [stdout] test adapters::prompt::tests::filter_matches_on_contains_value ... ok
[INFO] [stdout] test adapters::git::git_adapter::tests::root_repository_adds_expected_git_options ... ok
[INFO] [stdout] test adapters::prompt::tests::non_matching_are_filtered_out ... ok
[INFO] [stdout] test adapters::store::sqlite::tests::corrupted_config_status_returns_corrupted_error_on_get ... ok
[INFO] [stdout] test adapters::store::sqlite::tests::get_branch_trims_branch_name_before_retrieving ... ok
[INFO] [stdout] test adapters::store::sqlite::tests::get_config_by_key_success ... ok
[INFO] [stdout] test adapters::store::sqlite::tests::attempt_to_get_non_existent_branch_throws_not_found ... ok
[INFO] [stdout] test adapters::store::sqlite::tests::get_config_by_key_that_does_not_exist ... ok
[INFO] [stdout] test adapters::store::sqlite::tests::get_config_by_active ... ok
[INFO] [stdout] test adapters::store::sqlite::tests::corrupted_path_returns_corrupted_error_on_get ... ok
[INFO] [stdout] test adapters::store::sqlite::tests::invalid_stored_created_date_returns_corrupted_error ... ok
[INFO] [stdout] test adapters::store::sqlite::tests::get_branch_retrieves_correct_branch ... ok
[INFO] [stdout] test adapters::store::sqlite::tests::get_list_of_registered_configs ... ok
[INFO] [stdout] test adapters::store::sqlite::tests::persist_branch_creates_a_new_item_if_not_exists ... ok
[INFO] [stdout] test adapters::store::sqlite::tests::persist_config_creates_a_new_item_if_not_exists ... ok
[INFO] [stdout] test app_config::tests::no_user_path_or_valid_repo_dir_defaults_priority_4 ... ok
[INFO] [stdout] test adapters::store::sqlite::tests::persist_config_updates_an_existing_item ... ok
[INFO] [stdout] test adapters::store::sqlite::tests::persist_branch_updates_an_existing_item ... ok
[INFO] [stdout] test adapters::store::sqlite::tests::set_active_config_sets_any_active_configs_to_disabled ... ok
[INFO] [stdout] test adapters::store::sqlite::tests::set_active_checks_row_exists_before_clearing_status ... ok
[INFO] [stdout] test app_config::tests::user_sets_config_file_and_no_config_or_once_off_config_priority_3 ... ok
[INFO] [stdout] test cli::checkout::args::tests::try_into_domain_with_interactive_prompt_is_not_used_if_value_is_already_provided ... ok
[INFO] [stdout] test cli::checkout::args::tests::try_into_domain_with_interactive_prompt_is_used_if_none ... ok
[INFO] [stdout] test cli::commit::args::tests::try_into_domain_with_interactive_prompt_disabled_and_no_template_provided_an_error_is_thrown ... ok
[INFO] [stdout] test cli::checkout::args::tests::try_into_domain_with_no_interactive_prompts ... ok
[INFO] [stdout] test cli::commit::args::tests::try_into_domain_with_interactive_prompt_is_not_used_if_value_is_already_provided ... ok
[INFO] [stdout] test cli::commit::args::tests::try_into_domain_with_interactive_prompt_is_used_if_none ... ok
[INFO] [stdout] test cli::commit::args::tests::try_into_domain_with_no_interactive_prompts ... ok
[INFO] [stdout] test adapters::store::sqlite::tests::set_active_config_success ... ok
[INFO] [stdout] test app_config::tests::repo_dir_with_config_file_overrides_any_user_or_default_config_has_priority_2 ... ok
[INFO] [stdout] test adapters::store::sqlite::tests::on_no_active_config_not_found_thrown ... ok
[INFO] [stdout] test cli::config::args::tests::with_interactive_disabled_select_prompt_errors ... ok
[INFO] [stdout] test cli::context::args::tests::try_into_domain_with_interactive_prompt_is_used_if_none ... ok
[INFO] [stdout] test adapters::store::sqlite::tests::with_no_stored_configs_an_empty_list_is_returned ... ok
[INFO] [stdout] test cli::context::args::tests::try_into_domain_with_interactive_prompt_is_not_used_if_value_is_already_provided ... ok
[INFO] [stdout] test cli::config::args::tests::with_interactive_enabled_select_prompt_is_used ... ok
[INFO] [stdout] test cli::context::args::tests::try_into_domain_with_no_interactive_prompts ... ok
[INFO] [stdout] test domain::commands::commit::args::tests::commit_template_message_is_replaced_with_empty_str ... ok
[INFO] [stdout] test domain::commands::commit::args::tests::commit_message_with_both_args_are_populated ... ok
[INFO] [stdout] test domain::commands::commit::args::tests::commit_template_with_empty_brackets_such_as_markdown_checklist_are_not_removed ... ok
[INFO] [stdout] test domain::commands::commit::args::tests::commit_template_ticket_num_is_replaced_with_branch_name ... ok
[INFO] [stdout] test domain::commands::commit::args::tests::when_ticket_num_is_empty_square_brackets_are_removed ... ok
[INFO] [stdout] test domain::models::branch::tests::creating_branch_without_ticket_defaults_to_name ... ok
[INFO] [stdout] test domain::commands::commit::args::tests::empty_ticket_num_removes_square_brackets ... ok
[INFO] [stdout] test domain::models::path::test::try_from_allow_file_paths_when_path_type_is_file ... ok
[INFO] [stdout] test domain::models::branch::tests::creating_branch_with_ticket_populates_correctly ... ok
[INFO] [stdout] test domain::models::path::test::try_from_allow_directory_paths_when_path_type_is_directory ... ok
[INFO] [stdout] test domain::models::branch::tests::branch_name_is_trimmed ... ok
[INFO] [stdout] test domain::models::path::test::try_from_errors_when_given_directory_paths_and_path_type_is_file ... ok
[INFO] [stdout] test domain::commands::commit::args::tests::empty_scope_removes_parentheses ... ok
[INFO] [stdout] test domain::models::path::test::try_into_non_absolute_path_errors ... ok
[INFO] [stdout] test domain::models::path::test::try_into_path_that_does_not_exists_fails_with_not_exist ... ok
[INFO] [stdout] test domain::models::path::test::try_from_errors_when_given_file_paths_and_path_type_is_directory ... ok
[INFO] [stdout] test domain::models::path::test::try_into_with_absolute_directory_path_maps_to_absolute_path_type ... ok
[INFO] [stdout] test domain::models::path::test::try_into_with_absolute_file_path_maps_to_absolute_path_type ... ok
[INFO] [stdout] test domain::template::tests::hanging_connectors_are_removed ... ok
[INFO] [stdout] test entry::verify_app ... ok
[INFO] [stdout] test domain::template::tests::brackets_match ... ok
[INFO] [stdout] test template_config::tests::get_template_config_errors_on_non_existent_key ... ok
[INFO] [stdout] test template_config::tests::get_template_config_by_name_key ... ok
[INFO] [stdout] test migrations::tests::verify_migration_1 ... ok
[INFO] [stdout] test utils::string::tests::empty_strings_wrapped_in_some_should_be_mapped_to_none ... ok
[INFO] [stdout] test utils::string::tests::non_empty_strings_wrapped_in_some_should_not_be_remapped_to_none ... ok
[INFO] [stdout] test migrations::tests::templates_respect_currently_active_config ... ok
[INFO] [stdout] test migrations::tests::verify_migration_2 ... ok
[INFO] [stdout] test migrations::tests::verify_migration_3_and_4 ... ok
[INFO] [stdout] test migrations::tests::verify_any_custom_user_conventional_is_replaced_via_the_new_default_at_migration_3_and_4 ... ok
[INFO] [stdout] test app_config::tests::once_off_config_has_priority_1 ... FAILED
[INFO] [stdout] 
[INFO] [stdout] failures:
[INFO] [stdout] 
[INFO] [stdout] ---- app_config::tests::once_off_config_has_priority_1 stdout ----
[INFO] [stdout] thread 'app_config::tests::once_off_config_has_priority_1' panicked at src/app_config.rs:130:51:
[INFO] [stdout] called `Result::unwrap()` on an `Err` value: RootDirectory
[INFO] [stdout] stack backtrace:
[INFO] [stdout]    0:     0x559c47965c6c - std::backtrace_rs::backtrace::libunwind::trace::ha637c64ce894333a
[INFO] [stdout]                                at /rustc/82e1608dfa6e0b5569232559e3d385fea5a93112/library/std/src/../../backtrace/src/backtrace/libunwind.rs:104:5
[INFO] [stdout]    1:     0x559c47965c6c - std::backtrace_rs::backtrace::trace_unsynchronized::h47f62dea28e0c88d
[INFO] [stdout]                                at /rustc/82e1608dfa6e0b5569232559e3d385fea5a93112/library/std/src/../../backtrace/src/backtrace/mod.rs:66:5
[INFO] [stdout]    2:     0x559c47965c6c - std::sys_common::backtrace::_print_fmt::h9eef0abe20ede486
[INFO] [stdout]                                at /rustc/82e1608dfa6e0b5569232559e3d385fea5a93112/library/std/src/sys_common/backtrace.rs:67:5
[INFO] [stdout]    3:     0x559c47965c6c - <std::sys_common::backtrace::_print::DisplayBacktrace as core::fmt::Display>::fmt::hed7f999df88cc644
[INFO] [stdout]                                at /rustc/82e1608dfa6e0b5569232559e3d385fea5a93112/library/std/src/sys_common/backtrace.rs:44:22
[INFO] [stdout]    4:     0x559c47990b90 - core::fmt::rt::Argument::fmt::h1539a9308b8d058d
[INFO] [stdout]                                at /rustc/82e1608dfa6e0b5569232559e3d385fea5a93112/library/core/src/fmt/rt.rs:142:9
[INFO] [stdout]    5:     0x559c47990b90 - core::fmt::write::h3a39390d8560d9c9
[INFO] [stdout]                                at /rustc/82e1608dfa6e0b5569232559e3d385fea5a93112/library/core/src/fmt/mod.rs:1120:17
[INFO] [stdout]    6:     0x559c4796317f - std::io::Write::write_fmt::h040b369f3a0f9cbc
[INFO] [stdout]                                at /rustc/82e1608dfa6e0b5569232559e3d385fea5a93112/library/std/src/io/mod.rs:1762:15
[INFO] [stdout]    7:     0x559c47965a54 - std::sys_common::backtrace::_print::h894006fb5c6f3d45
[INFO] [stdout]                                at /rustc/82e1608dfa6e0b5569232559e3d385fea5a93112/library/std/src/sys_common/backtrace.rs:47:5
[INFO] [stdout]    8:     0x559c47965a54 - std::sys_common::backtrace::print::h23a2d212c6fff936
[INFO] [stdout]                                at /rustc/82e1608dfa6e0b5569232559e3d385fea5a93112/library/std/src/sys_common/backtrace.rs:34:9
[INFO] [stdout]    9:     0x559c47967717 - std::panicking::default_hook::{{closure}}::h8a1d2ee00185001a
[INFO] [stdout]   10:     0x559c47967403 - std::panicking::default_hook::h6038f2eba384e475
[INFO] [stdout]                                at /rustc/82e1608dfa6e0b5569232559e3d385fea5a93112/library/std/src/panicking.rs:289:9
[INFO] [stdout]   11:     0x559c476e1377 - <alloc::boxed::Box<F,A> as core::ops::function::Fn<Args>>::call::h0ad024c9bdc6d768
[INFO] [stdout]                                at /rustc/82e1608dfa6e0b5569232559e3d385fea5a93112/library/alloc/src/boxed.rs:2021:9
[INFO] [stdout]   12:     0x559c476e1377 - test::test_main::{{closure}}::h7500b54257359db6
[INFO] [stdout]                                at /rustc/82e1608dfa6e0b5569232559e3d385fea5a93112/library/test/src/lib.rs:138:21
[INFO] [stdout]   13:     0x559c47967d28 - <alloc::boxed::Box<F,A> as core::ops::function::Fn<Args>>::call::h1f8f335eaa9cfaee
[INFO] [stdout]                                at /rustc/82e1608dfa6e0b5569232559e3d385fea5a93112/library/alloc/src/boxed.rs:2021:9
[INFO] [stdout]   14:     0x559c47967d28 - std::panicking::rust_panic_with_hook::h2b5517d590cab22e
[INFO] [stdout]                                at /rustc/82e1608dfa6e0b5569232559e3d385fea5a93112/library/std/src/panicking.rs:783:13
[INFO] [stdout]   15:     0x559c47967a7e - std::panicking::begin_panic_handler::{{closure}}::h233112c06e0ef43e
[INFO] [stdout]                                at /rustc/82e1608dfa6e0b5569232559e3d385fea5a93112/library/std/src/panicking.rs:657:13
[INFO] [stdout]   16:     0x559c47966136 - std::sys_common::backtrace::__rust_end_short_backtrace::h6e893f24d7ebbff8
[INFO] [stdout]                                at /rustc/82e1608dfa6e0b5569232559e3d385fea5a93112/library/std/src/sys_common/backtrace.rs:170:18
[INFO] [stdout]   17:     0x559c479677e2 - rust_begin_unwind
[INFO] [stdout]                                at /rustc/82e1608dfa6e0b5569232559e3d385fea5a93112/library/std/src/panicking.rs:645:5
[INFO] [stdout]   18:     0x559c47619435 - core::panicking::panic_fmt::hbf0e066aabfa482c
[INFO] [stdout]                                at /rustc/82e1608dfa6e0b5569232559e3d385fea5a93112/library/core/src/panicking.rs:72:14
[INFO] [stdout]   19:     0x559c47619a03 - core::result::unwrap_failed::hddb4fea594200c52
[INFO] [stdout]                                at /rustc/82e1608dfa6e0b5569232559e3d385fea5a93112/library/core/src/result.rs:1653:5
[INFO] [stdout]   20:     0x559c47622d8c - core::result::Result<T,E>::unwrap::h43f60fa67397dc2d
[INFO] [stdout]                                at /rustc/82e1608dfa6e0b5569232559e3d385fea5a93112/library/core/src/result.rs:1077:23
[INFO] [stdout]   21:     0x559c47680e02 - inkan::app_config::tests::once_off_config_has_priority_1::h4554925176ab1ffb
[INFO] [stdout]                                at /opt/rustwide/workdir/src/app_config.rs:130:30
[INFO] [stdout]   22:     0x559c47680d57 - inkan::app_config::tests::once_off_config_has_priority_1::{{closure}}::ha166d3d9ed086699
[INFO] [stdout]                                at /opt/rustwide/workdir/src/app_config.rs:126:40
[INFO] [stdout]   23:     0x559c4768ea36 - core::ops::function::FnOnce::call_once::hec8459410031bf0e
[INFO] [stdout]                                at /rustc/82e1608dfa6e0b5569232559e3d385fea5a93112/library/core/src/ops/function.rs:250:5
[INFO] [stdout]   24:     0x559c476e69cf - core::ops::function::FnOnce::call_once::h2b5d431d5046312d
[INFO] [stdout]                                at /rustc/82e1608dfa6e0b5569232559e3d385fea5a93112/library/core/src/ops/function.rs:250:5
[INFO] [stdout]   25:     0x559c476e69cf - test::__rust_begin_short_backtrace::h7714669af176e207
[INFO] [stdout]                                at /rustc/82e1608dfa6e0b5569232559e3d385fea5a93112/library/test/src/lib.rs:628:18
[INFO] [stdout]   26:     0x559c476e59e5 - test::run_test_in_process::{{closure}}::h85218797dcbcec12
[INFO] [stdout]                                at /rustc/82e1608dfa6e0b5569232559e3d385fea5a93112/library/test/src/lib.rs:651:60
[INFO] [stdout]   27:     0x559c476e59e5 - <core::panic::unwind_safe::AssertUnwindSafe<F> as core::ops::function::FnOnce<()>>::call_once::h76c106ea31c14d7b
[INFO] [stdout]                                at /rustc/82e1608dfa6e0b5569232559e3d385fea5a93112/library/core/src/panic/unwind_safe.rs:272:9
[INFO] [stdout]   28:     0x559c476e59e5 - std::panicking::try::do_call::h3bd5d0f6620ee946
[INFO] [stdout]                                at /rustc/82e1608dfa6e0b5569232559e3d385fea5a93112/library/std/src/panicking.rs:552:40
[INFO] [stdout]   29:     0x559c476e59e5 - std::panicking::try::h232e535e4744fe31
[INFO] [stdout]                                at /rustc/82e1608dfa6e0b5569232559e3d385fea5a93112/library/std/src/panicking.rs:516:19
[INFO] [stdout]   30:     0x559c476e59e5 - std::panic::catch_unwind::h3ce3bd6ca8dbac68
[INFO] [stdout]                                at /rustc/82e1608dfa6e0b5569232559e3d385fea5a93112/library/std/src/panic.rs:142:14
[INFO] [stdout]   31:     0x559c476e59e5 - test::run_test_in_process::hc97b257c9621286a
[INFO] [stdout]                                at /rustc/82e1608dfa6e0b5569232559e3d385fea5a93112/library/test/src/lib.rs:651:27
[INFO] [stdout]   32:     0x559c476e59e5 - test::run_test::{{closure}}::h2aa798823a438d38
[INFO] [stdout]                                at /rustc/82e1608dfa6e0b5569232559e3d385fea5a93112/library/test/src/lib.rs:574:43
[INFO] [stdout]   33:     0x559c476adca6 - test::run_test::{{closure}}::h87d231c78fb59832
[INFO] [stdout]                                at /rustc/82e1608dfa6e0b5569232559e3d385fea5a93112/library/test/src/lib.rs:602:41
[INFO] [stdout]   34:     0x559c476adca6 - std::sys_common::backtrace::__rust_begin_short_backtrace::he6df152596625789
[INFO] [stdout]                                at /rustc/82e1608dfa6e0b5569232559e3d385fea5a93112/library/std/src/sys_common/backtrace.rs:154:18
[INFO] [stdout]   35:     0x559c476b2d57 - std::thread::Builder::spawn_unchecked_::{{closure}}::{{closure}}::ha94be15d1e0acf36
[INFO] [stdout]                                at /rustc/82e1608dfa6e0b5569232559e3d385fea5a93112/library/std/src/thread/mod.rs:529:17
[INFO] [stdout]   36:     0x559c476b2d57 - <core::panic::unwind_safe::AssertUnwindSafe<F> as core::ops::function::FnOnce<()>>::call_once::h9dc6bd6372f16606
[INFO] [stdout]                                at /rustc/82e1608dfa6e0b5569232559e3d385fea5a93112/library/core/src/panic/unwind_safe.rs:272:9
[INFO] [stdout]   37:     0x559c476b2d57 - std::panicking::try::do_call::h9057517f80303cd4
[INFO] [stdout]                                at /rustc/82e1608dfa6e0b5569232559e3d385fea5a93112/library/std/src/panicking.rs:552:40
[INFO] [stdout]   38:     0x559c476b2d57 - std::panicking::try::he3a30b11ee45340c
[INFO] [stdout]                                at /rustc/82e1608dfa6e0b5569232559e3d385fea5a93112/library/std/src/panicking.rs:516:19
[INFO] [stdout]   39:     0x559c476b2d57 - std::panic::catch_unwind::h410458cfd3528b8b
[INFO] [stdout]                                at /rustc/82e1608dfa6e0b5569232559e3d385fea5a93112/library/std/src/panic.rs:142:14
[INFO] [stdout]   40:     0x559c476b2d57 - std::thread::Builder::spawn_unchecked_::{{closure}}::h72ac3bdb567b737b
[INFO] [stdout]                                at /rustc/82e1608dfa6e0b5569232559e3d385fea5a93112/library/std/src/thread/mod.rs:528:30
[INFO] [stdout]   41:     0x559c476b2d57 - core::ops::function::FnOnce::call_once{{vtable.shim}}::h38f34da3654a8344
[INFO] [stdout]                                at /rustc/82e1608dfa6e0b5569232559e3d385fea5a93112/library/core/src/ops/function.rs:250:5
[INFO] [stdout]   42:     0x559c4796ca65 - <alloc::boxed::Box<F,A> as core::ops::function::FnOnce<Args>>::call_once::hc7eafaff61e32df9
[INFO] [stdout]                                at /rustc/82e1608dfa6e0b5569232559e3d385fea5a93112/library/alloc/src/boxed.rs:2007:9
[INFO] [stdout]   43:     0x559c4796ca65 - <alloc::boxed::Box<F,A> as core::ops::function::FnOnce<Args>>::call_once::h6ba4a5de48dd2304
[INFO] [stdout]                                at /rustc/82e1608dfa6e0b5569232559e3d385fea5a93112/library/alloc/src/boxed.rs:2007:9
[INFO] [stdout]   44:     0x559c4796ca65 - std::sys::unix::thread::Thread::new::thread_start::he469335aef763e45
[INFO] [stdout]                                at /rustc/82e1608dfa6e0b5569232559e3d385fea5a93112/library/std/src/sys/unix/thread.rs:108:17
[INFO] [stdout]   45:     0x7fefd0ee6ac3 - <unknown>
[INFO] [stdout]   46:     0x7fefd0f77bf4 - __clone
[INFO] [stdout]   47:                0x0 - <unknown>
[INFO] [stdout] 
[INFO] [stdout] 
[INFO] [stdout] failures:
[INFO] [stdout]     app_config::tests::once_off_config_has_priority_1
[INFO] [stdout] 
[INFO] [stdout] test result: FAILED. 78 passed; 1 failed; 1 ignored; 0 measured; 0 filtered out; finished in 0.08s
[INFO] [stdout] 
[INFO] [stderr] error: test failed, to rerun pass `--lib`
[INFO] running `Command { std: "docker" "inspect" "78066a05f48650446368cee08b33fe8f1fbe53fb83c60ca132e1a4e7ce4c353a", kill_on_drop: false }`
[INFO] running `Command { std: "docker" "rm" "-f" "78066a05f48650446368cee08b33fe8f1fbe53fb83c60ca132e1a4e7ce4c353a", kill_on_drop: false }`
[INFO] [stdout] 78066a05f48650446368cee08b33fe8f1fbe53fb83c60ca132e1a4e7ce4c353a
