[INFO] fetching crate informalsystems-tonic-build 0.5.2...
[INFO] testing informalsystems-tonic-build-0.5.2 against 1.75.0 for beta-1.76-1
[INFO] extracting crate informalsystems-tonic-build 0.5.2 into /workspace/builds/worker-1-tc1/source
[INFO] validating manifest of crates.io crate informalsystems-tonic-build 0.5.2 on toolchain 1.75.0
[INFO] running `Command { std: CARGO_HOME="/workspace/cargo-home" RUSTUP_HOME="/workspace/rustup-home" "/workspace/cargo-home/bin/cargo" "+1.75.0" "metadata" "--manifest-path" "Cargo.toml" "--no-deps", kill_on_drop: false }`
[INFO] started tweaking crates.io crate informalsystems-tonic-build 0.5.2
[INFO] finished tweaking crates.io crate informalsystems-tonic-build 0.5.2
[INFO] tweaked toml for crates.io crate informalsystems-tonic-build 0.5.2 written to /workspace/builds/worker-1-tc1/source/Cargo.toml
[INFO] running `Command { std: CARGO_HOME="/workspace/cargo-home" RUSTUP_HOME="/workspace/rustup-home" "/workspace/cargo-home/bin/cargo" "+1.75.0" "generate-lockfile" "--manifest-path" "Cargo.toml", kill_on_drop: false }`
[INFO] [stderr]     Updating crates.io index
[INFO] running `Command { std: CARGO_HOME="/workspace/cargo-home" RUSTUP_HOME="/workspace/rustup-home" "/workspace/cargo-home/bin/cargo" "+1.75.0" "fetch" "--manifest-path" "Cargo.toml", kill_on_drop: false }`
[INFO] [stderr]  Downloading crates ...
[INFO] [stderr]   Downloaded informalsystems-prost-derive v0.8.1
[INFO] [stderr]   Downloaded informalsystems-prost v0.8.1
[INFO] [stderr]   Downloaded informalsystems-prost-types v0.8.1
[INFO] [stderr]   Downloaded informalsystems-prost-build v0.8.1
[INFO] running `Command { std: "docker" "create" "-v" "/var/lib/crater-agent-workspace/builds/worker-1-tc1/target:/opt/rustwide/target:rw,Z" "-v" "/var/lib/crater-agent-workspace/builds/worker-1-tc1/source:/opt/rustwide/workdir:ro,Z" "-v" "/var/lib/crater-agent-workspace/cargo-home:/opt/rustwide/cargo-home:ro,Z" "-v" "/var/lib/crater-agent-workspace/rustup-home:/opt/rustwide/rustup-home:ro,Z" "-e" "SOURCE_DIR=/opt/rustwide/workdir" "-e" "CARGO_TARGET_DIR=/opt/rustwide/target" "-e" "CARGO_HOME=/opt/rustwide/cargo-home" "-e" "RUSTUP_HOME=/opt/rustwide/rustup-home" "-w" "/opt/rustwide/workdir" "-m" "1610612736" "--user" "0:0" "--network" "none" "ghcr.io/rust-lang/crates-build-env/linux@sha256:2788e3201cd34a07e3172128adcd8b3090168a8e3bcc40d7c032b9dda1df7d1c" "/opt/rustwide/cargo-home/bin/cargo" "+1.75.0" "metadata" "--no-deps" "--format-version=1", kill_on_drop: false }`
[INFO] [stdout] 4f55a834841eef0964cf161a713930ab50423f9bf5abf2c302bf6a8325ba87f1
[INFO] running `Command { std: "docker" "start" "-a" "4f55a834841eef0964cf161a713930ab50423f9bf5abf2c302bf6a8325ba87f1", kill_on_drop: false }`
[INFO] running `Command { std: "docker" "inspect" "4f55a834841eef0964cf161a713930ab50423f9bf5abf2c302bf6a8325ba87f1", kill_on_drop: false }`
[INFO] running `Command { std: "docker" "rm" "-f" "4f55a834841eef0964cf161a713930ab50423f9bf5abf2c302bf6a8325ba87f1", kill_on_drop: false }`
[INFO] [stdout] 4f55a834841eef0964cf161a713930ab50423f9bf5abf2c302bf6a8325ba87f1
[INFO] running `Command { std: "docker" "create" "-v" "/var/lib/crater-agent-workspace/builds/worker-1-tc1/target:/opt/rustwide/target:rw,Z" "-v" "/var/lib/crater-agent-workspace/builds/worker-1-tc1/source:/opt/rustwide/workdir:ro,Z" "-v" "/var/lib/crater-agent-workspace/cargo-home:/opt/rustwide/cargo-home:ro,Z" "-v" "/var/lib/crater-agent-workspace/rustup-home:/opt/rustwide/rustup-home:ro,Z" "-e" "SOURCE_DIR=/opt/rustwide/workdir" "-e" "CARGO_TARGET_DIR=/opt/rustwide/target" "-e" "CARGO_INCREMENTAL=0" "-e" "RUST_BACKTRACE=full" "-e" "RUSTFLAGS=--cap-lints=warn" "-e" "RUSTDOCFLAGS=--cap-lints=warn" "-e" "CARGO_HOME=/opt/rustwide/cargo-home" "-e" "RUSTUP_HOME=/opt/rustwide/rustup-home" "-w" "/opt/rustwide/workdir" "-m" "1610612736" "--user" "0:0" "--network" "none" "ghcr.io/rust-lang/crates-build-env/linux@sha256:2788e3201cd34a07e3172128adcd8b3090168a8e3bcc40d7c032b9dda1df7d1c" "/opt/rustwide/cargo-home/bin/cargo" "+1.75.0" "build" "--frozen" "--message-format=json", kill_on_drop: false }`
[INFO] [stdout] aaebf9a3e40b800768e7cb7e113a7c4cb64c8d3cc9a03a6bb383ed7a725d6cb2
[INFO] running `Command { std: "docker" "start" "-a" "aaebf9a3e40b800768e7cb7e113a7c4cb64c8d3cc9a03a6bb383ed7a725d6cb2", kill_on_drop: false }`
[INFO] [stderr]    Compiling either v1.9.0
[INFO] [stderr]    Compiling rustix v0.38.28
[INFO] [stderr]    Compiling unicode-ident v1.0.12
[INFO] [stderr]    Compiling anyhow v1.0.79
[INFO] [stderr]    Compiling bitflags v2.4.1
[INFO] [stderr]    Compiling linux-raw-sys v0.4.12
[INFO] [stderr]    Compiling syn v1.0.109
[INFO] [stderr]    Compiling proc-macro2 v1.0.75
[INFO] [stderr]    Compiling home v0.5.9
[INFO] [stderr]    Compiling itertools v0.10.5
[INFO] [stderr]    Compiling hashbrown v0.14.3
[INFO] [stderr]    Compiling bytes v1.5.0
[INFO] [stderr]    Compiling equivalent v1.0.1
[INFO] [stderr]    Compiling fastrand v2.0.1
[INFO] [stderr]    Compiling unicode-segmentation v1.10.1
[INFO] [stderr]    Compiling quote v1.0.35
[INFO] [stderr]    Compiling indexmap v2.1.0
[INFO] [stderr]    Compiling fixedbitset v0.4.2
[INFO] [stderr]    Compiling heck v0.3.3
[INFO] [stderr]    Compiling log v0.4.20
[INFO] [stderr]    Compiling multimap v0.8.3
[INFO] [stderr]    Compiling petgraph v0.6.4
[INFO] [stderr]    Compiling which v4.4.2
[INFO] [stderr]    Compiling tempfile v3.9.0
[INFO] [stderr]    Compiling informalsystems-prost-build v0.8.1
[INFO] [stderr]    Compiling informalsystems-prost-derive v0.8.1
[INFO] [stderr]    Compiling informalsystems-prost v0.8.1
[INFO] [stderr]    Compiling informalsystems-prost-types v0.8.1
[INFO] [stderr]    Compiling informalsystems-tonic-build v0.5.2 (/opt/rustwide/workdir)
[INFO] [stderr]     Finished dev [unoptimized + debuginfo] target(s) in 10.09s
[INFO] running `Command { std: "docker" "inspect" "aaebf9a3e40b800768e7cb7e113a7c4cb64c8d3cc9a03a6bb383ed7a725d6cb2", kill_on_drop: false }`
[INFO] running `Command { std: "docker" "rm" "-f" "aaebf9a3e40b800768e7cb7e113a7c4cb64c8d3cc9a03a6bb383ed7a725d6cb2", kill_on_drop: false }`
[INFO] [stdout] aaebf9a3e40b800768e7cb7e113a7c4cb64c8d3cc9a03a6bb383ed7a725d6cb2
[INFO] running `Command { std: "docker" "create" "-v" "/var/lib/crater-agent-workspace/builds/worker-1-tc1/target:/opt/rustwide/target:rw,Z" "-v" "/var/lib/crater-agent-workspace/builds/worker-1-tc1/source:/opt/rustwide/workdir:ro,Z" "-v" "/var/lib/crater-agent-workspace/cargo-home:/opt/rustwide/cargo-home:ro,Z" "-v" "/var/lib/crater-agent-workspace/rustup-home:/opt/rustwide/rustup-home:ro,Z" "-e" "SOURCE_DIR=/opt/rustwide/workdir" "-e" "CARGO_TARGET_DIR=/opt/rustwide/target" "-e" "CARGO_INCREMENTAL=0" "-e" "RUST_BACKTRACE=full" "-e" "RUSTFLAGS=--cap-lints=warn" "-e" "RUSTDOCFLAGS=--cap-lints=warn" "-e" "CARGO_HOME=/opt/rustwide/cargo-home" "-e" "RUSTUP_HOME=/opt/rustwide/rustup-home" "-w" "/opt/rustwide/workdir" "-m" "1610612736" "--user" "0:0" "--network" "none" "ghcr.io/rust-lang/crates-build-env/linux@sha256:2788e3201cd34a07e3172128adcd8b3090168a8e3bcc40d7c032b9dda1df7d1c" "/opt/rustwide/cargo-home/bin/cargo" "+1.75.0" "test" "--frozen" "--no-run" "--message-format=json", kill_on_drop: false }`
[INFO] [stdout] 6f294b3cc4663ef82f0a81c22f2f2fb578bc7ea0dce80e7b0394332102241ef2
[INFO] running `Command { std: "docker" "start" "-a" "6f294b3cc4663ef82f0a81c22f2f2fb578bc7ea0dce80e7b0394332102241ef2", kill_on_drop: false }`
[INFO] [stderr]    Compiling informalsystems-tonic-build v0.5.2 (/opt/rustwide/workdir)
[INFO] [stderr]     Finished test [unoptimized + debuginfo] target(s) in 1.68s
[INFO] running `Command { std: "docker" "inspect" "6f294b3cc4663ef82f0a81c22f2f2fb578bc7ea0dce80e7b0394332102241ef2", kill_on_drop: false }`
[INFO] running `Command { std: "docker" "rm" "-f" "6f294b3cc4663ef82f0a81c22f2f2fb578bc7ea0dce80e7b0394332102241ef2", kill_on_drop: false }`
[INFO] [stdout] 6f294b3cc4663ef82f0a81c22f2f2fb578bc7ea0dce80e7b0394332102241ef2
[INFO] running `Command { std: "docker" "create" "-v" "/var/lib/crater-agent-workspace/builds/worker-1-tc1/target:/opt/rustwide/target:rw,Z" "-v" "/var/lib/crater-agent-workspace/builds/worker-1-tc1/source:/opt/rustwide/workdir:ro,Z" "-v" "/var/lib/crater-agent-workspace/cargo-home:/opt/rustwide/cargo-home:ro,Z" "-v" "/var/lib/crater-agent-workspace/rustup-home:/opt/rustwide/rustup-home:ro,Z" "-e" "SOURCE_DIR=/opt/rustwide/workdir" "-e" "CARGO_TARGET_DIR=/opt/rustwide/target" "-e" "CARGO_INCREMENTAL=0" "-e" "RUST_BACKTRACE=full" "-e" "RUSTFLAGS=--cap-lints=warn" "-e" "RUSTDOCFLAGS=--cap-lints=warn" "-e" "CARGO_HOME=/opt/rustwide/cargo-home" "-e" "RUSTUP_HOME=/opt/rustwide/rustup-home" "-w" "/opt/rustwide/workdir" "-m" "1610612736" "--user" "0:0" "--network" "none" "ghcr.io/rust-lang/crates-build-env/linux@sha256:2788e3201cd34a07e3172128adcd8b3090168a8e3bcc40d7c032b9dda1df7d1c" "/opt/rustwide/cargo-home/bin/cargo" "+1.75.0" "test" "--frozen", kill_on_drop: false }`
[INFO] [stdout] 133ed164a3d07516f57b4794f31352a90d2e8ba78fd42d72a3e7037af3d6936e
[INFO] running `Command { std: "docker" "start" "-a" "133ed164a3d07516f57b4794f31352a90d2e8ba78fd42d72a3e7037af3d6936e", kill_on_drop: false }`
[INFO] [stderr]     Finished test [unoptimized + debuginfo] target(s) in 0.05s
[INFO] [stderr]      Running unittests src/lib.rs (/opt/rustwide/target/debug/deps/informalsystems_tonic_build-f579412a8f9932a1)
[INFO] [stdout] 
[INFO] [stdout] running 2 tests
[INFO] [stdout] test tests::test_match_name ... ok
[INFO] [stdout] test tests::test_snake_case ... ok
[INFO] [stdout] 
[INFO] [stdout] test result: ok. 2 passed; 0 failed; 0 ignored; 0 measured; 0 filtered out; finished in 0.01s
[INFO] [stdout] 
[INFO] [stderr]    Doc-tests informalsystems-tonic-build
[INFO] [stderr] warning: lint `broken_intra_doc_links` has been renamed to `rustdoc::broken_intra_doc_links`
[INFO] [stderr]   --> src/lib.rs:70:9
[INFO] [stderr]    |
[INFO] [stderr] 70 | #![deny(broken_intra_doc_links)]
[INFO] [stderr]    |         ^^^^^^^^^^^^^^^^^^^^^^ help: use the new name: `rustdoc::broken_intra_doc_links`
[INFO] [stderr]    |
[INFO] [stderr]    = note: `#[warn(renamed_and_removed_lints)]` on by default
[INFO] [stderr] 
[INFO] [stderr] warning: 1 warning emitted
[INFO] [stderr] 
[INFO] [stdout] 
[INFO] [stdout] running 4 tests
[INFO] [stdout] test src/lib.rs - (line 24) - compile ... FAILED
[INFO] [stdout] test src/lib.rs - Attributes::push_struct (line 193) ... FAILED
[INFO] [stdout] test src/lib.rs - Attributes::push_mod (line 180) ... FAILED
[INFO] [stdout] test src/lib.rs - (line 33) - compile ... FAILED
[INFO] [stdout] 
[INFO] [stdout] failures:
[INFO] [stdout] 
[INFO] [stdout] ---- src/lib.rs - (line 24) stdout ----
[INFO] [stdout] error[E0433]: failed to resolve: use of undeclared crate or module `tonic_build`
[INFO] [stdout]  --> src/lib.rs:26:5
[INFO] [stdout]   |
[INFO] [stdout] 3 |     tonic_build::compile_protos("proto/service.proto")?;
[INFO] [stdout]   |     ^^^^^^^^^^^ use of undeclared crate or module `tonic_build`
[INFO] [stdout] 
[INFO] [stdout] error: aborting due to previous error
[INFO] [stdout] 
[INFO] [stdout] For more information about this error, try `rustc --explain E0433`.
[INFO] [stdout] Couldn't compile the test.
[INFO] [stdout] ---- src/lib.rs - Attributes::push_struct (line 193) stdout ----
[INFO] [stdout] error[E0432]: unresolved import `tonic_build`
[INFO] [stdout]  --> src/lib.rs:194:5
[INFO] [stdout]   |
[INFO] [stdout] 3 | use tonic_build::*;
[INFO] [stdout]   |     ^^^^^^^^^^^ use of undeclared crate or module `tonic_build`
[INFO] [stdout] 
[INFO] [stdout] error[E0433]: failed to resolve: use of undeclared type `Attributes`
[INFO] [stdout]  --> src/lib.rs:195:22
[INFO] [stdout]   |
[INFO] [stdout] 4 | let mut attributes = Attributes::default();
[INFO] [stdout]   |                      ^^^^^^^^^^ use of undeclared type `Attributes`
[INFO] [stdout]   |
[INFO] [stdout] help: consider importing this struct
[INFO] [stdout]   |
[INFO] [stdout] 2 + use informalsystems_tonic_build::Attributes;
[INFO] [stdout]   |
[INFO] [stdout] 
[INFO] [stdout] error: aborting due to 2 previous errors
[INFO] [stdout] 
[INFO] [stdout] Some errors have detailed explanations: E0432, E0433.
[INFO] [stdout] For more information about an error, try `rustc --explain E0432`.
[INFO] [stdout] Couldn't compile the test.
[INFO] [stdout] ---- src/lib.rs - Attributes::push_mod (line 180) stdout ----
[INFO] [stdout] error[E0432]: unresolved import `tonic_build`
[INFO] [stdout]  --> src/lib.rs:181:5
[INFO] [stdout]   |
[INFO] [stdout] 3 | use tonic_build::*;
[INFO] [stdout]   |     ^^^^^^^^^^^ use of undeclared crate or module `tonic_build`
[INFO] [stdout] 
[INFO] [stdout] error[E0433]: failed to resolve: use of undeclared type `Attributes`
[INFO] [stdout]  --> src/lib.rs:182:22
[INFO] [stdout]   |
[INFO] [stdout] 4 | let mut attributes = Attributes::default();
[INFO] [stdout]   |                      ^^^^^^^^^^ use of undeclared type `Attributes`
[INFO] [stdout]   |
[INFO] [stdout] help: consider importing this struct
[INFO] [stdout]   |
[INFO] [stdout] 2 + use informalsystems_tonic_build::Attributes;
[INFO] [stdout]   |
[INFO] [stdout] 
[INFO] [stdout] error: aborting due to 2 previous errors
[INFO] [stdout] 
[INFO] [stdout] Some errors have detailed explanations: E0432, E0433.
[INFO] [stdout] For more information about an error, try `rustc --explain E0432`.
[INFO] [stdout] Couldn't compile the test.
[INFO] [stdout] ---- src/lib.rs - (line 33) stdout ----
[INFO] [stdout] error[E0433]: failed to resolve: use of undeclared crate or module `tonic_build`
[INFO] [stdout]  --> src/lib.rs:35:4
[INFO] [stdout]   |
[INFO] [stdout] 3 |    tonic_build::configure()
[INFO] [stdout]   |    ^^^^^^^^^^^ use of undeclared crate or module `tonic_build`
[INFO] [stdout] 
[INFO] [stdout] error: aborting due to previous error
[INFO] [stdout] 
[INFO] [stdout] For more information about this error, try `rustc --explain E0433`.
[INFO] [stdout] Couldn't compile the test.
[INFO] [stdout] 
[INFO] [stdout] failures:
[INFO] [stdout]     src/lib.rs - (line 24)
[INFO] [stdout]     src/lib.rs - (line 33)
[INFO] [stdout]     src/lib.rs - Attributes::push_mod (line 180)
[INFO] [stdout]     src/lib.rs - Attributes::push_struct (line 193)
[INFO] [stdout] 
[INFO] [stdout] test result: FAILED. 0 passed; 4 failed; 0 ignored; 0 measured; 0 filtered out; finished in 0.16s
[INFO] [stdout] 
[INFO] [stderr] error: doctest failed, to rerun pass `--doc`
[INFO] running `Command { std: "docker" "inspect" "133ed164a3d07516f57b4794f31352a90d2e8ba78fd42d72a3e7037af3d6936e", kill_on_drop: false }`
[INFO] running `Command { std: "docker" "rm" "-f" "133ed164a3d07516f57b4794f31352a90d2e8ba78fd42d72a3e7037af3d6936e", kill_on_drop: false }`
[INFO] [stdout] 133ed164a3d07516f57b4794f31352a90d2e8ba78fd42d72a3e7037af3d6936e
