[INFO] fetching crate informalsystems-prost-build 0.8.1...
[INFO] testing informalsystems-prost-build-0.8.1 against 1.75.0 for beta-1.76-1
[INFO] extracting crate informalsystems-prost-build 0.8.1 into /workspace/builds/worker-1-tc1/source
[INFO] validating manifest of crates.io crate informalsystems-prost-build 0.8.1 on toolchain 1.75.0
[INFO] running `Command { std: CARGO_HOME="/workspace/cargo-home" RUSTUP_HOME="/workspace/rustup-home" "/workspace/cargo-home/bin/cargo" "+1.75.0" "metadata" "--manifest-path" "Cargo.toml" "--no-deps", kill_on_drop: false }`
[INFO] started tweaking crates.io crate informalsystems-prost-build 0.8.1
[INFO] finished tweaking crates.io crate informalsystems-prost-build 0.8.1
[INFO] tweaked toml for crates.io crate informalsystems-prost-build 0.8.1 written to /workspace/builds/worker-1-tc1/source/Cargo.toml
[INFO] running `Command { std: CARGO_HOME="/workspace/cargo-home" RUSTUP_HOME="/workspace/rustup-home" "/workspace/cargo-home/bin/cargo" "+1.75.0" "generate-lockfile" "--manifest-path" "Cargo.toml", kill_on_drop: false }`
[INFO] [stderr]     Updating crates.io index
[INFO] running `Command { std: CARGO_HOME="/workspace/cargo-home" RUSTUP_HOME="/workspace/rustup-home" "/workspace/cargo-home/bin/cargo" "+1.75.0" "fetch" "--manifest-path" "Cargo.toml", kill_on_drop: false }`
[INFO] [stderr]  Downloading crates ...
[INFO] [stderr]   Downloaded informalsystems-prost-derive v0.8.1
[INFO] [stderr]   Downloaded informalsystems-prost v0.8.1
[INFO] [stderr]   Downloaded informalsystems-prost-types v0.8.1
[INFO] running `Command { std: "docker" "create" "-v" "/var/lib/crater-agent-workspace/builds/worker-1-tc1/target:/opt/rustwide/target:rw,Z" "-v" "/var/lib/crater-agent-workspace/builds/worker-1-tc1/source:/opt/rustwide/workdir:ro,Z" "-v" "/var/lib/crater-agent-workspace/cargo-home:/opt/rustwide/cargo-home:ro,Z" "-v" "/var/lib/crater-agent-workspace/rustup-home:/opt/rustwide/rustup-home:ro,Z" "-e" "SOURCE_DIR=/opt/rustwide/workdir" "-e" "CARGO_TARGET_DIR=/opt/rustwide/target" "-e" "CARGO_HOME=/opt/rustwide/cargo-home" "-e" "RUSTUP_HOME=/opt/rustwide/rustup-home" "-w" "/opt/rustwide/workdir" "-m" "1610612736" "--user" "0:0" "--network" "none" "ghcr.io/rust-lang/crates-build-env/linux@sha256:2788e3201cd34a07e3172128adcd8b3090168a8e3bcc40d7c032b9dda1df7d1c" "/opt/rustwide/cargo-home/bin/cargo" "+1.75.0" "metadata" "--no-deps" "--format-version=1", kill_on_drop: false }`
[INFO] [stdout] 7350150977d01ac2c0c5b0f2550f4d922b80fdb011ca9d4bbdb130d52517e64c
[INFO] running `Command { std: "docker" "start" "-a" "7350150977d01ac2c0c5b0f2550f4d922b80fdb011ca9d4bbdb130d52517e64c", kill_on_drop: false }`
[INFO] running `Command { std: "docker" "inspect" "7350150977d01ac2c0c5b0f2550f4d922b80fdb011ca9d4bbdb130d52517e64c", kill_on_drop: false }`
[INFO] running `Command { std: "docker" "rm" "-f" "7350150977d01ac2c0c5b0f2550f4d922b80fdb011ca9d4bbdb130d52517e64c", kill_on_drop: false }`
[INFO] [stdout] 7350150977d01ac2c0c5b0f2550f4d922b80fdb011ca9d4bbdb130d52517e64c
[INFO] running `Command { std: "docker" "create" "-v" "/var/lib/crater-agent-workspace/builds/worker-1-tc1/target:/opt/rustwide/target:rw,Z" "-v" "/var/lib/crater-agent-workspace/builds/worker-1-tc1/source:/opt/rustwide/workdir:ro,Z" "-v" "/var/lib/crater-agent-workspace/cargo-home:/opt/rustwide/cargo-home:ro,Z" "-v" "/var/lib/crater-agent-workspace/rustup-home:/opt/rustwide/rustup-home:ro,Z" "-e" "SOURCE_DIR=/opt/rustwide/workdir" "-e" "CARGO_TARGET_DIR=/opt/rustwide/target" "-e" "CARGO_INCREMENTAL=0" "-e" "RUST_BACKTRACE=full" "-e" "RUSTFLAGS=--cap-lints=warn" "-e" "RUSTDOCFLAGS=--cap-lints=warn" "-e" "CARGO_HOME=/opt/rustwide/cargo-home" "-e" "RUSTUP_HOME=/opt/rustwide/rustup-home" "-w" "/opt/rustwide/workdir" "-m" "1610612736" "--user" "0:0" "--network" "none" "ghcr.io/rust-lang/crates-build-env/linux@sha256:2788e3201cd34a07e3172128adcd8b3090168a8e3bcc40d7c032b9dda1df7d1c" "/opt/rustwide/cargo-home/bin/cargo" "+1.75.0" "build" "--frozen" "--message-format=json", kill_on_drop: false }`
[INFO] [stdout] 20c904279c0aefa437a0407575fbe377f6b52656a6cccedf36bbbd0174fe222d
[INFO] running `Command { std: "docker" "start" "-a" "20c904279c0aefa437a0407575fbe377f6b52656a6cccedf36bbbd0174fe222d", kill_on_drop: false }`
[INFO] [stderr]    Compiling either v1.9.0
[INFO] [stderr]    Compiling rustix v0.38.28
[INFO] [stderr]    Compiling syn v1.0.109
[INFO] [stderr]    Compiling linux-raw-sys v0.4.12
[INFO] [stderr]    Compiling home v0.5.9
[INFO] [stderr]    Compiling memchr v2.7.1
[INFO] [stderr]    Compiling bytes v1.5.0
[INFO] [stderr]    Compiling regex-syntax v0.8.2
[INFO] [stderr]    Compiling fastrand v2.0.1
[INFO] [stderr]    Compiling anyhow v1.0.79
[INFO] [stderr]    Compiling unicode-segmentation v1.10.1
[INFO] [stderr]    Compiling fixedbitset v0.4.2
[INFO] [stderr]    Compiling lazy_static v1.4.0
[INFO] [stderr]    Compiling multimap v0.8.3
[INFO] [stderr]    Compiling itertools v0.10.5
[INFO] [stderr]    Compiling petgraph v0.6.4
[INFO] [stderr]    Compiling heck v0.3.3
[INFO] [stderr]    Compiling aho-corasick v1.1.2
[INFO] [stderr]    Compiling regex-automata v0.4.3
[INFO] [stderr]    Compiling which v4.4.2
[INFO] [stderr]    Compiling tempfile v3.9.0
[INFO] [stderr]    Compiling informalsystems-prost-build v0.8.1 (/opt/rustwide/workdir)
[INFO] [stderr]    Compiling informalsystems-prost-derive v0.8.1
[INFO] [stderr]    Compiling informalsystems-prost v0.8.1
[INFO] [stderr]    Compiling regex v1.10.2
[INFO] [stderr]    Compiling informalsystems-prost-types v0.8.1
[INFO] [stderr]     Finished dev [unoptimized + debuginfo] target(s) in 4.47s
[INFO] running `Command { std: "docker" "inspect" "20c904279c0aefa437a0407575fbe377f6b52656a6cccedf36bbbd0174fe222d", kill_on_drop: false }`
[INFO] running `Command { std: "docker" "rm" "-f" "20c904279c0aefa437a0407575fbe377f6b52656a6cccedf36bbbd0174fe222d", kill_on_drop: false }`
[INFO] [stdout] 20c904279c0aefa437a0407575fbe377f6b52656a6cccedf36bbbd0174fe222d
[INFO] running `Command { std: "docker" "create" "-v" "/var/lib/crater-agent-workspace/builds/worker-1-tc1/target:/opt/rustwide/target:rw,Z" "-v" "/var/lib/crater-agent-workspace/builds/worker-1-tc1/source:/opt/rustwide/workdir:ro,Z" "-v" "/var/lib/crater-agent-workspace/cargo-home:/opt/rustwide/cargo-home:ro,Z" "-v" "/var/lib/crater-agent-workspace/rustup-home:/opt/rustwide/rustup-home:ro,Z" "-e" "SOURCE_DIR=/opt/rustwide/workdir" "-e" "CARGO_TARGET_DIR=/opt/rustwide/target" "-e" "CARGO_INCREMENTAL=0" "-e" "RUST_BACKTRACE=full" "-e" "RUSTFLAGS=--cap-lints=warn" "-e" "RUSTDOCFLAGS=--cap-lints=warn" "-e" "CARGO_HOME=/opt/rustwide/cargo-home" "-e" "RUSTUP_HOME=/opt/rustwide/rustup-home" "-w" "/opt/rustwide/workdir" "-m" "1610612736" "--user" "0:0" "--network" "none" "ghcr.io/rust-lang/crates-build-env/linux@sha256:2788e3201cd34a07e3172128adcd8b3090168a8e3bcc40d7c032b9dda1df7d1c" "/opt/rustwide/cargo-home/bin/cargo" "+1.75.0" "test" "--frozen" "--no-run" "--message-format=json", kill_on_drop: false }`
[INFO] [stdout] 07817c0354c69e6e8728bd981c488a48c532dc0b2e2e2cdb8491391a89bd05fa
[INFO] running `Command { std: "docker" "start" "-a" "07817c0354c69e6e8728bd981c488a48c532dc0b2e2e2cdb8491391a89bd05fa", kill_on_drop: false }`
[INFO] [stderr]    Compiling env_logger v0.8.4
[INFO] [stderr]    Compiling informalsystems-prost-build v0.8.1 (/opt/rustwide/workdir)
[INFO] [stderr]     Finished test [unoptimized + debuginfo] target(s) in 1.87s
[INFO] running `Command { std: "docker" "inspect" "07817c0354c69e6e8728bd981c488a48c532dc0b2e2e2cdb8491391a89bd05fa", kill_on_drop: false }`
[INFO] running `Command { std: "docker" "rm" "-f" "07817c0354c69e6e8728bd981c488a48c532dc0b2e2e2cdb8491391a89bd05fa", kill_on_drop: false }`
[INFO] [stdout] 07817c0354c69e6e8728bd981c488a48c532dc0b2e2e2cdb8491391a89bd05fa
[INFO] running `Command { std: "docker" "create" "-v" "/var/lib/crater-agent-workspace/builds/worker-1-tc1/target:/opt/rustwide/target:rw,Z" "-v" "/var/lib/crater-agent-workspace/builds/worker-1-tc1/source:/opt/rustwide/workdir:ro,Z" "-v" "/var/lib/crater-agent-workspace/cargo-home:/opt/rustwide/cargo-home:ro,Z" "-v" "/var/lib/crater-agent-workspace/rustup-home:/opt/rustwide/rustup-home:ro,Z" "-e" "SOURCE_DIR=/opt/rustwide/workdir" "-e" "CARGO_TARGET_DIR=/opt/rustwide/target" "-e" "CARGO_INCREMENTAL=0" "-e" "RUST_BACKTRACE=full" "-e" "RUSTFLAGS=--cap-lints=warn" "-e" "RUSTDOCFLAGS=--cap-lints=warn" "-e" "CARGO_HOME=/opt/rustwide/cargo-home" "-e" "RUSTUP_HOME=/opt/rustwide/rustup-home" "-w" "/opt/rustwide/workdir" "-m" "1610612736" "--user" "0:0" "--network" "none" "ghcr.io/rust-lang/crates-build-env/linux@sha256:2788e3201cd34a07e3172128adcd8b3090168a8e3bcc40d7c032b9dda1df7d1c" "/opt/rustwide/cargo-home/bin/cargo" "+1.75.0" "test" "--frozen", kill_on_drop: false }`
[INFO] [stdout] 6ab0c605ee7a12eb1fbd252fc51a4e5775207632d346ff81737dfe3adaba74ca
[INFO] running `Command { std: "docker" "start" "-a" "6ab0c605ee7a12eb1fbd252fc51a4e5775207632d346ff81737dfe3adaba74ca", kill_on_drop: false }`
[INFO] [stderr]     Finished test [unoptimized + debuginfo] target(s) in 0.02s
[INFO] [stderr]      Running unittests src/lib.rs (/opt/rustwide/target/debug/deps/informalsystems_prost_build-54d4a042b101c2ed)
[INFO] [stdout] 
[INFO] [stdout] running 17 tests
[INFO] [stdout] test code_generator::tests::test_strip_enum_prefix ... ok
[INFO] [stdout] test code_generator::tests::test_unescape_c_escape_string ... ok
[INFO] [stdout] test extern_paths::tests::test_well_known_types ... ok
[INFO] [stdout] test extern_paths::tests::test_extern_paths ... ok
[INFO] [stdout] test ident::tests::test_to_snake ... ok
[INFO] [stdout] test ident::tests::test_to_snake_non_raw_keyword ... ok
[INFO] [stdout] test ident::tests::test_to_snake_raw_keyword ... ok
[INFO] [stdout] test ident::tests::test_to_upper_camel ... ok
[INFO] [stdout] test path::tests::test_get_best ... ok
[INFO] [stdout] test path::tests::test_get_keep_order ... ok
[INFO] [stdout] test path::tests::test_prefixes ... ok
[INFO] [stdout] test path::tests::test_get_matches_sub_path ... ok
[INFO] [stdout] test path::tests::test_suffixes ... ok
[INFO] [stdout] test ast::tests::test_comment_append_with_indent_sanitizes_comment_doc_url ... ok
[INFO] [stdout] test ast::tests::test_comment_append_with_indent_sanitizes_square_brackets ... ok
[INFO] [stdout] test tests::smoke_test ... ok
[INFO] [stdout] test tests::finalize_package ... ok
[INFO] [stdout] 
[INFO] [stdout] test result: ok. 17 passed; 0 failed; 0 ignored; 0 measured; 0 filtered out; finished in 0.01s
[INFO] [stdout] 
[INFO] [stderr]    Doc-tests informalsystems-prost-build
[INFO] [stdout] 
[INFO] [stdout] running 18 tests
[INFO] [stdout] test src/lib.rs - (line 63) ... ignored
[INFO] [stdout] test src/lib.rs - Config::disable_comments (line 472) ... ignored
[INFO] [stdout] test src/lib.rs - Config::extern_path (line 521) ... ignored
[INFO] [stdout] test src/lib.rs - Config::extern_path (line 556) ... ignored
[INFO] [stdout] test src/lib.rs - Config::file_descriptor_set_path (line 629) ... ignored
[INFO] [stdout] test src/lib.rs - Config::include_file (line 723) ... ignored
[INFO] [stdout] test src/lib.rs - Config::include_file (line 736) ... ignored
[INFO] [stdout] test src/lib.rs - compile_protos (line 1064) - compile ... FAILED
[INFO] [stdout] test src/lib.rs - (line 53) - compile ... FAILED
[INFO] [stdout] test src/lib.rs - Config::compile_protos (line 758) - compile ... FAILED
[INFO] [stdout] test src/lib.rs - Config::type_attribute (line 420) ... FAILED
[INFO] [stdout] test src/lib.rs - Config::protoc_arg (line 696) - compile ... FAILED
[INFO] [stdout] test src/lib.rs - Config::field_attribute (line 385) ... FAILED
[INFO] [stdout] test src/lib.rs - Config::bytes (line 324) ... FAILED
[INFO] [stdout] test src/lib.rs - Config::btree_map (line 263) ... FAILED
[INFO] [stdout] test src/lib.rs - Config::extern_path (line 584) ... FAILED
[INFO] [stdout] test src/lib.rs - Config::skip_protoc_run (line 648) ... FAILED
[INFO] [stdout] test src/lib.rs - Config::file_descriptor_set_path (line 618) ... FAILED
[INFO] [stdout] 
[INFO] [stdout] failures:
[INFO] [stdout] 
[INFO] [stdout] ---- src/lib.rs - compile_protos (line 1064) stdout ----
[INFO] [stdout] error[E0433]: failed to resolve: use of undeclared crate or module `prost_build`
[INFO] [stdout]  --> src/lib.rs:1067:3
[INFO] [stdout]   |
[INFO] [stdout] 4 |   prost_build::compile_protos(&["src/frontend.proto", "src/backend.proto"], &["src"])?;
[INFO] [stdout]   |   ^^^^^^^^^^^ use of undeclared crate or module `prost_build`
[INFO] [stdout] 
[INFO] [stdout] error: aborting due to previous error
[INFO] [stdout] 
[INFO] [stdout] For more information about this error, try `rustc --explain E0433`.
[INFO] [stdout] Couldn't compile the test.
[INFO] [stdout] ---- src/lib.rs - (line 53) stdout ----
[INFO] [stdout] error[E0433]: failed to resolve: use of undeclared crate or module `prost_build`
[INFO] [stdout]  --> src/lib.rs:56:5
[INFO] [stdout]   |
[INFO] [stdout] 4 |     prost_build::compile_protos(&["src/items.proto"], &["src/"])?;
[INFO] [stdout]   |     ^^^^^^^^^^^ use of undeclared crate or module `prost_build`
[INFO] [stdout] 
[INFO] [stdout] error: aborting due to previous error
[INFO] [stdout] 
[INFO] [stdout] For more information about this error, try `rustc --explain E0433`.
[INFO] [stdout] Couldn't compile the test.
[INFO] [stdout] ---- src/lib.rs - Config::compile_protos (line 758) stdout ----
[INFO] [stdout] error[E0433]: failed to resolve: use of undeclared crate or module `prost_build`
[INFO] [stdout]  --> src/lib.rs:761:25
[INFO] [stdout]   |
[INFO] [stdout] 4 |   let mut prost_build = prost_build::Config::new();
[INFO] [stdout]   |                         ^^^^^^^^^^^ use of undeclared crate or module `prost_build`
[INFO] [stdout]   |
[INFO] [stdout] help: consider importing one of these items
[INFO] [stdout]   |
[INFO] [stdout] 2 + use informalsystems_prost_build::Config;
[INFO] [stdout]   |
[INFO] [stdout] 2 + use petgraph::dot::Config;
[INFO] [stdout]   |
[INFO] [stdout] help: if you import `Config`, refer to it directly
[INFO] [stdout]   |
[INFO] [stdout] 4 -   let mut prost_build = prost_build::Config::new();
[INFO] [stdout] 4 +   let mut prost_build = Config::new();
[INFO] [stdout]   |
[INFO] [stdout] 
[INFO] [stdout] error: aborting due to previous error
[INFO] [stdout] 
[INFO] [stdout] For more information about this error, try `rustc --explain E0433`.
[INFO] [stdout] Couldn't compile the test.
[INFO] [stdout] ---- src/lib.rs - Config::type_attribute (line 420) stdout ----
[INFO] [stdout] error[E0433]: failed to resolve: use of undeclared crate or module `prost_build`
[INFO] [stdout]  --> src/lib.rs:421:18
[INFO] [stdout]   |
[INFO] [stdout] 3 | let mut config = prost_build::Config::new();
[INFO] [stdout]   |                  ^^^^^^^^^^^ use of undeclared crate or module `prost_build`
[INFO] [stdout]   |
[INFO] [stdout] help: consider importing one of these items
[INFO] [stdout]   |
[INFO] [stdout] 2 + use informalsystems_prost_build::Config;
[INFO] [stdout]   |
[INFO] [stdout] 2 + use petgraph::dot::Config;
[INFO] [stdout]   |
[INFO] [stdout] help: if you import `Config`, refer to it directly
[INFO] [stdout]   |
[INFO] [stdout] 3 - let mut config = prost_build::Config::new();
[INFO] [stdout] 3 + let mut config = Config::new();
[INFO] [stdout]   |
[INFO] [stdout] 
[INFO] [stdout] error: aborting due to previous error
[INFO] [stdout] 
[INFO] [stdout] For more information about this error, try `rustc --explain E0433`.
[INFO] [stdout] Couldn't compile the test.
[INFO] [stdout] ---- src/lib.rs - Config::protoc_arg (line 696) stdout ----
[INFO] [stdout] error[E0433]: failed to resolve: use of undeclared crate or module `prost_build`
[INFO] [stdout]  --> src/lib.rs:699:25
[INFO] [stdout]   |
[INFO] [stdout] 4 |   let mut prost_build = prost_build::Config::new();
[INFO] [stdout]   |                         ^^^^^^^^^^^ use of undeclared crate or module `prost_build`
[INFO] [stdout]   |
[INFO] [stdout] help: consider importing one of these items
[INFO] [stdout]   |
[INFO] [stdout] 2 + use informalsystems_prost_build::Config;
[INFO] [stdout]   |
[INFO] [stdout] 2 + use petgraph::dot::Config;
[INFO] [stdout]   |
[INFO] [stdout] help: if you import `Config`, refer to it directly
[INFO] [stdout]   |
[INFO] [stdout] 4 -   let mut prost_build = prost_build::Config::new();
[INFO] [stdout] 4 +   let mut prost_build = Config::new();
[INFO] [stdout]   |
[INFO] [stdout] 
[INFO] [stdout] error: aborting due to previous error
[INFO] [stdout] 
[INFO] [stdout] For more information about this error, try `rustc --explain E0433`.
[INFO] [stdout] Couldn't compile the test.
[INFO] [stdout] ---- src/lib.rs - Config::field_attribute (line 385) stdout ----
[INFO] [stdout] error[E0433]: failed to resolve: use of undeclared crate or module `prost_build`
[INFO] [stdout]  --> src/lib.rs:386:18
[INFO] [stdout]   |
[INFO] [stdout] 3 | let mut config = prost_build::Config::new();
[INFO] [stdout]   |                  ^^^^^^^^^^^ use of undeclared crate or module `prost_build`
[INFO] [stdout]   |
[INFO] [stdout] help: consider importing one of these items
[INFO] [stdout]   |
[INFO] [stdout] 2 + use informalsystems_prost_build::Config;
[INFO] [stdout]   |
[INFO] [stdout] 2 + use petgraph::dot::Config;
[INFO] [stdout]   |
[INFO] [stdout] help: if you import `Config`, refer to it directly
[INFO] [stdout]   |
[INFO] [stdout] 3 - let mut config = prost_build::Config::new();
[INFO] [stdout] 3 + let mut config = Config::new();
[INFO] [stdout]   |
[INFO] [stdout] 
[INFO] [stdout] error: aborting due to previous error
[INFO] [stdout] 
[INFO] [stdout] For more information about this error, try `rustc --explain E0433`.
[INFO] [stdout] Couldn't compile the test.
[INFO] [stdout] ---- src/lib.rs - Config::bytes (line 324) stdout ----
[INFO] [stdout] error[E0433]: failed to resolve: use of undeclared crate or module `prost_build`
[INFO] [stdout]  --> src/lib.rs:325:18
[INFO] [stdout]   |
[INFO] [stdout] 3 | let mut config = prost_build::Config::new();
[INFO] [stdout]   |                  ^^^^^^^^^^^ use of undeclared crate or module `prost_build`
[INFO] [stdout]   |
[INFO] [stdout] help: consider importing one of these items
[INFO] [stdout]   |
[INFO] [stdout] 2 + use informalsystems_prost_build::Config;
[INFO] [stdout]   |
[INFO] [stdout] 2 + use petgraph::dot::Config;
[INFO] [stdout]   |
[INFO] [stdout] help: if you import `Config`, refer to it directly
[INFO] [stdout]   |
[INFO] [stdout] 3 - let mut config = prost_build::Config::new();
[INFO] [stdout] 3 + let mut config = Config::new();
[INFO] [stdout]   |
[INFO] [stdout] 
[INFO] [stdout] error: aborting due to previous error
[INFO] [stdout] 
[INFO] [stdout] For more information about this error, try `rustc --explain E0433`.
[INFO] [stdout] Couldn't compile the test.
[INFO] [stdout] ---- src/lib.rs - Config::btree_map (line 263) stdout ----
[INFO] [stdout] error[E0433]: failed to resolve: use of undeclared crate or module `prost_build`
[INFO] [stdout]  --> src/lib.rs:264:18
[INFO] [stdout]   |
[INFO] [stdout] 3 | let mut config = prost_build::Config::new();
[INFO] [stdout]   |                  ^^^^^^^^^^^ use of undeclared crate or module `prost_build`
[INFO] [stdout]   |
[INFO] [stdout] help: consider importing one of these items
[INFO] [stdout]   |
[INFO] [stdout] 2 + use informalsystems_prost_build::Config;
[INFO] [stdout]   |
[INFO] [stdout] 2 + use petgraph::dot::Config;
[INFO] [stdout]   |
[INFO] [stdout] help: if you import `Config`, refer to it directly
[INFO] [stdout]   |
[INFO] [stdout] 3 - let mut config = prost_build::Config::new();
[INFO] [stdout] 3 + let mut config = Config::new();
[INFO] [stdout]   |
[INFO] [stdout] 
[INFO] [stdout] error: aborting due to previous error
[INFO] [stdout] 
[INFO] [stdout] For more information about this error, try `rustc --explain E0433`.
[INFO] [stdout] Couldn't compile the test.
[INFO] [stdout] ---- src/lib.rs - Config::extern_path (line 584) stdout ----
[INFO] [stdout] error[E0433]: failed to resolve: use of undeclared crate or module `prost_build`
[INFO] [stdout]  --> src/lib.rs:585:18
[INFO] [stdout]   |
[INFO] [stdout] 3 | let mut config = prost_build::Config::new();
[INFO] [stdout]   |                  ^^^^^^^^^^^ use of undeclared crate or module `prost_build`
[INFO] [stdout]   |
[INFO] [stdout] help: consider importing one of these items
[INFO] [stdout]   |
[INFO] [stdout] 2 + use informalsystems_prost_build::Config;
[INFO] [stdout]   |
[INFO] [stdout] 2 + use petgraph::dot::Config;
[INFO] [stdout]   |
[INFO] [stdout] help: if you import `Config`, refer to it directly
[INFO] [stdout]   |
[INFO] [stdout] 3 - let mut config = prost_build::Config::new();
[INFO] [stdout] 3 + let mut config = Config::new();
[INFO] [stdout]   |
[INFO] [stdout] 
[INFO] [stdout] error: aborting due to previous error
[INFO] [stdout] 
[INFO] [stdout] For more information about this error, try `rustc --explain E0433`.
[INFO] [stdout] Couldn't compile the test.
[INFO] [stdout] ---- src/lib.rs - Config::skip_protoc_run (line 648) stdout ----
[INFO] [stdout] error[E0433]: failed to resolve: use of undeclared crate or module `prost_build`
[INFO] [stdout]  --> src/lib.rs:649:18
[INFO] [stdout]   |
[INFO] [stdout] 3 | let mut config = prost_build::Config::new();
[INFO] [stdout]   |                  ^^^^^^^^^^^ use of undeclared crate or module `prost_build`
[INFO] [stdout]   |
[INFO] [stdout] help: consider importing one of these items
[INFO] [stdout]   |
[INFO] [stdout] 2 + use informalsystems_prost_build::Config;
[INFO] [stdout]   |
[INFO] [stdout] 2 + use petgraph::dot::Config;
[INFO] [stdout]   |
[INFO] [stdout] help: if you import `Config`, refer to it directly
[INFO] [stdout]   |
[INFO] [stdout] 3 - let mut config = prost_build::Config::new();
[INFO] [stdout] 3 + let mut config = Config::new();
[INFO] [stdout]   |
[INFO] [stdout] 
[INFO] [stdout] error: aborting due to previous error
[INFO] [stdout] 
[INFO] [stdout] For more information about this error, try `rustc --explain E0433`.
[INFO] [stdout] Couldn't compile the test.
[INFO] [stdout] ---- src/lib.rs - Config::file_descriptor_set_path (line 618) stdout ----
[INFO] [stdout] error[E0433]: failed to resolve: use of undeclared crate or module `prost_build`
[INFO] [stdout]  --> src/lib.rs:621:18
[INFO] [stdout]   |
[INFO] [stdout] 5 | let mut config = prost_build::Config::new();
[INFO] [stdout]   |                  ^^^^^^^^^^^ use of undeclared crate or module `prost_build`
[INFO] [stdout]   |
[INFO] [stdout] help: consider importing one of these items
[INFO] [stdout]   |
[INFO] [stdout] 2 + use informalsystems_prost_build::Config;
[INFO] [stdout]   |
[INFO] [stdout] 2 + use petgraph::dot::Config;
[INFO] [stdout]   |
[INFO] [stdout] help: if you import `Config`, refer to it directly
[INFO] [stdout]   |
[INFO] [stdout] 5 - let mut config = prost_build::Config::new();
[INFO] [stdout] 5 + let mut config = Config::new();
[INFO] [stdout]   |
[INFO] [stdout] 
[INFO] [stdout] error: aborting due to previous error
[INFO] [stdout] 
[INFO] [stdout] For more information about this error, try `rustc --explain E0433`.
[INFO] [stdout] Couldn't compile the test.
[INFO] [stdout] 
[INFO] [stdout] failures:
[INFO] [stdout]     src/lib.rs - (line 53)
[INFO] [stdout]     src/lib.rs - Config::btree_map (line 263)
[INFO] [stdout]     src/lib.rs - Config::bytes (line 324)
[INFO] [stdout]     src/lib.rs - Config::compile_protos (line 758)
[INFO] [stdout]     src/lib.rs - Config::extern_path (line 584)
[INFO] [stdout]     src/lib.rs - Config::field_attribute (line 385)
[INFO] [stdout]     src/lib.rs - Config::file_descriptor_set_path (line 618)
[INFO] [stdout]     src/lib.rs - Config::protoc_arg (line 696)
[INFO] [stdout]     src/lib.rs - Config::skip_protoc_run (line 648)
[INFO] [stdout]     src/lib.rs - Config::type_attribute (line 420)
[INFO] [stdout]     src/lib.rs - compile_protos (line 1064)
[INFO] [stdout] 
[INFO] [stdout] test result: FAILED. 0 passed; 11 failed; 7 ignored; 0 measured; 0 filtered out; finished in 0.07s
[INFO] [stdout] 
[INFO] [stderr] error: doctest failed, to rerun pass `--doc`
[INFO] running `Command { std: "docker" "inspect" "6ab0c605ee7a12eb1fbd252fc51a4e5775207632d346ff81737dfe3adaba74ca", kill_on_drop: false }`
[INFO] running `Command { std: "docker" "rm" "-f" "6ab0c605ee7a12eb1fbd252fc51a4e5775207632d346ff81737dfe3adaba74ca", kill_on_drop: false }`
[INFO] [stdout] 6ab0c605ee7a12eb1fbd252fc51a4e5775207632d346ff81737dfe3adaba74ca
[INFO] testing informalsystems-prost-build-0.8.1 against beta-2023-12-22 for beta-1.76-1
[INFO] extracting crate informalsystems-prost-build 0.8.1 into /workspace/builds/worker-1-tc2/source
[INFO] validating manifest of crates.io crate informalsystems-prost-build 0.8.1 on toolchain beta-2023-12-22
[INFO] running `Command { std: CARGO_HOME="/workspace/cargo-home" RUSTUP_HOME="/workspace/rustup-home" "/workspace/cargo-home/bin/cargo" "+beta-2023-12-22" "metadata" "--manifest-path" "Cargo.toml" "--no-deps", kill_on_drop: false }`
[INFO] started tweaking crates.io crate informalsystems-prost-build 0.8.1
[INFO] finished tweaking crates.io crate informalsystems-prost-build 0.8.1
[INFO] tweaked toml for crates.io crate informalsystems-prost-build 0.8.1 written to /workspace/builds/worker-1-tc2/source/Cargo.toml
[INFO] running `Command { std: CARGO_HOME="/workspace/cargo-home" RUSTUP_HOME="/workspace/rustup-home" "/workspace/cargo-home/bin/cargo" "+beta-2023-12-22" "generate-lockfile" "--manifest-path" "Cargo.toml", kill_on_drop: false }`
[INFO] [stderr]     Updating crates.io index
[INFO] running `Command { std: CARGO_HOME="/workspace/cargo-home" RUSTUP_HOME="/workspace/rustup-home" "/workspace/cargo-home/bin/cargo" "+beta-2023-12-22" "fetch" "--manifest-path" "Cargo.toml", kill_on_drop: false }`
[INFO] running `Command { std: "docker" "create" "-v" "/var/lib/crater-agent-workspace/builds/worker-1-tc2/target:/opt/rustwide/target:rw,Z" "-v" "/var/lib/crater-agent-workspace/builds/worker-1-tc2/source:/opt/rustwide/workdir:ro,Z" "-v" "/var/lib/crater-agent-workspace/cargo-home:/opt/rustwide/cargo-home:ro,Z" "-v" "/var/lib/crater-agent-workspace/rustup-home:/opt/rustwide/rustup-home:ro,Z" "-e" "SOURCE_DIR=/opt/rustwide/workdir" "-e" "CARGO_TARGET_DIR=/opt/rustwide/target" "-e" "CARGO_HOME=/opt/rustwide/cargo-home" "-e" "RUSTUP_HOME=/opt/rustwide/rustup-home" "-w" "/opt/rustwide/workdir" "-m" "1610612736" "--user" "0:0" "--network" "none" "ghcr.io/rust-lang/crates-build-env/linux@sha256:2788e3201cd34a07e3172128adcd8b3090168a8e3bcc40d7c032b9dda1df7d1c" "/opt/rustwide/cargo-home/bin/cargo" "+beta-2023-12-22" "metadata" "--no-deps" "--format-version=1", kill_on_drop: false }`
[INFO] [stdout] 0d6f78e161a3545d961eb81cf87d7ceec5bb8e91dd473984f069a6531270062c
[INFO] running `Command { std: "docker" "start" "-a" "0d6f78e161a3545d961eb81cf87d7ceec5bb8e91dd473984f069a6531270062c", kill_on_drop: false }`
[INFO] running `Command { std: "docker" "inspect" "0d6f78e161a3545d961eb81cf87d7ceec5bb8e91dd473984f069a6531270062c", kill_on_drop: false }`
[INFO] running `Command { std: "docker" "rm" "-f" "0d6f78e161a3545d961eb81cf87d7ceec5bb8e91dd473984f069a6531270062c", kill_on_drop: false }`
[INFO] [stdout] 0d6f78e161a3545d961eb81cf87d7ceec5bb8e91dd473984f069a6531270062c
[INFO] running `Command { std: "docker" "create" "-v" "/var/lib/crater-agent-workspace/builds/worker-1-tc2/target:/opt/rustwide/target:rw,Z" "-v" "/var/lib/crater-agent-workspace/builds/worker-1-tc2/source:/opt/rustwide/workdir:ro,Z" "-v" "/var/lib/crater-agent-workspace/cargo-home:/opt/rustwide/cargo-home:ro,Z" "-v" "/var/lib/crater-agent-workspace/rustup-home:/opt/rustwide/rustup-home:ro,Z" "-e" "SOURCE_DIR=/opt/rustwide/workdir" "-e" "CARGO_TARGET_DIR=/opt/rustwide/target" "-e" "CARGO_INCREMENTAL=0" "-e" "RUST_BACKTRACE=full" "-e" "RUSTFLAGS=--cap-lints=warn" "-e" "RUSTDOCFLAGS=--cap-lints=warn" "-e" "CARGO_HOME=/opt/rustwide/cargo-home" "-e" "RUSTUP_HOME=/opt/rustwide/rustup-home" "-w" "/opt/rustwide/workdir" "-m" "1610612736" "--user" "0:0" "--network" "none" "ghcr.io/rust-lang/crates-build-env/linux@sha256:2788e3201cd34a07e3172128adcd8b3090168a8e3bcc40d7c032b9dda1df7d1c" "/opt/rustwide/cargo-home/bin/cargo" "+beta-2023-12-22" "build" "--frozen" "--message-format=json", kill_on_drop: false }`
[INFO] [stdout] 8a063299bec661c4570bacb0da4eb05a0c6ea84681d663378928b00d2d7e175a
[INFO] running `Command { std: "docker" "start" "-a" "8a063299bec661c4570bacb0da4eb05a0c6ea84681d663378928b00d2d7e175a", kill_on_drop: false }`
[INFO] [stderr]    Compiling either v1.9.0
[INFO] [stderr]    Compiling rustix v0.38.28
[INFO] [stderr]    Compiling syn v1.0.109
[INFO] [stderr]    Compiling linux-raw-sys v0.4.12
[INFO] [stderr]    Compiling anyhow v1.0.79
[INFO] [stderr]    Compiling home v0.5.9
[INFO] [stderr]    Compiling memchr v2.7.1
[INFO] [stderr]    Compiling regex-syntax v0.8.2
[INFO] [stderr]    Compiling bytes v1.5.0
[INFO] [stderr]    Compiling fastrand v2.0.1
[INFO] [stderr]    Compiling unicode-segmentation v1.10.1
[INFO] [stderr]    Compiling fixedbitset v0.4.2
[INFO] [stderr]    Compiling lazy_static v1.4.0
[INFO] [stderr]    Compiling multimap v0.8.3
[INFO] [stderr]    Compiling petgraph v0.6.4
[INFO] [stderr]    Compiling itertools v0.10.5
[INFO] [stderr]    Compiling heck v0.3.3
[INFO] [stderr]    Compiling aho-corasick v1.1.2
[INFO] [stderr]    Compiling regex-automata v0.4.3
[INFO] [stderr]    Compiling which v4.4.2
[INFO] [stderr]    Compiling tempfile v3.9.0
[INFO] [stderr]    Compiling informalsystems-prost-derive v0.8.1
[INFO] [stderr]    Compiling informalsystems-prost-build v0.8.1 (/opt/rustwide/workdir)
[INFO] [stderr]    Compiling informalsystems-prost v0.8.1
[INFO] [stderr]    Compiling informalsystems-prost-types v0.8.1
[INFO] [stderr]    Compiling regex v1.10.2
[INFO] [stderr]     Finished dev [unoptimized + debuginfo] target(s) in 4.61s
[INFO] running `Command { std: "docker" "inspect" "8a063299bec661c4570bacb0da4eb05a0c6ea84681d663378928b00d2d7e175a", kill_on_drop: false }`
[INFO] running `Command { std: "docker" "rm" "-f" "8a063299bec661c4570bacb0da4eb05a0c6ea84681d663378928b00d2d7e175a", kill_on_drop: false }`
[INFO] [stdout] 8a063299bec661c4570bacb0da4eb05a0c6ea84681d663378928b00d2d7e175a
[INFO] running `Command { std: "docker" "create" "-v" "/var/lib/crater-agent-workspace/builds/worker-1-tc2/target:/opt/rustwide/target:rw,Z" "-v" "/var/lib/crater-agent-workspace/builds/worker-1-tc2/source:/opt/rustwide/workdir:ro,Z" "-v" "/var/lib/crater-agent-workspace/cargo-home:/opt/rustwide/cargo-home:ro,Z" "-v" "/var/lib/crater-agent-workspace/rustup-home:/opt/rustwide/rustup-home:ro,Z" "-e" "SOURCE_DIR=/opt/rustwide/workdir" "-e" "CARGO_TARGET_DIR=/opt/rustwide/target" "-e" "CARGO_INCREMENTAL=0" "-e" "RUST_BACKTRACE=full" "-e" "RUSTFLAGS=--cap-lints=warn" "-e" "RUSTDOCFLAGS=--cap-lints=warn" "-e" "CARGO_HOME=/opt/rustwide/cargo-home" "-e" "RUSTUP_HOME=/opt/rustwide/rustup-home" "-w" "/opt/rustwide/workdir" "-m" "1610612736" "--user" "0:0" "--network" "none" "ghcr.io/rust-lang/crates-build-env/linux@sha256:2788e3201cd34a07e3172128adcd8b3090168a8e3bcc40d7c032b9dda1df7d1c" "/opt/rustwide/cargo-home/bin/cargo" "+beta-2023-12-22" "test" "--frozen" "--no-run" "--message-format=json", kill_on_drop: false }`
[INFO] [stdout] 7c5e83aa5de47a7eea69e371452682d13eb83dbc93c11031a947bab00c7a3b68
[INFO] running `Command { std: "docker" "start" "-a" "7c5e83aa5de47a7eea69e371452682d13eb83dbc93c11031a947bab00c7a3b68", kill_on_drop: false }`
[INFO] [stderr]    Compiling env_logger v0.8.4
[INFO] [stderr]    Compiling informalsystems-prost-build v0.8.1 (/opt/rustwide/workdir)
[INFO] [stderr]     Finished test [unoptimized + debuginfo] target(s) in 2.90s
[INFO] running `Command { std: "docker" "inspect" "7c5e83aa5de47a7eea69e371452682d13eb83dbc93c11031a947bab00c7a3b68", kill_on_drop: false }`
[INFO] running `Command { std: "docker" "rm" "-f" "7c5e83aa5de47a7eea69e371452682d13eb83dbc93c11031a947bab00c7a3b68", kill_on_drop: false }`
[INFO] [stdout] 7c5e83aa5de47a7eea69e371452682d13eb83dbc93c11031a947bab00c7a3b68
[INFO] running `Command { std: "docker" "create" "-v" "/var/lib/crater-agent-workspace/builds/worker-1-tc2/target:/opt/rustwide/target:rw,Z" "-v" "/var/lib/crater-agent-workspace/builds/worker-1-tc2/source:/opt/rustwide/workdir:ro,Z" "-v" "/var/lib/crater-agent-workspace/cargo-home:/opt/rustwide/cargo-home:ro,Z" "-v" "/var/lib/crater-agent-workspace/rustup-home:/opt/rustwide/rustup-home:ro,Z" "-e" "SOURCE_DIR=/opt/rustwide/workdir" "-e" "CARGO_TARGET_DIR=/opt/rustwide/target" "-e" "CARGO_INCREMENTAL=0" "-e" "RUST_BACKTRACE=full" "-e" "RUSTFLAGS=--cap-lints=warn" "-e" "RUSTDOCFLAGS=--cap-lints=warn" "-e" "CARGO_HOME=/opt/rustwide/cargo-home" "-e" "RUSTUP_HOME=/opt/rustwide/rustup-home" "-w" "/opt/rustwide/workdir" "-m" "1610612736" "--user" "0:0" "--network" "none" "ghcr.io/rust-lang/crates-build-env/linux@sha256:2788e3201cd34a07e3172128adcd8b3090168a8e3bcc40d7c032b9dda1df7d1c" "/opt/rustwide/cargo-home/bin/cargo" "+beta-2023-12-22" "test" "--frozen", kill_on_drop: false }`
[INFO] [stdout] f4fc6aaea77ff3c521fac6b741af9e062695b2e820c8abf19ea17fd865315f58
[INFO] running `Command { std: "docker" "start" "-a" "f4fc6aaea77ff3c521fac6b741af9e062695b2e820c8abf19ea17fd865315f58", kill_on_drop: false }`
[INFO] [stderr]     Finished test [unoptimized + debuginfo] target(s) in 0.06s
[INFO] [stderr]      Running unittests src/lib.rs (/opt/rustwide/target/debug/deps/informalsystems_prost_build-4d478603b63dfa7b)
[INFO] [stdout] 
[INFO] [stdout] running 17 tests
[INFO] [stdout] test ident::tests::test_to_snake_non_raw_keyword ... ok
[INFO] [stdout] test ident::tests::test_to_snake_raw_keyword ... ok
[INFO] [stdout] test code_generator::tests::test_strip_enum_prefix ... ok
[INFO] [stdout] test extern_paths::tests::test_well_known_types ... ok
[INFO] [stdout] test path::tests::test_get_keep_order ... ok
[INFO] [stdout] test path::tests::test_get_matches_sub_path ... ok
[INFO] [stdout] test code_generator::tests::test_unescape_c_escape_string ... ok
[INFO] [stdout] test path::tests::test_suffixes ... ok
[INFO] [stdout] test extern_paths::tests::test_extern_paths ... ok
[INFO] [stdout] test ident::tests::test_to_upper_camel ... ok
[INFO] [stdout] test path::tests::test_get_best ... ok
[INFO] [stdout] test ident::tests::test_to_snake ... ok
[INFO] [stdout] test path::tests::test_prefixes ... ok
[INFO] [stdout] test ast::tests::test_comment_append_with_indent_sanitizes_square_brackets ... ok
[INFO] [stdout] test ast::tests::test_comment_append_with_indent_sanitizes_comment_doc_url ... ok
[INFO] [stdout] test tests::smoke_test ... ok
[INFO] [stdout] test tests::finalize_package ... ok
[INFO] [stdout] 
[INFO] [stdout] test result: ok. 17 passed; 0 failed; 0 ignored; 0 measured; 0 filtered out; finished in 0.05s
[INFO] [stdout] 
[INFO] [stderr]    Doc-tests informalsystems-prost-build
[INFO] [stdout] 
[INFO] [stdout] running 18 tests
[INFO] [stdout] test src/lib.rs - (line 63) ... ignored
[INFO] [stdout] test src/lib.rs - Config::disable_comments (line 472) ... ignored
[INFO] [stdout] test src/lib.rs - Config::extern_path (line 521) ... ignored
[INFO] [stdout] test src/lib.rs - Config::extern_path (line 556) ... ignored
[INFO] [stdout] test src/lib.rs - Config::file_descriptor_set_path (line 629) ... ignored
[INFO] [stdout] test src/lib.rs - Config::include_file (line 723) ... ignored
[INFO] [stdout] test src/lib.rs - Config::include_file (line 736) ... ignored
[INFO] [stdout] test src/lib.rs - Config::btree_map (line 263) ... FAILED
[INFO] [stdout] test src/lib.rs - Config::skip_protoc_run (line 648) ... FAILED
[INFO] [stdout] test src/lib.rs - Config::file_descriptor_set_path (line 618) ... FAILED
[INFO] [stdout] test src/lib.rs - compile_protos (line 1064) - compile ... FAILED
[INFO] [stdout] test src/lib.rs - (line 53) - compile ... FAILED
[INFO] [stdout] test src/lib.rs - Config::field_attribute (line 385) ... FAILED
[INFO] [stdout] test src/lib.rs - Config::compile_protos (line 758) - compile ... FAILED
[INFO] [stdout] test src/lib.rs - Config::bytes (line 324) ... FAILED
[INFO] [stdout] test src/lib.rs - Config::extern_path (line 584) ... FAILED
[INFO] [stdout] test src/lib.rs - Config::protoc_arg (line 696) - compile ... FAILED
[INFO] [stdout] test src/lib.rs - Config::type_attribute (line 420) ... FAILED
[INFO] [stdout] 
[INFO] [stdout] failures:
[INFO] [stdout] 
[INFO] [stdout] ---- src/lib.rs - Config::btree_map (line 263) stdout ----
[INFO] [stdout] error[E0433]: failed to resolve: use of undeclared crate or module `prost_build`
[INFO] [stdout]  --> src/lib.rs:264:18
[INFO] [stdout]   |
[INFO] [stdout] 3 | let mut config = prost_build::Config::new();
[INFO] [stdout]   |                  ^^^^^^^^^^^ use of undeclared crate or module `prost_build`
[INFO] [stdout]   |
[INFO] [stdout] help: consider importing one of these items
[INFO] [stdout]   |
[INFO] [stdout] 2 + use informalsystems_prost_build::Config;
[INFO] [stdout]   |
[INFO] [stdout] 2 + use petgraph::dot::Config;
[INFO] [stdout]   |
[INFO] [stdout] help: if you import `Config`, refer to it directly
[INFO] [stdout]   |
[INFO] [stdout] 3 - let mut config = prost_build::Config::new();
[INFO] [stdout] 3 + let mut config = Config::new();
[INFO] [stdout]   |
[INFO] [stdout] 
[INFO] [stdout] error: aborting due to 1 previous error
[INFO] [stdout] 
[INFO] [stdout] For more information about this error, try `rustc --explain E0433`.
[INFO] [stdout] Couldn't compile the test.
[INFO] [stdout] ---- src/lib.rs - Config::skip_protoc_run (line 648) stdout ----
[INFO] [stdout] error[E0433]: failed to resolve: use of undeclared crate or module `prost_build`
[INFO] [stdout]  --> src/lib.rs:649:18
[INFO] [stdout]   |
[INFO] [stdout] 3 | let mut config = prost_build::Config::new();
[INFO] [stdout]   |                  ^^^^^^^^^^^ use of undeclared crate or module `prost_build`
[INFO] [stdout]   |
[INFO] [stdout] help: consider importing one of these items
[INFO] [stdout]   |
[INFO] [stdout] 2 + use informalsystems_prost_build::Config;
[INFO] [stdout]   |
[INFO] [stdout] 2 + use petgraph::dot::Config;
[INFO] [stdout]   |
[INFO] [stdout] help: if you import `Config`, refer to it directly
[INFO] [stdout]   |
[INFO] [stdout] 3 - let mut config = prost_build::Config::new();
[INFO] [stdout] 3 + let mut config = Config::new();
[INFO] [stdout]   |
[INFO] [stdout] 
[INFO] [stdout] error: aborting due to 1 previous error
[INFO] [stdout] 
[INFO] [stdout] For more information about this error, try `rustc --explain E0433`.
[INFO] [stdout] Couldn't compile the test.
[INFO] [stdout] ---- src/lib.rs - Config::file_descriptor_set_path (line 618) stdout ----
[INFO] [stdout] error[E0433]: failed to resolve: use of undeclared crate or module `prost_build`
[INFO] [stdout]  --> src/lib.rs:621:18
[INFO] [stdout]   |
[INFO] [stdout] 5 | let mut config = prost_build::Config::new();
[INFO] [stdout]   |                  ^^^^^^^^^^^ use of undeclared crate or module `prost_build`
[INFO] [stdout]   |
[INFO] [stdout] help: consider importing one of these items
[INFO] [stdout]   |
[INFO] [stdout] 2 + use informalsystems_prost_build::Config;
[INFO] [stdout]   |
[INFO] [stdout] 2 + use petgraph::dot::Config;
[INFO] [stdout]   |
[INFO] [stdout] help: if you import `Config`, refer to it directly
[INFO] [stdout]   |
[INFO] [stdout] 5 - let mut config = prost_build::Config::new();
[INFO] [stdout] 5 + let mut config = Config::new();
[INFO] [stdout]   |
[INFO] [stdout] 
[INFO] [stdout] error: aborting due to 1 previous error
[INFO] [stdout] 
[INFO] [stdout] For more information about this error, try `rustc --explain E0433`.
[INFO] [stdout] Couldn't compile the test.
[INFO] [stdout] ---- src/lib.rs - compile_protos (line 1064) stdout ----
[INFO] [stdout] error[E0433]: failed to resolve: use of undeclared crate or module `prost_build`
[INFO] [stdout]  --> src/lib.rs:1067:3
[INFO] [stdout]   |
[INFO] [stdout] 4 |   prost_build::compile_protos(&["src/frontend.proto", "src/backend.proto"], &["src"])?;
[INFO] [stdout]   |   ^^^^^^^^^^^ use of undeclared crate or module `prost_build`
[INFO] [stdout] 
[INFO] [stdout] error: aborting due to 1 previous error
[INFO] [stdout] 
[INFO] [stdout] For more information about this error, try `rustc --explain E0433`.
[INFO] [stdout] Couldn't compile the test.
[INFO] [stdout] ---- src/lib.rs - (line 53) stdout ----
[INFO] [stdout] error[E0433]: failed to resolve: use of undeclared crate or module `prost_build`
[INFO] [stdout]  --> src/lib.rs:56:5
[INFO] [stdout]   |
[INFO] [stdout] 4 |     prost_build::compile_protos(&["src/items.proto"], &["src/"])?;
[INFO] [stdout]   |     ^^^^^^^^^^^ use of undeclared crate or module `prost_build`
[INFO] [stdout] 
[INFO] [stdout] error: aborting due to 1 previous error
[INFO] [stdout] 
[INFO] [stdout] For more information about this error, try `rustc --explain E0433`.
[INFO] [stdout] Couldn't compile the test.
[INFO] [stdout] ---- src/lib.rs - Config::field_attribute (line 385) stdout ----
[INFO] [stdout] error[E0433]: failed to resolve: use of undeclared crate or module `prost_build`
[INFO] [stdout]  --> src/lib.rs:386:18
[INFO] [stdout]   |
[INFO] [stdout] 3 | let mut config = prost_build::Config::new();
[INFO] [stdout]   |                  ^^^^^^^^^^^ use of undeclared crate or module `prost_build`
[INFO] [stdout]   |
[INFO] [stdout] help: consider importing one of these items
[INFO] [stdout]   |
[INFO] [stdout] 2 + use informalsystems_prost_build::Config;
[INFO] [stdout]   |
[INFO] [stdout] 2 + use petgraph::dot::Config;
[INFO] [stdout]   |
[INFO] [stdout] help: if you import `Config`, refer to it directly
[INFO] [stdout]   |
[INFO] [stdout] 3 - let mut config = prost_build::Config::new();
[INFO] [stdout] 3 + let mut config = Config::new();
[INFO] [stdout]   |
[INFO] [stdout] 
[INFO] [stdout] error: aborting due to 1 previous error
[INFO] [stdout] 
[INFO] [stdout] For more information about this error, try `rustc --explain E0433`.
[INFO] [stdout] Couldn't compile the test.
[INFO] [stdout] ---- src/lib.rs - Config::compile_protos (line 758) stdout ----
[INFO] [stdout] error[E0433]: failed to resolve: use of undeclared crate or module `prost_build`
[INFO] [stdout]  --> src/lib.rs:761:25
[INFO] [stdout]   |
[INFO] [stdout] 4 |   let mut prost_build = prost_build::Config::new();
[INFO] [stdout]   |                         ^^^^^^^^^^^ use of undeclared crate or module `prost_build`
[INFO] [stdout]   |
[INFO] [stdout] help: consider importing one of these items
[INFO] [stdout]   |
[INFO] [stdout] 2 + use informalsystems_prost_build::Config;
[INFO] [stdout]   |
[INFO] [stdout] 2 + use petgraph::dot::Config;
[INFO] [stdout]   |
[INFO] [stdout] help: if you import `Config`, refer to it directly
[INFO] [stdout]   |
[INFO] [stdout] 4 -   let mut prost_build = prost_build::Config::new();
[INFO] [stdout] 4 +   let mut prost_build = Config::new();
[INFO] [stdout]   |
[INFO] [stdout] 
[INFO] [stdout] error: aborting due to 1 previous error
[INFO] [stdout] 
[INFO] [stdout] For more information about this error, try `rustc --explain E0433`.
[INFO] [stdout] Couldn't compile the test.
[INFO] [stdout] ---- src/lib.rs - Config::bytes (line 324) stdout ----
[INFO] [stdout] error[E0433]: failed to resolve: use of undeclared crate or module `prost_build`
[INFO] [stdout]  --> src/lib.rs:325:18
[INFO] [stdout]   |
[INFO] [stdout] 3 | let mut config = prost_build::Config::new();
[INFO] [stdout]   |                  ^^^^^^^^^^^ use of undeclared crate or module `prost_build`
[INFO] [stdout]   |
[INFO] [stdout] help: consider importing one of these items
[INFO] [stdout]   |
[INFO] [stdout] 2 + use informalsystems_prost_build::Config;
[INFO] [stdout]   |
[INFO] [stdout] 2 + use petgraph::dot::Config;
[INFO] [stdout]   |
[INFO] [stdout] help: if you import `Config`, refer to it directly
[INFO] [stdout]   |
[INFO] [stdout] 3 - let mut config = prost_build::Config::new();
[INFO] [stdout] 3 + let mut config = Config::new();
[INFO] [stdout]   |
[INFO] [stdout] 
[INFO] [stdout] error: aborting due to 1 previous error
[INFO] [stdout] 
[INFO] [stdout] For more information about this error, try `rustc --explain E0433`.
[INFO] [stdout] Couldn't compile the test.
[INFO] [stdout] ---- src/lib.rs - Config::extern_path (line 584) stdout ----
[INFO] [stdout] error[E0433]: failed to resolve: use of undeclared crate or module `prost_build`
[INFO] [stdout]  --> src/lib.rs:585:18
[INFO] [stdout]   |
[INFO] [stdout] 3 | let mut config = prost_build::Config::new();
[INFO] [stdout]   |                  ^^^^^^^^^^^ use of undeclared crate or module `prost_build`
[INFO] [stdout]   |
[INFO] [stdout] help: consider importing one of these items
[INFO] [stdout]   |
[INFO] [stdout] 2 + use informalsystems_prost_build::Config;
[INFO] [stdout]   |
[INFO] [stdout] 2 + use petgraph::dot::Config;
[INFO] [stdout]   |
[INFO] [stdout] help: if you import `Config`, refer to it directly
[INFO] [stdout]   |
[INFO] [stdout] 3 - let mut config = prost_build::Config::new();
[INFO] [stdout] 3 + let mut config = Config::new();
[INFO] [stdout]   |
[INFO] [stdout] 
[INFO] [stdout] error: aborting due to 1 previous error
[INFO] [stdout] 
[INFO] [stdout] For more information about this error, try `rustc --explain E0433`.
[INFO] [stdout] Couldn't compile the test.
[INFO] [stdout] ---- src/lib.rs - Config::protoc_arg (line 696) stdout ----
[INFO] [stdout] error[E0433]: failed to resolve: use of undeclared crate or module `prost_build`
[INFO] [stdout]  --> src/lib.rs:699:25
[INFO] [stdout]   |
[INFO] [stdout] 4 |   let mut prost_build = prost_build::Config::new();
[INFO] [stdout]   |                         ^^^^^^^^^^^ use of undeclared crate or module `prost_build`
[INFO] [stdout]   |
[INFO] [stdout] help: consider importing one of these items
[INFO] [stdout]   |
[INFO] [stdout] 2 + use informalsystems_prost_build::Config;
[INFO] [stdout]   |
[INFO] [stdout] 2 + use petgraph::dot::Config;
[INFO] [stdout]   |
[INFO] [stdout] help: if you import `Config`, refer to it directly
[INFO] [stdout]   |
[INFO] [stdout] 4 -   let mut prost_build = prost_build::Config::new();
[INFO] [stdout] 4 +   let mut prost_build = Config::new();
[INFO] [stdout]   |
[INFO] [stdout] 
[INFO] [stdout] error: aborting due to 1 previous error
[INFO] [stdout] 
[INFO] [stdout] For more information about this error, try `rustc --explain E0433`.
[INFO] [stdout] Couldn't compile the test.
[INFO] [stdout] ---- src/lib.rs - Config::type_attribute (line 420) stdout ----
[INFO] [stdout] error[E0433]: failed to resolve: use of undeclared crate or module `prost_build`
[INFO] [stdout]  --> src/lib.rs:421:18
[INFO] [stdout]   |
[INFO] [stdout] 3 | let mut config = prost_build::Config::new();
[INFO] [stdout]   |                  ^^^^^^^^^^^ use of undeclared crate or module `prost_build`
[INFO] [stdout]   |
[INFO] [stdout] help: consider importing one of these items
[INFO] [stdout]   |
[INFO] [stdout] 2 + use informalsystems_prost_build::Config;
[INFO] [stdout]   |
[INFO] [stdout] 2 + use petgraph::dot::Config;
[INFO] [stdout]   |
[INFO] [stdout] help: if you import `Config`, refer to it directly
[INFO] [stdout]   |
[INFO] [stdout] 3 - let mut config = prost_build::Config::new();
[INFO] [stdout] 3 + let mut config = Config::new();
[INFO] [stdout]   |
[INFO] [stdout] 
[INFO] [stdout] error: aborting due to 1 previous error
[INFO] [stdout] 
[INFO] [stdout] For more information about this error, try `rustc --explain E0433`.
[INFO] [stdout] Couldn't compile the test.
[INFO] [stdout] 
[INFO] [stdout] failures:
[INFO] [stdout]     src/lib.rs - (line 53)
[INFO] [stdout]     src/lib.rs - Config::btree_map (line 263)
[INFO] [stdout]     src/lib.rs - Config::bytes (line 324)
[INFO] [stdout]     src/lib.rs - Config::compile_protos (line 758)
[INFO] [stdout]     src/lib.rs - Config::extern_path (line 584)
[INFO] [stdout]     src/lib.rs - Config::field_attribute (line 385)
[INFO] [stdout]     src/lib.rs - Config::file_descriptor_set_path (line 618)
[INFO] [stdout]     src/lib.rs - Config::protoc_arg (line 696)
[INFO] [stdout]     src/lib.rs - Config::skip_protoc_run (line 648)
[INFO] [stdout]     src/lib.rs - Config::type_attribute (line 420)
[INFO] [stdout]     src/lib.rs - compile_protos (line 1064)
[INFO] [stdout] 
[INFO] [stdout] test result: FAILED. 0 passed; 11 failed; 7 ignored; 0 measured; 0 filtered out; finished in 0.16s
[INFO] [stdout] 
[INFO] [stderr] error: doctest failed, to rerun pass `--doc`
[INFO] running `Command { std: "docker" "inspect" "f4fc6aaea77ff3c521fac6b741af9e062695b2e820c8abf19ea17fd865315f58", kill_on_drop: false }`
[INFO] running `Command { std: "docker" "rm" "-f" "f4fc6aaea77ff3c521fac6b741af9e062695b2e820c8abf19ea17fd865315f58", kill_on_drop: false }`
[INFO] [stdout] f4fc6aaea77ff3c521fac6b741af9e062695b2e820c8abf19ea17fd865315f58
