[INFO] fetching crate indexed 0.2.0...
[INFO] testing indexed-0.2.0 against 1.75.0 for beta-1.76-1
[INFO] extracting crate indexed 0.2.0 into /workspace/builds/worker-2-tc1/source
[INFO] validating manifest of crates.io crate indexed 0.2.0 on toolchain 1.75.0
[INFO] running `Command { std: CARGO_HOME="/workspace/cargo-home" RUSTUP_HOME="/workspace/rustup-home" "/workspace/cargo-home/bin/cargo" "+1.75.0" "metadata" "--manifest-path" "Cargo.toml" "--no-deps", kill_on_drop: false }`
[INFO] started tweaking crates.io crate indexed 0.2.0
[INFO] finished tweaking crates.io crate indexed 0.2.0
[INFO] tweaked toml for crates.io crate indexed 0.2.0 written to /workspace/builds/worker-2-tc1/source/Cargo.toml
[INFO] running `Command { std: CARGO_HOME="/workspace/cargo-home" RUSTUP_HOME="/workspace/rustup-home" "/workspace/cargo-home/bin/cargo" "+1.75.0" "generate-lockfile" "--manifest-path" "Cargo.toml", kill_on_drop: false }`
[INFO] running `Command { std: CARGO_HOME="/workspace/cargo-home" RUSTUP_HOME="/workspace/rustup-home" "/workspace/cargo-home/bin/cargo" "+1.75.0" "fetch" "--manifest-path" "Cargo.toml", kill_on_drop: false }`
[INFO] running `Command { std: "docker" "create" "-v" "/var/lib/crater-agent-workspace/builds/worker-2-tc1/target:/opt/rustwide/target:rw,Z" "-v" "/var/lib/crater-agent-workspace/builds/worker-2-tc1/source:/opt/rustwide/workdir:ro,Z" "-v" "/var/lib/crater-agent-workspace/cargo-home:/opt/rustwide/cargo-home:ro,Z" "-v" "/var/lib/crater-agent-workspace/rustup-home:/opt/rustwide/rustup-home:ro,Z" "-e" "SOURCE_DIR=/opt/rustwide/workdir" "-e" "CARGO_TARGET_DIR=/opt/rustwide/target" "-e" "CARGO_HOME=/opt/rustwide/cargo-home" "-e" "RUSTUP_HOME=/opt/rustwide/rustup-home" "-w" "/opt/rustwide/workdir" "-m" "1610612736" "--user" "0:0" "--network" "none" "ghcr.io/rust-lang/crates-build-env/linux@sha256:2788e3201cd34a07e3172128adcd8b3090168a8e3bcc40d7c032b9dda1df7d1c" "/opt/rustwide/cargo-home/bin/cargo" "+1.75.0" "metadata" "--no-deps" "--format-version=1", kill_on_drop: false }`
[INFO] [stdout] b6702ea302e246edd6960b4dc8ec2895618fa6c7edbe8c3b73223ab772899007
[INFO] running `Command { std: "docker" "start" "-a" "b6702ea302e246edd6960b4dc8ec2895618fa6c7edbe8c3b73223ab772899007", kill_on_drop: false }`
[INFO] running `Command { std: "docker" "inspect" "b6702ea302e246edd6960b4dc8ec2895618fa6c7edbe8c3b73223ab772899007", kill_on_drop: false }`
[INFO] running `Command { std: "docker" "rm" "-f" "b6702ea302e246edd6960b4dc8ec2895618fa6c7edbe8c3b73223ab772899007", kill_on_drop: false }`
[INFO] [stdout] b6702ea302e246edd6960b4dc8ec2895618fa6c7edbe8c3b73223ab772899007
[INFO] running `Command { std: "docker" "create" "-v" "/var/lib/crater-agent-workspace/builds/worker-2-tc1/target:/opt/rustwide/target:rw,Z" "-v" "/var/lib/crater-agent-workspace/builds/worker-2-tc1/source:/opt/rustwide/workdir:ro,Z" "-v" "/var/lib/crater-agent-workspace/cargo-home:/opt/rustwide/cargo-home:ro,Z" "-v" "/var/lib/crater-agent-workspace/rustup-home:/opt/rustwide/rustup-home:ro,Z" "-e" "SOURCE_DIR=/opt/rustwide/workdir" "-e" "CARGO_TARGET_DIR=/opt/rustwide/target" "-e" "CARGO_INCREMENTAL=0" "-e" "RUST_BACKTRACE=full" "-e" "RUSTFLAGS=--cap-lints=warn" "-e" "RUSTDOCFLAGS=--cap-lints=warn" "-e" "CARGO_HOME=/opt/rustwide/cargo-home" "-e" "RUSTUP_HOME=/opt/rustwide/rustup-home" "-w" "/opt/rustwide/workdir" "-m" "1610612736" "--user" "0:0" "--network" "none" "ghcr.io/rust-lang/crates-build-env/linux@sha256:2788e3201cd34a07e3172128adcd8b3090168a8e3bcc40d7c032b9dda1df7d1c" "/opt/rustwide/cargo-home/bin/cargo" "+1.75.0" "build" "--frozen" "--message-format=json", kill_on_drop: false }`
[INFO] [stdout] 3d7830bccecbac7c1841f1ec514e9bb4d1f578653907788f9e76a18966ce62e4
[INFO] running `Command { std: "docker" "start" "-a" "3d7830bccecbac7c1841f1ec514e9bb4d1f578653907788f9e76a18966ce62e4", kill_on_drop: false }`
[INFO] [stderr]    Compiling indexed v0.2.0 (/opt/rustwide/workdir)
[INFO] [stdout] warning: unused attribute
[INFO] [stdout]    --> src/lib.rs:450:5
[INFO] [stdout]     |
[INFO] [stdout] 450 |     #[inline]
[INFO] [stdout]     |     ^^^^^^^^^ help: remove this attribute
[INFO] [stdout]     |
[INFO] [stdout] note: attribute also specified here
[INFO] [stdout]    --> src/lib.rs:440:5
[INFO] [stdout]     |
[INFO] [stdout] 440 |     #[inline]
[INFO] [stdout]     |     ^^^^^^^^^
[INFO] [stdout]     = warning: this was previously accepted by the compiler but is being phased out; it will become a hard error in a future release!
[INFO] [stdout]     = note: `#[warn(unused_attributes)]` on by default
[INFO] [stdout] 
[INFO] [stdout] 
[INFO] [stdout] warning: 1 warning emitted
[INFO] [stdout] 
[INFO] [stdout] 
[INFO] [stderr]     Finished dev [unoptimized + debuginfo] target(s) in 0.16s
[INFO] running `Command { std: "docker" "inspect" "3d7830bccecbac7c1841f1ec514e9bb4d1f578653907788f9e76a18966ce62e4", kill_on_drop: false }`
[INFO] running `Command { std: "docker" "rm" "-f" "3d7830bccecbac7c1841f1ec514e9bb4d1f578653907788f9e76a18966ce62e4", kill_on_drop: false }`
[INFO] [stdout] 3d7830bccecbac7c1841f1ec514e9bb4d1f578653907788f9e76a18966ce62e4
[INFO] running `Command { std: "docker" "create" "-v" "/var/lib/crater-agent-workspace/builds/worker-2-tc1/target:/opt/rustwide/target:rw,Z" "-v" "/var/lib/crater-agent-workspace/builds/worker-2-tc1/source:/opt/rustwide/workdir:ro,Z" "-v" "/var/lib/crater-agent-workspace/cargo-home:/opt/rustwide/cargo-home:ro,Z" "-v" "/var/lib/crater-agent-workspace/rustup-home:/opt/rustwide/rustup-home:ro,Z" "-e" "SOURCE_DIR=/opt/rustwide/workdir" "-e" "CARGO_TARGET_DIR=/opt/rustwide/target" "-e" "CARGO_INCREMENTAL=0" "-e" "RUST_BACKTRACE=full" "-e" "RUSTFLAGS=--cap-lints=warn" "-e" "RUSTDOCFLAGS=--cap-lints=warn" "-e" "CARGO_HOME=/opt/rustwide/cargo-home" "-e" "RUSTUP_HOME=/opt/rustwide/rustup-home" "-w" "/opt/rustwide/workdir" "-m" "1610612736" "--user" "0:0" "--network" "none" "ghcr.io/rust-lang/crates-build-env/linux@sha256:2788e3201cd34a07e3172128adcd8b3090168a8e3bcc40d7c032b9dda1df7d1c" "/opt/rustwide/cargo-home/bin/cargo" "+1.75.0" "test" "--frozen" "--no-run" "--message-format=json", kill_on_drop: false }`
[INFO] [stdout] 38b8d1d0c7194a977730c94e278792294bc39967b4412c138616ca08a428457a
[INFO] running `Command { std: "docker" "start" "-a" "38b8d1d0c7194a977730c94e278792294bc39967b4412c138616ca08a428457a", kill_on_drop: false }`
[INFO] [stdout] warning: unused attribute
[INFO] [stdout]    --> src/lib.rs:450:5
[INFO] [stdout]     |
[INFO] [stdout] 450 |     #[inline]
[INFO] [stdout]     |     ^^^^^^^^^ help: remove this attribute
[INFO] [stdout]     |
[INFO] [stdout] note: attribute also specified here
[INFO] [stdout]    --> src/lib.rs:440:5
[INFO] [stdout]     |
[INFO] [stdout] 440 |     #[inline]
[INFO] [stdout]     |     ^^^^^^^^^
[INFO] [stdout]     = warning: this was previously accepted by the compiler but is being phased out; it will become a hard error in a future release!
[INFO] [stdout]     = note: `#[warn(unused_attributes)]` on by default
[INFO] [stdout] 
[INFO] [stdout] 
[INFO] [stderr]    Compiling indexed v0.2.0 (/opt/rustwide/workdir)
[INFO] [stdout] warning: 1 warning emitted
[INFO] [stdout] 
[INFO] [stdout] 
[INFO] [stdout] warning: unused attribute
[INFO] [stdout]    --> src/lib.rs:450:5
[INFO] [stdout]     |
[INFO] [stdout] 450 |     #[inline]
[INFO] [stdout]     |     ^^^^^^^^^ help: remove this attribute
[INFO] [stdout]     |
[INFO] [stdout] note: attribute also specified here
[INFO] [stdout]    --> src/lib.rs:440:5
[INFO] [stdout]     |
[INFO] [stdout] 440 |     #[inline]
[INFO] [stdout]     |     ^^^^^^^^^
[INFO] [stdout]     = warning: this was previously accepted by the compiler but is being phased out; it will become a hard error in a future release!
[INFO] [stdout]     = note: `#[warn(unused_attributes)]` on by default
[INFO] [stdout] 
[INFO] [stdout] 
[INFO] [stdout] warning: 1 warning emitted
[INFO] [stdout] 
[INFO] [stdout] 
[INFO] [stderr]     Finished test [unoptimized + debuginfo] target(s) in 0.49s
[INFO] running `Command { std: "docker" "inspect" "38b8d1d0c7194a977730c94e278792294bc39967b4412c138616ca08a428457a", kill_on_drop: false }`
[INFO] running `Command { std: "docker" "rm" "-f" "38b8d1d0c7194a977730c94e278792294bc39967b4412c138616ca08a428457a", kill_on_drop: false }`
[INFO] [stdout] 38b8d1d0c7194a977730c94e278792294bc39967b4412c138616ca08a428457a
[INFO] running `Command { std: "docker" "create" "-v" "/var/lib/crater-agent-workspace/builds/worker-2-tc1/target:/opt/rustwide/target:rw,Z" "-v" "/var/lib/crater-agent-workspace/builds/worker-2-tc1/source:/opt/rustwide/workdir:ro,Z" "-v" "/var/lib/crater-agent-workspace/cargo-home:/opt/rustwide/cargo-home:ro,Z" "-v" "/var/lib/crater-agent-workspace/rustup-home:/opt/rustwide/rustup-home:ro,Z" "-e" "SOURCE_DIR=/opt/rustwide/workdir" "-e" "CARGO_TARGET_DIR=/opt/rustwide/target" "-e" "CARGO_INCREMENTAL=0" "-e" "RUST_BACKTRACE=full" "-e" "RUSTFLAGS=--cap-lints=warn" "-e" "RUSTDOCFLAGS=--cap-lints=warn" "-e" "CARGO_HOME=/opt/rustwide/cargo-home" "-e" "RUSTUP_HOME=/opt/rustwide/rustup-home" "-w" "/opt/rustwide/workdir" "-m" "1610612736" "--user" "0:0" "--network" "none" "ghcr.io/rust-lang/crates-build-env/linux@sha256:2788e3201cd34a07e3172128adcd8b3090168a8e3bcc40d7c032b9dda1df7d1c" "/opt/rustwide/cargo-home/bin/cargo" "+1.75.0" "test" "--frozen", kill_on_drop: false }`
[INFO] [stdout] a7b7646dec454375b3b6196001fe02ebc67554ae7bc4aeb214a68b28f6c82d23
[INFO] running `Command { std: "docker" "start" "-a" "a7b7646dec454375b3b6196001fe02ebc67554ae7bc4aeb214a68b28f6c82d23", kill_on_drop: false }`
[INFO] [stderr] warning: unused attribute
[INFO] [stdout] 
[INFO] [stderr]    --> src/lib.rs:450:5
[INFO] [stdout] running 2 tests
[INFO] [stderr]     |
[INFO] [stderr] 450 |     #[inline]
[INFO] [stderr]     |     ^^^^^^^^^ help: remove this attribute
[INFO] [stderr]     |
[INFO] [stderr] note: attribute also specified here
[INFO] [stderr]    --> src/lib.rs:440:5
[INFO] [stderr]     |
[INFO] [stderr] 440 |     #[inline]
[INFO] [stderr]     |     ^^^^^^^^^
[INFO] [stderr]     = warning: this was previously accepted by the compiler but is being phased out; it will become a hard error in a future release!
[INFO] [stderr]     = note: `#[warn(unused_attributes)]` on by default
[INFO] [stderr] 
[INFO] [stderr] warning: `indexed` (lib) generated 1 warning (run `cargo fix --lib -p indexed` to apply 1 suggestion)
[INFO] [stderr] warning: `indexed` (lib test) generated 1 warning (1 duplicate)
[INFO] [stderr]     Finished test [unoptimized + debuginfo] target(s) in 0.01s
[INFO] [stderr]      Running unittests src/lib.rs (/opt/rustwide/target/debug/deps/indexed-0c3237e9a1850352)
[INFO] [stdout] test tests::it_works ... ok
[INFO] [stdout] test tests::test_zst - should panic ... ok
[INFO] [stderr]    Doc-tests indexed
[INFO] [stdout] 
[INFO] [stdout] test result: ok. 2 passed; 0 failed; 0 ignored; 0 measured; 0 filtered out; finished in 0.03s
[INFO] [stdout] 
[INFO] [stdout] 
[INFO] [stdout] running 19 tests
[INFO] [stdout] test src/lib.rs - Pool<T>::new_unmanaged (line 262) ... ok
[INFO] [stdout] test src/lib.rs - Pool<T>::set_len (line 509) ... ok
[INFO] [stdout] test src/lib.rs - Pool<T>::non_null (line 535) ... ok
[INFO] [stdout] test src/lib.rs - (line 11) ... ok
[INFO] [stdout] test src/lib.rs - Pool<T>::pool_mut (line 588) ... ok
[INFO] [stdout] test src/lib.rs - Pool<T>::len (line 440) ... ok
[INFO] [stdout] test src/lib.rs - Pool<T>::is_empty (line 623) ... ok
[INFO] [stdout] test src/lib.rs - Pool<T>::new (line 229) ... ok
[INFO] [stdout] test src/lib.rs - Pool<T>::iter_mut (line 664) ... ok
[INFO] [stdout] test src/lib.rs - Pool<T>::iter (line 640) ... ok
[INFO] [stdout] test src/lib.rs - Pool<T>::pool (line 553) ... ok
[INFO] [stdout] test src/lib.rs - Pool<T>::set_len (line 458) ... ok
[INFO] [stdout] test src/lib.rs - Pool<T>::reserve (line 403) ... ok
[INFO] [stdout] test src/lib.rs - Pool<T>::write (line 367) ... ok
[INFO] [stdout] test src/lib.rs - Pool<T>::set_len (line 478) ... FAILED
[INFO] [stdout] test src/lib.rs - Pool<T>::push (line 320) ... ok
[INFO] [stdout] test src/lib.rs - impl_indexed (line 829) ... ok
[INFO] [stdout] test src/lib.rs - extrusive_indexed (line 855) ... ok
[INFO] [stdout] test src/lib.rs - pool (line 803) ... ok
[INFO] [stderr] error: doctest failed, to rerun pass `--doc`
[INFO] [stdout] 
[INFO] [stdout] failures:
[INFO] [stdout] 
[INFO] [stdout] ---- src/lib.rs - Pool<T>::set_len (line 478) stdout ----
[INFO] [stdout] Test executable failed (signal: 6 (SIGABRT) (core dumped)).
[INFO] [stdout] 
[INFO] [stdout] stderr:
[INFO] [stdout] free(): double free detected in tcache 2
[INFO] [stdout] 
[INFO] [stdout] 
[INFO] [stdout] 
[INFO] [stdout] failures:
[INFO] [stdout]     src/lib.rs - Pool<T>::set_len (line 478)
[INFO] [stdout] 
[INFO] [stdout] test result: FAILED. 18 passed; 1 failed; 0 ignored; 0 measured; 0 filtered out; finished in 1.13s
[INFO] [stdout] 
[INFO] running `Command { std: "docker" "inspect" "a7b7646dec454375b3b6196001fe02ebc67554ae7bc4aeb214a68b28f6c82d23", kill_on_drop: false }`
[INFO] running `Command { std: "docker" "rm" "-f" "a7b7646dec454375b3b6196001fe02ebc67554ae7bc4aeb214a68b28f6c82d23", kill_on_drop: false }`
[INFO] [stdout] a7b7646dec454375b3b6196001fe02ebc67554ae7bc4aeb214a68b28f6c82d23
[INFO] testing indexed-0.2.0 against beta-2023-12-22 for beta-1.76-1
[INFO] extracting crate indexed 0.2.0 into /workspace/builds/worker-2-tc2/source
[INFO] validating manifest of crates.io crate indexed 0.2.0 on toolchain beta-2023-12-22
[INFO] running `Command { std: CARGO_HOME="/workspace/cargo-home" RUSTUP_HOME="/workspace/rustup-home" "/workspace/cargo-home/bin/cargo" "+beta-2023-12-22" "metadata" "--manifest-path" "Cargo.toml" "--no-deps", kill_on_drop: false }`
[INFO] started tweaking crates.io crate indexed 0.2.0
[INFO] finished tweaking crates.io crate indexed 0.2.0
[INFO] tweaked toml for crates.io crate indexed 0.2.0 written to /workspace/builds/worker-2-tc2/source/Cargo.toml
[INFO] running `Command { std: CARGO_HOME="/workspace/cargo-home" RUSTUP_HOME="/workspace/rustup-home" "/workspace/cargo-home/bin/cargo" "+beta-2023-12-22" "generate-lockfile" "--manifest-path" "Cargo.toml", kill_on_drop: false }`
[INFO] running `Command { std: CARGO_HOME="/workspace/cargo-home" RUSTUP_HOME="/workspace/rustup-home" "/workspace/cargo-home/bin/cargo" "+beta-2023-12-22" "fetch" "--manifest-path" "Cargo.toml", kill_on_drop: false }`
[INFO] running `Command { std: "docker" "create" "-v" "/var/lib/crater-agent-workspace/builds/worker-2-tc2/target:/opt/rustwide/target:rw,Z" "-v" "/var/lib/crater-agent-workspace/builds/worker-2-tc2/source:/opt/rustwide/workdir:ro,Z" "-v" "/var/lib/crater-agent-workspace/cargo-home:/opt/rustwide/cargo-home:ro,Z" "-v" "/var/lib/crater-agent-workspace/rustup-home:/opt/rustwide/rustup-home:ro,Z" "-e" "SOURCE_DIR=/opt/rustwide/workdir" "-e" "CARGO_TARGET_DIR=/opt/rustwide/target" "-e" "CARGO_HOME=/opt/rustwide/cargo-home" "-e" "RUSTUP_HOME=/opt/rustwide/rustup-home" "-w" "/opt/rustwide/workdir" "-m" "1610612736" "--user" "0:0" "--network" "none" "ghcr.io/rust-lang/crates-build-env/linux@sha256:2788e3201cd34a07e3172128adcd8b3090168a8e3bcc40d7c032b9dda1df7d1c" "/opt/rustwide/cargo-home/bin/cargo" "+beta-2023-12-22" "metadata" "--no-deps" "--format-version=1", kill_on_drop: false }`
[INFO] [stdout] d5846740a3610ecd7831426245856ddb4d44a8aa01ded2140139a0db05fe8e8d
[INFO] running `Command { std: "docker" "start" "-a" "d5846740a3610ecd7831426245856ddb4d44a8aa01ded2140139a0db05fe8e8d", kill_on_drop: false }`
[INFO] running `Command { std: "docker" "inspect" "d5846740a3610ecd7831426245856ddb4d44a8aa01ded2140139a0db05fe8e8d", kill_on_drop: false }`
[INFO] running `Command { std: "docker" "rm" "-f" "d5846740a3610ecd7831426245856ddb4d44a8aa01ded2140139a0db05fe8e8d", kill_on_drop: false }`
[INFO] [stdout] d5846740a3610ecd7831426245856ddb4d44a8aa01ded2140139a0db05fe8e8d
[INFO] running `Command { std: "docker" "create" "-v" "/var/lib/crater-agent-workspace/builds/worker-2-tc2/target:/opt/rustwide/target:rw,Z" "-v" "/var/lib/crater-agent-workspace/builds/worker-2-tc2/source:/opt/rustwide/workdir:ro,Z" "-v" "/var/lib/crater-agent-workspace/cargo-home:/opt/rustwide/cargo-home:ro,Z" "-v" "/var/lib/crater-agent-workspace/rustup-home:/opt/rustwide/rustup-home:ro,Z" "-e" "SOURCE_DIR=/opt/rustwide/workdir" "-e" "CARGO_TARGET_DIR=/opt/rustwide/target" "-e" "CARGO_INCREMENTAL=0" "-e" "RUST_BACKTRACE=full" "-e" "RUSTFLAGS=--cap-lints=warn" "-e" "RUSTDOCFLAGS=--cap-lints=warn" "-e" "CARGO_HOME=/opt/rustwide/cargo-home" "-e" "RUSTUP_HOME=/opt/rustwide/rustup-home" "-w" "/opt/rustwide/workdir" "-m" "1610612736" "--user" "0:0" "--network" "none" "ghcr.io/rust-lang/crates-build-env/linux@sha256:2788e3201cd34a07e3172128adcd8b3090168a8e3bcc40d7c032b9dda1df7d1c" "/opt/rustwide/cargo-home/bin/cargo" "+beta-2023-12-22" "build" "--frozen" "--message-format=json", kill_on_drop: false }`
[INFO] [stdout] c4396826ed018b36a2c7dc745ff5a44a65b5b95678c989e66e21eed9345a7d67
[INFO] running `Command { std: "docker" "start" "-a" "c4396826ed018b36a2c7dc745ff5a44a65b5b95678c989e66e21eed9345a7d67", kill_on_drop: false }`
[INFO] [stderr]    Compiling indexed v0.2.0 (/opt/rustwide/workdir)
[INFO] [stdout] warning: unused attribute
[INFO] [stdout]    --> src/lib.rs:450:5
[INFO] [stdout]     |
[INFO] [stdout] 450 |     #[inline]
[INFO] [stdout]     |     ^^^^^^^^^ help: remove this attribute
[INFO] [stdout]     |
[INFO] [stdout] note: attribute also specified here
[INFO] [stdout]    --> src/lib.rs:440:5
[INFO] [stdout]     |
[INFO] [stdout] 440 |     #[inline]
[INFO] [stdout]     |     ^^^^^^^^^
[INFO] [stdout]     = warning: this was previously accepted by the compiler but is being phased out; it will become a hard error in a future release!
[INFO] [stdout]     = note: `#[warn(unused_attributes)]` on by default
[INFO] [stdout] 
[INFO] [stdout] 
[INFO] [stdout] warning: 1 warning emitted
[INFO] [stdout] 
[INFO] [stdout] 
[INFO] [stderr]     Finished dev [unoptimized + debuginfo] target(s) in 0.17s
[INFO] running `Command { std: "docker" "inspect" "c4396826ed018b36a2c7dc745ff5a44a65b5b95678c989e66e21eed9345a7d67", kill_on_drop: false }`
[INFO] running `Command { std: "docker" "rm" "-f" "c4396826ed018b36a2c7dc745ff5a44a65b5b95678c989e66e21eed9345a7d67", kill_on_drop: false }`
[INFO] [stdout] c4396826ed018b36a2c7dc745ff5a44a65b5b95678c989e66e21eed9345a7d67
[INFO] running `Command { std: "docker" "create" "-v" "/var/lib/crater-agent-workspace/builds/worker-2-tc2/target:/opt/rustwide/target:rw,Z" "-v" "/var/lib/crater-agent-workspace/builds/worker-2-tc2/source:/opt/rustwide/workdir:ro,Z" "-v" "/var/lib/crater-agent-workspace/cargo-home:/opt/rustwide/cargo-home:ro,Z" "-v" "/var/lib/crater-agent-workspace/rustup-home:/opt/rustwide/rustup-home:ro,Z" "-e" "SOURCE_DIR=/opt/rustwide/workdir" "-e" "CARGO_TARGET_DIR=/opt/rustwide/target" "-e" "CARGO_INCREMENTAL=0" "-e" "RUST_BACKTRACE=full" "-e" "RUSTFLAGS=--cap-lints=warn" "-e" "RUSTDOCFLAGS=--cap-lints=warn" "-e" "CARGO_HOME=/opt/rustwide/cargo-home" "-e" "RUSTUP_HOME=/opt/rustwide/rustup-home" "-w" "/opt/rustwide/workdir" "-m" "1610612736" "--user" "0:0" "--network" "none" "ghcr.io/rust-lang/crates-build-env/linux@sha256:2788e3201cd34a07e3172128adcd8b3090168a8e3bcc40d7c032b9dda1df7d1c" "/opt/rustwide/cargo-home/bin/cargo" "+beta-2023-12-22" "test" "--frozen" "--no-run" "--message-format=json", kill_on_drop: false }`
[INFO] [stdout] 95e287968f431d807aed51158a2e788491b5afc61bad2741cb4d9fbd2e33c2c1
[INFO] running `Command { std: "docker" "start" "-a" "95e287968f431d807aed51158a2e788491b5afc61bad2741cb4d9fbd2e33c2c1", kill_on_drop: false }`
[INFO] [stderr]    Compiling indexed v0.2.0 (/opt/rustwide/workdir)
[INFO] [stdout] warning: unused attribute
[INFO] [stdout]    --> src/lib.rs:450:5
[INFO] [stdout]     |
[INFO] [stdout] 450 |     #[inline]
[INFO] [stdout]     |     ^^^^^^^^^ help: remove this attribute
[INFO] [stdout]     |
[INFO] [stdout] note: attribute also specified here
[INFO] [stdout]    --> src/lib.rs:440:5
[INFO] [stdout]     |
[INFO] [stdout] 440 |     #[inline]
[INFO] [stdout]     |     ^^^^^^^^^
[INFO] [stdout]     = warning: this was previously accepted by the compiler but is being phased out; it will become a hard error in a future release!
[INFO] [stdout]     = note: `#[warn(unused_attributes)]` on by default
[INFO] [stdout] 
[INFO] [stdout] 
[INFO] [stdout] warning: 1 warning emitted
[INFO] [stdout] 
[INFO] [stdout] 
[INFO] [stdout] warning: unused attribute
[INFO] [stdout]    --> src/lib.rs:450:5
[INFO] [stdout]     |
[INFO] [stdout] 450 |     #[inline]
[INFO] [stdout]     |     ^^^^^^^^^ help: remove this attribute
[INFO] [stdout]     |
[INFO] [stdout] note: attribute also specified here
[INFO] [stdout]    --> src/lib.rs:440:5
[INFO] [stdout]     |
[INFO] [stdout] 440 |     #[inline]
[INFO] [stdout]     |     ^^^^^^^^^
[INFO] [stdout]     = warning: this was previously accepted by the compiler but is being phased out; it will become a hard error in a future release!
[INFO] [stdout]     = note: `#[warn(unused_attributes)]` on by default
[INFO] [stdout] 
[INFO] [stdout] 
[INFO] [stdout] warning: 1 warning emitted
[INFO] [stdout] 
[INFO] [stdout] 
[INFO] [stderr]     Finished test [unoptimized + debuginfo] target(s) in 0.45s
[INFO] running `Command { std: "docker" "inspect" "95e287968f431d807aed51158a2e788491b5afc61bad2741cb4d9fbd2e33c2c1", kill_on_drop: false }`
[INFO] running `Command { std: "docker" "rm" "-f" "95e287968f431d807aed51158a2e788491b5afc61bad2741cb4d9fbd2e33c2c1", kill_on_drop: false }`
[INFO] [stdout] 95e287968f431d807aed51158a2e788491b5afc61bad2741cb4d9fbd2e33c2c1
[INFO] running `Command { std: "docker" "create" "-v" "/var/lib/crater-agent-workspace/builds/worker-2-tc2/target:/opt/rustwide/target:rw,Z" "-v" "/var/lib/crater-agent-workspace/builds/worker-2-tc2/source:/opt/rustwide/workdir:ro,Z" "-v" "/var/lib/crater-agent-workspace/cargo-home:/opt/rustwide/cargo-home:ro,Z" "-v" "/var/lib/crater-agent-workspace/rustup-home:/opt/rustwide/rustup-home:ro,Z" "-e" "SOURCE_DIR=/opt/rustwide/workdir" "-e" "CARGO_TARGET_DIR=/opt/rustwide/target" "-e" "CARGO_INCREMENTAL=0" "-e" "RUST_BACKTRACE=full" "-e" "RUSTFLAGS=--cap-lints=warn" "-e" "RUSTDOCFLAGS=--cap-lints=warn" "-e" "CARGO_HOME=/opt/rustwide/cargo-home" "-e" "RUSTUP_HOME=/opt/rustwide/rustup-home" "-w" "/opt/rustwide/workdir" "-m" "1610612736" "--user" "0:0" "--network" "none" "ghcr.io/rust-lang/crates-build-env/linux@sha256:2788e3201cd34a07e3172128adcd8b3090168a8e3bcc40d7c032b9dda1df7d1c" "/opt/rustwide/cargo-home/bin/cargo" "+beta-2023-12-22" "test" "--frozen", kill_on_drop: false }`
[INFO] [stdout] 64bfbc202f2bb2246af5d23d956ffbbd959acb15f4375df26bb3aabb52f649a0
[INFO] running `Command { std: "docker" "start" "-a" "64bfbc202f2bb2246af5d23d956ffbbd959acb15f4375df26bb3aabb52f649a0", kill_on_drop: false }`
[INFO] [stdout] 
[INFO] [stderr] warning: unused attribute
[INFO] [stdout] running 2 tests
[INFO] [stderr]    --> src/lib.rs:450:5
[INFO] [stderr]     |
[INFO] [stderr] 450 |     #[inline]
[INFO] [stderr]     |     ^^^^^^^^^ help: remove this attribute
[INFO] [stderr]     |
[INFO] [stderr] note: attribute also specified here
[INFO] [stderr]    --> src/lib.rs:440:5
[INFO] [stderr]     |
[INFO] [stderr] 440 |     #[inline]
[INFO] [stderr]     |     ^^^^^^^^^
[INFO] [stderr]     = warning: this was previously accepted by the compiler but is being phased out; it will become a hard error in a future release!
[INFO] [stderr]     = note: `#[warn(unused_attributes)]` on by default
[INFO] [stderr] 
[INFO] [stderr] warning: `indexed` (lib) generated 1 warning (run `cargo fix --lib -p indexed` to apply 1 suggestion)
[INFO] [stderr] warning: `indexed` (lib test) generated 1 warning (1 duplicate)
[INFO] [stderr]     Finished test [unoptimized + debuginfo] target(s) in 0.01s
[INFO] [stderr]      Running unittests src/lib.rs (/opt/rustwide/target/debug/deps/indexed-db7db1f80dd5b465)
[INFO] [stdout] test tests::it_works ... ok
[INFO] [stdout] test tests::test_zst - should panic ... ok
[INFO] [stdout] 
[INFO] [stdout] test result: ok. 2 passed; 0 failed; 0 ignored; 0 measured; 0 filtered out; finished in 0.02s
[INFO] [stdout] 
[INFO] [stderr]    Doc-tests indexed
[INFO] [stdout] 
[INFO] [stdout] running 19 tests
[INFO] [stdout] test src/lib.rs - Pool<T>::push (line 320) ... ok
[INFO] [stdout] test src/lib.rs - Pool<T>::new_unmanaged (line 262) ... ok
[INFO] [stdout] test src/lib.rs - Pool<T>::reserve (line 403) ... ok
[INFO] [stdout] test src/lib.rs - Pool<T>::non_null (line 535) ... ok
[INFO] [stdout] test src/lib.rs - Pool<T>::iter_mut (line 664) ... ok
[INFO] [stdout] test src/lib.rs - Pool<T>::set_len (line 509) ... ok
[INFO] [stdout] test src/lib.rs - (line 11) ... ok
[INFO] [stdout] test src/lib.rs - Pool<T>::is_empty (line 623) ... ok
[INFO] [stdout] test src/lib.rs - Pool<T>::new (line 229) ... ok
[INFO] [stdout] test src/lib.rs - Pool<T>::pool (line 553) ... ok
[INFO] [stdout] test src/lib.rs - Pool<T>::write (line 367) ... ok
[INFO] [stdout] test src/lib.rs - Pool<T>::len (line 440) ... ok
[INFO] [stdout] test src/lib.rs - Pool<T>::pool_mut (line 588) ... ok
[INFO] [stdout] test src/lib.rs - Pool<T>::iter (line 640) ... ok
[INFO] [stdout] test src/lib.rs - Pool<T>::set_len (line 458) ... ok
[INFO] [stdout] test src/lib.rs - Pool<T>::set_len (line 478) ... FAILED
[INFO] [stdout] test src/lib.rs - pool (line 803) ... ok
[INFO] [stdout] test src/lib.rs - impl_indexed (line 829) ... ok
[INFO] [stderr] error: doctest failed, to rerun pass `--doc`
[INFO] [stdout] test src/lib.rs - extrusive_indexed (line 855) ... ok
[INFO] [stdout] 
[INFO] [stdout] failures:
[INFO] [stdout] 
[INFO] [stdout] ---- src/lib.rs - Pool<T>::set_len (line 478) stdout ----
[INFO] [stdout] Test executable failed (signal: 6 (SIGABRT) (core dumped)).
[INFO] [stdout] 
[INFO] [stdout] stderr:
[INFO] [stdout] free(): double free detected in tcache 2
[INFO] [stdout] 
[INFO] [stdout] 
[INFO] [stdout] 
[INFO] [stdout] failures:
[INFO] [stdout]     src/lib.rs - Pool<T>::set_len (line 478)
[INFO] [stdout] 
[INFO] [stdout] test result: FAILED. 18 passed; 1 failed; 0 ignored; 0 measured; 0 filtered out; finished in 1.02s
[INFO] [stdout] 
[INFO] running `Command { std: "docker" "inspect" "64bfbc202f2bb2246af5d23d956ffbbd959acb15f4375df26bb3aabb52f649a0", kill_on_drop: false }`
[INFO] running `Command { std: "docker" "rm" "-f" "64bfbc202f2bb2246af5d23d956ffbbd959acb15f4375df26bb3aabb52f649a0", kill_on_drop: false }`
[INFO] [stdout] 64bfbc202f2bb2246af5d23d956ffbbd959acb15f4375df26bb3aabb52f649a0
