[INFO] fetching crate in-toto 0.3.1...
[INFO] testing in-toto-0.3.1 against 1.75.0 for beta-1.76-1
[INFO] extracting crate in-toto 0.3.1 into /workspace/builds/worker-0-tc1/source
[INFO] validating manifest of crates.io crate in-toto 0.3.1 on toolchain 1.75.0
[INFO] running `Command { std: CARGO_HOME="/workspace/cargo-home" RUSTUP_HOME="/workspace/rustup-home" "/workspace/cargo-home/bin/cargo" "+1.75.0" "metadata" "--manifest-path" "Cargo.toml" "--no-deps", kill_on_drop: false }`
[INFO] started tweaking crates.io crate in-toto 0.3.1
[INFO] finished tweaking crates.io crate in-toto 0.3.1
[INFO] tweaked toml for crates.io crate in-toto 0.3.1 written to /workspace/builds/worker-0-tc1/source/Cargo.toml
[INFO] crate crates.io crate in-toto 0.3.1 already has a lockfile, it will not be regenerated
[INFO] running `Command { std: CARGO_HOME="/workspace/cargo-home" RUSTUP_HOME="/workspace/rustup-home" "/workspace/cargo-home/bin/cargo" "+1.75.0" "fetch" "--manifest-path" "Cargo.toml", kill_on_drop: false }`
[INFO] [stderr]     Updating crates.io index
[INFO] [stderr]  Downloading crates ...
[INFO] [stderr]   Downloaded path-matchers v1.0.2
[INFO] [stderr]   Downloaded derp v0.0.14
[INFO] [stderr]   Downloaded pem v2.0.1
[INFO] running `Command { std: "docker" "create" "-v" "/var/lib/crater-agent-workspace/builds/worker-0-tc1/target:/opt/rustwide/target:rw,Z" "-v" "/var/lib/crater-agent-workspace/builds/worker-0-tc1/source:/opt/rustwide/workdir:ro,Z" "-v" "/var/lib/crater-agent-workspace/cargo-home:/opt/rustwide/cargo-home:ro,Z" "-v" "/var/lib/crater-agent-workspace/rustup-home:/opt/rustwide/rustup-home:ro,Z" "-e" "SOURCE_DIR=/opt/rustwide/workdir" "-e" "CARGO_TARGET_DIR=/opt/rustwide/target" "-e" "CARGO_HOME=/opt/rustwide/cargo-home" "-e" "RUSTUP_HOME=/opt/rustwide/rustup-home" "-w" "/opt/rustwide/workdir" "-m" "1610612736" "--user" "0:0" "--network" "none" "ghcr.io/rust-lang/crates-build-env/linux@sha256:2788e3201cd34a07e3172128adcd8b3090168a8e3bcc40d7c032b9dda1df7d1c" "/opt/rustwide/cargo-home/bin/cargo" "+1.75.0" "metadata" "--no-deps" "--format-version=1", kill_on_drop: false }`
[INFO] [stdout] cf79e9c48d4acff380e7dcda89877cb41ca0fa7e4c56e5e6b37ffbd9b7ccad84
[INFO] running `Command { std: "docker" "start" "-a" "cf79e9c48d4acff380e7dcda89877cb41ca0fa7e4c56e5e6b37ffbd9b7ccad84", kill_on_drop: false }`
[INFO] running `Command { std: "docker" "inspect" "cf79e9c48d4acff380e7dcda89877cb41ca0fa7e4c56e5e6b37ffbd9b7ccad84", kill_on_drop: false }`
[INFO] running `Command { std: "docker" "rm" "-f" "cf79e9c48d4acff380e7dcda89877cb41ca0fa7e4c56e5e6b37ffbd9b7ccad84", kill_on_drop: false }`
[INFO] [stdout] cf79e9c48d4acff380e7dcda89877cb41ca0fa7e4c56e5e6b37ffbd9b7ccad84
[INFO] running `Command { std: "docker" "create" "-v" "/var/lib/crater-agent-workspace/builds/worker-0-tc1/target:/opt/rustwide/target:rw,Z" "-v" "/var/lib/crater-agent-workspace/builds/worker-0-tc1/source:/opt/rustwide/workdir:ro,Z" "-v" "/var/lib/crater-agent-workspace/cargo-home:/opt/rustwide/cargo-home:ro,Z" "-v" "/var/lib/crater-agent-workspace/rustup-home:/opt/rustwide/rustup-home:ro,Z" "-e" "SOURCE_DIR=/opt/rustwide/workdir" "-e" "CARGO_TARGET_DIR=/opt/rustwide/target" "-e" "CARGO_INCREMENTAL=0" "-e" "RUST_BACKTRACE=full" "-e" "RUSTFLAGS=--cap-lints=warn" "-e" "RUSTDOCFLAGS=--cap-lints=warn" "-e" "CARGO_HOME=/opt/rustwide/cargo-home" "-e" "RUSTUP_HOME=/opt/rustwide/rustup-home" "-w" "/opt/rustwide/workdir" "-m" "1610612736" "--user" "0:0" "--network" "none" "ghcr.io/rust-lang/crates-build-env/linux@sha256:2788e3201cd34a07e3172128adcd8b3090168a8e3bcc40d7c032b9dda1df7d1c" "/opt/rustwide/cargo-home/bin/cargo" "+1.75.0" "build" "--frozen" "--message-format=json", kill_on_drop: false }`
[INFO] [stdout] 45a70a75aa77d8d31172d9c2dbe92385f1eb831b93366ad1bb2af49bef58180a
[INFO] running `Command { std: "docker" "start" "-a" "45a70a75aa77d8d31172d9c2dbe92385f1eb831b93366ad1bb2af49bef58180a", kill_on_drop: false }`
[INFO] [stderr]    Compiling proc-macro2 v1.0.60
[INFO] [stderr]    Compiling unicode-ident v1.0.9
[INFO] [stderr]    Compiling quote v1.0.28
[INFO] [stderr]    Compiling libc v0.2.121
[INFO] [stderr]    Compiling autocfg v1.1.0
[INFO] [stderr]    Compiling cfg-if v1.0.0
[INFO] [stderr]    Compiling syn v1.0.109
[INFO] [stderr]    Compiling futures-core v0.3.28
[INFO] [stderr]    Compiling pin-project-lite v0.2.8
[INFO] [stderr]    Compiling futures-channel v0.3.28
[INFO] [stderr]    Compiling memchr v2.4.1
[INFO] [stderr]    Compiling futures-task v0.3.28
[INFO] [stderr]    Compiling serde v1.0.136
[INFO] [stderr]    Compiling itoa v1.0.1
[INFO] [stderr]    Compiling tinyvec_macros v0.1.0
[INFO] [stderr]    Compiling log v0.4.16
[INFO] [stderr]    Compiling futures-util v0.3.28
[INFO] [stderr]    Compiling futures-sink v0.3.28
[INFO] [stderr]    Compiling tinyvec v1.5.1
[INFO] [stderr]    Compiling pin-utils v0.1.0
[INFO] [stderr]    Compiling httparse v1.6.0
[INFO] [stderr]    Compiling fnv v1.0.7
[INFO] [stderr]    Compiling rustversion v1.0.12
[INFO] [stderr]    Compiling lazy_static v1.4.0
[INFO] [stderr]    Compiling matches v0.1.9
[INFO] [stderr]    Compiling slab v0.4.5
[INFO] [stderr]    Compiling parking_lot_core v0.9.8
[INFO] [stderr]    Compiling futures v0.1.31
[INFO] [stderr]    Compiling cc v1.0.73
[INFO] [stderr]    Compiling futures-io v0.3.28
[INFO] [stderr]    Compiling num-traits v0.2.14
[INFO] [stderr]    Compiling num-integer v0.1.44
[INFO] [stderr]    Compiling lock_api v0.4.7
[INFO] [stderr]    Compiling bytes v1.1.0
[INFO] [stderr]    Compiling tracing-core v0.1.23
[INFO] [stderr]    Compiling serde_derive v1.0.136
[INFO] [stderr]    Compiling smallvec v1.8.0
[INFO] [stderr]    Compiling percent-encoding v2.1.0
[INFO] [stderr]    Compiling try-lock v0.2.3
[INFO] [stderr]    Compiling untrusted v0.7.1
[INFO] [stderr]    Compiling ppv-lite86 v0.2.16
[INFO] [stderr]    Compiling serde_json v1.0.79
[INFO] [stderr]    Compiling scopeguard v1.1.0
[INFO] [stderr]    Compiling unicode-bidi v0.3.7
[INFO] [stderr]    Compiling want v0.3.0
[INFO] [stderr]    Compiling http v0.2.6
[INFO] [stderr]    Compiling unicode-normalization v0.1.19
[INFO] [stderr]    Compiling getrandom v0.2.6
[INFO] [stderr]    Compiling syn v2.0.18
[INFO] [stderr]    Compiling rand_core v0.6.3
[INFO] [stderr]    Compiling tracing v0.1.32
[INFO] [stderr]    Compiling form_urlencoded v1.0.1
[INFO] [stderr]    Compiling tokio v1.17.0
[INFO] [stderr]    Compiling rand_chacha v0.3.1
[INFO] [stderr]    Compiling once_cell v1.10.0
[INFO] [stderr]    Compiling heck v0.4.1
[INFO] [stderr]    Compiling glob v0.3.1
[INFO] [stderr]    Compiling ring v0.16.20
[INFO] [stderr]    Compiling fastrand v1.7.0
[INFO] [stderr]    Compiling same-file v1.0.6
[INFO] [stderr]    Compiling base64 v0.21.2
[INFO] [stderr]    Compiling tower-service v0.3.1
[INFO] [stderr]    Compiling ryu v1.0.9
[INFO] [stderr]    Compiling spin v0.5.2
[INFO] [stderr]    Compiling httpdate v1.0.2
[INFO] [stderr]    Compiling remove_dir_all v0.5.3
[INFO] [stderr]    Compiling path-matchers v1.0.2
[INFO] [stderr]    Compiling tempfile v3.3.0
[INFO] [stderr]    Compiling walkdir v2.3.2
[INFO] [stderr]    Compiling idna v0.2.3
[INFO] [stderr]    Compiling pem v2.0.1
[INFO] [stderr]    Compiling rand v0.8.5
[INFO] [stderr]    Compiling parking_lot v0.12.1
[INFO] [stderr]    Compiling derp v0.0.14
[INFO] [stderr]    Compiling path-clean v1.0.1
[INFO] [stderr]    Compiling data-encoding v2.3.2
[INFO] [stderr]    Compiling strum v0.24.1
[INFO] [stderr]    Compiling url v2.2.2
[INFO] [stderr]    Compiling http-body v0.4.4
[INFO] [stderr]    Compiling chrono v0.4.19
[INFO] [stderr]    Compiling futures-macro v0.3.28
[INFO] [stderr]    Compiling thiserror-impl v1.0.30
[INFO] [stderr]    Compiling strum_macros v0.24.3
[INFO] [stderr]    Compiling thiserror v1.0.30
[INFO] [stderr]    Compiling futures-executor v0.3.28
[INFO] [stderr]    Compiling hyper v0.14.18
[INFO] [stderr]    Compiling in-toto v0.3.1 (/opt/rustwide/workdir)
[INFO] [stdout] warning: private item shadows public glob re-export
[INFO] [stdout]   --> src/models/mod.rs:7:1
[INFO] [stdout]    |
[INFO] [stdout] 7  | mod metadata;
[INFO] [stdout]    | ^^^^^^^^^^^^^
[INFO] [stdout]    |
[INFO] [stdout] note: the name `metadata` in the type namespace is supposed to be publicly re-exported here
[INFO] [stdout]   --> src/models/mod.rs:12:9
[INFO] [stdout]    |
[INFO] [stdout] 12 | pub use layout::*;
[INFO] [stdout]    |         ^^^^^^^^^
[INFO] [stdout] note: but the private item here shadows it
[INFO] [stdout]   --> src/models/mod.rs:7:1
[INFO] [stdout]    |
[INFO] [stdout] 7  | mod metadata;
[INFO] [stdout]    | ^^^^^^^^^^^^^
[INFO] [stdout]    = note: `#[warn(hidden_glob_reexports)]` on by default
[INFO] [stdout] 
[INFO] [stdout] 
[INFO] [stdout] warning: 1 warning emitted
[INFO] [stdout] 
[INFO] [stdout] 
[INFO] [stderr]     Finished dev [unoptimized + debuginfo] target(s) in 14.74s
[INFO] running `Command { std: "docker" "inspect" "45a70a75aa77d8d31172d9c2dbe92385f1eb831b93366ad1bb2af49bef58180a", kill_on_drop: false }`
[INFO] running `Command { std: "docker" "rm" "-f" "45a70a75aa77d8d31172d9c2dbe92385f1eb831b93366ad1bb2af49bef58180a", kill_on_drop: false }`
[INFO] [stdout] 45a70a75aa77d8d31172d9c2dbe92385f1eb831b93366ad1bb2af49bef58180a
[INFO] running `Command { std: "docker" "create" "-v" "/var/lib/crater-agent-workspace/builds/worker-0-tc1/target:/opt/rustwide/target:rw,Z" "-v" "/var/lib/crater-agent-workspace/builds/worker-0-tc1/source:/opt/rustwide/workdir:ro,Z" "-v" "/var/lib/crater-agent-workspace/cargo-home:/opt/rustwide/cargo-home:ro,Z" "-v" "/var/lib/crater-agent-workspace/rustup-home:/opt/rustwide/rustup-home:ro,Z" "-e" "SOURCE_DIR=/opt/rustwide/workdir" "-e" "CARGO_TARGET_DIR=/opt/rustwide/target" "-e" "CARGO_INCREMENTAL=0" "-e" "RUST_BACKTRACE=full" "-e" "RUSTFLAGS=--cap-lints=warn" "-e" "RUSTDOCFLAGS=--cap-lints=warn" "-e" "CARGO_HOME=/opt/rustwide/cargo-home" "-e" "RUSTUP_HOME=/opt/rustwide/rustup-home" "-w" "/opt/rustwide/workdir" "-m" "1610612736" "--user" "0:0" "--network" "none" "ghcr.io/rust-lang/crates-build-env/linux@sha256:2788e3201cd34a07e3172128adcd8b3090168a8e3bcc40d7c032b9dda1df7d1c" "/opt/rustwide/cargo-home/bin/cargo" "+1.75.0" "test" "--frozen" "--no-run" "--message-format=json", kill_on_drop: false }`
[INFO] [stdout] 839ca1dee279b038efb66dcc7ae5171451221af9bb54bcd865d92cf7a8cd1730
[INFO] running `Command { std: "docker" "start" "-a" "839ca1dee279b038efb66dcc7ae5171451221af9bb54bcd865d92cf7a8cd1730", kill_on_drop: false }`
[INFO] [stderr]    Compiling semver v1.0.17
[INFO] [stderr]    Compiling futures v0.3.28
[INFO] [stderr]    Compiling diff v0.1.12
[INFO] [stderr]    Compiling yansi v0.5.1
[INFO] [stderr]    Compiling futures-timer v3.0.2
[INFO] [stderr]    Compiling assert-json-diff v2.0.2
[INFO] [stderr]    Compiling maplit v1.0.2
[INFO] [stdout] warning: private item shadows public glob re-export
[INFO] [stdout]   --> src/models/mod.rs:7:1
[INFO] [stdout]    |
[INFO] [stdout] 7  | mod metadata;
[INFO] [stdout]    | ^^^^^^^^^^^^^
[INFO] [stdout]    |
[INFO] [stdout] note: the name `metadata` in the type namespace is supposed to be publicly re-exported here
[INFO] [stdout]   --> src/models/mod.rs:12:9
[INFO] [stdout]    |
[INFO] [stdout] 12 | pub use layout::*;
[INFO] [stdout]    |         ^^^^^^^^^
[INFO] [stdout] note: but the private item here shadows it
[INFO] [stdout]   --> src/models/mod.rs:7:1
[INFO] [stdout]    |
[INFO] [stdout] 7  | mod metadata;
[INFO] [stdout]    | ^^^^^^^^^^^^^
[INFO] [stdout]    = note: `#[warn(hidden_glob_reexports)]` on by default
[INFO] [stdout] 
[INFO] [stdout] 
[INFO] [stdout] warning: 1 warning emitted
[INFO] [stdout] 
[INFO] [stdout] 
[INFO] [stderr]    Compiling pretty_assertions v1.3.0
[INFO] [stderr]    Compiling rustc_version v0.4.0
[INFO] [stderr]    Compiling rstest_macros v0.17.0
[INFO] [stderr]    Compiling rstest v0.17.0
[INFO] [stderr]    Compiling in-toto v0.3.1 (/opt/rustwide/workdir)
[INFO] [stdout] warning: private item shadows public glob re-export
[INFO] [stdout]   --> src/models/mod.rs:7:1
[INFO] [stdout]    |
[INFO] [stdout] 7  | mod metadata;
[INFO] [stdout]    | ^^^^^^^^^^^^^
[INFO] [stdout]    |
[INFO] [stdout] note: the name `metadata` in the type namespace is supposed to be publicly re-exported here
[INFO] [stdout]   --> src/models/mod.rs:12:9
[INFO] [stdout]    |
[INFO] [stdout] 12 | pub use layout::*;
[INFO] [stdout]    |         ^^^^^^^^^
[INFO] [stdout] note: but the private item here shadows it
[INFO] [stdout]   --> src/models/mod.rs:7:1
[INFO] [stdout]    |
[INFO] [stdout] 7  | mod metadata;
[INFO] [stdout]    | ^^^^^^^^^^^^^
[INFO] [stdout]    = note: `#[warn(hidden_glob_reexports)]` on by default
[INFO] [stdout] 
[INFO] [stdout] 
[INFO] [stdout] warning: function `calculate_hash` is never used
[INFO] [stdout]   --> src/crypto.rs:85:15
[INFO] [stdout]    |
[INFO] [stdout] 85 | pub(crate) fn calculate_hash(data: &[u8], hash_alg: HashAlgorithm) -> HashValue {
[INFO] [stdout]    |               ^^^^^^^^^^^^^^
[INFO] [stdout]    |
[INFO] [stdout]    = note: `#[warn(dead_code)]` on by default
[INFO] [stdout] 
[INFO] [stdout] 
[INFO] [stdout] warning: 2 warnings emitted
[INFO] [stdout] 
[INFO] [stdout] 
[INFO] [stderr]     Finished test [unoptimized + debuginfo] target(s) in 7.49s
[INFO] running `Command { std: "docker" "inspect" "839ca1dee279b038efb66dcc7ae5171451221af9bb54bcd865d92cf7a8cd1730", kill_on_drop: false }`
[INFO] running `Command { std: "docker" "rm" "-f" "839ca1dee279b038efb66dcc7ae5171451221af9bb54bcd865d92cf7a8cd1730", kill_on_drop: false }`
[INFO] [stdout] 839ca1dee279b038efb66dcc7ae5171451221af9bb54bcd865d92cf7a8cd1730
[INFO] running `Command { std: "docker" "create" "-v" "/var/lib/crater-agent-workspace/builds/worker-0-tc1/target:/opt/rustwide/target:rw,Z" "-v" "/var/lib/crater-agent-workspace/builds/worker-0-tc1/source:/opt/rustwide/workdir:ro,Z" "-v" "/var/lib/crater-agent-workspace/cargo-home:/opt/rustwide/cargo-home:ro,Z" "-v" "/var/lib/crater-agent-workspace/rustup-home:/opt/rustwide/rustup-home:ro,Z" "-e" "SOURCE_DIR=/opt/rustwide/workdir" "-e" "CARGO_TARGET_DIR=/opt/rustwide/target" "-e" "CARGO_INCREMENTAL=0" "-e" "RUST_BACKTRACE=full" "-e" "RUSTFLAGS=--cap-lints=warn" "-e" "RUSTDOCFLAGS=--cap-lints=warn" "-e" "CARGO_HOME=/opt/rustwide/cargo-home" "-e" "RUSTUP_HOME=/opt/rustwide/rustup-home" "-w" "/opt/rustwide/workdir" "-m" "1610612736" "--user" "0:0" "--network" "none" "ghcr.io/rust-lang/crates-build-env/linux@sha256:2788e3201cd34a07e3172128adcd8b3090168a8e3bcc40d7c032b9dda1df7d1c" "/opt/rustwide/cargo-home/bin/cargo" "+1.75.0" "test" "--frozen", kill_on_drop: false }`
[INFO] [stdout] ff0aefa1230ce2c45e39cbc0916a2d93d69bfc9163f536210325e87d36b0f158
[INFO] running `Command { std: "docker" "start" "-a" "ff0aefa1230ce2c45e39cbc0916a2d93d69bfc9163f536210325e87d36b0f158", kill_on_drop: false }`
[INFO] [stderr] warning: private item shadows public glob re-export
[INFO] [stderr]   --> src/models/mod.rs:7:1
[INFO] [stderr]    |
[INFO] [stderr] 7  | mod metadata;
[INFO] [stderr]    | ^^^^^^^^^^^^^
[INFO] [stderr]    |
[INFO] [stderr] note: the name `metadata` in the type namespace is supposed to be publicly re-exported here
[INFO] [stderr]   --> src/models/mod.rs:12:9
[INFO] [stderr]    |
[INFO] [stderr] 12 | pub use layout::*;
[INFO] [stderr]    |         ^^^^^^^^^
[INFO] [stderr] note: but the private item here shadows it
[INFO] [stderr]   --> src/models/mod.rs:7:1
[INFO] [stderr]    |
[INFO] [stderr] 7  | mod metadata;
[INFO] [stderr]    | ^^^^^^^^^^^^^
[INFO] [stderr]    = note: `#[warn(hidden_glob_reexports)]` on by default
[INFO] [stderr] 
[INFO] [stderr] warning: `in-toto` (lib) generated 1 warning
[INFO] [stderr] warning: function `calculate_hash` is never used
[INFO] [stderr]   --> src/crypto.rs:85:15
[INFO] [stderr]    |
[INFO] [stderr] 85 | pub(crate) fn calculate_hash(data: &[u8], hash_alg: HashAlgorithm) -> HashValue {
[INFO] [stderr]    |               ^^^^^^^^^^^^^^
[INFO] [stderr]    |
[INFO] [stderr]    = note: `#[warn(dead_code)]` on by default
[INFO] [stderr] 
[INFO] [stderr] warning: `in-toto` (lib test) generated 2 warnings (1 duplicate)
[INFO] [stderr]     Finished test [unoptimized + debuginfo] target(s) in 0.12s
[INFO] [stderr]      Running unittests src/lib.rs (/opt/rustwide/target/debug/deps/in_toto-07dc801007f86e95)
[INFO] [stdout] 
[INFO] [stdout] running 126 tests
[INFO] [stdout] test crypto::test::compatibility_rsa_verify_with_python_in_toto ... ok
[INFO] [stdout] test crypto::test::ecdsa_read_pkcs8_and_sign ... ok
[INFO] [stdout] test crypto::test::compatibility_keyid_with_python_in_toto ... ok
[INFO] [stdout] test crypto::test::ed25519_read_keypair_and_sign ... ok
[INFO] [stdout] test crypto::test::parse_public_ed25519 ... ok
[INFO] [stdout] test crypto::test::extract_pkcs1_from_rsa_4096_pkcs8 ... ok
[INFO] [stdout] test crypto::test::de_ser_ed25519_public_key_with_keyid_hash_algo ... ok
[INFO] [stdout] test crypto::test::de_ser_rsa_public_key_without_keyid_hash_algo ... ok
[INFO] [stdout] test crypto::test::de_ser_ed25519_public_key_without_keyid_hash_algo ... ok
[INFO] [stdout] test crypto::test::extract_pkcs1_from_rsa_2048_pkcs8 ... ok
[INFO] [stdout] test crypto::test::ed25519_read_keypair_and_sign_with_keyid_hash_algorithms ... ok
[INFO] [stdout] test crypto::test::parse_public_ecdsa_spki ... ok
[INFO] [stdout] test crypto::test::parse_public_ed25519_with_keyid_hash_algo ... ok
[INFO] [stdout] test crypto::test::parse_public_ed25519_without_keyid_hash_algo ... ok
[INFO] [stdout] test crypto::test::parse_public_ecdsa ... ok
[INFO] [stdout] test crypto::test::parse_public_ed25519_spki ... ok
[INFO] [stdout] test crypto::test::parse_public_ed25519_from_pem_spki ... ok
[INFO] [stdout] test crypto::test::de_ser_rsa_public_key_with_keyid_hash_algo ... ok
[INFO] [stdout] test crypto::test::new_ecdsa_key ... ok
[INFO] [stdout] test crypto::test::ed25519_read_pkcs8_and_sign ... ok
[INFO] [stdout] test crypto::test::new_ed25519_key ... ok
[INFO] [stdout] test crypto::test::serde_ecdsa_public_key ... ok
[INFO] [stdout] test crypto::test::serde_key_id ... ok
[INFO] [stdout] test crypto::test::serde_ed25519_public_key ... ok
[INFO] [stdout] test crypto::test::serde_rsa_public_key ... ok
[INFO] [stdout] test crypto::test::rsa_2048_read_pkcs8_and_sign ... ok
[INFO] [stdout] test crypto::test::parse_public_rsa_4096_spki ... ok
[INFO] [stdout] test crypto::test::parse_public_rsa_from_pem_spki ... ok
[INFO] [stdout] test crypto::test::parse_public_rsa_2048_spki ... ok
[INFO] [stdout] test crypto::test::parse_public_key_ecdsa_from_pem_spki ... ok
[INFO] [stdout] test crypto::test::serde_signature ... ok
[INFO] [stdout] test crypto::test::serde_signature_value ... ok
[INFO] [stdout] test crypto::test::rsa_4096_read_pkcs8_and_sign ... ok
[INFO] [stdout] test crypto::test::serde_signature_without_keyid_hash_algo ... ok
[INFO] [stdout] test crypto::test::test_public_key_eq ... ok
[INFO] [stdout] test interchange::cjson::test::write_str ... ok
[INFO] [stdout] test error::tests::verify_io_error_display_string ... ok
[INFO] [stdout] test models::envelope::envelope_file::test_envelope_file::deserialize_link ... ok
[INFO] [stdout] test interchange::cjson::test::write_arr ... ok
[INFO] [stdout] test crypto::test::test_public_key_hash ... ok
[INFO] [stdout] test models::helpers::tests::deserialize_virtual_target_path ... ok
[INFO] [stdout] test models::helpers::tests::serialize_virtual_target_path ... ok
[INFO] [stdout] test models::layout::inspection::test::deserialize_inspection ... ok
[INFO] [stdout] test models::layout::rule::test::deserialize_match_without_source ... ok
[INFO] [stdout] test models::layout::rule::test::deserialize_tests::case_1 ... ok
[INFO] [stdout] test models::layout::rule::test::deserialize_tests::case_2 ... ok
[INFO] [stdout] test models::layout::rule::test::deserialize_full ... ok
[INFO] [stdout] test models::envelope::pae_v1::pae_test::test_unpack ... ok
[INFO] [stdout] test models::envelope::pae_v1::pae_test::test_pack ... ok
[INFO] [stdout] test models::envelope::envelope_file::test_envelope_file::serialize_link ... ok
[INFO] [stdout] test models::layout::inspection::test::serialize_inspection ... ok
[INFO] [stdout] test models::layout::rule::test::serialize_tests::case_3 ... ok
[INFO] [stdout] test interchange::cjson::test::write_obj ... ok
[INFO] [stdout] test models::layout::rule::test::deserialize_tests::case_5 ... ok
[INFO] [stdout] test models::layout::rule::test::serialize_tests::case_2 ... ok
[INFO] [stdout] test models::layout::rule::test::deserialize_tests::case_3 ... ok
[INFO] [stdout] test models::layout::rule::test::serialize_tests::case_5 ... ok
[INFO] [stdout] test models::layout::rule::test::deserialize_tests::case_6 ... ok
[INFO] [stdout] test models::layout::test::format_datetime_test ... ok
[INFO] [stdout] test models::layout::rule::test::deserialize_without_dst ... ok
[INFO] [stdout] test models::layout::rule::test::serialize_match_full ... ok
[INFO] [stdout] test models::layout::rule::test::serialize_match_without_dest ... ok
[INFO] [stdout] test models::layout::rule::test::serialize_tests::case_1 ... ok
[INFO] [stdout] test models::layout::rule::test::serialize_tests::case_6 ... ok
[INFO] [stdout] test models::layout::step::test::serialize_step ... ok
[INFO] [stdout] test models::layout::step::test::deserialize_step ... ok
[INFO] [stdout] test models::layout::rule::test::serialize_tests::case_4 ... ok
[INFO] [stdout] test models::layout::rule::test::serialize_match_without_source ... ok
[INFO] [stdout] test models::layout::test::deserialize_layout ... ok
[INFO] [stdout] test models::layout::rule::test::deserialize_tests::case_4 ... ok
[INFO] [stdout] test models::link::byproducts::tests::deserialize_byproducts_other_fields ... ok
[INFO] [stdout] test models::link::byproducts::tests::deserialize_byproducts_other_field ... ok
[INFO] [stdout] test models::layout::test::parse_datetime_test ... ok
[INFO] [stdout] test models::metadata::tests::deserialize_link_metablock ... ok
[INFO] [stdout] test models::link::metadata::test::serialize_linkmetadata ... ok
[INFO] [stdout] test models::metadata::tests::verify_signatures_of_metablock ... ok
[INFO] [stdout] test models::link::byproducts::tests::serialize_byproducts_other_fields ... ok
[INFO] [stdout] test models::predicate::link_v02::test::create_predicate_from_meta ... ok
[INFO] [stdout] test models::link::byproducts::tests::serialize_byproducts_other_field ... ok
[INFO] [stdout] test models::link::metadata::test::deserialize_linkmetadata ... ok
[INFO] [stdout] test models::predicate::link_v02::test::deserialize_auto ... ok
[INFO] [stdout] test models::metadata::tests::deserialize_layout_metablock ... ok
[INFO] [stdout] test models::layout::test::serialize_layout ... ok
[INFO] [stdout] test models::metadata::tests::serialize_link_metablock ... ok
[INFO] [stdout] test models::predicate::link_v02::test::serialize_predicate ... ok
[INFO] [stdout] test models::predicate::link_v02::test::deserialize_dismatch ... ok
[INFO] [stdout] test models::predicate::slsa_provenance_v01::test::serialize_deserialize_datetime ... ok
[INFO] [stdout] test models::predicate::link_v02::test::deserialize_predicate ... ok
[INFO] [stdout] test models::predicate::slsa_provenance_v02::test::create_predicate_from_meta ... ok
[INFO] [stdout] test models::predicate::slsa_provenance_v02::test::deserialize_predicate ... ok
[INFO] [stdout] test models::statement::state_naive::test::create_statement_from_meta ... ok
[INFO] [stdout] test models::predicate::slsa_provenance_v01::test::into_trait_equal ... ok
[INFO] [stdout] test models::predicate::slsa_provenance_v01::test::create_predicate_from_meta ... ok
[INFO] [stdout] test models::statement::state_naive::test::deserialize_auto ... ok
[INFO] [stdout] test models::predicate::slsa_provenance_v02::test::serialize_predicate ... ok
[INFO] [stdout] test models::predicate::slsa_provenance_v01::test::deserialize_auto ... ok
[INFO] [stdout] test models::predicate::slsa_provenance_v02::test::deserialize_dismatch ... ok
[INFO] [stdout] test models::predicate::slsa_provenance_v02::test::deserialize_auto ... ok
[INFO] [stdout] test models::predicate::slsa_provenance_v01::test::serialize_predicate ... ok
[INFO] [stdout] test models::predicate::slsa_provenance_v01::test::deserialize_dismatch ... ok
[INFO] [stdout] test models::predicate::slsa_provenance_v02::test::into_trait_equal ... ok
[INFO] [stdout] test models::predicate::slsa_provenance_v01::test::deserialize_predicate ... ok
[INFO] [stdout] test models::predicate::link_v02::test::into_trait_equal ... ok
[INFO] [stdout] test models::metadata::tests::serialize_layout_metablock ... ok
[INFO] [stdout] test models::statement::state_naive::test::serialize_statement ... ok
[INFO] [stdout] test models::statement::state_v01::test::deserialize_auto ... ok
[INFO] [stdout] test models::statement::state_v01::test::serialize_statement ... ok
[INFO] [stdout] test models::statement::state_v01::test::into_trait_equal ... ok
[INFO] [stdout] test models::statement::state_v01::test::deserialize_dismatch ... ok
[INFO] [stdout] test models::statement::state_v01::test::deserialize_statement ... ok
[INFO] [stdout] test models::statement::state_v01::test::create_statement_from_meta ... ok
[INFO] [stdout] test models::statement::state_naive::test::deserialize_dismatch ... ok
[INFO] [stdout] test models::statement::state_naive::test::deserialize_statement ... ok
[INFO] [stdout] test models::statement::state_naive::test::into_trait_equal ... ok
[INFO] [stdout] test rulelib::tests::canonicalize_path::case_1 ... ok
[INFO] [stdout] test rulelib::tests::canonicalize_path::case_2 ... ok
[INFO] [stdout] test rulelib::tests::verify_match_rule::case_2 ... ok
[INFO] [stdout] test rulelib::tests::verify_match_rule::case_3 ... ok
[INFO] [stdout] test runlib::test::test_prefix_record_artifacts ... ok
[INFO] [stdout] test rulelib::tests::canonicalize_path::case_3 ... ok
[INFO] [stdout] test runlib::test::test_left_strip ... ok
[INFO] [stdout] test rulelib::tests::verify_match_rule::case_1 ... ok
[INFO] [stdout] test verifylib::tests::verify_demo ... ok
[INFO] [stdout] test runlib::test::test_record_artifacts ... ok
[INFO] [stdout] hellotest runlib::test::test_run_command ... ok
[INFO] [stdout] test crypto::test::new_rsa_key ... ok
[INFO] [stdout] 
[INFO] [stdout] test result: ok. 126 passed; 0 failed; 0 ignored; 0 measured; 0 filtered out; finished in 2.18s
[INFO] [stdout] 
[INFO] [stderr]      Running tests/runlib.rs (/opt/rustwide/target/debug/deps/runlib-6ffe80001f984d4a)
[INFO] [stdout] 
[INFO] [stdout] running 6 tests
[INFO] [stdout] test in_toto_run_record_modified_file ... ok
[INFO] [stdout] test in_toto_run_record_symlink_cycle ... ok
[INFO] [stdout] test in_toto_run_new_line_in_stdout ... ok
[INFO] [stdout] in_toto says hi
[INFO] [stdout] in_toto says hi
[INFO] [stdout] test in_toto_run_record_file ... ok
[INFO] [stdout] test in_toto_run_record_symlink_file ... ok
[INFO] [stdout] test in_toto_run_record_new_file ... ok
[INFO] [stdout] 
[INFO] [stdout] test result: ok. 6 passed; 0 failed; 0 ignored; 0 measured; 0 filtered out; finished in 0.01s
[INFO] [stdout] 
[INFO] [stderr]    Doc-tests in_toto
[INFO] [stdout] 
[INFO] [stdout] running 25 tests
[INFO] [stdout] test src/crypto.rs - crypto::PrivateKey::from_pkcs8 (line 466) - compile ... ok
[INFO] [stdout] test src/interchange/cjson/mod.rs - interchange::cjson::Json::serialize (line 212) ... FAILED
[INFO] [stdout] test src/crypto.rs - crypto::hash_preference (line 59) ... FAILED
[INFO] [stdout] test src/interchange/cjson/mod.rs - interchange::cjson::Json::extension (line 166) ... FAILED
[INFO] [stdout] test src/interchange/cjson/mod.rs - interchange::cjson::Json::to_writer (line 238) ... FAILED
[INFO] [stdout] test src/interchange/cjson/mod.rs - interchange::cjson::Json::from_slice (line 282) ... FAILED
[INFO] [stdout] test src/interchange/cjson/pretty.rs - interchange::cjson::pretty::JsonPretty::extension (line 19) ... FAILED
[INFO] [stdout] test src/interchange/cjson/mod.rs - interchange::cjson::Json::deserialize (line 186) ... FAILED
[INFO] [stdout] test src/interchange/cjson/pretty.rs - interchange::cjson::pretty::JsonPretty::from_reader (line 132) ... FAILED
[INFO] [stdout] test src/models/layout/rule.rs - models::layout::rule (line 109) ... FAILED
[INFO] [stdout] test src/interchange/cjson/pretty.rs - interchange::cjson::pretty::JsonPretty::canonicalize (line 27) ... FAILED
[INFO] [stdout] test src/interchange/cjson/mod.rs - interchange::cjson::Json::from_reader (line 268) ... FAILED
[INFO] [stdout] test src/interchange/cjson/pretty.rs - interchange::cjson::pretty::JsonPretty::to_writer (line 91) ... FAILED
[INFO] [stdout] test src/interchange/cjson/pretty.rs - interchange::cjson::pretty::JsonPretty::serialize (line 65) ... ok
[INFO] [stdout] test src/models/layout/rule.rs - models::layout::rule (line 41) ... ok
[INFO] [stdout] test src/models/layout/rule.rs - models::layout::rule (line 70) ... ok
[INFO] [stdout] test src/interchange/cjson/mod.rs - interchange::cjson::Json::canonicalize (line 174) ... ok
[INFO] [stdout] test src/runlib.rs - runlib::in_toto_run (line 274) ... ok
[INFO] [stdout] test src/runlib.rs - runlib::record_artifacts (line 79) ... ok
[INFO] [stdout] test src/interchange/cjson/pretty.rs - interchange::cjson::pretty::JsonPretty::from_slice (line 146) ... ok
[INFO] [stdout] test src/interchange/cjson/pretty.rs - interchange::cjson::pretty::JsonPretty::deserialize (line 39) ... ok
[INFO] [stdout] test src/models/link/byproducts.rs - models::link::byproducts::ByProducts (line 23) ... ok
[INFO] [stdout] test src/models/link/byproducts.rs - models::link::byproducts::ByProducts (line 9) ... ok
[INFO] [stdout] test src/models/layout/rule.rs - models::layout::rule (line 93) ... ok
[INFO] [stdout] test src/runlib.rs - runlib::run_command (line 170) ... ok
[INFO] [stdout] 
[INFO] [stdout] failures:
[INFO] [stdout] 
[INFO] [stdout] ---- src/interchange/cjson/mod.rs - interchange::cjson::Json::serialize (line 212) stdout ----
[INFO] [stdout] error: linking with `cc` failed: exit status: 1
[INFO] [stdout]   |
[INFO] [stdout]   = note: LC_ALL="C" PATH="/opt/rustwide/rustup-home/toolchains/1.75.0-x86_64-unknown-linux-gnu/lib/rustlib/x86_64-unknown-linux-gnu/bin:/opt/rustwide/cargo-home/bin:/usr/local/sbin:/usr/local/bin:/usr/sbin:/usr/bin:/sbin:/bin" VSLANG="1033" "cc" "-m64" "/tmp/rustcseGUbl/symbols.o" "/tmp/rustdoctestjTIq7j/rust_out.rust_out.263fb70ac1c95110-cgu.0.rcgu.o" "/tmp/rustdoctestjTIq7j/rust_out.2uel00cfmdh5ufit.rcgu.o" "-Wl,--as-needed" "-L" "/opt/rustwide/target/debug/deps" "-L" "/opt/rustwide/target/debug/deps" "-L" "/opt/rustwide/target/debug/build/ring-340fd659df181cd3/out" "-L" "/opt/rustwide/rustup-home/toolchains/1.75.0-x86_64-unknown-linux-gnu/lib/rustlib/x86_64-unknown-linux-gnu/lib" "-Wl,-Bstatic" "/opt/rustwide/target/debug/deps/libin_toto-b6e2e357fb7055a2.rlib" "/opt/rustwide/target/debug/deps/libtempfile-bd52456d6e4dafd1.rlib" "/opt/rustwide/target/debug/deps/libfastrand-07f877a5db0068c6.rlib" "/opt/rustwide/target/debug/deps/libremove_dir_all-8b88a3ed6f308927.rlib" "/opt/rustwide/target/debug/deps/libhyper-1ed785a6404743e7.rlib" "/opt/rustwide/target/debug/deps/libhttparse-fd503c4a6f8da724.rlib" "/opt/rustwide/target/debug/deps/libtower_service-9991ae2cafd1f41b.rlib" "/opt/rustwide/target/debug/deps/libhttp_body-39bacd65430131ac.rlib" "/opt/rustwide/target/debug/deps/libfutures_util-b20c6da6d596dcab.rlib" "/opt/rustwide/target/debug/deps/libmemchr-651b9a52835bc194.rlib" "/opt/rustwide/target/debug/deps/libfutures-8d8915a23f05644b.rlib" "/opt/rustwide/target/debug/deps/libfutures_io-d79041797d5bea95.rlib" "/opt/rustwide/target/debug/deps/libslab-3fdda774eccf4f9f.rlib" "/opt/rustwide/target/debug/deps/libfutures_channel-f8194efabd25f76e.rlib" "/opt/rustwide/target/debug/deps/libpin_project_lite-bd863d416e545bf5.rlib" "/opt/rustwide/target/debug/deps/libfutures_sink-2b0e95e5f1ef133b.rlib" "/opt/rustwide/target/debug/deps/libfutures_task-ec207c36a8b1b716.rlib" "/opt/rustwide/target/debug/deps/libpin_utils-741f7d9d160e4a16.rlib" "/opt/rustwide/target/debug/deps/libfutures_core-fb926675a71aa556.rlib" "/opt/rustwide/target/debug/deps/libtokio-eb3743eafe09054f.rlib" "/opt/rustwide/target/debug/deps/libhttp-f8579927572df7fb.rlib" "/opt/rustwide/target/debug/deps/libbytes-55e4baa7bb335bc7.rlib" "/opt/rustwide/target/debug/deps/libfnv-18bf5144d055e772.rlib" "/opt/rustwide/target/debug/deps/libpem-cfbafe029a136cc1.rlib" "/opt/rustwide/target/debug/deps/libbase64-19deda34879e9e1c.rlib" "/opt/rustwide/target/debug/deps/libglob-3226d7be9b3043db.rlib" "/opt/rustwide/target/debug/deps/libwalkdir-6f37c7dff47afc4f.rlib" "/opt/rustwide/target/debug/deps/libsame_file-06a4c01142053b65.rlib" "/opt/rustwide/target/debug/deps/libpath_clean-cd6feff6cd5c1007.rlib" "/opt/rustwide/target/debug/deps/libserde_json-0fc81a94219e8e7a.rlib" "/opt/rustwide/target/debug/deps/libryu-f7e2acf8545a3e65.rlib" "/opt/rustwide/target/debug/deps/libitoa-c68eaa30402a4ff5.rlib" "/opt/rustwide/target/debug/deps/liblog-51555fd3036e06f3.rlib" "/opt/rustwide/target/debug/deps/libcfg_if-61dc7a6799e72b18.rlib" "/opt/rustwide/target/debug/deps/libchrono-6139ba53b2013206.rlib" "/opt/rustwide/target/debug/deps/libnum_integer-ceb73b61bd5db94f.rlib" "/opt/rustwide/target/debug/deps/libnum_traits-24aa93b4806ad567.rlib" "/opt/rustwide/target/debug/deps/libstrum-c626f7d346e618d8.rlib" "/opt/rustwide/target/debug/deps/libthiserror-61fdcf541db7350b.rlib" "/opt/rustwide/target/debug/deps/libserde-bb710f895428302b.rlib" "/opt/rustwide/target/debug/deps/libring-7e414bee2d230252.rlib" "/opt/rustwide/target/debug/deps/libspin-c4098cd951aef6c9.rlib" "/opt/rustwide/target/debug/deps/libonce_cell-d4185e3ff62717e2.rlib" "/opt/rustwide/target/debug/deps/liblibc-f5094c3d32287fa8.rlib" "/opt/rustwide/target/debug/deps/libderp-bdf5d8f564e4a13b.rlib" "/opt/rustwide/target/debug/deps/libuntrusted-5ec0aa78ed8cda5c.rlib" "/opt/rustwide/target/debug/deps/libdata_encoding-039954bda8031879.rlib" "/opt/rustwide/rustup-home/toolchains/1.75.0-x86_64-unknown-linux-gnu/lib/rustlib/x86_64-unknown-linux-gnu/lib/libstd-90f6ddbf82de36ec.rlib" "/opt/rustwide/rustup-home/toolchains/1.75.0-x86_64-unknown-linux-gnu/lib/rustlib/x86_64-unknown-linux-gnu/lib/libpanic_unwind-480c41e9d4e1f677.rlib" "/opt/rustwide/rustup-home/toolchains/1.75.0-x86_64-unknown-linux-gnu/lib/rustlib/x86_64-unknown-linux-gnu/lib/libobject-db744c0ca03eed1d.rlib" "/opt/rustwide/rustup-home/toolchains/1.75.0-x86_64-unknown-linux-gnu/lib/rustlib/x86_64-unknown-linux-gnu/lib/libmemchr-8ba652dc7d4b285a.rlib" "/opt/rustwide/rustup-home/toolchains/1.75.0-x86_64-unknown-linux-gnu/lib/rustlib/x86_64-unknown-linux-gnu/lib/libaddr2line-d5f4520a9ebc0d58.rlib" "/opt/rustwide/rustup-home/toolchains/1.75.0-x86_64-unknown-linux-gnu/lib/rustlib/x86_64-unknown-linux-gnu/lib/libgimli-4ad84de58f0cb463.rlib" "/opt/rustwide/rustup-home/toolchains/1.75.0-x86_64-unknown-linux-gnu/lib/rustlib/x86_64-unknown-linux-gnu/lib/librustc_demangle-0d10aae2e0f38735.rlib" "/opt/rustwide/rustup-home/toolchains/1.75.0-x86_64-unknown-linux-gnu/lib/rustlib/x86_64-unknown-linux-gnu/lib/libstd_detect-0c17cff739e6745b.rlib" "/opt/rustwide/rustup-home/toolchains/1.75.0-x86_64-unknown-linux-gnu/lib/rustlib/x86_64-unknown-linux-gnu/lib/libhashbrown-b29e17139dde1aa8.rlib" "/opt/rustwide/rustup-home/toolchains/1.75.0-x86_64-unknown-linux-gnu/lib/rustlib/x86_64-unknown-linux-gnu/lib/librustc_std_workspace_alloc-1f975299829cc7bd.rlib" "/opt/rustwide/rustup-home/toolchains/1.75.0-x86_64-unknown-linux-gnu/lib/rustlib/x86_64-unknown-linux-gnu/lib/libminiz_oxide-86bae3bc3079f89b.rlib" "/opt/rustwide/rustup-home/toolchains/1.75.0-x86_64-unknown-linux-gnu/lib/rustlib/x86_64-unknown-linux-gnu/lib/libadler-321b82c30dffdf5f.rlib" "/opt/rustwide/rustup-home/toolchains/1.75.0-x86_64-unknown-linux-gnu/lib/rustlib/x86_64-unknown-linux-gnu/lib/libunwind-3dd8a6810a0bdfef.rlib" "/opt/rustwide/rustup-home/toolchains/1.75.0-x86_64-unknown-linux-gnu/lib/rustlib/x86_64-unknown-linux-gnu/lib/libcfg_if-eb39a61c0c879984.rlib" "/opt/rustwide/rustup-home/toolchains/1.75.0-x86_64-unknown-linux-gnu/lib/rustlib/x86_64-unknown-linux-gnu/lib/liblibc-aa769569f91c3548.rlib" "/opt/rustwide/rustup-home/toolchains/1.75.0-x86_64-unknown-linux-gnu/lib/rustlib/x86_64-unknown-linux-gnu/lib/liballoc-510a192a50a983ed.rlib" "/opt/rustwide/rustup-home/toolchains/1.75.0-x86_64-unknown-linux-gnu/lib/rustlib/x86_64-unknown-linux-gnu/lib/librustc_std_workspace_core-0577018320f99037.rlib" "/opt/rustwide/rustup-home/toolchains/1.75.0-x86_64-unknown-linux-gnu/lib/rustlib/x86_64-unknown-linux-gnu/lib/libcore-193cf992125ccd4c.rlib" "/opt/rustwide/rustup-home/toolchains/1.75.0-x86_64-unknown-linux-gnu/lib/rustlib/x86_64-unknown-linux-gnu/lib/libcompiler_builtins-8e138eaf26ebb4a8.rlib" "-Wl,-Bdynamic" "-lgcc_s" "-lutil" "-lrt" "-lpthread" "-lm" "-ldl" "-lc" "-Wl,--eh-frame-hdr" "-Wl,-z,noexecstack" "-L" "/opt/rustwide/rustup-home/toolchains/1.75.0-x86_64-unknown-linux-gnu/lib/rustlib/x86_64-unknown-linux-gnu/lib" "-o" "/tmp/rustdoctestjTIq7j/rust_out" "-Wl,--gc-sections" "-pie" "-Wl,-z,relro,-z,now" "-nodefaultlibs"
[INFO] [stdout]   = note: collect2: fatal error: ld terminated with signal 9 [Killed]
[INFO] [stdout]           compilation terminated.
[INFO] [stdout]           
[INFO] [stdout] 
[INFO] [stdout] error: aborting due to previous error
[INFO] [stdout] 
[INFO] [stdout] Couldn't compile the test.
[INFO] [stdout] ---- src/crypto.rs - crypto::hash_preference (line 59) stdout ----
[INFO] [stdout] error: linking with `cc` failed: exit status: 1
[INFO] [stdout]   |
[INFO] [stdout]   = note: LC_ALL="C" PATH="/opt/rustwide/rustup-home/toolchains/1.75.0-x86_64-unknown-linux-gnu/lib/rustlib/x86_64-unknown-linux-gnu/bin:/opt/rustwide/cargo-home/bin:/usr/local/sbin:/usr/local/bin:/usr/sbin:/usr/bin:/sbin:/bin" VSLANG="1033" "cc" "-m64" "/tmp/rustcF8br33/symbols.o" "/tmp/rustdoctestT9XTxe/rust_out.rust_out.263fb70ac1c95110-cgu.0.rcgu.o" "/tmp/rustdoctestT9XTxe/rust_out.2uel00cfmdh5ufit.rcgu.o" "-Wl,--as-needed" "-L" "/opt/rustwide/target/debug/deps" "-L" "/opt/rustwide/target/debug/deps" "-L" "/opt/rustwide/target/debug/build/ring-340fd659df181cd3/out" "-L" "/opt/rustwide/rustup-home/toolchains/1.75.0-x86_64-unknown-linux-gnu/lib/rustlib/x86_64-unknown-linux-gnu/lib" "-Wl,-Bstatic" "/opt/rustwide/target/debug/deps/libin_toto-b6e2e357fb7055a2.rlib" "/opt/rustwide/target/debug/deps/libtempfile-bd52456d6e4dafd1.rlib" "/opt/rustwide/target/debug/deps/libfastrand-07f877a5db0068c6.rlib" "/opt/rustwide/target/debug/deps/libremove_dir_all-8b88a3ed6f308927.rlib" "/opt/rustwide/target/debug/deps/libhyper-1ed785a6404743e7.rlib" "/opt/rustwide/target/debug/deps/libhttparse-fd503c4a6f8da724.rlib" "/opt/rustwide/target/debug/deps/libtower_service-9991ae2cafd1f41b.rlib" "/opt/rustwide/target/debug/deps/libhttp_body-39bacd65430131ac.rlib" "/opt/rustwide/target/debug/deps/libfutures_util-b20c6da6d596dcab.rlib" "/opt/rustwide/target/debug/deps/libmemchr-651b9a52835bc194.rlib" "/opt/rustwide/target/debug/deps/libfutures-8d8915a23f05644b.rlib" "/opt/rustwide/target/debug/deps/libfutures_io-d79041797d5bea95.rlib" "/opt/rustwide/target/debug/deps/libslab-3fdda774eccf4f9f.rlib" "/opt/rustwide/target/debug/deps/libfutures_channel-f8194efabd25f76e.rlib" "/opt/rustwide/target/debug/deps/libpin_project_lite-bd863d416e545bf5.rlib" "/opt/rustwide/target/debug/deps/libfutures_sink-2b0e95e5f1ef133b.rlib" "/opt/rustwide/target/debug/deps/libfutures_task-ec207c36a8b1b716.rlib" "/opt/rustwide/target/debug/deps/libpin_utils-741f7d9d160e4a16.rlib" "/opt/rustwide/target/debug/deps/libfutures_core-fb926675a71aa556.rlib" "/opt/rustwide/target/debug/deps/libtokio-eb3743eafe09054f.rlib" "/opt/rustwide/target/debug/deps/libhttp-f8579927572df7fb.rlib" "/opt/rustwide/target/debug/deps/libbytes-55e4baa7bb335bc7.rlib" "/opt/rustwide/target/debug/deps/libfnv-18bf5144d055e772.rlib" "/opt/rustwide/target/debug/deps/libpem-cfbafe029a136cc1.rlib" "/opt/rustwide/target/debug/deps/libbase64-19deda34879e9e1c.rlib" "/opt/rustwide/target/debug/deps/libglob-3226d7be9b3043db.rlib" "/opt/rustwide/target/debug/deps/libwalkdir-6f37c7dff47afc4f.rlib" "/opt/rustwide/target/debug/deps/libsame_file-06a4c01142053b65.rlib" "/opt/rustwide/target/debug/deps/libpath_clean-cd6feff6cd5c1007.rlib" "/opt/rustwide/target/debug/deps/libserde_json-0fc81a94219e8e7a.rlib" "/opt/rustwide/target/debug/deps/libryu-f7e2acf8545a3e65.rlib" "/opt/rustwide/target/debug/deps/libitoa-c68eaa30402a4ff5.rlib" "/opt/rustwide/target/debug/deps/liblog-51555fd3036e06f3.rlib" "/opt/rustwide/target/debug/deps/libcfg_if-61dc7a6799e72b18.rlib" "/opt/rustwide/target/debug/deps/libchrono-6139ba53b2013206.rlib" "/opt/rustwide/target/debug/deps/libnum_integer-ceb73b61bd5db94f.rlib" "/opt/rustwide/target/debug/deps/libnum_traits-24aa93b4806ad567.rlib" "/opt/rustwide/target/debug/deps/libstrum-c626f7d346e618d8.rlib" "/opt/rustwide/target/debug/deps/libthiserror-61fdcf541db7350b.rlib" "/opt/rustwide/target/debug/deps/libserde-bb710f895428302b.rlib" "/opt/rustwide/target/debug/deps/libring-7e414bee2d230252.rlib" "/opt/rustwide/target/debug/deps/libspin-c4098cd951aef6c9.rlib" "/opt/rustwide/target/debug/deps/libonce_cell-d4185e3ff62717e2.rlib" "/opt/rustwide/target/debug/deps/liblibc-f5094c3d32287fa8.rlib" "/opt/rustwide/target/debug/deps/libderp-bdf5d8f564e4a13b.rlib" "/opt/rustwide/target/debug/deps/libuntrusted-5ec0aa78ed8cda5c.rlib" "/opt/rustwide/target/debug/deps/libdata_encoding-039954bda8031879.rlib" "/opt/rustwide/rustup-home/toolchains/1.75.0-x86_64-unknown-linux-gnu/lib/rustlib/x86_64-unknown-linux-gnu/lib/libstd-90f6ddbf82de36ec.rlib" "/opt/rustwide/rustup-home/toolchains/1.75.0-x86_64-unknown-linux-gnu/lib/rustlib/x86_64-unknown-linux-gnu/lib/libpanic_unwind-480c41e9d4e1f677.rlib" "/opt/rustwide/rustup-home/toolchains/1.75.0-x86_64-unknown-linux-gnu/lib/rustlib/x86_64-unknown-linux-gnu/lib/libobject-db744c0ca03eed1d.rlib" "/opt/rustwide/rustup-home/toolchains/1.75.0-x86_64-unknown-linux-gnu/lib/rustlib/x86_64-unknown-linux-gnu/lib/libmemchr-8ba652dc7d4b285a.rlib" "/opt/rustwide/rustup-home/toolchains/1.75.0-x86_64-unknown-linux-gnu/lib/rustlib/x86_64-unknown-linux-gnu/lib/libaddr2line-d5f4520a9ebc0d58.rlib" "/opt/rustwide/rustup-home/toolchains/1.75.0-x86_64-unknown-linux-gnu/lib/rustlib/x86_64-unknown-linux-gnu/lib/libgimli-4ad84de58f0cb463.rlib" "/opt/rustwide/rustup-home/toolchains/1.75.0-x86_64-unknown-linux-gnu/lib/rustlib/x86_64-unknown-linux-gnu/lib/librustc_demangle-0d10aae2e0f38735.rlib" "/opt/rustwide/rustup-home/toolchains/1.75.0-x86_64-unknown-linux-gnu/lib/rustlib/x86_64-unknown-linux-gnu/lib/libstd_detect-0c17cff739e6745b.rlib" "/opt/rustwide/rustup-home/toolchains/1.75.0-x86_64-unknown-linux-gnu/lib/rustlib/x86_64-unknown-linux-gnu/lib/libhashbrown-b29e17139dde1aa8.rlib" "/opt/rustwide/rustup-home/toolchains/1.75.0-x86_64-unknown-linux-gnu/lib/rustlib/x86_64-unknown-linux-gnu/lib/librustc_std_workspace_alloc-1f975299829cc7bd.rlib" "/opt/rustwide/rustup-home/toolchains/1.75.0-x86_64-unknown-linux-gnu/lib/rustlib/x86_64-unknown-linux-gnu/lib/libminiz_oxide-86bae3bc3079f89b.rlib" "/opt/rustwide/rustup-home/toolchains/1.75.0-x86_64-unknown-linux-gnu/lib/rustlib/x86_64-unknown-linux-gnu/lib/libadler-321b82c30dffdf5f.rlib" "/opt/rustwide/rustup-home/toolchains/1.75.0-x86_64-unknown-linux-gnu/lib/rustlib/x86_64-unknown-linux-gnu/lib/libunwind-3dd8a6810a0bdfef.rlib" "/opt/rustwide/rustup-home/toolchains/1.75.0-x86_64-unknown-linux-gnu/lib/rustlib/x86_64-unknown-linux-gnu/lib/libcfg_if-eb39a61c0c879984.rlib" "/opt/rustwide/rustup-home/toolchains/1.75.0-x86_64-unknown-linux-gnu/lib/rustlib/x86_64-unknown-linux-gnu/lib/liblibc-aa769569f91c3548.rlib" "/opt/rustwide/rustup-home/toolchains/1.75.0-x86_64-unknown-linux-gnu/lib/rustlib/x86_64-unknown-linux-gnu/lib/liballoc-510a192a50a983ed.rlib" "/opt/rustwide/rustup-home/toolchains/1.75.0-x86_64-unknown-linux-gnu/lib/rustlib/x86_64-unknown-linux-gnu/lib/librustc_std_workspace_core-0577018320f99037.rlib" "/opt/rustwide/rustup-home/toolchains/1.75.0-x86_64-unknown-linux-gnu/lib/rustlib/x86_64-unknown-linux-gnu/lib/libcore-193cf992125ccd4c.rlib" "/opt/rustwide/rustup-home/toolchains/1.75.0-x86_64-unknown-linux-gnu/lib/rustlib/x86_64-unknown-linux-gnu/lib/libcompiler_builtins-8e138eaf26ebb4a8.rlib" "-Wl,-Bdynamic" "-lgcc_s" "-lutil" "-lrt" "-lpthread" "-lm" "-ldl" "-lc" "-Wl,--eh-frame-hdr" "-Wl,-z,noexecstack" "-L" "/opt/rustwide/rustup-home/toolchains/1.75.0-x86_64-unknown-linux-gnu/lib/rustlib/x86_64-unknown-linux-gnu/lib" "-o" "/tmp/rustdoctestT9XTxe/rust_out" "-Wl,--gc-sections" "-pie" "-Wl,-z,relro,-z,now" "-nodefaultlibs"
[INFO] [stdout]   = note: collect2: fatal error: ld terminated with signal 9 [Killed]
[INFO] [stdout]           compilation terminated.
[INFO] [stdout]           
[INFO] [stdout] 
[INFO] [stdout] error: aborting due to previous error
[INFO] [stdout] 
[INFO] [stdout] Couldn't compile the test.
[INFO] [stdout] ---- src/interchange/cjson/mod.rs - interchange::cjson::Json::extension (line 166) stdout ----
[INFO] [stdout] error: linking with `cc` failed: exit status: 1
[INFO] [stdout]   |
[INFO] [stdout]   = note: LC_ALL="C" PATH="/opt/rustwide/rustup-home/toolchains/1.75.0-x86_64-unknown-linux-gnu/lib/rustlib/x86_64-unknown-linux-gnu/bin:/opt/rustwide/cargo-home/bin:/usr/local/sbin:/usr/local/bin:/usr/sbin:/usr/bin:/sbin:/bin" VSLANG="1033" "cc" "-m64" "/tmp/rustcTr29mr/symbols.o" "/tmp/rustdoctestQqMKFz/rust_out.rust_out.263fb70ac1c95110-cgu.0.rcgu.o" "/tmp/rustdoctestQqMKFz/rust_out.2uel00cfmdh5ufit.rcgu.o" "-Wl,--as-needed" "-L" "/opt/rustwide/target/debug/deps" "-L" "/opt/rustwide/target/debug/deps" "-L" "/opt/rustwide/target/debug/build/ring-340fd659df181cd3/out" "-L" "/opt/rustwide/rustup-home/toolchains/1.75.0-x86_64-unknown-linux-gnu/lib/rustlib/x86_64-unknown-linux-gnu/lib" "-Wl,-Bstatic" "/opt/rustwide/target/debug/deps/libin_toto-b6e2e357fb7055a2.rlib" "/opt/rustwide/target/debug/deps/libtempfile-bd52456d6e4dafd1.rlib" "/opt/rustwide/target/debug/deps/libfastrand-07f877a5db0068c6.rlib" "/opt/rustwide/target/debug/deps/libremove_dir_all-8b88a3ed6f308927.rlib" "/opt/rustwide/target/debug/deps/libhyper-1ed785a6404743e7.rlib" "/opt/rustwide/target/debug/deps/libhttparse-fd503c4a6f8da724.rlib" "/opt/rustwide/target/debug/deps/libtower_service-9991ae2cafd1f41b.rlib" "/opt/rustwide/target/debug/deps/libhttp_body-39bacd65430131ac.rlib" "/opt/rustwide/target/debug/deps/libfutures_util-b20c6da6d596dcab.rlib" "/opt/rustwide/target/debug/deps/libmemchr-651b9a52835bc194.rlib" "/opt/rustwide/target/debug/deps/libfutures-8d8915a23f05644b.rlib" "/opt/rustwide/target/debug/deps/libfutures_io-d79041797d5bea95.rlib" "/opt/rustwide/target/debug/deps/libslab-3fdda774eccf4f9f.rlib" "/opt/rustwide/target/debug/deps/libfutures_channel-f8194efabd25f76e.rlib" "/opt/rustwide/target/debug/deps/libpin_project_lite-bd863d416e545bf5.rlib" "/opt/rustwide/target/debug/deps/libfutures_sink-2b0e95e5f1ef133b.rlib" "/opt/rustwide/target/debug/deps/libfutures_task-ec207c36a8b1b716.rlib" "/opt/rustwide/target/debug/deps/libpin_utils-741f7d9d160e4a16.rlib" "/opt/rustwide/target/debug/deps/libfutures_core-fb926675a71aa556.rlib" "/opt/rustwide/target/debug/deps/libtokio-eb3743eafe09054f.rlib" "/opt/rustwide/target/debug/deps/libhttp-f8579927572df7fb.rlib" "/opt/rustwide/target/debug/deps/libbytes-55e4baa7bb335bc7.rlib" "/opt/rustwide/target/debug/deps/libfnv-18bf5144d055e772.rlib" "/opt/rustwide/target/debug/deps/libpem-cfbafe029a136cc1.rlib" "/opt/rustwide/target/debug/deps/libbase64-19deda34879e9e1c.rlib" "/opt/rustwide/target/debug/deps/libglob-3226d7be9b3043db.rlib" "/opt/rustwide/target/debug/deps/libwalkdir-6f37c7dff47afc4f.rlib" "/opt/rustwide/target/debug/deps/libsame_file-06a4c01142053b65.rlib" "/opt/rustwide/target/debug/deps/libpath_clean-cd6feff6cd5c1007.rlib" "/opt/rustwide/target/debug/deps/libserde_json-0fc81a94219e8e7a.rlib" "/opt/rustwide/target/debug/deps/libryu-f7e2acf8545a3e65.rlib" "/opt/rustwide/target/debug/deps/libitoa-c68eaa30402a4ff5.rlib" "/opt/rustwide/target/debug/deps/liblog-51555fd3036e06f3.rlib" "/opt/rustwide/target/debug/deps/libcfg_if-61dc7a6799e72b18.rlib" "/opt/rustwide/target/debug/deps/libchrono-6139ba53b2013206.rlib" "/opt/rustwide/target/debug/deps/libnum_integer-ceb73b61bd5db94f.rlib" "/opt/rustwide/target/debug/deps/libnum_traits-24aa93b4806ad567.rlib" "/opt/rustwide/target/debug/deps/libstrum-c626f7d346e618d8.rlib" "/opt/rustwide/target/debug/deps/libthiserror-61fdcf541db7350b.rlib" "/opt/rustwide/target/debug/deps/libserde-bb710f895428302b.rlib" "/opt/rustwide/target/debug/deps/libring-7e414bee2d230252.rlib" "/opt/rustwide/target/debug/deps/libspin-c4098cd951aef6c9.rlib" "/opt/rustwide/target/debug/deps/libonce_cell-d4185e3ff62717e2.rlib" "/opt/rustwide/target/debug/deps/liblibc-f5094c3d32287fa8.rlib" "/opt/rustwide/target/debug/deps/libderp-bdf5d8f564e4a13b.rlib" "/opt/rustwide/target/debug/deps/libuntrusted-5ec0aa78ed8cda5c.rlib" "/opt/rustwide/target/debug/deps/libdata_encoding-039954bda8031879.rlib" "/opt/rustwide/rustup-home/toolchains/1.75.0-x86_64-unknown-linux-gnu/lib/rustlib/x86_64-unknown-linux-gnu/lib/libstd-90f6ddbf82de36ec.rlib" "/opt/rustwide/rustup-home/toolchains/1.75.0-x86_64-unknown-linux-gnu/lib/rustlib/x86_64-unknown-linux-gnu/lib/libpanic_unwind-480c41e9d4e1f677.rlib" "/opt/rustwide/rustup-home/toolchains/1.75.0-x86_64-unknown-linux-gnu/lib/rustlib/x86_64-unknown-linux-gnu/lib/libobject-db744c0ca03eed1d.rlib" "/opt/rustwide/rustup-home/toolchains/1.75.0-x86_64-unknown-linux-gnu/lib/rustlib/x86_64-unknown-linux-gnu/lib/libmemchr-8ba652dc7d4b285a.rlib" "/opt/rustwide/rustup-home/toolchains/1.75.0-x86_64-unknown-linux-gnu/lib/rustlib/x86_64-unknown-linux-gnu/lib/libaddr2line-d5f4520a9ebc0d58.rlib" "/opt/rustwide/rustup-home/toolchains/1.75.0-x86_64-unknown-linux-gnu/lib/rustlib/x86_64-unknown-linux-gnu/lib/libgimli-4ad84de58f0cb463.rlib" "/opt/rustwide/rustup-home/toolchains/1.75.0-x86_64-unknown-linux-gnu/lib/rustlib/x86_64-unknown-linux-gnu/lib/librustc_demangle-0d10aae2e0f38735.rlib" "/opt/rustwide/rustup-home/toolchains/1.75.0-x86_64-unknown-linux-gnu/lib/rustlib/x86_64-unknown-linux-gnu/lib/libstd_detect-0c17cff739e6745b.rlib" "/opt/rustwide/rustup-home/toolchains/1.75.0-x86_64-unknown-linux-gnu/lib/rustlib/x86_64-unknown-linux-gnu/lib/libhashbrown-b29e17139dde1aa8.rlib" "/opt/rustwide/rustup-home/toolchains/1.75.0-x86_64-unknown-linux-gnu/lib/rustlib/x86_64-unknown-linux-gnu/lib/librustc_std_workspace_alloc-1f975299829cc7bd.rlib" "/opt/rustwide/rustup-home/toolchains/1.75.0-x86_64-unknown-linux-gnu/lib/rustlib/x86_64-unknown-linux-gnu/lib/libminiz_oxide-86bae3bc3079f89b.rlib" "/opt/rustwide/rustup-home/toolchains/1.75.0-x86_64-unknown-linux-gnu/lib/rustlib/x86_64-unknown-linux-gnu/lib/libadler-321b82c30dffdf5f.rlib" "/opt/rustwide/rustup-home/toolchains/1.75.0-x86_64-unknown-linux-gnu/lib/rustlib/x86_64-unknown-linux-gnu/lib/libunwind-3dd8a6810a0bdfef.rlib" "/opt/rustwide/rustup-home/toolchains/1.75.0-x86_64-unknown-linux-gnu/lib/rustlib/x86_64-unknown-linux-gnu/lib/libcfg_if-eb39a61c0c879984.rlib" "/opt/rustwide/rustup-home/toolchains/1.75.0-x86_64-unknown-linux-gnu/lib/rustlib/x86_64-unknown-linux-gnu/lib/liblibc-aa769569f91c3548.rlib" "/opt/rustwide/rustup-home/toolchains/1.75.0-x86_64-unknown-linux-gnu/lib/rustlib/x86_64-unknown-linux-gnu/lib/liballoc-510a192a50a983ed.rlib" "/opt/rustwide/rustup-home/toolchains/1.75.0-x86_64-unknown-linux-gnu/lib/rustlib/x86_64-unknown-linux-gnu/lib/librustc_std_workspace_core-0577018320f99037.rlib" "/opt/rustwide/rustup-home/toolchains/1.75.0-x86_64-unknown-linux-gnu/lib/rustlib/x86_64-unknown-linux-gnu/lib/libcore-193cf992125ccd4c.rlib" "/opt/rustwide/rustup-home/toolchains/1.75.0-x86_64-unknown-linux-gnu/lib/rustlib/x86_64-unknown-linux-gnu/lib/libcompiler_builtins-8e138eaf26ebb4a8.rlib" "-Wl,-Bdynamic" "-lgcc_s" "-lutil" "-lrt" "-lpthread" "-lm" "-ldl" "-lc" "-Wl,--eh-frame-hdr" "-Wl,-z,noexecstack" "-L" "/opt/rustwide/rustup-home/toolchains/1.75.0-x86_64-unknown-linux-gnu/lib/rustlib/x86_64-unknown-linux-gnu/lib" "-o" "/tmp/rustdoctestQqMKFz/rust_out" "-Wl,--gc-sections" "-pie" "-Wl,-z,relro,-z,now" "-nodefaultlibs"
[INFO] [stdout]   = note: collect2: fatal error: ld terminated with signal 9 [Killed]
[INFO] [stdout]           compilation terminated.
[INFO] [stdout]           
[INFO] [stdout] 
[INFO] [stdout] error: aborting due to previous error
[INFO] [stdout] 
[INFO] [stdout] Couldn't compile the test.
[INFO] [stdout] ---- src/interchange/cjson/mod.rs - interchange::cjson::Json::to_writer (line 238) stdout ----
[INFO] [stdout] error: linking with `cc` failed: exit status: 1
[INFO] [stdout]   |
[INFO] [stdout]   = note: LC_ALL="C" PATH="/opt/rustwide/rustup-home/toolchains/1.75.0-x86_64-unknown-linux-gnu/lib/rustlib/x86_64-unknown-linux-gnu/bin:/opt/rustwide/cargo-home/bin:/usr/local/sbin:/usr/local/bin:/usr/sbin:/usr/bin:/sbin:/bin" VSLANG="1033" "cc" "-m64" "/tmp/rustcDTnWsV/symbols.o" "/tmp/rustdoctestc43IOf/rust_out.rust_out.263fb70ac1c95110-cgu.0.rcgu.o" "/tmp/rustdoctestc43IOf/rust_out.2uel00cfmdh5ufit.rcgu.o" "-Wl,--as-needed" "-L" "/opt/rustwide/target/debug/deps" "-L" "/opt/rustwide/target/debug/deps" "-L" "/opt/rustwide/target/debug/build/ring-340fd659df181cd3/out" "-L" "/opt/rustwide/rustup-home/toolchains/1.75.0-x86_64-unknown-linux-gnu/lib/rustlib/x86_64-unknown-linux-gnu/lib" "-Wl,-Bstatic" "/opt/rustwide/target/debug/deps/libin_toto-b6e2e357fb7055a2.rlib" "/opt/rustwide/target/debug/deps/libtempfile-bd52456d6e4dafd1.rlib" "/opt/rustwide/target/debug/deps/libfastrand-07f877a5db0068c6.rlib" "/opt/rustwide/target/debug/deps/libremove_dir_all-8b88a3ed6f308927.rlib" "/opt/rustwide/target/debug/deps/libhyper-1ed785a6404743e7.rlib" "/opt/rustwide/target/debug/deps/libhttparse-fd503c4a6f8da724.rlib" "/opt/rustwide/target/debug/deps/libtower_service-9991ae2cafd1f41b.rlib" "/opt/rustwide/target/debug/deps/libhttp_body-39bacd65430131ac.rlib" "/opt/rustwide/target/debug/deps/libfutures_util-b20c6da6d596dcab.rlib" "/opt/rustwide/target/debug/deps/libmemchr-651b9a52835bc194.rlib" "/opt/rustwide/target/debug/deps/libfutures-8d8915a23f05644b.rlib" "/opt/rustwide/target/debug/deps/libfutures_io-d79041797d5bea95.rlib" "/opt/rustwide/target/debug/deps/libslab-3fdda774eccf4f9f.rlib" "/opt/rustwide/target/debug/deps/libfutures_channel-f8194efabd25f76e.rlib" "/opt/rustwide/target/debug/deps/libpin_project_lite-bd863d416e545bf5.rlib" "/opt/rustwide/target/debug/deps/libfutures_sink-2b0e95e5f1ef133b.rlib" "/opt/rustwide/target/debug/deps/libfutures_task-ec207c36a8b1b716.rlib" "/opt/rustwide/target/debug/deps/libpin_utils-741f7d9d160e4a16.rlib" "/opt/rustwide/target/debug/deps/libfutures_core-fb926675a71aa556.rlib" "/opt/rustwide/target/debug/deps/libtokio-eb3743eafe09054f.rlib" "/opt/rustwide/target/debug/deps/libhttp-f8579927572df7fb.rlib" "/opt/rustwide/target/debug/deps/libbytes-55e4baa7bb335bc7.rlib" "/opt/rustwide/target/debug/deps/libfnv-18bf5144d055e772.rlib" "/opt/rustwide/target/debug/deps/libpem-cfbafe029a136cc1.rlib" "/opt/rustwide/target/debug/deps/libbase64-19deda34879e9e1c.rlib" "/opt/rustwide/target/debug/deps/libglob-3226d7be9b3043db.rlib" "/opt/rustwide/target/debug/deps/libwalkdir-6f37c7dff47afc4f.rlib" "/opt/rustwide/target/debug/deps/libsame_file-06a4c01142053b65.rlib" "/opt/rustwide/target/debug/deps/libpath_clean-cd6feff6cd5c1007.rlib" "/opt/rustwide/target/debug/deps/libserde_json-0fc81a94219e8e7a.rlib" "/opt/rustwide/target/debug/deps/libryu-f7e2acf8545a3e65.rlib" "/opt/rustwide/target/debug/deps/libitoa-c68eaa30402a4ff5.rlib" "/opt/rustwide/target/debug/deps/liblog-51555fd3036e06f3.rlib" "/opt/rustwide/target/debug/deps/libcfg_if-61dc7a6799e72b18.rlib" "/opt/rustwide/target/debug/deps/libchrono-6139ba53b2013206.rlib" "/opt/rustwide/target/debug/deps/libnum_integer-ceb73b61bd5db94f.rlib" "/opt/rustwide/target/debug/deps/libnum_traits-24aa93b4806ad567.rlib" "/opt/rustwide/target/debug/deps/libstrum-c626f7d346e618d8.rlib" "/opt/rustwide/target/debug/deps/libthiserror-61fdcf541db7350b.rlib" "/opt/rustwide/target/debug/deps/libserde-bb710f895428302b.rlib" "/opt/rustwide/target/debug/deps/libring-7e414bee2d230252.rlib" "/opt/rustwide/target/debug/deps/libspin-c4098cd951aef6c9.rlib" "/opt/rustwide/target/debug/deps/libonce_cell-d4185e3ff62717e2.rlib" "/opt/rustwide/target/debug/deps/liblibc-f5094c3d32287fa8.rlib" "/opt/rustwide/target/debug/deps/libderp-bdf5d8f564e4a13b.rlib" "/opt/rustwide/target/debug/deps/libuntrusted-5ec0aa78ed8cda5c.rlib" "/opt/rustwide/target/debug/deps/libdata_encoding-039954bda8031879.rlib" "/opt/rustwide/rustup-home/toolchains/1.75.0-x86_64-unknown-linux-gnu/lib/rustlib/x86_64-unknown-linux-gnu/lib/libstd-90f6ddbf82de36ec.rlib" "/opt/rustwide/rustup-home/toolchains/1.75.0-x86_64-unknown-linux-gnu/lib/rustlib/x86_64-unknown-linux-gnu/lib/libpanic_unwind-480c41e9d4e1f677.rlib" "/opt/rustwide/rustup-home/toolchains/1.75.0-x86_64-unknown-linux-gnu/lib/rustlib/x86_64-unknown-linux-gnu/lib/libobject-db744c0ca03eed1d.rlib" "/opt/rustwide/rustup-home/toolchains/1.75.0-x86_64-unknown-linux-gnu/lib/rustlib/x86_64-unknown-linux-gnu/lib/libmemchr-8ba652dc7d4b285a.rlib" "/opt/rustwide/rustup-home/toolchains/1.75.0-x86_64-unknown-linux-gnu/lib/rustlib/x86_64-unknown-linux-gnu/lib/libaddr2line-d5f4520a9ebc0d58.rlib" "/opt/rustwide/rustup-home/toolchains/1.75.0-x86_64-unknown-linux-gnu/lib/rustlib/x86_64-unknown-linux-gnu/lib/libgimli-4ad84de58f0cb463.rlib" "/opt/rustwide/rustup-home/toolchains/1.75.0-x86_64-unknown-linux-gnu/lib/rustlib/x86_64-unknown-linux-gnu/lib/librustc_demangle-0d10aae2e0f38735.rlib" "/opt/rustwide/rustup-home/toolchains/1.75.0-x86_64-unknown-linux-gnu/lib/rustlib/x86_64-unknown-linux-gnu/lib/libstd_detect-0c17cff739e6745b.rlib" "/opt/rustwide/rustup-home/toolchains/1.75.0-x86_64-unknown-linux-gnu/lib/rustlib/x86_64-unknown-linux-gnu/lib/libhashbrown-b29e17139dde1aa8.rlib" "/opt/rustwide/rustup-home/toolchains/1.75.0-x86_64-unknown-linux-gnu/lib/rustlib/x86_64-unknown-linux-gnu/lib/librustc_std_workspace_alloc-1f975299829cc7bd.rlib" "/opt/rustwide/rustup-home/toolchains/1.75.0-x86_64-unknown-linux-gnu/lib/rustlib/x86_64-unknown-linux-gnu/lib/libminiz_oxide-86bae3bc3079f89b.rlib" "/opt/rustwide/rustup-home/toolchains/1.75.0-x86_64-unknown-linux-gnu/lib/rustlib/x86_64-unknown-linux-gnu/lib/libadler-321b82c30dffdf5f.rlib" "/opt/rustwide/rustup-home/toolchains/1.75.0-x86_64-unknown-linux-gnu/lib/rustlib/x86_64-unknown-linux-gnu/lib/libunwind-3dd8a6810a0bdfef.rlib" "/opt/rustwide/rustup-home/toolchains/1.75.0-x86_64-unknown-linux-gnu/lib/rustlib/x86_64-unknown-linux-gnu/lib/libcfg_if-eb39a61c0c879984.rlib" "/opt/rustwide/rustup-home/toolchains/1.75.0-x86_64-unknown-linux-gnu/lib/rustlib/x86_64-unknown-linux-gnu/lib/liblibc-aa769569f91c3548.rlib" "/opt/rustwide/rustup-home/toolchains/1.75.0-x86_64-unknown-linux-gnu/lib/rustlib/x86_64-unknown-linux-gnu/lib/liballoc-510a192a50a983ed.rlib" "/opt/rustwide/rustup-home/toolchains/1.75.0-x86_64-unknown-linux-gnu/lib/rustlib/x86_64-unknown-linux-gnu/lib/librustc_std_workspace_core-0577018320f99037.rlib" "/opt/rustwide/rustup-home/toolchains/1.75.0-x86_64-unknown-linux-gnu/lib/rustlib/x86_64-unknown-linux-gnu/lib/libcore-193cf992125ccd4c.rlib" "/opt/rustwide/rustup-home/toolchains/1.75.0-x86_64-unknown-linux-gnu/lib/rustlib/x86_64-unknown-linux-gnu/lib/libcompiler_builtins-8e138eaf26ebb4a8.rlib" "-Wl,-Bdynamic" "-lgcc_s" "-lutil" "-lrt" "-lpthread" "-lm" "-ldl" "-lc" "-Wl,--eh-frame-hdr" "-Wl,-z,noexecstack" "-L" "/opt/rustwide/rustup-home/toolchains/1.75.0-x86_64-unknown-linux-gnu/lib/rustlib/x86_64-unknown-linux-gnu/lib" "-o" "/tmp/rustdoctestc43IOf/rust_out" "-Wl,--gc-sections" "-pie" "-Wl,-z,relro,-z,now" "-nodefaultlibs"
[INFO] [stdout]   = note: collect2: fatal error: ld terminated with signal 9 [Killed]
[INFO] [stdout]           compilation terminated.
[INFO] [stdout]           
[INFO] [stdout] 
[INFO] [stdout] error: aborting due to previous error
[INFO] [stdout] 
[INFO] [stdout] Couldn't compile the test.
[INFO] [stdout] ---- src/interchange/cjson/mod.rs - interchange::cjson::Json::from_slice (line 282) stdout ----
[INFO] [stdout] error: linking with `cc` failed: exit status: 1
[INFO] [stdout]   |
[INFO] [stdout]   = note: LC_ALL="C" PATH="/opt/rustwide/rustup-home/toolchains/1.75.0-x86_64-unknown-linux-gnu/lib/rustlib/x86_64-unknown-linux-gnu/bin:/opt/rustwide/cargo-home/bin:/usr/local/sbin:/usr/local/bin:/usr/sbin:/usr/bin:/sbin:/bin" VSLANG="1033" "cc" "-m64" "/tmp/rustcoVsLZh/symbols.o" "/tmp/rustdoctest7yC6ab/rust_out.rust_out.263fb70ac1c95110-cgu.0.rcgu.o" "/tmp/rustdoctest7yC6ab/rust_out.2uel00cfmdh5ufit.rcgu.o" "-Wl,--as-needed" "-L" "/opt/rustwide/target/debug/deps" "-L" "/opt/rustwide/target/debug/deps" "-L" "/opt/rustwide/target/debug/build/ring-340fd659df181cd3/out" "-L" "/opt/rustwide/rustup-home/toolchains/1.75.0-x86_64-unknown-linux-gnu/lib/rustlib/x86_64-unknown-linux-gnu/lib" "-Wl,-Bstatic" "/opt/rustwide/target/debug/deps/libin_toto-b6e2e357fb7055a2.rlib" "/opt/rustwide/target/debug/deps/libtempfile-bd52456d6e4dafd1.rlib" "/opt/rustwide/target/debug/deps/libfastrand-07f877a5db0068c6.rlib" "/opt/rustwide/target/debug/deps/libremove_dir_all-8b88a3ed6f308927.rlib" "/opt/rustwide/target/debug/deps/libhyper-1ed785a6404743e7.rlib" "/opt/rustwide/target/debug/deps/libhttparse-fd503c4a6f8da724.rlib" "/opt/rustwide/target/debug/deps/libtower_service-9991ae2cafd1f41b.rlib" "/opt/rustwide/target/debug/deps/libhttp_body-39bacd65430131ac.rlib" "/opt/rustwide/target/debug/deps/libfutures_util-b20c6da6d596dcab.rlib" "/opt/rustwide/target/debug/deps/libmemchr-651b9a52835bc194.rlib" "/opt/rustwide/target/debug/deps/libfutures-8d8915a23f05644b.rlib" "/opt/rustwide/target/debug/deps/libfutures_io-d79041797d5bea95.rlib" "/opt/rustwide/target/debug/deps/libslab-3fdda774eccf4f9f.rlib" "/opt/rustwide/target/debug/deps/libfutures_channel-f8194efabd25f76e.rlib" "/opt/rustwide/target/debug/deps/libpin_project_lite-bd863d416e545bf5.rlib" "/opt/rustwide/target/debug/deps/libfutures_sink-2b0e95e5f1ef133b.rlib" "/opt/rustwide/target/debug/deps/libfutures_task-ec207c36a8b1b716.rlib" "/opt/rustwide/target/debug/deps/libpin_utils-741f7d9d160e4a16.rlib" "/opt/rustwide/target/debug/deps/libfutures_core-fb926675a71aa556.rlib" "/opt/rustwide/target/debug/deps/libtokio-eb3743eafe09054f.rlib" "/opt/rustwide/target/debug/deps/libhttp-f8579927572df7fb.rlib" "/opt/rustwide/target/debug/deps/libbytes-55e4baa7bb335bc7.rlib" "/opt/rustwide/target/debug/deps/libfnv-18bf5144d055e772.rlib" "/opt/rustwide/target/debug/deps/libpem-cfbafe029a136cc1.rlib" "/opt/rustwide/target/debug/deps/libbase64-19deda34879e9e1c.rlib" "/opt/rustwide/target/debug/deps/libglob-3226d7be9b3043db.rlib" "/opt/rustwide/target/debug/deps/libwalkdir-6f37c7dff47afc4f.rlib" "/opt/rustwide/target/debug/deps/libsame_file-06a4c01142053b65.rlib" "/opt/rustwide/target/debug/deps/libpath_clean-cd6feff6cd5c1007.rlib" "/opt/rustwide/target/debug/deps/libserde_json-0fc81a94219e8e7a.rlib" "/opt/rustwide/target/debug/deps/libryu-f7e2acf8545a3e65.rlib" "/opt/rustwide/target/debug/deps/libitoa-c68eaa30402a4ff5.rlib" "/opt/rustwide/target/debug/deps/liblog-51555fd3036e06f3.rlib" "/opt/rustwide/target/debug/deps/libcfg_if-61dc7a6799e72b18.rlib" "/opt/rustwide/target/debug/deps/libchrono-6139ba53b2013206.rlib" "/opt/rustwide/target/debug/deps/libnum_integer-ceb73b61bd5db94f.rlib" "/opt/rustwide/target/debug/deps/libnum_traits-24aa93b4806ad567.rlib" "/opt/rustwide/target/debug/deps/libstrum-c626f7d346e618d8.rlib" "/opt/rustwide/target/debug/deps/libthiserror-61fdcf541db7350b.rlib" "/opt/rustwide/target/debug/deps/libserde-bb710f895428302b.rlib" "/opt/rustwide/target/debug/deps/libring-7e414bee2d230252.rlib" "/opt/rustwide/target/debug/deps/libspin-c4098cd951aef6c9.rlib" "/opt/rustwide/target/debug/deps/libonce_cell-d4185e3ff62717e2.rlib" "/opt/rustwide/target/debug/deps/liblibc-f5094c3d32287fa8.rlib" "/opt/rustwide/target/debug/deps/libderp-bdf5d8f564e4a13b.rlib" "/opt/rustwide/target/debug/deps/libuntrusted-5ec0aa78ed8cda5c.rlib" "/opt/rustwide/target/debug/deps/libdata_encoding-039954bda8031879.rlib" "/opt/rustwide/rustup-home/toolchains/1.75.0-x86_64-unknown-linux-gnu/lib/rustlib/x86_64-unknown-linux-gnu/lib/libstd-90f6ddbf82de36ec.rlib" "/opt/rustwide/rustup-home/toolchains/1.75.0-x86_64-unknown-linux-gnu/lib/rustlib/x86_64-unknown-linux-gnu/lib/libpanic_unwind-480c41e9d4e1f677.rlib" "/opt/rustwide/rustup-home/toolchains/1.75.0-x86_64-unknown-linux-gnu/lib/rustlib/x86_64-unknown-linux-gnu/lib/libobject-db744c0ca03eed1d.rlib" "/opt/rustwide/rustup-home/toolchains/1.75.0-x86_64-unknown-linux-gnu/lib/rustlib/x86_64-unknown-linux-gnu/lib/libmemchr-8ba652dc7d4b285a.rlib" "/opt/rustwide/rustup-home/toolchains/1.75.0-x86_64-unknown-linux-gnu/lib/rustlib/x86_64-unknown-linux-gnu/lib/libaddr2line-d5f4520a9ebc0d58.rlib" "/opt/rustwide/rustup-home/toolchains/1.75.0-x86_64-unknown-linux-gnu/lib/rustlib/x86_64-unknown-linux-gnu/lib/libgimli-4ad84de58f0cb463.rlib" "/opt/rustwide/rustup-home/toolchains/1.75.0-x86_64-unknown-linux-gnu/lib/rustlib/x86_64-unknown-linux-gnu/lib/librustc_demangle-0d10aae2e0f38735.rlib" "/opt/rustwide/rustup-home/toolchains/1.75.0-x86_64-unknown-linux-gnu/lib/rustlib/x86_64-unknown-linux-gnu/lib/libstd_detect-0c17cff739e6745b.rlib" "/opt/rustwide/rustup-home/toolchains/1.75.0-x86_64-unknown-linux-gnu/lib/rustlib/x86_64-unknown-linux-gnu/lib/libhashbrown-b29e17139dde1aa8.rlib" "/opt/rustwide/rustup-home/toolchains/1.75.0-x86_64-unknown-linux-gnu/lib/rustlib/x86_64-unknown-linux-gnu/lib/librustc_std_workspace_alloc-1f975299829cc7bd.rlib" "/opt/rustwide/rustup-home/toolchains/1.75.0-x86_64-unknown-linux-gnu/lib/rustlib/x86_64-unknown-linux-gnu/lib/libminiz_oxide-86bae3bc3079f89b.rlib" "/opt/rustwide/rustup-home/toolchains/1.75.0-x86_64-unknown-linux-gnu/lib/rustlib/x86_64-unknown-linux-gnu/lib/libadler-321b82c30dffdf5f.rlib" "/opt/rustwide/rustup-home/toolchains/1.75.0-x86_64-unknown-linux-gnu/lib/rustlib/x86_64-unknown-linux-gnu/lib/libunwind-3dd8a6810a0bdfef.rlib" "/opt/rustwide/rustup-home/toolchains/1.75.0-x86_64-unknown-linux-gnu/lib/rustlib/x86_64-unknown-linux-gnu/lib/libcfg_if-eb39a61c0c879984.rlib" "/opt/rustwide/rustup-home/toolchains/1.75.0-x86_64-unknown-linux-gnu/lib/rustlib/x86_64-unknown-linux-gnu/lib/liblibc-aa769569f91c3548.rlib" "/opt/rustwide/rustup-home/toolchains/1.75.0-x86_64-unknown-linux-gnu/lib/rustlib/x86_64-unknown-linux-gnu/lib/liballoc-510a192a50a983ed.rlib" "/opt/rustwide/rustup-home/toolchains/1.75.0-x86_64-unknown-linux-gnu/lib/rustlib/x86_64-unknown-linux-gnu/lib/librustc_std_workspace_core-0577018320f99037.rlib" "/opt/rustwide/rustup-home/toolchains/1.75.0-x86_64-unknown-linux-gnu/lib/rustlib/x86_64-unknown-linux-gnu/lib/libcore-193cf992125ccd4c.rlib" "/opt/rustwide/rustup-home/toolchains/1.75.0-x86_64-unknown-linux-gnu/lib/rustlib/x86_64-unknown-linux-gnu/lib/libcompiler_builtins-8e138eaf26ebb4a8.rlib" "-Wl,-Bdynamic" "-lgcc_s" "-lutil" "-lrt" "-lpthread" "-lm" "-ldl" "-lc" "-Wl,--eh-frame-hdr" "-Wl,-z,noexecstack" "-L" "/opt/rustwide/rustup-home/toolchains/1.75.0-x86_64-unknown-linux-gnu/lib/rustlib/x86_64-unknown-linux-gnu/lib" "-o" "/tmp/rustdoctest7yC6ab/rust_out" "-Wl,--gc-sections" "-pie" "-Wl,-z,relro,-z,now" "-nodefaultlibs"
[INFO] [stdout]   = note: collect2: fatal error: ld terminated with signal 9 [Killed]
[INFO] [stdout]           compilation terminated.
[INFO] [stdout]           
[INFO] [stdout] 
[INFO] [stdout] error: aborting due to previous error
[INFO] [stdout] 
[INFO] [stdout] Couldn't compile the test.
[INFO] [stdout] ---- src/interchange/cjson/pretty.rs - interchange::cjson::pretty::JsonPretty::extension (line 19) stdout ----
[INFO] [stdout] error: linking with `cc` failed: exit status: 1
[INFO] [stdout]   |
[INFO] [stdout]   = note: LC_ALL="C" PATH="/opt/rustwide/rustup-home/toolchains/1.75.0-x86_64-unknown-linux-gnu/lib/rustlib/x86_64-unknown-linux-gnu/bin:/opt/rustwide/cargo-home/bin:/usr/local/sbin:/usr/local/bin:/usr/sbin:/usr/bin:/sbin:/bin" VSLANG="1033" "cc" "-m64" "/tmp/rustcxO90PI/symbols.o" "/tmp/rustdoctest6NtZEh/rust_out.rust_out.263fb70ac1c95110-cgu.0.rcgu.o" "/tmp/rustdoctest6NtZEh/rust_out.2uel00cfmdh5ufit.rcgu.o" "-Wl,--as-needed" "-L" "/opt/rustwide/target/debug/deps" "-L" "/opt/rustwide/target/debug/deps" "-L" "/opt/rustwide/target/debug/build/ring-340fd659df181cd3/out" "-L" "/opt/rustwide/rustup-home/toolchains/1.75.0-x86_64-unknown-linux-gnu/lib/rustlib/x86_64-unknown-linux-gnu/lib" "-Wl,-Bstatic" "/opt/rustwide/target/debug/deps/libin_toto-b6e2e357fb7055a2.rlib" "/opt/rustwide/target/debug/deps/libtempfile-bd52456d6e4dafd1.rlib" "/opt/rustwide/target/debug/deps/libfastrand-07f877a5db0068c6.rlib" "/opt/rustwide/target/debug/deps/libremove_dir_all-8b88a3ed6f308927.rlib" "/opt/rustwide/target/debug/deps/libhyper-1ed785a6404743e7.rlib" "/opt/rustwide/target/debug/deps/libhttparse-fd503c4a6f8da724.rlib" "/opt/rustwide/target/debug/deps/libtower_service-9991ae2cafd1f41b.rlib" "/opt/rustwide/target/debug/deps/libhttp_body-39bacd65430131ac.rlib" "/opt/rustwide/target/debug/deps/libfutures_util-b20c6da6d596dcab.rlib" "/opt/rustwide/target/debug/deps/libmemchr-651b9a52835bc194.rlib" "/opt/rustwide/target/debug/deps/libfutures-8d8915a23f05644b.rlib" "/opt/rustwide/target/debug/deps/libfutures_io-d79041797d5bea95.rlib" "/opt/rustwide/target/debug/deps/libslab-3fdda774eccf4f9f.rlib" "/opt/rustwide/target/debug/deps/libfutures_channel-f8194efabd25f76e.rlib" "/opt/rustwide/target/debug/deps/libpin_project_lite-bd863d416e545bf5.rlib" "/opt/rustwide/target/debug/deps/libfutures_sink-2b0e95e5f1ef133b.rlib" "/opt/rustwide/target/debug/deps/libfutures_task-ec207c36a8b1b716.rlib" "/opt/rustwide/target/debug/deps/libpin_utils-741f7d9d160e4a16.rlib" "/opt/rustwide/target/debug/deps/libfutures_core-fb926675a71aa556.rlib" "/opt/rustwide/target/debug/deps/libtokio-eb3743eafe09054f.rlib" "/opt/rustwide/target/debug/deps/libhttp-f8579927572df7fb.rlib" "/opt/rustwide/target/debug/deps/libbytes-55e4baa7bb335bc7.rlib" "/opt/rustwide/target/debug/deps/libfnv-18bf5144d055e772.rlib" "/opt/rustwide/target/debug/deps/libpem-cfbafe029a136cc1.rlib" "/opt/rustwide/target/debug/deps/libbase64-19deda34879e9e1c.rlib" "/opt/rustwide/target/debug/deps/libglob-3226d7be9b3043db.rlib" "/opt/rustwide/target/debug/deps/libwalkdir-6f37c7dff47afc4f.rlib" "/opt/rustwide/target/debug/deps/libsame_file-06a4c01142053b65.rlib" "/opt/rustwide/target/debug/deps/libpath_clean-cd6feff6cd5c1007.rlib" "/opt/rustwide/target/debug/deps/libserde_json-0fc81a94219e8e7a.rlib" "/opt/rustwide/target/debug/deps/libryu-f7e2acf8545a3e65.rlib" "/opt/rustwide/target/debug/deps/libitoa-c68eaa30402a4ff5.rlib" "/opt/rustwide/target/debug/deps/liblog-51555fd3036e06f3.rlib" "/opt/rustwide/target/debug/deps/libcfg_if-61dc7a6799e72b18.rlib" "/opt/rustwide/target/debug/deps/libchrono-6139ba53b2013206.rlib" "/opt/rustwide/target/debug/deps/libnum_integer-ceb73b61bd5db94f.rlib" "/opt/rustwide/target/debug/deps/libnum_traits-24aa93b4806ad567.rlib" "/opt/rustwide/target/debug/deps/libstrum-c626f7d346e618d8.rlib" "/opt/rustwide/target/debug/deps/libthiserror-61fdcf541db7350b.rlib" "/opt/rustwide/target/debug/deps/libserde-bb710f895428302b.rlib" "/opt/rustwide/target/debug/deps/libring-7e414bee2d230252.rlib" "/opt/rustwide/target/debug/deps/libspin-c4098cd951aef6c9.rlib" "/opt/rustwide/target/debug/deps/libonce_cell-d4185e3ff62717e2.rlib" "/opt/rustwide/target/debug/deps/liblibc-f5094c3d32287fa8.rlib" "/opt/rustwide/target/debug/deps/libderp-bdf5d8f564e4a13b.rlib" "/opt/rustwide/target/debug/deps/libuntrusted-5ec0aa78ed8cda5c.rlib" "/opt/rustwide/target/debug/deps/libdata_encoding-039954bda8031879.rlib" "/opt/rustwide/rustup-home/toolchains/1.75.0-x86_64-unknown-linux-gnu/lib/rustlib/x86_64-unknown-linux-gnu/lib/libstd-90f6ddbf82de36ec.rlib" "/opt/rustwide/rustup-home/toolchains/1.75.0-x86_64-unknown-linux-gnu/lib/rustlib/x86_64-unknown-linux-gnu/lib/libpanic_unwind-480c41e9d4e1f677.rlib" "/opt/rustwide/rustup-home/toolchains/1.75.0-x86_64-unknown-linux-gnu/lib/rustlib/x86_64-unknown-linux-gnu/lib/libobject-db744c0ca03eed1d.rlib" "/opt/rustwide/rustup-home/toolchains/1.75.0-x86_64-unknown-linux-gnu/lib/rustlib/x86_64-unknown-linux-gnu/lib/libmemchr-8ba652dc7d4b285a.rlib" "/opt/rustwide/rustup-home/toolchains/1.75.0-x86_64-unknown-linux-gnu/lib/rustlib/x86_64-unknown-linux-gnu/lib/libaddr2line-d5f4520a9ebc0d58.rlib" "/opt/rustwide/rustup-home/toolchains/1.75.0-x86_64-unknown-linux-gnu/lib/rustlib/x86_64-unknown-linux-gnu/lib/libgimli-4ad84de58f0cb463.rlib" "/opt/rustwide/rustup-home/toolchains/1.75.0-x86_64-unknown-linux-gnu/lib/rustlib/x86_64-unknown-linux-gnu/lib/librustc_demangle-0d10aae2e0f38735.rlib" "/opt/rustwide/rustup-home/toolchains/1.75.0-x86_64-unknown-linux-gnu/lib/rustlib/x86_64-unknown-linux-gnu/lib/libstd_detect-0c17cff739e6745b.rlib" "/opt/rustwide/rustup-home/toolchains/1.75.0-x86_64-unknown-linux-gnu/lib/rustlib/x86_64-unknown-linux-gnu/lib/libhashbrown-b29e17139dde1aa8.rlib" "/opt/rustwide/rustup-home/toolchains/1.75.0-x86_64-unknown-linux-gnu/lib/rustlib/x86_64-unknown-linux-gnu/lib/librustc_std_workspace_alloc-1f975299829cc7bd.rlib" "/opt/rustwide/rustup-home/toolchains/1.75.0-x86_64-unknown-linux-gnu/lib/rustlib/x86_64-unknown-linux-gnu/lib/libminiz_oxide-86bae3bc3079f89b.rlib" "/opt/rustwide/rustup-home/toolchains/1.75.0-x86_64-unknown-linux-gnu/lib/rustlib/x86_64-unknown-linux-gnu/lib/libadler-321b82c30dffdf5f.rlib" "/opt/rustwide/rustup-home/toolchains/1.75.0-x86_64-unknown-linux-gnu/lib/rustlib/x86_64-unknown-linux-gnu/lib/libunwind-3dd8a6810a0bdfef.rlib" "/opt/rustwide/rustup-home/toolchains/1.75.0-x86_64-unknown-linux-gnu/lib/rustlib/x86_64-unknown-linux-gnu/lib/libcfg_if-eb39a61c0c879984.rlib" "/opt/rustwide/rustup-home/toolchains/1.75.0-x86_64-unknown-linux-gnu/lib/rustlib/x86_64-unknown-linux-gnu/lib/liblibc-aa769569f91c3548.rlib" "/opt/rustwide/rustup-home/toolchains/1.75.0-x86_64-unknown-linux-gnu/lib/rustlib/x86_64-unknown-linux-gnu/lib/liballoc-510a192a50a983ed.rlib" "/opt/rustwide/rustup-home/toolchains/1.75.0-x86_64-unknown-linux-gnu/lib/rustlib/x86_64-unknown-linux-gnu/lib/librustc_std_workspace_core-0577018320f99037.rlib" "/opt/rustwide/rustup-home/toolchains/1.75.0-x86_64-unknown-linux-gnu/lib/rustlib/x86_64-unknown-linux-gnu/lib/libcore-193cf992125ccd4c.rlib" "/opt/rustwide/rustup-home/toolchains/1.75.0-x86_64-unknown-linux-gnu/lib/rustlib/x86_64-unknown-linux-gnu/lib/libcompiler_builtins-8e138eaf26ebb4a8.rlib" "-Wl,-Bdynamic" "-lgcc_s" "-lutil" "-lrt" "-lpthread" "-lm" "-ldl" "-lc" "-Wl,--eh-frame-hdr" "-Wl,-z,noexecstack" "-L" "/opt/rustwide/rustup-home/toolchains/1.75.0-x86_64-unknown-linux-gnu/lib/rustlib/x86_64-unknown-linux-gnu/lib" "-o" "/tmp/rustdoctest6NtZEh/rust_out" "-Wl,--gc-sections" "-pie" "-Wl,-z,relro,-z,now" "-nodefaultlibs"
[INFO] [stdout]   = note: collect2: fatal error: ld terminated with signal 9 [Killed]
[INFO] [stdout]           compilation terminated.
[INFO] [stdout]           
[INFO] [stdout] 
[INFO] [stdout] error: aborting due to previous error
[INFO] [stdout] 
[INFO] [stdout] Couldn't compile the test.
[INFO] [stdout] ---- src/interchange/cjson/mod.rs - interchange::cjson::Json::deserialize (line 186) stdout ----
[INFO] [stdout] error: linking with `cc` failed: exit status: 1
[INFO] [stdout]   |
[INFO] [stdout]   = note: LC_ALL="C" PATH="/opt/rustwide/rustup-home/toolchains/1.75.0-x86_64-unknown-linux-gnu/lib/rustlib/x86_64-unknown-linux-gnu/bin:/opt/rustwide/cargo-home/bin:/usr/local/sbin:/usr/local/bin:/usr/sbin:/usr/bin:/sbin:/bin" VSLANG="1033" "cc" "-m64" "/tmp/rustc6CQyqJ/symbols.o" "/tmp/rustdoctestLldSou/rust_out.rust_out.263fb70ac1c95110-cgu.0.rcgu.o" "/tmp/rustdoctestLldSou/rust_out.2uel00cfmdh5ufit.rcgu.o" "-Wl,--as-needed" "-L" "/opt/rustwide/target/debug/deps" "-L" "/opt/rustwide/target/debug/deps" "-L" "/opt/rustwide/target/debug/build/ring-340fd659df181cd3/out" "-L" "/opt/rustwide/rustup-home/toolchains/1.75.0-x86_64-unknown-linux-gnu/lib/rustlib/x86_64-unknown-linux-gnu/lib" "-Wl,-Bstatic" "/opt/rustwide/target/debug/deps/libin_toto-b6e2e357fb7055a2.rlib" "/opt/rustwide/target/debug/deps/libtempfile-bd52456d6e4dafd1.rlib" "/opt/rustwide/target/debug/deps/libfastrand-07f877a5db0068c6.rlib" "/opt/rustwide/target/debug/deps/libremove_dir_all-8b88a3ed6f308927.rlib" "/opt/rustwide/target/debug/deps/libhyper-1ed785a6404743e7.rlib" "/opt/rustwide/target/debug/deps/libhttparse-fd503c4a6f8da724.rlib" "/opt/rustwide/target/debug/deps/libtower_service-9991ae2cafd1f41b.rlib" "/opt/rustwide/target/debug/deps/libhttp_body-39bacd65430131ac.rlib" "/opt/rustwide/target/debug/deps/libfutures_util-b20c6da6d596dcab.rlib" "/opt/rustwide/target/debug/deps/libmemchr-651b9a52835bc194.rlib" "/opt/rustwide/target/debug/deps/libfutures-8d8915a23f05644b.rlib" "/opt/rustwide/target/debug/deps/libfutures_io-d79041797d5bea95.rlib" "/opt/rustwide/target/debug/deps/libslab-3fdda774eccf4f9f.rlib" "/opt/rustwide/target/debug/deps/libfutures_channel-f8194efabd25f76e.rlib" "/opt/rustwide/target/debug/deps/libpin_project_lite-bd863d416e545bf5.rlib" "/opt/rustwide/target/debug/deps/libfutures_sink-2b0e95e5f1ef133b.rlib" "/opt/rustwide/target/debug/deps/libfutures_task-ec207c36a8b1b716.rlib" "/opt/rustwide/target/debug/deps/libpin_utils-741f7d9d160e4a16.rlib" "/opt/rustwide/target/debug/deps/libfutures_core-fb926675a71aa556.rlib" "/opt/rustwide/target/debug/deps/libtokio-eb3743eafe09054f.rlib" "/opt/rustwide/target/debug/deps/libhttp-f8579927572df7fb.rlib" "/opt/rustwide/target/debug/deps/libbytes-55e4baa7bb335bc7.rlib" "/opt/rustwide/target/debug/deps/libfnv-18bf5144d055e772.rlib" "/opt/rustwide/target/debug/deps/libpem-cfbafe029a136cc1.rlib" "/opt/rustwide/target/debug/deps/libbase64-19deda34879e9e1c.rlib" "/opt/rustwide/target/debug/deps/libglob-3226d7be9b3043db.rlib" "/opt/rustwide/target/debug/deps/libwalkdir-6f37c7dff47afc4f.rlib" "/opt/rustwide/target/debug/deps/libsame_file-06a4c01142053b65.rlib" "/opt/rustwide/target/debug/deps/libpath_clean-cd6feff6cd5c1007.rlib" "/opt/rustwide/target/debug/deps/libserde_json-0fc81a94219e8e7a.rlib" "/opt/rustwide/target/debug/deps/libryu-f7e2acf8545a3e65.rlib" "/opt/rustwide/target/debug/deps/libitoa-c68eaa30402a4ff5.rlib" "/opt/rustwide/target/debug/deps/liblog-51555fd3036e06f3.rlib" "/opt/rustwide/target/debug/deps/libcfg_if-61dc7a6799e72b18.rlib" "/opt/rustwide/target/debug/deps/libchrono-6139ba53b2013206.rlib" "/opt/rustwide/target/debug/deps/libnum_integer-ceb73b61bd5db94f.rlib" "/opt/rustwide/target/debug/deps/libnum_traits-24aa93b4806ad567.rlib" "/opt/rustwide/target/debug/deps/libstrum-c626f7d346e618d8.rlib" "/opt/rustwide/target/debug/deps/libthiserror-61fdcf541db7350b.rlib" "/opt/rustwide/target/debug/deps/libserde-bb710f895428302b.rlib" "/opt/rustwide/target/debug/deps/libring-7e414bee2d230252.rlib" "/opt/rustwide/target/debug/deps/libspin-c4098cd951aef6c9.rlib" "/opt/rustwide/target/debug/deps/libonce_cell-d4185e3ff62717e2.rlib" "/opt/rustwide/target/debug/deps/liblibc-f5094c3d32287fa8.rlib" "/opt/rustwide/target/debug/deps/libderp-bdf5d8f564e4a13b.rlib" "/opt/rustwide/target/debug/deps/libuntrusted-5ec0aa78ed8cda5c.rlib" "/opt/rustwide/target/debug/deps/libdata_encoding-039954bda8031879.rlib" "/opt/rustwide/rustup-home/toolchains/1.75.0-x86_64-unknown-linux-gnu/lib/rustlib/x86_64-unknown-linux-gnu/lib/libstd-90f6ddbf82de36ec.rlib" "/opt/rustwide/rustup-home/toolchains/1.75.0-x86_64-unknown-linux-gnu/lib/rustlib/x86_64-unknown-linux-gnu/lib/libpanic_unwind-480c41e9d4e1f677.rlib" "/opt/rustwide/rustup-home/toolchains/1.75.0-x86_64-unknown-linux-gnu/lib/rustlib/x86_64-unknown-linux-gnu/lib/libobject-db744c0ca03eed1d.rlib" "/opt/rustwide/rustup-home/toolchains/1.75.0-x86_64-unknown-linux-gnu/lib/rustlib/x86_64-unknown-linux-gnu/lib/libmemchr-8ba652dc7d4b285a.rlib" "/opt/rustwide/rustup-home/toolchains/1.75.0-x86_64-unknown-linux-gnu/lib/rustlib/x86_64-unknown-linux-gnu/lib/libaddr2line-d5f4520a9ebc0d58.rlib" "/opt/rustwide/rustup-home/toolchains/1.75.0-x86_64-unknown-linux-gnu/lib/rustlib/x86_64-unknown-linux-gnu/lib/libgimli-4ad84de58f0cb463.rlib" "/opt/rustwide/rustup-home/toolchains/1.75.0-x86_64-unknown-linux-gnu/lib/rustlib/x86_64-unknown-linux-gnu/lib/librustc_demangle-0d10aae2e0f38735.rlib" "/opt/rustwide/rustup-home/toolchains/1.75.0-x86_64-unknown-linux-gnu/lib/rustlib/x86_64-unknown-linux-gnu/lib/libstd_detect-0c17cff739e6745b.rlib" "/opt/rustwide/rustup-home/toolchains/1.75.0-x86_64-unknown-linux-gnu/lib/rustlib/x86_64-unknown-linux-gnu/lib/libhashbrown-b29e17139dde1aa8.rlib" "/opt/rustwide/rustup-home/toolchains/1.75.0-x86_64-unknown-linux-gnu/lib/rustlib/x86_64-unknown-linux-gnu/lib/librustc_std_workspace_alloc-1f975299829cc7bd.rlib" "/opt/rustwide/rustup-home/toolchains/1.75.0-x86_64-unknown-linux-gnu/lib/rustlib/x86_64-unknown-linux-gnu/lib/libminiz_oxide-86bae3bc3079f89b.rlib" "/opt/rustwide/rustup-home/toolchains/1.75.0-x86_64-unknown-linux-gnu/lib/rustlib/x86_64-unknown-linux-gnu/lib/libadler-321b82c30dffdf5f.rlib" "/opt/rustwide/rustup-home/toolchains/1.75.0-x86_64-unknown-linux-gnu/lib/rustlib/x86_64-unknown-linux-gnu/lib/libunwind-3dd8a6810a0bdfef.rlib" "/opt/rustwide/rustup-home/toolchains/1.75.0-x86_64-unknown-linux-gnu/lib/rustlib/x86_64-unknown-linux-gnu/lib/libcfg_if-eb39a61c0c879984.rlib" "/opt/rustwide/rustup-home/toolchains/1.75.0-x86_64-unknown-linux-gnu/lib/rustlib/x86_64-unknown-linux-gnu/lib/liblibc-aa769569f91c3548.rlib" "/opt/rustwide/rustup-home/toolchains/1.75.0-x86_64-unknown-linux-gnu/lib/rustlib/x86_64-unknown-linux-gnu/lib/liballoc-510a192a50a983ed.rlib" "/opt/rustwide/rustup-home/toolchains/1.75.0-x86_64-unknown-linux-gnu/lib/rustlib/x86_64-unknown-linux-gnu/lib/librustc_std_workspace_core-0577018320f99037.rlib" "/opt/rustwide/rustup-home/toolchains/1.75.0-x86_64-unknown-linux-gnu/lib/rustlib/x86_64-unknown-linux-gnu/lib/libcore-193cf992125ccd4c.rlib" "/opt/rustwide/rustup-home/toolchains/1.75.0-x86_64-unknown-linux-gnu/lib/rustlib/x86_64-unknown-linux-gnu/lib/libcompiler_builtins-8e138eaf26ebb4a8.rlib" "-Wl,-Bdynamic" "-lgcc_s" "-lutil" "-lrt" "-lpthread" "-lm" "-ldl" "-lc" "-Wl,--eh-frame-hdr" "-Wl,-z,noexecstack" "-L" "/opt/rustwide/rustup-home/toolchains/1.75.0-x86_64-unknown-linux-gnu/lib/rustlib/x86_64-unknown-linux-gnu/lib" "-o" "/tmp/rustdoctestLldSou/rust_out" "-Wl,--gc-sections" "-pie" "-Wl,-z,relro,-z,now" "-nodefaultlibs"
[INFO] [stdout]   = note: collect2: fatal error: ld terminated with signal 9 [Killed]
[INFO] [stdout]           compilation terminated.
[INFO] [stdout]           
[INFO] [stdout] 
[INFO] [stdout] error: aborting due to previous error
[INFO] [stdout] 
[INFO] [stdout] Couldn't compile the test.
[INFO] [stdout] ---- src/interchange/cjson/pretty.rs - interchange::cjson::pretty::JsonPretty::from_reader (line 132) stdout ----
[INFO] [stdout] error: linking with `cc` failed: exit status: 1
[INFO] [stdout]   |
[INFO] [stdout]   = note: LC_ALL="C" PATH="/opt/rustwide/rustup-home/toolchains/1.75.0-x86_64-unknown-linux-gnu/lib/rustlib/x86_64-unknown-linux-gnu/bin:/opt/rustwide/cargo-home/bin:/usr/local/sbin:/usr/local/bin:/usr/sbin:/usr/bin:/sbin:/bin" VSLANG="1033" "cc" "-m64" "/tmp/rustcn5ny7w/symbols.o" "/tmp/rustdoctestrCuk5b/rust_out.rust_out.263fb70ac1c95110-cgu.0.rcgu.o" "/tmp/rustdoctestrCuk5b/rust_out.2uel00cfmdh5ufit.rcgu.o" "-Wl,--as-needed" "-L" "/opt/rustwide/target/debug/deps" "-L" "/opt/rustwide/target/debug/deps" "-L" "/opt/rustwide/target/debug/build/ring-340fd659df181cd3/out" "-L" "/opt/rustwide/rustup-home/toolchains/1.75.0-x86_64-unknown-linux-gnu/lib/rustlib/x86_64-unknown-linux-gnu/lib" "-Wl,-Bstatic" "/opt/rustwide/target/debug/deps/libin_toto-b6e2e357fb7055a2.rlib" "/opt/rustwide/target/debug/deps/libtempfile-bd52456d6e4dafd1.rlib" "/opt/rustwide/target/debug/deps/libfastrand-07f877a5db0068c6.rlib" "/opt/rustwide/target/debug/deps/libremove_dir_all-8b88a3ed6f308927.rlib" "/opt/rustwide/target/debug/deps/libhyper-1ed785a6404743e7.rlib" "/opt/rustwide/target/debug/deps/libhttparse-fd503c4a6f8da724.rlib" "/opt/rustwide/target/debug/deps/libtower_service-9991ae2cafd1f41b.rlib" "/opt/rustwide/target/debug/deps/libhttp_body-39bacd65430131ac.rlib" "/opt/rustwide/target/debug/deps/libfutures_util-b20c6da6d596dcab.rlib" "/opt/rustwide/target/debug/deps/libmemchr-651b9a52835bc194.rlib" "/opt/rustwide/target/debug/deps/libfutures-8d8915a23f05644b.rlib" "/opt/rustwide/target/debug/deps/libfutures_io-d79041797d5bea95.rlib" "/opt/rustwide/target/debug/deps/libslab-3fdda774eccf4f9f.rlib" "/opt/rustwide/target/debug/deps/libfutures_channel-f8194efabd25f76e.rlib" "/opt/rustwide/target/debug/deps/libpin_project_lite-bd863d416e545bf5.rlib" "/opt/rustwide/target/debug/deps/libfutures_sink-2b0e95e5f1ef133b.rlib" "/opt/rustwide/target/debug/deps/libfutures_task-ec207c36a8b1b716.rlib" "/opt/rustwide/target/debug/deps/libpin_utils-741f7d9d160e4a16.rlib" "/opt/rustwide/target/debug/deps/libfutures_core-fb926675a71aa556.rlib" "/opt/rustwide/target/debug/deps/libtokio-eb3743eafe09054f.rlib" "/opt/rustwide/target/debug/deps/libhttp-f8579927572df7fb.rlib" "/opt/rustwide/target/debug/deps/libbytes-55e4baa7bb335bc7.rlib" "/opt/rustwide/target/debug/deps/libfnv-18bf5144d055e772.rlib" "/opt/rustwide/target/debug/deps/libpem-cfbafe029a136cc1.rlib" "/opt/rustwide/target/debug/deps/libbase64-19deda34879e9e1c.rlib" "/opt/rustwide/target/debug/deps/libglob-3226d7be9b3043db.rlib" "/opt/rustwide/target/debug/deps/libwalkdir-6f37c7dff47afc4f.rlib" "/opt/rustwide/target/debug/deps/libsame_file-06a4c01142053b65.rlib" "/opt/rustwide/target/debug/deps/libpath_clean-cd6feff6cd5c1007.rlib" "/opt/rustwide/target/debug/deps/libserde_json-0fc81a94219e8e7a.rlib" "/opt/rustwide/target/debug/deps/libryu-f7e2acf8545a3e65.rlib" "/opt/rustwide/target/debug/deps/libitoa-c68eaa30402a4ff5.rlib" "/opt/rustwide/target/debug/deps/liblog-51555fd3036e06f3.rlib" "/opt/rustwide/target/debug/deps/libcfg_if-61dc7a6799e72b18.rlib" "/opt/rustwide/target/debug/deps/libchrono-6139ba53b2013206.rlib" "/opt/rustwide/target/debug/deps/libnum_integer-ceb73b61bd5db94f.rlib" "/opt/rustwide/target/debug/deps/libnum_traits-24aa93b4806ad567.rlib" "/opt/rustwide/target/debug/deps/libstrum-c626f7d346e618d8.rlib" "/opt/rustwide/target/debug/deps/libthiserror-61fdcf541db7350b.rlib" "/opt/rustwide/target/debug/deps/libserde-bb710f895428302b.rlib" "/opt/rustwide/target/debug/deps/libring-7e414bee2d230252.rlib" "/opt/rustwide/target/debug/deps/libspin-c4098cd951aef6c9.rlib" "/opt/rustwide/target/debug/deps/libonce_cell-d4185e3ff62717e2.rlib" "/opt/rustwide/target/debug/deps/liblibc-f5094c3d32287fa8.rlib" "/opt/rustwide/target/debug/deps/libderp-bdf5d8f564e4a13b.rlib" "/opt/rustwide/target/debug/deps/libuntrusted-5ec0aa78ed8cda5c.rlib" "/opt/rustwide/target/debug/deps/libdata_encoding-039954bda8031879.rlib" "/opt/rustwide/rustup-home/toolchains/1.75.0-x86_64-unknown-linux-gnu/lib/rustlib/x86_64-unknown-linux-gnu/lib/libstd-90f6ddbf82de36ec.rlib" "/opt/rustwide/rustup-home/toolchains/1.75.0-x86_64-unknown-linux-gnu/lib/rustlib/x86_64-unknown-linux-gnu/lib/libpanic_unwind-480c41e9d4e1f677.rlib" "/opt/rustwide/rustup-home/toolchains/1.75.0-x86_64-unknown-linux-gnu/lib/rustlib/x86_64-unknown-linux-gnu/lib/libobject-db744c0ca03eed1d.rlib" "/opt/rustwide/rustup-home/toolchains/1.75.0-x86_64-unknown-linux-gnu/lib/rustlib/x86_64-unknown-linux-gnu/lib/libmemchr-8ba652dc7d4b285a.rlib" "/opt/rustwide/rustup-home/toolchains/1.75.0-x86_64-unknown-linux-gnu/lib/rustlib/x86_64-unknown-linux-gnu/lib/libaddr2line-d5f4520a9ebc0d58.rlib" "/opt/rustwide/rustup-home/toolchains/1.75.0-x86_64-unknown-linux-gnu/lib/rustlib/x86_64-unknown-linux-gnu/lib/libgimli-4ad84de58f0cb463.rlib" "/opt/rustwide/rustup-home/toolchains/1.75.0-x86_64-unknown-linux-gnu/lib/rustlib/x86_64-unknown-linux-gnu/lib/librustc_demangle-0d10aae2e0f38735.rlib" "/opt/rustwide/rustup-home/toolchains/1.75.0-x86_64-unknown-linux-gnu/lib/rustlib/x86_64-unknown-linux-gnu/lib/libstd_detect-0c17cff739e6745b.rlib" "/opt/rustwide/rustup-home/toolchains/1.75.0-x86_64-unknown-linux-gnu/lib/rustlib/x86_64-unknown-linux-gnu/lib/libhashbrown-b29e17139dde1aa8.rlib" "/opt/rustwide/rustup-home/toolchains/1.75.0-x86_64-unknown-linux-gnu/lib/rustlib/x86_64-unknown-linux-gnu/lib/librustc_std_workspace_alloc-1f975299829cc7bd.rlib" "/opt/rustwide/rustup-home/toolchains/1.75.0-x86_64-unknown-linux-gnu/lib/rustlib/x86_64-unknown-linux-gnu/lib/libminiz_oxide-86bae3bc3079f89b.rlib" "/opt/rustwide/rustup-home/toolchains/1.75.0-x86_64-unknown-linux-gnu/lib/rustlib/x86_64-unknown-linux-gnu/lib/libadler-321b82c30dffdf5f.rlib" "/opt/rustwide/rustup-home/toolchains/1.75.0-x86_64-unknown-linux-gnu/lib/rustlib/x86_64-unknown-linux-gnu/lib/libunwind-3dd8a6810a0bdfef.rlib" "/opt/rustwide/rustup-home/toolchains/1.75.0-x86_64-unknown-linux-gnu/lib/rustlib/x86_64-unknown-linux-gnu/lib/libcfg_if-eb39a61c0c879984.rlib" "/opt/rustwide/rustup-home/toolchains/1.75.0-x86_64-unknown-linux-gnu/lib/rustlib/x86_64-unknown-linux-gnu/lib/liblibc-aa769569f91c3548.rlib" "/opt/rustwide/rustup-home/toolchains/1.75.0-x86_64-unknown-linux-gnu/lib/rustlib/x86_64-unknown-linux-gnu/lib/liballoc-510a192a50a983ed.rlib" "/opt/rustwide/rustup-home/toolchains/1.75.0-x86_64-unknown-linux-gnu/lib/rustlib/x86_64-unknown-linux-gnu/lib/librustc_std_workspace_core-0577018320f99037.rlib" "/opt/rustwide/rustup-home/toolchains/1.75.0-x86_64-unknown-linux-gnu/lib/rustlib/x86_64-unknown-linux-gnu/lib/libcore-193cf992125ccd4c.rlib" "/opt/rustwide/rustup-home/toolchains/1.75.0-x86_64-unknown-linux-gnu/lib/rustlib/x86_64-unknown-linux-gnu/lib/libcompiler_builtins-8e138eaf26ebb4a8.rlib" "-Wl,-Bdynamic" "-lgcc_s" "-lutil" "-lrt" "-lpthread" "-lm" "-ldl" "-lc" "-Wl,--eh-frame-hdr" "-Wl,-z,noexecstack" "-L" "/opt/rustwide/rustup-home/toolchains/1.75.0-x86_64-unknown-linux-gnu/lib/rustlib/x86_64-unknown-linux-gnu/lib" "-o" "/tmp/rustdoctestrCuk5b/rust_out" "-Wl,--gc-sections" "-pie" "-Wl,-z,relro,-z,now" "-nodefaultlibs"
[INFO] [stdout]   = note: collect2: fatal error: ld terminated with signal 9 [Killed]
[INFO] [stdout]           compilation terminated.
[INFO] [stdout]           
[INFO] [stdout] 
[INFO] [stdout] error: aborting due to previous error
[INFO] [stdout] 
[INFO] [stdout] Couldn't compile the test.
[INFO] [stdout] ---- src/models/layout/rule.rs - models::layout::rule (line 109) stdout ----
[INFO] [stdout] error: linking with `cc` failed: exit status: 1
[INFO] [stdout]   |
[INFO] [stdout]   = note: LC_ALL="C" PATH="/opt/rustwide/rustup-home/toolchains/1.75.0-x86_64-unknown-linux-gnu/lib/rustlib/x86_64-unknown-linux-gnu/bin:/opt/rustwide/cargo-home/bin:/usr/local/sbin:/usr/local/bin:/usr/sbin:/usr/bin:/sbin:/bin" VSLANG="1033" "cc" "-m64" "/tmp/rustcEs2Ehe/symbols.o" "/tmp/rustdoctestsYgsgM/rust_out.rust_out.263fb70ac1c95110-cgu.0.rcgu.o" "/tmp/rustdoctestsYgsgM/rust_out.2uel00cfmdh5ufit.rcgu.o" "-Wl,--as-needed" "-L" "/opt/rustwide/target/debug/deps" "-L" "/opt/rustwide/target/debug/deps" "-L" "/opt/rustwide/target/debug/build/ring-340fd659df181cd3/out" "-L" "/opt/rustwide/rustup-home/toolchains/1.75.0-x86_64-unknown-linux-gnu/lib/rustlib/x86_64-unknown-linux-gnu/lib" "-Wl,-Bstatic" "/opt/rustwide/target/debug/deps/libin_toto-b6e2e357fb7055a2.rlib" "/opt/rustwide/target/debug/deps/libtempfile-bd52456d6e4dafd1.rlib" "/opt/rustwide/target/debug/deps/libfastrand-07f877a5db0068c6.rlib" "/opt/rustwide/target/debug/deps/libremove_dir_all-8b88a3ed6f308927.rlib" "/opt/rustwide/target/debug/deps/libhyper-1ed785a6404743e7.rlib" "/opt/rustwide/target/debug/deps/libhttparse-fd503c4a6f8da724.rlib" "/opt/rustwide/target/debug/deps/libtower_service-9991ae2cafd1f41b.rlib" "/opt/rustwide/target/debug/deps/libhttp_body-39bacd65430131ac.rlib" "/opt/rustwide/target/debug/deps/libfutures_util-b20c6da6d596dcab.rlib" "/opt/rustwide/target/debug/deps/libmemchr-651b9a52835bc194.rlib" "/opt/rustwide/target/debug/deps/libfutures-8d8915a23f05644b.rlib" "/opt/rustwide/target/debug/deps/libfutures_io-d79041797d5bea95.rlib" "/opt/rustwide/target/debug/deps/libslab-3fdda774eccf4f9f.rlib" "/opt/rustwide/target/debug/deps/libfutures_channel-f8194efabd25f76e.rlib" "/opt/rustwide/target/debug/deps/libpin_project_lite-bd863d416e545bf5.rlib" "/opt/rustwide/target/debug/deps/libfutures_sink-2b0e95e5f1ef133b.rlib" "/opt/rustwide/target/debug/deps/libfutures_task-ec207c36a8b1b716.rlib" "/opt/rustwide/target/debug/deps/libpin_utils-741f7d9d160e4a16.rlib" "/opt/rustwide/target/debug/deps/libfutures_core-fb926675a71aa556.rlib" "/opt/rustwide/target/debug/deps/libtokio-eb3743eafe09054f.rlib" "/opt/rustwide/target/debug/deps/libhttp-f8579927572df7fb.rlib" "/opt/rustwide/target/debug/deps/libbytes-55e4baa7bb335bc7.rlib" "/opt/rustwide/target/debug/deps/libfnv-18bf5144d055e772.rlib" "/opt/rustwide/target/debug/deps/libpem-cfbafe029a136cc1.rlib" "/opt/rustwide/target/debug/deps/libbase64-19deda34879e9e1c.rlib" "/opt/rustwide/target/debug/deps/libglob-3226d7be9b3043db.rlib" "/opt/rustwide/target/debug/deps/libwalkdir-6f37c7dff47afc4f.rlib" "/opt/rustwide/target/debug/deps/libsame_file-06a4c01142053b65.rlib" "/opt/rustwide/target/debug/deps/libpath_clean-cd6feff6cd5c1007.rlib" "/opt/rustwide/target/debug/deps/libserde_json-0fc81a94219e8e7a.rlib" "/opt/rustwide/target/debug/deps/libryu-f7e2acf8545a3e65.rlib" "/opt/rustwide/target/debug/deps/libitoa-c68eaa30402a4ff5.rlib" "/opt/rustwide/target/debug/deps/liblog-51555fd3036e06f3.rlib" "/opt/rustwide/target/debug/deps/libcfg_if-61dc7a6799e72b18.rlib" "/opt/rustwide/target/debug/deps/libchrono-6139ba53b2013206.rlib" "/opt/rustwide/target/debug/deps/libnum_integer-ceb73b61bd5db94f.rlib" "/opt/rustwide/target/debug/deps/libnum_traits-24aa93b4806ad567.rlib" "/opt/rustwide/target/debug/deps/libstrum-c626f7d346e618d8.rlib" "/opt/rustwide/target/debug/deps/libthiserror-61fdcf541db7350b.rlib" "/opt/rustwide/target/debug/deps/libserde-bb710f895428302b.rlib" "/opt/rustwide/target/debug/deps/libring-7e414bee2d230252.rlib" "/opt/rustwide/target/debug/deps/libspin-c4098cd951aef6c9.rlib" "/opt/rustwide/target/debug/deps/libonce_cell-d4185e3ff62717e2.rlib" "/opt/rustwide/target/debug/deps/liblibc-f5094c3d32287fa8.rlib" "/opt/rustwide/target/debug/deps/libderp-bdf5d8f564e4a13b.rlib" "/opt/rustwide/target/debug/deps/libuntrusted-5ec0aa78ed8cda5c.rlib" "/opt/rustwide/target/debug/deps/libdata_encoding-039954bda8031879.rlib" "/opt/rustwide/rustup-home/toolchains/1.75.0-x86_64-unknown-linux-gnu/lib/rustlib/x86_64-unknown-linux-gnu/lib/libstd-90f6ddbf82de36ec.rlib" "/opt/rustwide/rustup-home/toolchains/1.75.0-x86_64-unknown-linux-gnu/lib/rustlib/x86_64-unknown-linux-gnu/lib/libpanic_unwind-480c41e9d4e1f677.rlib" "/opt/rustwide/rustup-home/toolchains/1.75.0-x86_64-unknown-linux-gnu/lib/rustlib/x86_64-unknown-linux-gnu/lib/libobject-db744c0ca03eed1d.rlib" "/opt/rustwide/rustup-home/toolchains/1.75.0-x86_64-unknown-linux-gnu/lib/rustlib/x86_64-unknown-linux-gnu/lib/libmemchr-8ba652dc7d4b285a.rlib" "/opt/rustwide/rustup-home/toolchains/1.75.0-x86_64-unknown-linux-gnu/lib/rustlib/x86_64-unknown-linux-gnu/lib/libaddr2line-d5f4520a9ebc0d58.rlib" "/opt/rustwide/rustup-home/toolchains/1.75.0-x86_64-unknown-linux-gnu/lib/rustlib/x86_64-unknown-linux-gnu/lib/libgimli-4ad84de58f0cb463.rlib" "/opt/rustwide/rustup-home/toolchains/1.75.0-x86_64-unknown-linux-gnu/lib/rustlib/x86_64-unknown-linux-gnu/lib/librustc_demangle-0d10aae2e0f38735.rlib" "/opt/rustwide/rustup-home/toolchains/1.75.0-x86_64-unknown-linux-gnu/lib/rustlib/x86_64-unknown-linux-gnu/lib/libstd_detect-0c17cff739e6745b.rlib" "/opt/rustwide/rustup-home/toolchains/1.75.0-x86_64-unknown-linux-gnu/lib/rustlib/x86_64-unknown-linux-gnu/lib/libhashbrown-b29e17139dde1aa8.rlib" "/opt/rustwide/rustup-home/toolchains/1.75.0-x86_64-unknown-linux-gnu/lib/rustlib/x86_64-unknown-linux-gnu/lib/librustc_std_workspace_alloc-1f975299829cc7bd.rlib" "/opt/rustwide/rustup-home/toolchains/1.75.0-x86_64-unknown-linux-gnu/lib/rustlib/x86_64-unknown-linux-gnu/lib/libminiz_oxide-86bae3bc3079f89b.rlib" "/opt/rustwide/rustup-home/toolchains/1.75.0-x86_64-unknown-linux-gnu/lib/rustlib/x86_64-unknown-linux-gnu/lib/libadler-321b82c30dffdf5f.rlib" "/opt/rustwide/rustup-home/toolchains/1.75.0-x86_64-unknown-linux-gnu/lib/rustlib/x86_64-unknown-linux-gnu/lib/libunwind-3dd8a6810a0bdfef.rlib" "/opt/rustwide/rustup-home/toolchains/1.75.0-x86_64-unknown-linux-gnu/lib/rustlib/x86_64-unknown-linux-gnu/lib/libcfg_if-eb39a61c0c879984.rlib" "/opt/rustwide/rustup-home/toolchains/1.75.0-x86_64-unknown-linux-gnu/lib/rustlib/x86_64-unknown-linux-gnu/lib/liblibc-aa769569f91c3548.rlib" "/opt/rustwide/rustup-home/toolchains/1.75.0-x86_64-unknown-linux-gnu/lib/rustlib/x86_64-unknown-linux-gnu/lib/liballoc-510a192a50a983ed.rlib" "/opt/rustwide/rustup-home/toolchains/1.75.0-x86_64-unknown-linux-gnu/lib/rustlib/x86_64-unknown-linux-gnu/lib/librustc_std_workspace_core-0577018320f99037.rlib" "/opt/rustwide/rustup-home/toolchains/1.75.0-x86_64-unknown-linux-gnu/lib/rustlib/x86_64-unknown-linux-gnu/lib/libcore-193cf992125ccd4c.rlib" "/opt/rustwide/rustup-home/toolchains/1.75.0-x86_64-unknown-linux-gnu/lib/rustlib/x86_64-unknown-linux-gnu/lib/libcompiler_builtins-8e138eaf26ebb4a8.rlib" "-Wl,-Bdynamic" "-lgcc_s" "-lutil" "-lrt" "-lpthread" "-lm" "-ldl" "-lc" "-Wl,--eh-frame-hdr" "-Wl,-z,noexecstack" "-L" "/opt/rustwide/rustup-home/toolchains/1.75.0-x86_64-unknown-linux-gnu/lib/rustlib/x86_64-unknown-linux-gnu/lib" "-o" "/tmp/rustdoctestsYgsgM/rust_out" "-Wl,--gc-sections" "-pie" "-Wl,-z,relro,-z,now" "-nodefaultlibs"
[INFO] [stdout]   = note: collect2: fatal error: ld terminated with signal 9 [Killed]
[INFO] [stdout]           compilation terminated.
[INFO] [stdout]           
[INFO] [stdout] 
[INFO] [stdout] error: aborting due to previous error
[INFO] [stdout] 
[INFO] [stdout] Couldn't compile the test.
[INFO] [stdout] ---- src/interchange/cjson/pretty.rs - interchange::cjson::pretty::JsonPretty::canonicalize (line 27) stdout ----
[INFO] [stdout] error: linking with `cc` failed: exit status: 1
[INFO] [stdout]   |
[INFO] [stdout]   = note: LC_ALL="C" PATH="/opt/rustwide/rustup-home/toolchains/1.75.0-x86_64-unknown-linux-gnu/lib/rustlib/x86_64-unknown-linux-gnu/bin:/opt/rustwide/cargo-home/bin:/usr/local/sbin:/usr/local/bin:/usr/sbin:/usr/bin:/sbin:/bin" VSLANG="1033" "cc" "-m64" "/tmp/rustcoqre0K/symbols.o" "/tmp/rustdoctest7bHaVQ/rust_out.rust_out.263fb70ac1c95110-cgu.0.rcgu.o" "/tmp/rustdoctest7bHaVQ/rust_out.2uel00cfmdh5ufit.rcgu.o" "-Wl,--as-needed" "-L" "/opt/rustwide/target/debug/deps" "-L" "/opt/rustwide/target/debug/deps" "-L" "/opt/rustwide/target/debug/build/ring-340fd659df181cd3/out" "-L" "/opt/rustwide/rustup-home/toolchains/1.75.0-x86_64-unknown-linux-gnu/lib/rustlib/x86_64-unknown-linux-gnu/lib" "-Wl,-Bstatic" "/opt/rustwide/target/debug/deps/libin_toto-b6e2e357fb7055a2.rlib" "/opt/rustwide/target/debug/deps/libtempfile-bd52456d6e4dafd1.rlib" "/opt/rustwide/target/debug/deps/libfastrand-07f877a5db0068c6.rlib" "/opt/rustwide/target/debug/deps/libremove_dir_all-8b88a3ed6f308927.rlib" "/opt/rustwide/target/debug/deps/libhyper-1ed785a6404743e7.rlib" "/opt/rustwide/target/debug/deps/libhttparse-fd503c4a6f8da724.rlib" "/opt/rustwide/target/debug/deps/libtower_service-9991ae2cafd1f41b.rlib" "/opt/rustwide/target/debug/deps/libhttp_body-39bacd65430131ac.rlib" "/opt/rustwide/target/debug/deps/libfutures_util-b20c6da6d596dcab.rlib" "/opt/rustwide/target/debug/deps/libmemchr-651b9a52835bc194.rlib" "/opt/rustwide/target/debug/deps/libfutures-8d8915a23f05644b.rlib" "/opt/rustwide/target/debug/deps/libfutures_io-d79041797d5bea95.rlib" "/opt/rustwide/target/debug/deps/libslab-3fdda774eccf4f9f.rlib" "/opt/rustwide/target/debug/deps/libfutures_channel-f8194efabd25f76e.rlib" "/opt/rustwide/target/debug/deps/libpin_project_lite-bd863d416e545bf5.rlib" "/opt/rustwide/target/debug/deps/libfutures_sink-2b0e95e5f1ef133b.rlib" "/opt/rustwide/target/debug/deps/libfutures_task-ec207c36a8b1b716.rlib" "/opt/rustwide/target/debug/deps/libpin_utils-741f7d9d160e4a16.rlib" "/opt/rustwide/target/debug/deps/libfutures_core-fb926675a71aa556.rlib" "/opt/rustwide/target/debug/deps/libtokio-eb3743eafe09054f.rlib" "/opt/rustwide/target/debug/deps/libhttp-f8579927572df7fb.rlib" "/opt/rustwide/target/debug/deps/libbytes-55e4baa7bb335bc7.rlib" "/opt/rustwide/target/debug/deps/libfnv-18bf5144d055e772.rlib" "/opt/rustwide/target/debug/deps/libpem-cfbafe029a136cc1.rlib" "/opt/rustwide/target/debug/deps/libbase64-19deda34879e9e1c.rlib" "/opt/rustwide/target/debug/deps/libglob-3226d7be9b3043db.rlib" "/opt/rustwide/target/debug/deps/libwalkdir-6f37c7dff47afc4f.rlib" "/opt/rustwide/target/debug/deps/libsame_file-06a4c01142053b65.rlib" "/opt/rustwide/target/debug/deps/libpath_clean-cd6feff6cd5c1007.rlib" "/opt/rustwide/target/debug/deps/libserde_json-0fc81a94219e8e7a.rlib" "/opt/rustwide/target/debug/deps/libryu-f7e2acf8545a3e65.rlib" "/opt/rustwide/target/debug/deps/libitoa-c68eaa30402a4ff5.rlib" "/opt/rustwide/target/debug/deps/liblog-51555fd3036e06f3.rlib" "/opt/rustwide/target/debug/deps/libcfg_if-61dc7a6799e72b18.rlib" "/opt/rustwide/target/debug/deps/libchrono-6139ba53b2013206.rlib" "/opt/rustwide/target/debug/deps/libnum_integer-ceb73b61bd5db94f.rlib" "/opt/rustwide/target/debug/deps/libnum_traits-24aa93b4806ad567.rlib" "/opt/rustwide/target/debug/deps/libstrum-c626f7d346e618d8.rlib" "/opt/rustwide/target/debug/deps/libthiserror-61fdcf541db7350b.rlib" "/opt/rustwide/target/debug/deps/libserde-bb710f895428302b.rlib" "/opt/rustwide/target/debug/deps/libring-7e414bee2d230252.rlib" "/opt/rustwide/target/debug/deps/libspin-c4098cd951aef6c9.rlib" "/opt/rustwide/target/debug/deps/libonce_cell-d4185e3ff62717e2.rlib" "/opt/rustwide/target/debug/deps/liblibc-f5094c3d32287fa8.rlib" "/opt/rustwide/target/debug/deps/libderp-bdf5d8f564e4a13b.rlib" "/opt/rustwide/target/debug/deps/libuntrusted-5ec0aa78ed8cda5c.rlib" "/opt/rustwide/target/debug/deps/libdata_encoding-039954bda8031879.rlib" "/opt/rustwide/rustup-home/toolchains/1.75.0-x86_64-unknown-linux-gnu/lib/rustlib/x86_64-unknown-linux-gnu/lib/libstd-90f6ddbf82de36ec.rlib" "/opt/rustwide/rustup-home/toolchains/1.75.0-x86_64-unknown-linux-gnu/lib/rustlib/x86_64-unknown-linux-gnu/lib/libpanic_unwind-480c41e9d4e1f677.rlib" "/opt/rustwide/rustup-home/toolchains/1.75.0-x86_64-unknown-linux-gnu/lib/rustlib/x86_64-unknown-linux-gnu/lib/libobject-db744c0ca03eed1d.rlib" "/opt/rustwide/rustup-home/toolchains/1.75.0-x86_64-unknown-linux-gnu/lib/rustlib/x86_64-unknown-linux-gnu/lib/libmemchr-8ba652dc7d4b285a.rlib" "/opt/rustwide/rustup-home/toolchains/1.75.0-x86_64-unknown-linux-gnu/lib/rustlib/x86_64-unknown-linux-gnu/lib/libaddr2line-d5f4520a9ebc0d58.rlib" "/opt/rustwide/rustup-home/toolchains/1.75.0-x86_64-unknown-linux-gnu/lib/rustlib/x86_64-unknown-linux-gnu/lib/libgimli-4ad84de58f0cb463.rlib" "/opt/rustwide/rustup-home/toolchains/1.75.0-x86_64-unknown-linux-gnu/lib/rustlib/x86_64-unknown-linux-gnu/lib/librustc_demangle-0d10aae2e0f38735.rlib" "/opt/rustwide/rustup-home/toolchains/1.75.0-x86_64-unknown-linux-gnu/lib/rustlib/x86_64-unknown-linux-gnu/lib/libstd_detect-0c17cff739e6745b.rlib" "/opt/rustwide/rustup-home/toolchains/1.75.0-x86_64-unknown-linux-gnu/lib/rustlib/x86_64-unknown-linux-gnu/lib/libhashbrown-b29e17139dde1aa8.rlib" "/opt/rustwide/rustup-home/toolchains/1.75.0-x86_64-unknown-linux-gnu/lib/rustlib/x86_64-unknown-linux-gnu/lib/librustc_std_workspace_alloc-1f975299829cc7bd.rlib" "/opt/rustwide/rustup-home/toolchains/1.75.0-x86_64-unknown-linux-gnu/lib/rustlib/x86_64-unknown-linux-gnu/lib/libminiz_oxide-86bae3bc3079f89b.rlib" "/opt/rustwide/rustup-home/toolchains/1.75.0-x86_64-unknown-linux-gnu/lib/rustlib/x86_64-unknown-linux-gnu/lib/libadler-321b82c30dffdf5f.rlib" "/opt/rustwide/rustup-home/toolchains/1.75.0-x86_64-unknown-linux-gnu/lib/rustlib/x86_64-unknown-linux-gnu/lib/libunwind-3dd8a6810a0bdfef.rlib" "/opt/rustwide/rustup-home/toolchains/1.75.0-x86_64-unknown-linux-gnu/lib/rustlib/x86_64-unknown-linux-gnu/lib/libcfg_if-eb39a61c0c879984.rlib" "/opt/rustwide/rustup-home/toolchains/1.75.0-x86_64-unknown-linux-gnu/lib/rustlib/x86_64-unknown-linux-gnu/lib/liblibc-aa769569f91c3548.rlib" "/opt/rustwide/rustup-home/toolchains/1.75.0-x86_64-unknown-linux-gnu/lib/rustlib/x86_64-unknown-linux-gnu/lib/liballoc-510a192a50a983ed.rlib" "/opt/rustwide/rustup-home/toolchains/1.75.0-x86_64-unknown-linux-gnu/lib/rustlib/x86_64-unknown-linux-gnu/lib/librustc_std_workspace_core-0577018320f99037.rlib" "/opt/rustwide/rustup-home/toolchains/1.75.0-x86_64-unknown-linux-gnu/lib/rustlib/x86_64-unknown-linux-gnu/lib/libcore-193cf992125ccd4c.rlib" "/opt/rustwide/rustup-home/toolchains/1.75.0-x86_64-unknown-linux-gnu/lib/rustlib/x86_64-unknown-linux-gnu/lib/libcompiler_builtins-8e138eaf26ebb4a8.rlib" "-Wl,-Bdynamic" "-lgcc_s" "-lutil" "-lrt" "-lpthread" "-lm" "-ldl" "-lc" "-Wl,--eh-frame-hdr" "-Wl,-z,noexecstack" "-L" "/opt/rustwide/rustup-home/toolchains/1.75.0-x86_64-unknown-linux-gnu/lib/rustlib/x86_64-unknown-linux-gnu/lib" "-o" "/tmp/rustdoctest7bHaVQ/rust_out" "-Wl,--gc-sections" "-pie" "-Wl,-z,relro,-z,now" "-nodefaultlibs"
[INFO] [stdout]   = note: collect2: fatal error: ld terminated with signal 9 [Killed]
[INFO] [stdout]           compilation terminated.
[INFO] [stdout]           
[INFO] [stdout] 
[INFO] [stdout] error: aborting due to previous error
[INFO] [stdout] 
[INFO] [stdout] Couldn't compile the test.
[INFO] [stdout] ---- src/interchange/cjson/mod.rs - interchange::cjson::Json::from_reader (line 268) stdout ----
[INFO] [stdout] error: linking with `cc` failed: exit status: 1
[INFO] [stdout]   |
[INFO] [stdout]   = note: LC_ALL="C" PATH="/opt/rustwide/rustup-home/toolchains/1.75.0-x86_64-unknown-linux-gnu/lib/rustlib/x86_64-unknown-linux-gnu/bin:/opt/rustwide/cargo-home/bin:/usr/local/sbin:/usr/local/bin:/usr/sbin:/usr/bin:/sbin:/bin" VSLANG="1033" "cc" "-m64" "/tmp/rustcMLGFDD/symbols.o" "/tmp/rustdoctestOdufvR/rust_out.rust_out.263fb70ac1c95110-cgu.0.rcgu.o" "/tmp/rustdoctestOdufvR/rust_out.2uel00cfmdh5ufit.rcgu.o" "-Wl,--as-needed" "-L" "/opt/rustwide/target/debug/deps" "-L" "/opt/rustwide/target/debug/deps" "-L" "/opt/rustwide/target/debug/build/ring-340fd659df181cd3/out" "-L" "/opt/rustwide/rustup-home/toolchains/1.75.0-x86_64-unknown-linux-gnu/lib/rustlib/x86_64-unknown-linux-gnu/lib" "-Wl,-Bstatic" "/opt/rustwide/target/debug/deps/libin_toto-b6e2e357fb7055a2.rlib" "/opt/rustwide/target/debug/deps/libtempfile-bd52456d6e4dafd1.rlib" "/opt/rustwide/target/debug/deps/libfastrand-07f877a5db0068c6.rlib" "/opt/rustwide/target/debug/deps/libremove_dir_all-8b88a3ed6f308927.rlib" "/opt/rustwide/target/debug/deps/libhyper-1ed785a6404743e7.rlib" "/opt/rustwide/target/debug/deps/libhttparse-fd503c4a6f8da724.rlib" "/opt/rustwide/target/debug/deps/libtower_service-9991ae2cafd1f41b.rlib" "/opt/rustwide/target/debug/deps/libhttp_body-39bacd65430131ac.rlib" "/opt/rustwide/target/debug/deps/libfutures_util-b20c6da6d596dcab.rlib" "/opt/rustwide/target/debug/deps/libmemchr-651b9a52835bc194.rlib" "/opt/rustwide/target/debug/deps/libfutures-8d8915a23f05644b.rlib" "/opt/rustwide/target/debug/deps/libfutures_io-d79041797d5bea95.rlib" "/opt/rustwide/target/debug/deps/libslab-3fdda774eccf4f9f.rlib" "/opt/rustwide/target/debug/deps/libfutures_channel-f8194efabd25f76e.rlib" "/opt/rustwide/target/debug/deps/libpin_project_lite-bd863d416e545bf5.rlib" "/opt/rustwide/target/debug/deps/libfutures_sink-2b0e95e5f1ef133b.rlib" "/opt/rustwide/target/debug/deps/libfutures_task-ec207c36a8b1b716.rlib" "/opt/rustwide/target/debug/deps/libpin_utils-741f7d9d160e4a16.rlib" "/opt/rustwide/target/debug/deps/libfutures_core-fb926675a71aa556.rlib" "/opt/rustwide/target/debug/deps/libtokio-eb3743eafe09054f.rlib" "/opt/rustwide/target/debug/deps/libhttp-f8579927572df7fb.rlib" "/opt/rustwide/target/debug/deps/libbytes-55e4baa7bb335bc7.rlib" "/opt/rustwide/target/debug/deps/libfnv-18bf5144d055e772.rlib" "/opt/rustwide/target/debug/deps/libpem-cfbafe029a136cc1.rlib" "/opt/rustwide/target/debug/deps/libbase64-19deda34879e9e1c.rlib" "/opt/rustwide/target/debug/deps/libglob-3226d7be9b3043db.rlib" "/opt/rustwide/target/debug/deps/libwalkdir-6f37c7dff47afc4f.rlib" "/opt/rustwide/target/debug/deps/libsame_file-06a4c01142053b65.rlib" "/opt/rustwide/target/debug/deps/libpath_clean-cd6feff6cd5c1007.rlib" "/opt/rustwide/target/debug/deps/libserde_json-0fc81a94219e8e7a.rlib" "/opt/rustwide/target/debug/deps/libryu-f7e2acf8545a3e65.rlib" "/opt/rustwide/target/debug/deps/libitoa-c68eaa30402a4ff5.rlib" "/opt/rustwide/target/debug/deps/liblog-51555fd3036e06f3.rlib" "/opt/rustwide/target/debug/deps/libcfg_if-61dc7a6799e72b18.rlib" "/opt/rustwide/target/debug/deps/libchrono-6139ba53b2013206.rlib" "/opt/rustwide/target/debug/deps/libnum_integer-ceb73b61bd5db94f.rlib" "/opt/rustwide/target/debug/deps/libnum_traits-24aa93b4806ad567.rlib" "/opt/rustwide/target/debug/deps/libstrum-c626f7d346e618d8.rlib" "/opt/rustwide/target/debug/deps/libthiserror-61fdcf541db7350b.rlib" "/opt/rustwide/target/debug/deps/libserde-bb710f895428302b.rlib" "/opt/rustwide/target/debug/deps/libring-7e414bee2d230252.rlib" "/opt/rustwide/target/debug/deps/libspin-c4098cd951aef6c9.rlib" "/opt/rustwide/target/debug/deps/libonce_cell-d4185e3ff62717e2.rlib" "/opt/rustwide/target/debug/deps/liblibc-f5094c3d32287fa8.rlib" "/opt/rustwide/target/debug/deps/libderp-bdf5d8f564e4a13b.rlib" "/opt/rustwide/target/debug/deps/libuntrusted-5ec0aa78ed8cda5c.rlib" "/opt/rustwide/target/debug/deps/libdata_encoding-039954bda8031879.rlib" "/opt/rustwide/rustup-home/toolchains/1.75.0-x86_64-unknown-linux-gnu/lib/rustlib/x86_64-unknown-linux-gnu/lib/libstd-90f6ddbf82de36ec.rlib" "/opt/rustwide/rustup-home/toolchains/1.75.0-x86_64-unknown-linux-gnu/lib/rustlib/x86_64-unknown-linux-gnu/lib/libpanic_unwind-480c41e9d4e1f677.rlib" "/opt/rustwide/rustup-home/toolchains/1.75.0-x86_64-unknown-linux-gnu/lib/rustlib/x86_64-unknown-linux-gnu/lib/libobject-db744c0ca03eed1d.rlib" "/opt/rustwide/rustup-home/toolchains/1.75.0-x86_64-unknown-linux-gnu/lib/rustlib/x86_64-unknown-linux-gnu/lib/libmemchr-8ba652dc7d4b285a.rlib" "/opt/rustwide/rustup-home/toolchains/1.75.0-x86_64-unknown-linux-gnu/lib/rustlib/x86_64-unknown-linux-gnu/lib/libaddr2line-d5f4520a9ebc0d58.rlib" "/opt/rustwide/rustup-home/toolchains/1.75.0-x86_64-unknown-linux-gnu/lib/rustlib/x86_64-unknown-linux-gnu/lib/libgimli-4ad84de58f0cb463.rlib" "/opt/rustwide/rustup-home/toolchains/1.75.0-x86_64-unknown-linux-gnu/lib/rustlib/x86_64-unknown-linux-gnu/lib/librustc_demangle-0d10aae2e0f38735.rlib" "/opt/rustwide/rustup-home/toolchains/1.75.0-x86_64-unknown-linux-gnu/lib/rustlib/x86_64-unknown-linux-gnu/lib/libstd_detect-0c17cff739e6745b.rlib" "/opt/rustwide/rustup-home/toolchains/1.75.0-x86_64-unknown-linux-gnu/lib/rustlib/x86_64-unknown-linux-gnu/lib/libhashbrown-b29e17139dde1aa8.rlib" "/opt/rustwide/rustup-home/toolchains/1.75.0-x86_64-unknown-linux-gnu/lib/rustlib/x86_64-unknown-linux-gnu/lib/librustc_std_workspace_alloc-1f975299829cc7bd.rlib" "/opt/rustwide/rustup-home/toolchains/1.75.0-x86_64-unknown-linux-gnu/lib/rustlib/x86_64-unknown-linux-gnu/lib/libminiz_oxide-86bae3bc3079f89b.rlib" "/opt/rustwide/rustup-home/toolchains/1.75.0-x86_64-unknown-linux-gnu/lib/rustlib/x86_64-unknown-linux-gnu/lib/libadler-321b82c30dffdf5f.rlib" "/opt/rustwide/rustup-home/toolchains/1.75.0-x86_64-unknown-linux-gnu/lib/rustlib/x86_64-unknown-linux-gnu/lib/libunwind-3dd8a6810a0bdfef.rlib" "/opt/rustwide/rustup-home/toolchains/1.75.0-x86_64-unknown-linux-gnu/lib/rustlib/x86_64-unknown-linux-gnu/lib/libcfg_if-eb39a61c0c879984.rlib" "/opt/rustwide/rustup-home/toolchains/1.75.0-x86_64-unknown-linux-gnu/lib/rustlib/x86_64-unknown-linux-gnu/lib/liblibc-aa769569f91c3548.rlib" "/opt/rustwide/rustup-home/toolchains/1.75.0-x86_64-unknown-linux-gnu/lib/rustlib/x86_64-unknown-linux-gnu/lib/liballoc-510a192a50a983ed.rlib" "/opt/rustwide/rustup-home/toolchains/1.75.0-x86_64-unknown-linux-gnu/lib/rustlib/x86_64-unknown-linux-gnu/lib/librustc_std_workspace_core-0577018320f99037.rlib" "/opt/rustwide/rustup-home/toolchains/1.75.0-x86_64-unknown-linux-gnu/lib/rustlib/x86_64-unknown-linux-gnu/lib/libcore-193cf992125ccd4c.rlib" "/opt/rustwide/rustup-home/toolchains/1.75.0-x86_64-unknown-linux-gnu/lib/rustlib/x86_64-unknown-linux-gnu/lib/libcompiler_builtins-8e138eaf26ebb4a8.rlib" "-Wl,-Bdynamic" "-lgcc_s" "-lutil" "-lrt" "-lpthread" "-lm" "-ldl" "-lc" "-Wl,--eh-frame-hdr" "-Wl,-z,noexecstack" "-L" "/opt/rustwide/rustup-home/toolchains/1.75.0-x86_64-unknown-linux-gnu/lib/rustlib/x86_64-unknown-linux-gnu/lib" "-o" "/tmp/rustdoctestOdufvR/rust_out" "-Wl,--gc-sections" "-pie" "-Wl,-z,relro,-z,now" "-nodefaultlibs"
[INFO] [stdout]   = note: collect2: fatal error: ld terminated with signal 9 [Killed]
[INFO] [stdout]           compilation terminated.
[INFO] [stdout]           
[INFO] [stdout] 
[INFO] [stdout] error: aborting due to previous error
[INFO] [stdout] 
[INFO] [stdout] Couldn't compile the test.
[INFO] [stdout] ---- src/interchange/cjson/pretty.rs - interchange::cjson::pretty::JsonPretty::to_writer (line 91) stdout ----
[INFO] [stdout] error: linking with `cc` failed: exit status: 1
[INFO] [stdout]   |
[INFO] [stdout]   = note: LC_ALL="C" PATH="/opt/rustwide/rustup-home/toolchains/1.75.0-x86_64-unknown-linux-gnu/lib/rustlib/x86_64-unknown-linux-gnu/bin:/opt/rustwide/cargo-home/bin:/usr/local/sbin:/usr/local/bin:/usr/sbin:/usr/bin:/sbin:/bin" VSLANG="1033" "cc" "-m64" "/tmp/rustcHMpbAt/symbols.o" "/tmp/rustdoctestSUKoGM/rust_out.rust_out.263fb70ac1c95110-cgu.0.rcgu.o" "/tmp/rustdoctestSUKoGM/rust_out.2uel00cfmdh5ufit.rcgu.o" "-Wl,--as-needed" "-L" "/opt/rustwide/target/debug/deps" "-L" "/opt/rustwide/target/debug/deps" "-L" "/opt/rustwide/target/debug/build/ring-340fd659df181cd3/out" "-L" "/opt/rustwide/rustup-home/toolchains/1.75.0-x86_64-unknown-linux-gnu/lib/rustlib/x86_64-unknown-linux-gnu/lib" "-Wl,-Bstatic" "/opt/rustwide/target/debug/deps/libin_toto-b6e2e357fb7055a2.rlib" "/opt/rustwide/target/debug/deps/libtempfile-bd52456d6e4dafd1.rlib" "/opt/rustwide/target/debug/deps/libfastrand-07f877a5db0068c6.rlib" "/opt/rustwide/target/debug/deps/libremove_dir_all-8b88a3ed6f308927.rlib" "/opt/rustwide/target/debug/deps/libhyper-1ed785a6404743e7.rlib" "/opt/rustwide/target/debug/deps/libhttparse-fd503c4a6f8da724.rlib" "/opt/rustwide/target/debug/deps/libtower_service-9991ae2cafd1f41b.rlib" "/opt/rustwide/target/debug/deps/libhttp_body-39bacd65430131ac.rlib" "/opt/rustwide/target/debug/deps/libfutures_util-b20c6da6d596dcab.rlib" "/opt/rustwide/target/debug/deps/libmemchr-651b9a52835bc194.rlib" "/opt/rustwide/target/debug/deps/libfutures-8d8915a23f05644b.rlib" "/opt/rustwide/target/debug/deps/libfutures_io-d79041797d5bea95.rlib" "/opt/rustwide/target/debug/deps/libslab-3fdda774eccf4f9f.rlib" "/opt/rustwide/target/debug/deps/libfutures_channel-f8194efabd25f76e.rlib" "/opt/rustwide/target/debug/deps/libpin_project_lite-bd863d416e545bf5.rlib" "/opt/rustwide/target/debug/deps/libfutures_sink-2b0e95e5f1ef133b.rlib" "/opt/rustwide/target/debug/deps/libfutures_task-ec207c36a8b1b716.rlib" "/opt/rustwide/target/debug/deps/libpin_utils-741f7d9d160e4a16.rlib" "/opt/rustwide/target/debug/deps/libfutures_core-fb926675a71aa556.rlib" "/opt/rustwide/target/debug/deps/libtokio-eb3743eafe09054f.rlib" "/opt/rustwide/target/debug/deps/libhttp-f8579927572df7fb.rlib" "/opt/rustwide/target/debug/deps/libbytes-55e4baa7bb335bc7.rlib" "/opt/rustwide/target/debug/deps/libfnv-18bf5144d055e772.rlib" "/opt/rustwide/target/debug/deps/libpem-cfbafe029a136cc1.rlib" "/opt/rustwide/target/debug/deps/libbase64-19deda34879e9e1c.rlib" "/opt/rustwide/target/debug/deps/libglob-3226d7be9b3043db.rlib" "/opt/rustwide/target/debug/deps/libwalkdir-6f37c7dff47afc4f.rlib" "/opt/rustwide/target/debug/deps/libsame_file-06a4c01142053b65.rlib" "/opt/rustwide/target/debug/deps/libpath_clean-cd6feff6cd5c1007.rlib" "/opt/rustwide/target/debug/deps/libserde_json-0fc81a94219e8e7a.rlib" "/opt/rustwide/target/debug/deps/libryu-f7e2acf8545a3e65.rlib" "/opt/rustwide/target/debug/deps/libitoa-c68eaa30402a4ff5.rlib" "/opt/rustwide/target/debug/deps/liblog-51555fd3036e06f3.rlib" "/opt/rustwide/target/debug/deps/libcfg_if-61dc7a6799e72b18.rlib" "/opt/rustwide/target/debug/deps/libchrono-6139ba53b2013206.rlib" "/opt/rustwide/target/debug/deps/libnum_integer-ceb73b61bd5db94f.rlib" "/opt/rustwide/target/debug/deps/libnum_traits-24aa93b4806ad567.rlib" "/opt/rustwide/target/debug/deps/libstrum-c626f7d346e618d8.rlib" "/opt/rustwide/target/debug/deps/libthiserror-61fdcf541db7350b.rlib" "/opt/rustwide/target/debug/deps/libserde-bb710f895428302b.rlib" "/opt/rustwide/target/debug/deps/libring-7e414bee2d230252.rlib" "/opt/rustwide/target/debug/deps/libspin-c4098cd951aef6c9.rlib" "/opt/rustwide/target/debug/deps/libonce_cell-d4185e3ff62717e2.rlib" "/opt/rustwide/target/debug/deps/liblibc-f5094c3d32287fa8.rlib" "/opt/rustwide/target/debug/deps/libderp-bdf5d8f564e4a13b.rlib" "/opt/rustwide/target/debug/deps/libuntrusted-5ec0aa78ed8cda5c.rlib" "/opt/rustwide/target/debug/deps/libdata_encoding-039954bda8031879.rlib" "/opt/rustwide/rustup-home/toolchains/1.75.0-x86_64-unknown-linux-gnu/lib/rustlib/x86_64-unknown-linux-gnu/lib/libstd-90f6ddbf82de36ec.rlib" "/opt/rustwide/rustup-home/toolchains/1.75.0-x86_64-unknown-linux-gnu/lib/rustlib/x86_64-unknown-linux-gnu/lib/libpanic_unwind-480c41e9d4e1f677.rlib" "/opt/rustwide/rustup-home/toolchains/1.75.0-x86_64-unknown-linux-gnu/lib/rustlib/x86_64-unknown-linux-gnu/lib/libobject-db744c0ca03eed1d.rlib" "/opt/rustwide/rustup-home/toolchains/1.75.0-x86_64-unknown-linux-gnu/lib/rustlib/x86_64-unknown-linux-gnu/lib/libmemchr-8ba652dc7d4b285a.rlib" "/opt/rustwide/rustup-home/toolchains/1.75.0-x86_64-unknown-linux-gnu/lib/rustlib/x86_64-unknown-linux-gnu/lib/libaddr2line-d5f4520a9ebc0d58.rlib" "/opt/rustwide/rustup-home/toolchains/1.75.0-x86_64-unknown-linux-gnu/lib/rustlib/x86_64-unknown-linux-gnu/lib/libgimli-4ad84de58f0cb463.rlib" "/opt/rustwide/rustup-home/toolchains/1.75.0-x86_64-unknown-linux-gnu/lib/rustlib/x86_64-unknown-linux-gnu/lib/librustc_demangle-0d10aae2e0f38735.rlib" "/opt/rustwide/rustup-home/toolchains/1.75.0-x86_64-unknown-linux-gnu/lib/rustlib/x86_64-unknown-linux-gnu/lib/libstd_detect-0c17cff739e6745b.rlib" "/opt/rustwide/rustup-home/toolchains/1.75.0-x86_64-unknown-linux-gnu/lib/rustlib/x86_64-unknown-linux-gnu/lib/libhashbrown-b29e17139dde1aa8.rlib" "/opt/rustwide/rustup-home/toolchains/1.75.0-x86_64-unknown-linux-gnu/lib/rustlib/x86_64-unknown-linux-gnu/lib/librustc_std_workspace_alloc-1f975299829cc7bd.rlib" "/opt/rustwide/rustup-home/toolchains/1.75.0-x86_64-unknown-linux-gnu/lib/rustlib/x86_64-unknown-linux-gnu/lib/libminiz_oxide-86bae3bc3079f89b.rlib" "/opt/rustwide/rustup-home/toolchains/1.75.0-x86_64-unknown-linux-gnu/lib/rustlib/x86_64-unknown-linux-gnu/lib/libadler-321b82c30dffdf5f.rlib" "/opt/rustwide/rustup-home/toolchains/1.75.0-x86_64-unknown-linux-gnu/lib/rustlib/x86_64-unknown-linux-gnu/lib/libunwind-3dd8a6810a0bdfef.rlib" "/opt/rustwide/rustup-home/toolchains/1.75.0-x86_64-unknown-linux-gnu/lib/rustlib/x86_64-unknown-linux-gnu/lib/libcfg_if-eb39a61c0c879984.rlib" "/opt/rustwide/rustup-home/toolchains/1.75.0-x86_64-unknown-linux-gnu/lib/rustlib/x86_64-unknown-linux-gnu/lib/liblibc-aa769569f91c3548.rlib" "/opt/rustwide/rustup-home/toolchains/1.75.0-x86_64-unknown-linux-gnu/lib/rustlib/x86_64-unknown-linux-gnu/lib/liballoc-510a192a50a983ed.rlib" "/opt/rustwide/rustup-home/toolchains/1.75.0-x86_64-unknown-linux-gnu/lib/rustlib/x86_64-unknown-linux-gnu/lib/librustc_std_workspace_core-0577018320f99037.rlib" "/opt/rustwide/rustup-home/toolchains/1.75.0-x86_64-unknown-linux-gnu/lib/rustlib/x86_64-unknown-linux-gnu/lib/libcore-193cf992125ccd4c.rlib" "/opt/rustwide/rustup-home/toolchains/1.75.0-x86_64-unknown-linux-gnu/lib/rustlib/x86_64-unknown-linux-gnu/lib/libcompiler_builtins-8e138eaf26ebb4a8.rlib" "-Wl,-Bdynamic" "-lgcc_s" "-lutil" "-lrt" "-lpthread" "-lm" "-ldl" "-lc" "-Wl,--eh-frame-hdr" "-Wl,-z,noexecstack" "-L" "/opt/rustwide/rustup-home/toolchains/1.75.0-x86_64-unknown-linux-gnu/lib/rustlib/x86_64-unknown-linux-gnu/lib" "-o" "/tmp/rustdoctestSUKoGM/rust_out" "-Wl,--gc-sections" "-pie" "-Wl,-z,relro,-z,now" "-nodefaultlibs"
[INFO] [stdout]   = note: collect2: fatal error: ld terminated with signal 9 [Killed]
[INFO] [stdout]           compilation terminated.
[INFO] [stdout]           
[INFO] [stdout] 
[INFO] [stdout] error: aborting due to previous error
[INFO] [stdout] 
[INFO] [stdout] Couldn't compile the test.
[INFO] [stdout] 
[INFO] [stdout] failures:
[INFO] [stdout]     src/crypto.rs - crypto::hash_preference (line 59)
[INFO] [stdout]     src/interchange/cjson/mod.rs - interchange::cjson::Json::deserialize (line 186)
[INFO] [stdout]     src/interchange/cjson/mod.rs - interchange::cjson::Json::extension (line 166)
[INFO] [stdout]     src/interchange/cjson/mod.rs - interchange::cjson::Json::from_reader (line 268)
[INFO] [stdout]     src/interchange/cjson/mod.rs - interchange::cjson::Json::from_slice (line 282)
[INFO] [stdout]     src/interchange/cjson/mod.rs - interchange::cjson::Json::serialize (line 212)
[INFO] [stdout]     src/interchange/cjson/mod.rs - interchange::cjson::Json::to_writer (line 238)
[INFO] [stdout]     src/interchange/cjson/pretty.rs - interchange::cjson::pretty::JsonPretty::canonicalize (line 27)
[INFO] [stdout]     src/interchange/cjson/pretty.rs - interchange::cjson::pretty::JsonPretty::extension (line 19)
[INFO] [stdout]     src/interchange/cjson/pretty.rs - interchange::cjson::pretty::JsonPretty::from_reader (line 132)
[INFO] [stdout]     src/interchange/cjson/pretty.rs - interchange::cjson::pretty::JsonPretty::to_writer (line 91)
[INFO] [stdout]     src/models/layout/rule.rs - models::layout::rule (line 109)
[INFO] [stdout] 
[INFO] [stdout] test result: FAILED. 13 passed; 12 failed; 0 ignored; 0 measured; 0 filtered out; finished in 5.69s
[INFO] [stdout] 
[INFO] [stderr] error: doctest failed, to rerun pass `--doc`
[INFO] running `Command { std: "docker" "inspect" "ff0aefa1230ce2c45e39cbc0916a2d93d69bfc9163f536210325e87d36b0f158", kill_on_drop: false }`
[INFO] running `Command { std: "docker" "rm" "-f" "ff0aefa1230ce2c45e39cbc0916a2d93d69bfc9163f536210325e87d36b0f158", kill_on_drop: false }`
[INFO] [stdout] ff0aefa1230ce2c45e39cbc0916a2d93d69bfc9163f536210325e87d36b0f158
