[INFO] fetching crate in-keys 0.2.0...
[INFO] testing in-keys-0.2.0 against 1.75.0 for beta-1.76-1
[INFO] extracting crate in-keys 0.2.0 into /workspace/builds/worker-0-tc1/source
[INFO] validating manifest of crates.io crate in-keys 0.2.0 on toolchain 1.75.0
[INFO] running `Command { std: CARGO_HOME="/workspace/cargo-home" RUSTUP_HOME="/workspace/rustup-home" "/workspace/cargo-home/bin/cargo" "+1.75.0" "metadata" "--manifest-path" "Cargo.toml" "--no-deps", kill_on_drop: false }`
[INFO] started tweaking crates.io crate in-keys 0.2.0
[INFO] finished tweaking crates.io crate in-keys 0.2.0
[INFO] tweaked toml for crates.io crate in-keys 0.2.0 written to /workspace/builds/worker-0-tc1/source/Cargo.toml
[INFO] running `Command { std: CARGO_HOME="/workspace/cargo-home" RUSTUP_HOME="/workspace/rustup-home" "/workspace/cargo-home/bin/cargo" "+1.75.0" "generate-lockfile" "--manifest-path" "Cargo.toml", kill_on_drop: false }`
[INFO] [stderr]     Updating crates.io index
[INFO] running `Command { std: CARGO_HOME="/workspace/cargo-home" RUSTUP_HOME="/workspace/rustup-home" "/workspace/cargo-home/bin/cargo" "+1.75.0" "fetch" "--manifest-path" "Cargo.toml", kill_on_drop: false }`
[INFO] [stderr]  Downloading crates ...
[INFO] [stderr]   Downloaded derived-deref v2.1.0
[INFO] running `Command { std: "docker" "create" "-v" "/var/lib/crater-agent-workspace/builds/worker-0-tc1/target:/opt/rustwide/target:rw,Z" "-v" "/var/lib/crater-agent-workspace/builds/worker-0-tc1/source:/opt/rustwide/workdir:ro,Z" "-v" "/var/lib/crater-agent-workspace/cargo-home:/opt/rustwide/cargo-home:ro,Z" "-v" "/var/lib/crater-agent-workspace/rustup-home:/opt/rustwide/rustup-home:ro,Z" "-e" "SOURCE_DIR=/opt/rustwide/workdir" "-e" "CARGO_TARGET_DIR=/opt/rustwide/target" "-e" "CARGO_HOME=/opt/rustwide/cargo-home" "-e" "RUSTUP_HOME=/opt/rustwide/rustup-home" "-w" "/opt/rustwide/workdir" "-m" "1610612736" "--user" "0:0" "--network" "none" "ghcr.io/rust-lang/crates-build-env/linux@sha256:2788e3201cd34a07e3172128adcd8b3090168a8e3bcc40d7c032b9dda1df7d1c" "/opt/rustwide/cargo-home/bin/cargo" "+1.75.0" "metadata" "--no-deps" "--format-version=1", kill_on_drop: false }`
[INFO] [stdout] 2cc2e13664953cddb33905d116df1e9910e702dd1e52467e4d28407a6f9728c1
[INFO] running `Command { std: "docker" "start" "-a" "2cc2e13664953cddb33905d116df1e9910e702dd1e52467e4d28407a6f9728c1", kill_on_drop: false }`
[INFO] running `Command { std: "docker" "inspect" "2cc2e13664953cddb33905d116df1e9910e702dd1e52467e4d28407a6f9728c1", kill_on_drop: false }`
[INFO] running `Command { std: "docker" "rm" "-f" "2cc2e13664953cddb33905d116df1e9910e702dd1e52467e4d28407a6f9728c1", kill_on_drop: false }`
[INFO] [stdout] 2cc2e13664953cddb33905d116df1e9910e702dd1e52467e4d28407a6f9728c1
[INFO] running `Command { std: "docker" "create" "-v" "/var/lib/crater-agent-workspace/builds/worker-0-tc1/target:/opt/rustwide/target:rw,Z" "-v" "/var/lib/crater-agent-workspace/builds/worker-0-tc1/source:/opt/rustwide/workdir:ro,Z" "-v" "/var/lib/crater-agent-workspace/cargo-home:/opt/rustwide/cargo-home:ro,Z" "-v" "/var/lib/crater-agent-workspace/rustup-home:/opt/rustwide/rustup-home:ro,Z" "-e" "SOURCE_DIR=/opt/rustwide/workdir" "-e" "CARGO_TARGET_DIR=/opt/rustwide/target" "-e" "CARGO_INCREMENTAL=0" "-e" "RUST_BACKTRACE=full" "-e" "RUSTFLAGS=--cap-lints=warn" "-e" "RUSTDOCFLAGS=--cap-lints=warn" "-e" "CARGO_HOME=/opt/rustwide/cargo-home" "-e" "RUSTUP_HOME=/opt/rustwide/rustup-home" "-w" "/opt/rustwide/workdir" "-m" "1610612736" "--user" "0:0" "--network" "none" "ghcr.io/rust-lang/crates-build-env/linux@sha256:2788e3201cd34a07e3172128adcd8b3090168a8e3bcc40d7c032b9dda1df7d1c" "/opt/rustwide/cargo-home/bin/cargo" "+1.75.0" "build" "--frozen" "--message-format=json", kill_on_drop: false }`
[INFO] [stdout] 7f94ff6abcba13b8d50bf6244357e4aeb1d608ef46b48d225e3c49d0a0cb7f63
[INFO] running `Command { std: "docker" "start" "-a" "7f94ff6abcba13b8d50bf6244357e4aeb1d608ef46b48d225e3c49d0a0cb7f63", kill_on_drop: false }`
[INFO] [stderr]    Compiling libc v0.2.151
[INFO] [stderr]    Compiling syn v2.0.48
[INFO] [stderr]    Compiling derived-deref v2.1.0
[INFO] [stderr]    Compiling in-keys v0.2.0 (/opt/rustwide/workdir)
[INFO] [stderr]     Finished dev [unoptimized + debuginfo] target(s) in 3.46s
[INFO] running `Command { std: "docker" "inspect" "7f94ff6abcba13b8d50bf6244357e4aeb1d608ef46b48d225e3c49d0a0cb7f63", kill_on_drop: false }`
[INFO] running `Command { std: "docker" "rm" "-f" "7f94ff6abcba13b8d50bf6244357e4aeb1d608ef46b48d225e3c49d0a0cb7f63", kill_on_drop: false }`
[INFO] [stdout] 7f94ff6abcba13b8d50bf6244357e4aeb1d608ef46b48d225e3c49d0a0cb7f63
[INFO] running `Command { std: "docker" "create" "-v" "/var/lib/crater-agent-workspace/builds/worker-0-tc1/target:/opt/rustwide/target:rw,Z" "-v" "/var/lib/crater-agent-workspace/builds/worker-0-tc1/source:/opt/rustwide/workdir:ro,Z" "-v" "/var/lib/crater-agent-workspace/cargo-home:/opt/rustwide/cargo-home:ro,Z" "-v" "/var/lib/crater-agent-workspace/rustup-home:/opt/rustwide/rustup-home:ro,Z" "-e" "SOURCE_DIR=/opt/rustwide/workdir" "-e" "CARGO_TARGET_DIR=/opt/rustwide/target" "-e" "CARGO_INCREMENTAL=0" "-e" "RUST_BACKTRACE=full" "-e" "RUSTFLAGS=--cap-lints=warn" "-e" "RUSTDOCFLAGS=--cap-lints=warn" "-e" "CARGO_HOME=/opt/rustwide/cargo-home" "-e" "RUSTUP_HOME=/opt/rustwide/rustup-home" "-w" "/opt/rustwide/workdir" "-m" "1610612736" "--user" "0:0" "--network" "none" "ghcr.io/rust-lang/crates-build-env/linux@sha256:2788e3201cd34a07e3172128adcd8b3090168a8e3bcc40d7c032b9dda1df7d1c" "/opt/rustwide/cargo-home/bin/cargo" "+1.75.0" "test" "--frozen" "--no-run" "--message-format=json", kill_on_drop: false }`
[INFO] [stdout] f135f8c090314fb4f1e7e734c78c9bd9e5a2dbadf718be98ad59161037fb97d9
[INFO] running `Command { std: "docker" "start" "-a" "f135f8c090314fb4f1e7e734c78c9bd9e5a2dbadf718be98ad59161037fb97d9", kill_on_drop: false }`
[INFO] [stderr]    Compiling in-keys v0.2.0 (/opt/rustwide/workdir)
[INFO] [stderr]     Finished test [unoptimized + debuginfo] target(s) in 0.36s
[INFO] running `Command { std: "docker" "inspect" "f135f8c090314fb4f1e7e734c78c9bd9e5a2dbadf718be98ad59161037fb97d9", kill_on_drop: false }`
[INFO] running `Command { std: "docker" "rm" "-f" "f135f8c090314fb4f1e7e734c78c9bd9e5a2dbadf718be98ad59161037fb97d9", kill_on_drop: false }`
[INFO] [stdout] f135f8c090314fb4f1e7e734c78c9bd9e5a2dbadf718be98ad59161037fb97d9
[INFO] running `Command { std: "docker" "create" "-v" "/var/lib/crater-agent-workspace/builds/worker-0-tc1/target:/opt/rustwide/target:rw,Z" "-v" "/var/lib/crater-agent-workspace/builds/worker-0-tc1/source:/opt/rustwide/workdir:ro,Z" "-v" "/var/lib/crater-agent-workspace/cargo-home:/opt/rustwide/cargo-home:ro,Z" "-v" "/var/lib/crater-agent-workspace/rustup-home:/opt/rustwide/rustup-home:ro,Z" "-e" "SOURCE_DIR=/opt/rustwide/workdir" "-e" "CARGO_TARGET_DIR=/opt/rustwide/target" "-e" "CARGO_INCREMENTAL=0" "-e" "RUST_BACKTRACE=full" "-e" "RUSTFLAGS=--cap-lints=warn" "-e" "RUSTDOCFLAGS=--cap-lints=warn" "-e" "CARGO_HOME=/opt/rustwide/cargo-home" "-e" "RUSTUP_HOME=/opt/rustwide/rustup-home" "-w" "/opt/rustwide/workdir" "-m" "1610612736" "--user" "0:0" "--network" "none" "ghcr.io/rust-lang/crates-build-env/linux@sha256:2788e3201cd34a07e3172128adcd8b3090168a8e3bcc40d7c032b9dda1df7d1c" "/opt/rustwide/cargo-home/bin/cargo" "+1.75.0" "test" "--frozen", kill_on_drop: false }`
[INFO] [stdout] cd0492d6b738c390d7a7f67f2dcbe6a7efa837cde443c7af99d0cb5c84e3b619
[INFO] running `Command { std: "docker" "start" "-a" "cd0492d6b738c390d7a7f67f2dcbe6a7efa837cde443c7af99d0cb5c84e3b619", kill_on_drop: false }`
[INFO] [stderr]     Finished test [unoptimized + debuginfo] target(s) in 0.01s
[INFO] [stderr]      Running unittests src/lib.rs (/opt/rustwide/target/debug/deps/in_keys-3091e127e4405e3d)
[INFO] [stdout] 
[INFO] [stdout] running 0 tests
[INFO] [stdout] 
[INFO] [stderr]    Doc-tests in-keys
[INFO] [stdout] test result: ok. 0 passed; 0 failed; 0 ignored; 0 measured; 0 filtered out; finished in 0.00s
[INFO] [stdout] 
[INFO] [stdout] 
[INFO] [stdout] running 2 tests
[INFO] [stdout] test src/lib.rs - (line 21) ... ignored
[INFO] [stdout] test src/streams/mod.rs - streams::StdinLock::read_key_future (line 154) ... FAILED
[INFO] [stdout] 
[INFO] [stdout] failures:
[INFO] [stdout] 
[INFO] [stdout] ---- src/streams/mod.rs - streams::StdinLock::read_key_future (line 154) stdout ----
[INFO] [stdout] error[E0433]: failed to resolve: use of undeclared type `Terminal`
[INFO] [stdout]  --> src/streams/mod.rs:155:16
[INFO] [stdout]   |
[INFO] [stdout] 3 | let terminal = Terminal::new();
[INFO] [stdout]   |                ^^^^^^^^ use of undeclared type `Terminal`
[INFO] [stdout]   |
[INFO] [stdout] help: consider importing this struct
[INFO] [stdout]   |
[INFO] [stdout] 2 + use in_keys::Terminal;
[INFO] [stdout]   |
[INFO] [stdout] 
[INFO] [stdout] error[E0728]: `await` is only allowed inside `async` functions and blocks
[INFO] [stdout]  --> src/streams/mod.rs:161:22
[INFO] [stdout]   |
[INFO] [stdout] 2 | fn main() { #[allow(non_snake_case)] fn _doctest_main_src_streams_mod_rs_154_0() {
[INFO] [stdout]   |                                         -------------------------------------- this is not `async`
[INFO] [stdout] ...
[INFO] [stdout] 9 | let key = future_key.await.expect("Failed to read from input stream");
[INFO] [stdout]   |                      ^^^^^ only allowed inside `async` functions and blocks
[INFO] [stdout] 
[INFO] [stdout] error: aborting due to 2 previous errors
[INFO] [stdout] 
[INFO] [stdout] Some errors have detailed explanations: E0433, E0728.
[INFO] [stdout] For more information about an error, try `rustc --explain E0433`.
[INFO] [stdout] Couldn't compile the test.
[INFO] [stdout] 
[INFO] [stdout] failures:
[INFO] [stdout]     src/streams/mod.rs - streams::StdinLock::read_key_future (line 154)
[INFO] [stdout] 
[INFO] [stdout] test result: FAILED. 0 passed; 1 failed; 1 ignored; 0 measured; 0 filtered out; finished in 0.06s
[INFO] [stdout] 
[INFO] [stderr] error: doctest failed, to rerun pass `--doc`
[INFO] running `Command { std: "docker" "inspect" "cd0492d6b738c390d7a7f67f2dcbe6a7efa837cde443c7af99d0cb5c84e3b619", kill_on_drop: false }`
[INFO] running `Command { std: "docker" "rm" "-f" "cd0492d6b738c390d7a7f67f2dcbe6a7efa837cde443c7af99d0cb5c84e3b619", kill_on_drop: false }`
[INFO] [stdout] cd0492d6b738c390d7a7f67f2dcbe6a7efa837cde443c7af99d0cb5c84e3b619
[INFO] testing in-keys-0.2.0 against beta-2023-12-22 for beta-1.76-1
[INFO] extracting crate in-keys 0.2.0 into /workspace/builds/worker-0-tc2/source
[INFO] validating manifest of crates.io crate in-keys 0.2.0 on toolchain beta-2023-12-22
[INFO] running `Command { std: CARGO_HOME="/workspace/cargo-home" RUSTUP_HOME="/workspace/rustup-home" "/workspace/cargo-home/bin/cargo" "+beta-2023-12-22" "metadata" "--manifest-path" "Cargo.toml" "--no-deps", kill_on_drop: false }`
[INFO] started tweaking crates.io crate in-keys 0.2.0
[INFO] finished tweaking crates.io crate in-keys 0.2.0
[INFO] tweaked toml for crates.io crate in-keys 0.2.0 written to /workspace/builds/worker-0-tc2/source/Cargo.toml
[INFO] running `Command { std: CARGO_HOME="/workspace/cargo-home" RUSTUP_HOME="/workspace/rustup-home" "/workspace/cargo-home/bin/cargo" "+beta-2023-12-22" "generate-lockfile" "--manifest-path" "Cargo.toml", kill_on_drop: false }`
[INFO] [stderr]     Updating crates.io index
[INFO] running `Command { std: CARGO_HOME="/workspace/cargo-home" RUSTUP_HOME="/workspace/rustup-home" "/workspace/cargo-home/bin/cargo" "+beta-2023-12-22" "fetch" "--manifest-path" "Cargo.toml", kill_on_drop: false }`
[INFO] running `Command { std: "docker" "create" "-v" "/var/lib/crater-agent-workspace/builds/worker-0-tc2/target:/opt/rustwide/target:rw,Z" "-v" "/var/lib/crater-agent-workspace/builds/worker-0-tc2/source:/opt/rustwide/workdir:ro,Z" "-v" "/var/lib/crater-agent-workspace/cargo-home:/opt/rustwide/cargo-home:ro,Z" "-v" "/var/lib/crater-agent-workspace/rustup-home:/opt/rustwide/rustup-home:ro,Z" "-e" "SOURCE_DIR=/opt/rustwide/workdir" "-e" "CARGO_TARGET_DIR=/opt/rustwide/target" "-e" "CARGO_HOME=/opt/rustwide/cargo-home" "-e" "RUSTUP_HOME=/opt/rustwide/rustup-home" "-w" "/opt/rustwide/workdir" "-m" "1610612736" "--user" "0:0" "--network" "none" "ghcr.io/rust-lang/crates-build-env/linux@sha256:2788e3201cd34a07e3172128adcd8b3090168a8e3bcc40d7c032b9dda1df7d1c" "/opt/rustwide/cargo-home/bin/cargo" "+beta-2023-12-22" "metadata" "--no-deps" "--format-version=1", kill_on_drop: false }`
[INFO] [stdout] 6fd4ea708a67a13181fe5c33077b8a796a9b996e7d6a7a6c633a66495e4cdf59
[INFO] running `Command { std: "docker" "start" "-a" "6fd4ea708a67a13181fe5c33077b8a796a9b996e7d6a7a6c633a66495e4cdf59", kill_on_drop: false }`
[INFO] running `Command { std: "docker" "inspect" "6fd4ea708a67a13181fe5c33077b8a796a9b996e7d6a7a6c633a66495e4cdf59", kill_on_drop: false }`
[INFO] running `Command { std: "docker" "rm" "-f" "6fd4ea708a67a13181fe5c33077b8a796a9b996e7d6a7a6c633a66495e4cdf59", kill_on_drop: false }`
[INFO] [stdout] 6fd4ea708a67a13181fe5c33077b8a796a9b996e7d6a7a6c633a66495e4cdf59
[INFO] running `Command { std: "docker" "create" "-v" "/var/lib/crater-agent-workspace/builds/worker-0-tc2/target:/opt/rustwide/target:rw,Z" "-v" "/var/lib/crater-agent-workspace/builds/worker-0-tc2/source:/opt/rustwide/workdir:ro,Z" "-v" "/var/lib/crater-agent-workspace/cargo-home:/opt/rustwide/cargo-home:ro,Z" "-v" "/var/lib/crater-agent-workspace/rustup-home:/opt/rustwide/rustup-home:ro,Z" "-e" "SOURCE_DIR=/opt/rustwide/workdir" "-e" "CARGO_TARGET_DIR=/opt/rustwide/target" "-e" "CARGO_INCREMENTAL=0" "-e" "RUST_BACKTRACE=full" "-e" "RUSTFLAGS=--cap-lints=warn" "-e" "RUSTDOCFLAGS=--cap-lints=warn" "-e" "CARGO_HOME=/opt/rustwide/cargo-home" "-e" "RUSTUP_HOME=/opt/rustwide/rustup-home" "-w" "/opt/rustwide/workdir" "-m" "1610612736" "--user" "0:0" "--network" "none" "ghcr.io/rust-lang/crates-build-env/linux@sha256:2788e3201cd34a07e3172128adcd8b3090168a8e3bcc40d7c032b9dda1df7d1c" "/opt/rustwide/cargo-home/bin/cargo" "+beta-2023-12-22" "build" "--frozen" "--message-format=json", kill_on_drop: false }`
[INFO] [stdout] 6592861498ea80c3358e507f46f22d5c8feb86a6aca119e7bf1ff5cfb8b80019
[INFO] running `Command { std: "docker" "start" "-a" "6592861498ea80c3358e507f46f22d5c8feb86a6aca119e7bf1ff5cfb8b80019", kill_on_drop: false }`
[INFO] [stderr]    Compiling libc v0.2.151
[INFO] [stderr]    Compiling syn v2.0.48
[INFO] [stderr]    Compiling derived-deref v2.1.0
[INFO] [stderr]    Compiling in-keys v0.2.0 (/opt/rustwide/workdir)
[INFO] [stderr]     Finished dev [unoptimized + debuginfo] target(s) in 3.76s
[INFO] running `Command { std: "docker" "inspect" "6592861498ea80c3358e507f46f22d5c8feb86a6aca119e7bf1ff5cfb8b80019", kill_on_drop: false }`
[INFO] running `Command { std: "docker" "rm" "-f" "6592861498ea80c3358e507f46f22d5c8feb86a6aca119e7bf1ff5cfb8b80019", kill_on_drop: false }`
[INFO] [stdout] 6592861498ea80c3358e507f46f22d5c8feb86a6aca119e7bf1ff5cfb8b80019
[INFO] running `Command { std: "docker" "create" "-v" "/var/lib/crater-agent-workspace/builds/worker-0-tc2/target:/opt/rustwide/target:rw,Z" "-v" "/var/lib/crater-agent-workspace/builds/worker-0-tc2/source:/opt/rustwide/workdir:ro,Z" "-v" "/var/lib/crater-agent-workspace/cargo-home:/opt/rustwide/cargo-home:ro,Z" "-v" "/var/lib/crater-agent-workspace/rustup-home:/opt/rustwide/rustup-home:ro,Z" "-e" "SOURCE_DIR=/opt/rustwide/workdir" "-e" "CARGO_TARGET_DIR=/opt/rustwide/target" "-e" "CARGO_INCREMENTAL=0" "-e" "RUST_BACKTRACE=full" "-e" "RUSTFLAGS=--cap-lints=warn" "-e" "RUSTDOCFLAGS=--cap-lints=warn" "-e" "CARGO_HOME=/opt/rustwide/cargo-home" "-e" "RUSTUP_HOME=/opt/rustwide/rustup-home" "-w" "/opt/rustwide/workdir" "-m" "1610612736" "--user" "0:0" "--network" "none" "ghcr.io/rust-lang/crates-build-env/linux@sha256:2788e3201cd34a07e3172128adcd8b3090168a8e3bcc40d7c032b9dda1df7d1c" "/opt/rustwide/cargo-home/bin/cargo" "+beta-2023-12-22" "test" "--frozen" "--no-run" "--message-format=json", kill_on_drop: false }`
[INFO] [stdout] 6ca80e5d36d27ca397990cb59f64657864e6c9798f3bd2b0f72b853c168cdf15
[INFO] running `Command { std: "docker" "start" "-a" "6ca80e5d36d27ca397990cb59f64657864e6c9798f3bd2b0f72b853c168cdf15", kill_on_drop: false }`
[INFO] [stderr]    Compiling in-keys v0.2.0 (/opt/rustwide/workdir)
[INFO] [stderr]     Finished test [unoptimized + debuginfo] target(s) in 0.25s
[INFO] running `Command { std: "docker" "inspect" "6ca80e5d36d27ca397990cb59f64657864e6c9798f3bd2b0f72b853c168cdf15", kill_on_drop: false }`
[INFO] running `Command { std: "docker" "rm" "-f" "6ca80e5d36d27ca397990cb59f64657864e6c9798f3bd2b0f72b853c168cdf15", kill_on_drop: false }`
[INFO] [stdout] 6ca80e5d36d27ca397990cb59f64657864e6c9798f3bd2b0f72b853c168cdf15
[INFO] running `Command { std: "docker" "create" "-v" "/var/lib/crater-agent-workspace/builds/worker-0-tc2/target:/opt/rustwide/target:rw,Z" "-v" "/var/lib/crater-agent-workspace/builds/worker-0-tc2/source:/opt/rustwide/workdir:ro,Z" "-v" "/var/lib/crater-agent-workspace/cargo-home:/opt/rustwide/cargo-home:ro,Z" "-v" "/var/lib/crater-agent-workspace/rustup-home:/opt/rustwide/rustup-home:ro,Z" "-e" "SOURCE_DIR=/opt/rustwide/workdir" "-e" "CARGO_TARGET_DIR=/opt/rustwide/target" "-e" "CARGO_INCREMENTAL=0" "-e" "RUST_BACKTRACE=full" "-e" "RUSTFLAGS=--cap-lints=warn" "-e" "RUSTDOCFLAGS=--cap-lints=warn" "-e" "CARGO_HOME=/opt/rustwide/cargo-home" "-e" "RUSTUP_HOME=/opt/rustwide/rustup-home" "-w" "/opt/rustwide/workdir" "-m" "1610612736" "--user" "0:0" "--network" "none" "ghcr.io/rust-lang/crates-build-env/linux@sha256:2788e3201cd34a07e3172128adcd8b3090168a8e3bcc40d7c032b9dda1df7d1c" "/opt/rustwide/cargo-home/bin/cargo" "+beta-2023-12-22" "test" "--frozen", kill_on_drop: false }`
[INFO] [stdout] 67411c65048f8e53cab81989e04ad908451cdb33ab2d0c972a963813510a36bc
[INFO] running `Command { std: "docker" "start" "-a" "67411c65048f8e53cab81989e04ad908451cdb33ab2d0c972a963813510a36bc", kill_on_drop: false }`
[INFO] [stderr]     Finished test [unoptimized + debuginfo] target(s) in 0.01s
[INFO] [stderr]      Running unittests src/lib.rs (/opt/rustwide/target/debug/deps/in_keys-52d988de86873f96)
[INFO] [stdout] 
[INFO] [stdout] running 0 tests
[INFO] [stdout] 
[INFO] [stdout] test result: ok. 0 passed; 0 failed; 0 ignored; 0 measured; 0 filtered out; finished in 0.00s
[INFO] [stdout] 
[INFO] [stderr]    Doc-tests in-keys
[INFO] [stdout] 
[INFO] [stdout] running 2 tests
[INFO] [stdout] test src/lib.rs - (line 21) ... ignored
[INFO] [stdout] test src/streams/mod.rs - streams::StdinLock::read_key_future (line 154) ... FAILED
[INFO] [stdout] 
[INFO] [stdout] failures:
[INFO] [stdout] 
[INFO] [stdout] ---- src/streams/mod.rs - streams::StdinLock::read_key_future (line 154) stdout ----
[INFO] [stdout] error[E0433]: failed to resolve: use of undeclared type `Terminal`
[INFO] [stdout]  --> src/streams/mod.rs:155:16
[INFO] [stdout]   |
[INFO] [stdout] 3 | let terminal = Terminal::new();
[INFO] [stdout]   |                ^^^^^^^^ use of undeclared type `Terminal`
[INFO] [stdout]   |
[INFO] [stdout] help: consider importing this struct
[INFO] [stdout]   |
[INFO] [stdout] 2 + use in_keys::Terminal;
[INFO] [stdout]   |
[INFO] [stdout] 
[INFO] [stdout] error[E0728]: `await` is only allowed inside `async` functions and blocks
[INFO] [stdout]  --> src/streams/mod.rs:161:22
[INFO] [stdout]   |
[INFO] [stdout] 2 | fn main() { #[allow(non_snake_case)] fn _doctest_main_src_streams_mod_rs_154_0() {
[INFO] [stdout]   |                                         -------------------------------------- this is not `async`
[INFO] [stdout] ...
[INFO] [stdout] 9 | let key = future_key.await.expect("Failed to read from input stream");
[INFO] [stdout]   |                      ^^^^^ only allowed inside `async` functions and blocks
[INFO] [stdout] 
[INFO] [stdout] error: aborting due to 2 previous errors
[INFO] [stdout] 
[INFO] [stdout] Some errors have detailed explanations: E0433, E0728.
[INFO] [stdout] For more information about an error, try `rustc --explain E0433`.
[INFO] [stdout] Couldn't compile the test.
[INFO] [stdout] 
[INFO] [stdout] failures:
[INFO] [stdout]     src/streams/mod.rs - streams::StdinLock::read_key_future (line 154)
[INFO] [stdout] 
[INFO] [stdout] test result: FAILED. 0 passed; 1 failed; 1 ignored; 0 measured; 0 filtered out; finished in 0.05s
[INFO] [stdout] 
[INFO] [stderr] error: doctest failed, to rerun pass `--doc`
[INFO] running `Command { std: "docker" "inspect" "67411c65048f8e53cab81989e04ad908451cdb33ab2d0c972a963813510a36bc", kill_on_drop: false }`
[INFO] running `Command { std: "docker" "rm" "-f" "67411c65048f8e53cab81989e04ad908451cdb33ab2d0c972a963813510a36bc", kill_on_drop: false }`
[INFO] [stdout] 67411c65048f8e53cab81989e04ad908451cdb33ab2d0c972a963813510a36bc
