[INFO] fetching crate imzml 0.1.3...
[INFO] testing imzml-0.1.3 against 1.75.0 for beta-1.76-1
[INFO] extracting crate imzml 0.1.3 into /workspace/builds/worker-6-tc1/source
[INFO] validating manifest of crates.io crate imzml 0.1.3 on toolchain 1.75.0
[INFO] running `Command { std: CARGO_HOME="/workspace/cargo-home" RUSTUP_HOME="/workspace/rustup-home" "/workspace/cargo-home/bin/cargo" "+1.75.0" "metadata" "--manifest-path" "Cargo.toml" "--no-deps", kill_on_drop: false }`
[INFO] started tweaking crates.io crate imzml 0.1.3
[INFO] finished tweaking crates.io crate imzml 0.1.3
[INFO] tweaked toml for crates.io crate imzml 0.1.3 written to /workspace/builds/worker-6-tc1/source/Cargo.toml
[INFO] crate crates.io crate imzml 0.1.3 already has a lockfile, it will not be regenerated
[INFO] running `Command { std: CARGO_HOME="/workspace/cargo-home" RUSTUP_HOME="/workspace/rustup-home" "/workspace/cargo-home/bin/cargo" "+1.75.0" "fetch" "--manifest-path" "Cargo.toml", kill_on_drop: false }`
[INFO] [stderr]  Downloading crates ...
[INFO] [stderr]   Downloaded iana-time-zone-haiku v0.1.0
[INFO] [stderr]   Downloaded iana-time-zone v0.1.51
[INFO] [stderr]   Downloaded cxxbridge-flags v1.0.78
[INFO] [stderr]   Downloaded digest v0.10.5
[INFO] [stderr]   Downloaded cxxbridge-macro v1.0.78
[INFO] [stderr]   Downloaded cxx-build v1.0.78
[INFO] [stderr]   Downloaded cxx v1.0.78
[INFO] [stderr]   Downloaded quick-xml v0.25.0
[INFO] running `Command { std: "docker" "create" "-v" "/var/lib/crater-agent-workspace/builds/worker-6-tc1/target:/opt/rustwide/target:rw,Z" "-v" "/var/lib/crater-agent-workspace/builds/worker-6-tc1/source:/opt/rustwide/workdir:ro,Z" "-v" "/var/lib/crater-agent-workspace/cargo-home:/opt/rustwide/cargo-home:ro,Z" "-v" "/var/lib/crater-agent-workspace/rustup-home:/opt/rustwide/rustup-home:ro,Z" "-e" "SOURCE_DIR=/opt/rustwide/workdir" "-e" "CARGO_TARGET_DIR=/opt/rustwide/target" "-e" "CARGO_HOME=/opt/rustwide/cargo-home" "-e" "RUSTUP_HOME=/opt/rustwide/rustup-home" "-w" "/opt/rustwide/workdir" "-m" "1610612736" "--user" "0:0" "--network" "none" "ghcr.io/rust-lang/crates-build-env/linux@sha256:2788e3201cd34a07e3172128adcd8b3090168a8e3bcc40d7c032b9dda1df7d1c" "/opt/rustwide/cargo-home/bin/cargo" "+1.75.0" "metadata" "--no-deps" "--format-version=1", kill_on_drop: false }`
[INFO] [stdout] 2ae83a780d34b7c1e1c162381b403278c2449699193a2f1123bf564f18302afe
[INFO] running `Command { std: "docker" "start" "-a" "2ae83a780d34b7c1e1c162381b403278c2449699193a2f1123bf564f18302afe", kill_on_drop: false }`
[INFO] running `Command { std: "docker" "inspect" "2ae83a780d34b7c1e1c162381b403278c2449699193a2f1123bf564f18302afe", kill_on_drop: false }`
[INFO] running `Command { std: "docker" "rm" "-f" "2ae83a780d34b7c1e1c162381b403278c2449699193a2f1123bf564f18302afe", kill_on_drop: false }`
[INFO] [stdout] 2ae83a780d34b7c1e1c162381b403278c2449699193a2f1123bf564f18302afe
[INFO] running `Command { std: "docker" "create" "-v" "/var/lib/crater-agent-workspace/builds/worker-6-tc1/target:/opt/rustwide/target:rw,Z" "-v" "/var/lib/crater-agent-workspace/builds/worker-6-tc1/source:/opt/rustwide/workdir:ro,Z" "-v" "/var/lib/crater-agent-workspace/cargo-home:/opt/rustwide/cargo-home:ro,Z" "-v" "/var/lib/crater-agent-workspace/rustup-home:/opt/rustwide/rustup-home:ro,Z" "-e" "SOURCE_DIR=/opt/rustwide/workdir" "-e" "CARGO_TARGET_DIR=/opt/rustwide/target" "-e" "CARGO_INCREMENTAL=0" "-e" "RUST_BACKTRACE=full" "-e" "RUSTFLAGS=--cap-lints=warn" "-e" "RUSTDOCFLAGS=--cap-lints=warn" "-e" "CARGO_HOME=/opt/rustwide/cargo-home" "-e" "RUSTUP_HOME=/opt/rustwide/rustup-home" "-w" "/opt/rustwide/workdir" "-m" "1610612736" "--user" "0:0" "--network" "none" "ghcr.io/rust-lang/crates-build-env/linux@sha256:2788e3201cd34a07e3172128adcd8b3090168a8e3bcc40d7c032b9dda1df7d1c" "/opt/rustwide/cargo-home/bin/cargo" "+1.75.0" "build" "--frozen" "--message-format=json", kill_on_drop: false }`
[INFO] [stdout] 5f96fc18394745b8711c04593acd1393a15c2ab95c063092b8d7d81d46699ba6
[INFO] running `Command { std: "docker" "start" "-a" "5f96fc18394745b8711c04593acd1393a15c2ab95c063092b8d7d81d46699ba6", kill_on_drop: false }`
[INFO] [stderr]    Compiling version_check v0.9.4
[INFO] [stderr]    Compiling libc v0.2.135
[INFO] [stderr]    Compiling autocfg v1.1.0
[INFO] [stderr]    Compiling typenum v1.15.0
[INFO] [stderr]    Compiling proc-macro2 v1.0.46
[INFO] [stderr]    Compiling quote v1.0.21
[INFO] [stderr]    Compiling unicode-ident v1.0.5
[INFO] [stderr]    Compiling syn v1.0.102
[INFO] [stderr]    Compiling serde_derive v1.0.145
[INFO] [stderr]    Compiling tinyvec_macros v0.1.0
[INFO] [stderr]    Compiling memchr v2.5.0
[INFO] [stderr]    Compiling serde v1.0.145
[INFO] [stderr]    Compiling encoding_rs v0.8.31
[INFO] [stderr]    Compiling crc32fast v1.3.2
[INFO] [stderr]    Compiling percent-encoding v2.2.0
[INFO] [stderr]    Compiling adler v1.0.2
[INFO] [stderr]    Compiling tinyvec v1.6.0
[INFO] [stderr]    Compiling once_cell v1.15.0
[INFO] [stderr]    Compiling unicode-bidi v0.3.8
[INFO] [stderr]    Compiling form_urlencoded v1.1.0
[INFO] [stderr]    Compiling miniz_oxide v0.5.4
[INFO] [stderr]    Compiling cpufeatures v0.2.5
[INFO] [stderr]    Compiling iana-time-zone v0.1.51
[INFO] [stderr]    Compiling generic-array v0.14.6
[INFO] [stderr]    Compiling ahash v0.7.6
[INFO] [stderr]    Compiling num-traits v0.2.15
[INFO] [stderr]    Compiling num-integer v0.1.45
[INFO] [stderr]    Compiling byteorder v1.4.3
[INFO] [stderr]    Compiling base64 v0.13.0
[INFO] [stderr]    Compiling flate2 v1.0.24
[INFO] [stderr]    Compiling unicode-normalization v0.1.22
[INFO] [stderr]    Compiling getrandom v0.2.7
[INFO] [stderr]    Compiling time v0.1.44
[INFO] [stderr]    Compiling uuid v1.2.1
[INFO] [stderr]    Compiling idna v0.3.0
[INFO] [stderr]    Compiling hashbrown v0.12.3
[INFO] [stderr]    Compiling url v2.3.1
[INFO] [stderr]    Compiling chrono v0.4.22
[INFO] [stderr]    Compiling block-buffer v0.10.3
[INFO] [stderr]    Compiling crypto-common v0.1.6
[INFO] [stderr]    Compiling digest v0.10.5
[INFO] [stderr]    Compiling sha2 v0.10.6
[INFO] [stderr]    Compiling quick-xml v0.25.0
[INFO] [stderr]    Compiling imzml v0.1.3 (/opt/rustwide/workdir)
[INFO] [stdout] warning: missing documentation for a method
[INFO] [stdout]    --> src/obo/mod.rs:146:5
[INFO] [stdout]     |
[INFO] [stdout] 146 |     pub fn data_version(&self) -> Option<&str> {
[INFO] [stdout]     |     ^^^^^^^^^^^^^^^^^^^^^^^^^^^^^^^^^^^^^^^^^^
[INFO] [stdout]     |
[INFO] [stdout] note: the lint level is defined here
[INFO] [stdout]    --> src/lib.rs:1:9
[INFO] [stdout]     |
[INFO] [stdout] 1   | #![warn(missing_docs)]
[INFO] [stdout]     |         ^^^^^^^^^^^^
[INFO] [stdout] 
[INFO] [stdout] 
[INFO] [stdout] warning: 1 warning emitted
[INFO] [stdout] 
[INFO] [stdout] 
[INFO] [stderr]     Finished dev [unoptimized + debuginfo] target(s) in 9.65s
[INFO] running `Command { std: "docker" "inspect" "5f96fc18394745b8711c04593acd1393a15c2ab95c063092b8d7d81d46699ba6", kill_on_drop: false }`
[INFO] running `Command { std: "docker" "rm" "-f" "5f96fc18394745b8711c04593acd1393a15c2ab95c063092b8d7d81d46699ba6", kill_on_drop: false }`
[INFO] [stdout] 5f96fc18394745b8711c04593acd1393a15c2ab95c063092b8d7d81d46699ba6
[INFO] running `Command { std: "docker" "create" "-v" "/var/lib/crater-agent-workspace/builds/worker-6-tc1/target:/opt/rustwide/target:rw,Z" "-v" "/var/lib/crater-agent-workspace/builds/worker-6-tc1/source:/opt/rustwide/workdir:ro,Z" "-v" "/var/lib/crater-agent-workspace/cargo-home:/opt/rustwide/cargo-home:ro,Z" "-v" "/var/lib/crater-agent-workspace/rustup-home:/opt/rustwide/rustup-home:ro,Z" "-e" "SOURCE_DIR=/opt/rustwide/workdir" "-e" "CARGO_TARGET_DIR=/opt/rustwide/target" "-e" "CARGO_INCREMENTAL=0" "-e" "RUST_BACKTRACE=full" "-e" "RUSTFLAGS=--cap-lints=warn" "-e" "RUSTDOCFLAGS=--cap-lints=warn" "-e" "CARGO_HOME=/opt/rustwide/cargo-home" "-e" "RUSTUP_HOME=/opt/rustwide/rustup-home" "-w" "/opt/rustwide/workdir" "-m" "1610612736" "--user" "0:0" "--network" "none" "ghcr.io/rust-lang/crates-build-env/linux@sha256:2788e3201cd34a07e3172128adcd8b3090168a8e3bcc40d7c032b9dda1df7d1c" "/opt/rustwide/cargo-home/bin/cargo" "+1.75.0" "test" "--frozen" "--no-run" "--message-format=json", kill_on_drop: false }`
[INFO] [stdout] 69f8f46d99e72491940bfeb29fb20c5483985d20e0cacf3640f031caff939cd0
[INFO] running `Command { std: "docker" "start" "-a" "69f8f46d99e72491940bfeb29fb20c5483985d20e0cacf3640f031caff939cd0", kill_on_drop: false }`
[INFO] [stderr]    Compiling imzml v0.1.3 (/opt/rustwide/workdir)
[INFO] [stdout] warning: missing documentation for a method
[INFO] [stdout]    --> src/obo/mod.rs:146:5
[INFO] [stdout]     |
[INFO] [stdout] 146 |     pub fn data_version(&self) -> Option<&str> {
[INFO] [stdout]     |     ^^^^^^^^^^^^^^^^^^^^^^^^^^^^^^^^^^^^^^^^^^
[INFO] [stdout]     |
[INFO] [stdout] note: the lint level is defined here
[INFO] [stdout]    --> src/lib.rs:1:9
[INFO] [stdout]     |
[INFO] [stdout] 1   | #![warn(missing_docs)]
[INFO] [stdout]     |         ^^^^^^^^^^^^
[INFO] [stdout] 
[INFO] [stdout] 
[INFO] [stdout] warning: 1 warning emitted
[INFO] [stdout] 
[INFO] [stdout] 
[INFO] [stdout] warning: unused imports: `fs::File`, `io::BufReader`
[INFO] [stdout]  --> examples/validate.rs:1:11
[INFO] [stdout]   |
[INFO] [stdout] 1 | use std::{fs::File, io::BufReader, time::Instant};
[INFO] [stdout]   |           ^^^^^^^^  ^^^^^^^^^^^^^
[INFO] [stdout]   |
[INFO] [stdout]   = note: `#[warn(unused_imports)]` on by default
[INFO] [stdout] 
[INFO] [stdout] 
[INFO] [stdout] warning: unused import: `ImzMLReader`
[INFO] [stdout]  --> examples/validate.rs:3:79
[INFO] [stdout]   |
[INFO] [stdout] 3 | use imzml::{mzml::MzMLReader, obo::IMZML_ONTOLOGY, validation::full_validate, ImzMLReader};
[INFO] [stdout]   |                                                                               ^^^^^^^^^^^
[INFO] [stdout] 
[INFO] [stdout] 
[INFO] [stdout] warning: 2 warnings emitted
[INFO] [stdout] 
[INFO] [stdout] 
[INFO] [stderr]     Finished test [unoptimized + debuginfo] target(s) in 2.84s
[INFO] running `Command { std: "docker" "inspect" "69f8f46d99e72491940bfeb29fb20c5483985d20e0cacf3640f031caff939cd0", kill_on_drop: false }`
[INFO] running `Command { std: "docker" "rm" "-f" "69f8f46d99e72491940bfeb29fb20c5483985d20e0cacf3640f031caff939cd0", kill_on_drop: false }`
[INFO] [stdout] 69f8f46d99e72491940bfeb29fb20c5483985d20e0cacf3640f031caff939cd0
[INFO] running `Command { std: "docker" "create" "-v" "/var/lib/crater-agent-workspace/builds/worker-6-tc1/target:/opt/rustwide/target:rw,Z" "-v" "/var/lib/crater-agent-workspace/builds/worker-6-tc1/source:/opt/rustwide/workdir:ro,Z" "-v" "/var/lib/crater-agent-workspace/cargo-home:/opt/rustwide/cargo-home:ro,Z" "-v" "/var/lib/crater-agent-workspace/rustup-home:/opt/rustwide/rustup-home:ro,Z" "-e" "SOURCE_DIR=/opt/rustwide/workdir" "-e" "CARGO_TARGET_DIR=/opt/rustwide/target" "-e" "CARGO_INCREMENTAL=0" "-e" "RUST_BACKTRACE=full" "-e" "RUSTFLAGS=--cap-lints=warn" "-e" "RUSTDOCFLAGS=--cap-lints=warn" "-e" "CARGO_HOME=/opt/rustwide/cargo-home" "-e" "RUSTUP_HOME=/opt/rustwide/rustup-home" "-w" "/opt/rustwide/workdir" "-m" "1610612736" "--user" "0:0" "--network" "none" "ghcr.io/rust-lang/crates-build-env/linux@sha256:2788e3201cd34a07e3172128adcd8b3090168a8e3bcc40d7c032b9dda1df7d1c" "/opt/rustwide/cargo-home/bin/cargo" "+1.75.0" "test" "--frozen", kill_on_drop: false }`
[INFO] [stdout] ff20ab349f73de040f49a843d637ffa5ececb2eded834d4bea1d92d3c090f50e
[INFO] running `Command { std: "docker" "start" "-a" "ff20ab349f73de040f49a843d637ffa5ececb2eded834d4bea1d92d3c090f50e", kill_on_drop: false }`
[INFO] [stderr] warning: missing documentation for a method
[INFO] [stderr]    --> src/obo/mod.rs:146:5
[INFO] [stderr]     |
[INFO] [stderr] 146 |     pub fn data_version(&self) -> Option<&str> {
[INFO] [stderr]     |     ^^^^^^^^^^^^^^^^^^^^^^^^^^^^^^^^^^^^^^^^^^
[INFO] [stderr]     |
[INFO] [stderr] note: the lint level is defined here
[INFO] [stderr]    --> src/lib.rs:1:9
[INFO] [stderr]     |
[INFO] [stderr] 1   | #![warn(missing_docs)]
[INFO] [stderr]     |         ^^^^^^^^^^^^
[INFO] [stderr] 
[INFO] [stderr] warning: `imzml` (lib) generated 1 warning
[INFO] [stderr] warning: unused imports: `fs::File`, `io::BufReader`
[INFO] [stderr]  --> examples/validate.rs:1:11
[INFO] [stderr]   |
[INFO] [stderr] 1 | use std::{fs::File, io::BufReader, time::Instant};
[INFO] [stderr]   |           ^^^^^^^^  ^^^^^^^^^^^^^
[INFO] [stderr]   |
[INFO] [stderr]   = note: `#[warn(unused_imports)]` on by default
[INFO] [stderr] 
[INFO] [stderr] warning: unused import: `ImzMLReader`
[INFO] [stderr]  --> examples/validate.rs:3:79
[INFO] [stderr]   |
[INFO] [stderr] 3 | use imzml::{mzml::MzMLReader, obo::IMZML_ONTOLOGY, validation::full_validate, ImzMLReader};
[INFO] [stderr]   |                                                                               ^^^^^^^^^^^
[INFO] [stderr] 
[INFO] [stderr] warning: `imzml` (example "validate") generated 2 warnings (run `cargo fix --example "validate"` to apply 2 suggestions)
[INFO] [stderr]     Finished test [unoptimized + debuginfo] target(s) in 0.04s
[INFO] [stderr]      Running unittests src/lib.rs (/opt/rustwide/target/debug/deps/imzml-8175734b624b611a)
[INFO] [stdout] 
[INFO] [stdout] running 6 tests
[INFO] [stdout] test tests::test_all_in_folder ... ignored
[INFO] [stdout] test tests::test_obo ... ignored
[INFO] [stdout] test tests::test_parser ... ignored
[INFO] [stdout] test tests::read_mzml_in_test_folder ... FAILED
[INFO] [stdout] test tests::test_all_in_test_folder ... FAILED
[INFO] [stdout] test obo::parser::test_obo ... ok
[INFO] [stdout] 
[INFO] [stdout] failures:
[INFO] [stdout] 
[INFO] [stdout] ---- tests::read_mzml_in_test_folder stdout ----
[INFO] [stdout] Error: Os { code: 2, kind: NotFound, message: "No such file or directory" }
[INFO] [stdout] 
[INFO] [stdout] ---- tests::test_all_in_test_folder stdout ----
[INFO] [stdout] Error: Os { code: 2, kind: NotFound, message: "No such file or directory" }
[INFO] [stdout] 
[INFO] [stdout] 
[INFO] [stdout] failures:
[INFO] [stdout]     tests::read_mzml_in_test_folder
[INFO] [stdout]     tests::test_all_in_test_folder
[INFO] [stdout] 
[INFO] [stdout] test result: FAILED. 1 passed; 2 failed; 3 ignored; 0 measured; 0 filtered out; finished in 0.07s
[INFO] [stdout] 
[INFO] [stderr] error: test failed, to rerun pass `--lib`
[INFO] running `Command { std: "docker" "inspect" "ff20ab349f73de040f49a843d637ffa5ececb2eded834d4bea1d92d3c090f50e", kill_on_drop: false }`
[INFO] running `Command { std: "docker" "rm" "-f" "ff20ab349f73de040f49a843d637ffa5ececb2eded834d4bea1d92d3c090f50e", kill_on_drop: false }`
[INFO] [stdout] ff20ab349f73de040f49a843d637ffa5ececb2eded834d4bea1d92d3c090f50e
