[INFO] fetching crate imxrt-iomuxc 0.2.4...
[INFO] testing imxrt-iomuxc-0.2.4 against 1.75.0 for beta-1.76-1
[INFO] extracting crate imxrt-iomuxc 0.2.4 into /workspace/builds/worker-2-tc1/source
[INFO] validating manifest of crates.io crate imxrt-iomuxc 0.2.4 on toolchain 1.75.0
[INFO] running `Command { std: CARGO_HOME="/workspace/cargo-home" RUSTUP_HOME="/workspace/rustup-home" "/workspace/cargo-home/bin/cargo" "+1.75.0" "metadata" "--manifest-path" "Cargo.toml" "--no-deps", kill_on_drop: false }`
[INFO] started tweaking crates.io crate imxrt-iomuxc 0.2.4
[INFO] finished tweaking crates.io crate imxrt-iomuxc 0.2.4
[INFO] tweaked toml for crates.io crate imxrt-iomuxc 0.2.4 written to /workspace/builds/worker-2-tc1/source/Cargo.toml
[INFO] running `Command { std: CARGO_HOME="/workspace/cargo-home" RUSTUP_HOME="/workspace/rustup-home" "/workspace/cargo-home/bin/cargo" "+1.75.0" "generate-lockfile" "--manifest-path" "Cargo.toml", kill_on_drop: false }`
[INFO] running `Command { std: CARGO_HOME="/workspace/cargo-home" RUSTUP_HOME="/workspace/rustup-home" "/workspace/cargo-home/bin/cargo" "+1.75.0" "fetch" "--manifest-path" "Cargo.toml", kill_on_drop: false }`
[INFO] running `Command { std: "docker" "create" "-v" "/var/lib/crater-agent-workspace/builds/worker-2-tc1/target:/opt/rustwide/target:rw,Z" "-v" "/var/lib/crater-agent-workspace/builds/worker-2-tc1/source:/opt/rustwide/workdir:ro,Z" "-v" "/var/lib/crater-agent-workspace/cargo-home:/opt/rustwide/cargo-home:ro,Z" "-v" "/var/lib/crater-agent-workspace/rustup-home:/opt/rustwide/rustup-home:ro,Z" "-e" "SOURCE_DIR=/opt/rustwide/workdir" "-e" "CARGO_TARGET_DIR=/opt/rustwide/target" "-e" "CARGO_HOME=/opt/rustwide/cargo-home" "-e" "RUSTUP_HOME=/opt/rustwide/rustup-home" "-w" "/opt/rustwide/workdir" "-m" "1610612736" "--user" "0:0" "--network" "none" "ghcr.io/rust-lang/crates-build-env/linux@sha256:2788e3201cd34a07e3172128adcd8b3090168a8e3bcc40d7c032b9dda1df7d1c" "/opt/rustwide/cargo-home/bin/cargo" "+1.75.0" "metadata" "--no-deps" "--format-version=1", kill_on_drop: false }`
[INFO] [stdout] 29fb9c88e98f4cc0c5b97f0444ae700ab9aa9bbf08a87c27553b616df21a459e
[INFO] running `Command { std: "docker" "start" "-a" "29fb9c88e98f4cc0c5b97f0444ae700ab9aa9bbf08a87c27553b616df21a459e", kill_on_drop: false }`
[INFO] running `Command { std: "docker" "inspect" "29fb9c88e98f4cc0c5b97f0444ae700ab9aa9bbf08a87c27553b616df21a459e", kill_on_drop: false }`
[INFO] running `Command { std: "docker" "rm" "-f" "29fb9c88e98f4cc0c5b97f0444ae700ab9aa9bbf08a87c27553b616df21a459e", kill_on_drop: false }`
[INFO] [stdout] 29fb9c88e98f4cc0c5b97f0444ae700ab9aa9bbf08a87c27553b616df21a459e
[INFO] running `Command { std: "docker" "create" "-v" "/var/lib/crater-agent-workspace/builds/worker-2-tc1/target:/opt/rustwide/target:rw,Z" "-v" "/var/lib/crater-agent-workspace/builds/worker-2-tc1/source:/opt/rustwide/workdir:ro,Z" "-v" "/var/lib/crater-agent-workspace/cargo-home:/opt/rustwide/cargo-home:ro,Z" "-v" "/var/lib/crater-agent-workspace/rustup-home:/opt/rustwide/rustup-home:ro,Z" "-e" "SOURCE_DIR=/opt/rustwide/workdir" "-e" "CARGO_TARGET_DIR=/opt/rustwide/target" "-e" "CARGO_INCREMENTAL=0" "-e" "RUST_BACKTRACE=full" "-e" "RUSTFLAGS=--cap-lints=warn" "-e" "RUSTDOCFLAGS=--cap-lints=warn" "-e" "CARGO_HOME=/opt/rustwide/cargo-home" "-e" "RUSTUP_HOME=/opt/rustwide/rustup-home" "-w" "/opt/rustwide/workdir" "-m" "1610612736" "--user" "0:0" "--network" "none" "ghcr.io/rust-lang/crates-build-env/linux@sha256:2788e3201cd34a07e3172128adcd8b3090168a8e3bcc40d7c032b9dda1df7d1c" "/opt/rustwide/cargo-home/bin/cargo" "+1.75.0" "build" "--frozen" "--message-format=json", kill_on_drop: false }`
[INFO] [stdout] 22be8527786441d7c1f47fbfdc603fe278e91e8e5be3f9a530a1f7fd85a62c85
[INFO] running `Command { std: "docker" "start" "-a" "22be8527786441d7c1f47fbfdc603fe278e91e8e5be3f9a530a1f7fd85a62c85", kill_on_drop: false }`
[INFO] [stderr]    Compiling imxrt-iomuxc v0.2.4 (/opt/rustwide/workdir)
[INFO] [stderr]     Finished dev [unoptimized + debuginfo] target(s) in 0.13s
[INFO] running `Command { std: "docker" "inspect" "22be8527786441d7c1f47fbfdc603fe278e91e8e5be3f9a530a1f7fd85a62c85", kill_on_drop: false }`
[INFO] running `Command { std: "docker" "rm" "-f" "22be8527786441d7c1f47fbfdc603fe278e91e8e5be3f9a530a1f7fd85a62c85", kill_on_drop: false }`
[INFO] [stdout] 22be8527786441d7c1f47fbfdc603fe278e91e8e5be3f9a530a1f7fd85a62c85
[INFO] running `Command { std: "docker" "create" "-v" "/var/lib/crater-agent-workspace/builds/worker-2-tc1/target:/opt/rustwide/target:rw,Z" "-v" "/var/lib/crater-agent-workspace/builds/worker-2-tc1/source:/opt/rustwide/workdir:ro,Z" "-v" "/var/lib/crater-agent-workspace/cargo-home:/opt/rustwide/cargo-home:ro,Z" "-v" "/var/lib/crater-agent-workspace/rustup-home:/opt/rustwide/rustup-home:ro,Z" "-e" "SOURCE_DIR=/opt/rustwide/workdir" "-e" "CARGO_TARGET_DIR=/opt/rustwide/target" "-e" "CARGO_INCREMENTAL=0" "-e" "RUST_BACKTRACE=full" "-e" "RUSTFLAGS=--cap-lints=warn" "-e" "RUSTDOCFLAGS=--cap-lints=warn" "-e" "CARGO_HOME=/opt/rustwide/cargo-home" "-e" "RUSTUP_HOME=/opt/rustwide/rustup-home" "-w" "/opt/rustwide/workdir" "-m" "1610612736" "--user" "0:0" "--network" "none" "ghcr.io/rust-lang/crates-build-env/linux@sha256:2788e3201cd34a07e3172128adcd8b3090168a8e3bcc40d7c032b9dda1df7d1c" "/opt/rustwide/cargo-home/bin/cargo" "+1.75.0" "test" "--frozen" "--no-run" "--message-format=json", kill_on_drop: false }`
[INFO] [stdout] ee8914eb508db358f81dc9476d80926ece49e379f7bae123060b8467f85be96e
[INFO] running `Command { std: "docker" "start" "-a" "ee8914eb508db358f81dc9476d80926ece49e379f7bae123060b8467f85be96e", kill_on_drop: false }`
[INFO] [stderr]    Compiling imxrt-iomuxc v0.2.4 (/opt/rustwide/workdir)
[INFO] [stderr]     Finished test [unoptimized + debuginfo] target(s) in 0.40s
[INFO] running `Command { std: "docker" "inspect" "ee8914eb508db358f81dc9476d80926ece49e379f7bae123060b8467f85be96e", kill_on_drop: false }`
[INFO] running `Command { std: "docker" "rm" "-f" "ee8914eb508db358f81dc9476d80926ece49e379f7bae123060b8467f85be96e", kill_on_drop: false }`
[INFO] [stdout] ee8914eb508db358f81dc9476d80926ece49e379f7bae123060b8467f85be96e
[INFO] running `Command { std: "docker" "create" "-v" "/var/lib/crater-agent-workspace/builds/worker-2-tc1/target:/opt/rustwide/target:rw,Z" "-v" "/var/lib/crater-agent-workspace/builds/worker-2-tc1/source:/opt/rustwide/workdir:ro,Z" "-v" "/var/lib/crater-agent-workspace/cargo-home:/opt/rustwide/cargo-home:ro,Z" "-v" "/var/lib/crater-agent-workspace/rustup-home:/opt/rustwide/rustup-home:ro,Z" "-e" "SOURCE_DIR=/opt/rustwide/workdir" "-e" "CARGO_TARGET_DIR=/opt/rustwide/target" "-e" "CARGO_INCREMENTAL=0" "-e" "RUST_BACKTRACE=full" "-e" "RUSTFLAGS=--cap-lints=warn" "-e" "RUSTDOCFLAGS=--cap-lints=warn" "-e" "CARGO_HOME=/opt/rustwide/cargo-home" "-e" "RUSTUP_HOME=/opt/rustwide/rustup-home" "-w" "/opt/rustwide/workdir" "-m" "1610612736" "--user" "0:0" "--network" "none" "ghcr.io/rust-lang/crates-build-env/linux@sha256:2788e3201cd34a07e3172128adcd8b3090168a8e3bcc40d7c032b9dda1df7d1c" "/opt/rustwide/cargo-home/bin/cargo" "+1.75.0" "test" "--frozen", kill_on_drop: false }`
[INFO] [stdout] 120a354f4fd4dd6f2f1143f090a20a1f239748c15792d4b3e286e0468133a6b0
[INFO] running `Command { std: "docker" "start" "-a" "120a354f4fd4dd6f2f1143f090a20a1f239748c15792d4b3e286e0468133a6b0", kill_on_drop: false }`
[INFO] [stderr]     Finished test [unoptimized + debuginfo] target(s) in 0.01s
[INFO] [stderr]      Running unittests src/lib.rs (/opt/rustwide/target/debug/deps/imxrt_iomuxc-579bf8dde5f0aa9f)
[INFO] [stdout] 
[INFO] [stdout] running 8 tests
[INFO] [stdout] test config::tests::modify_clear_all ... ok
[INFO] [stdout] test config::tests::pull_keeper_pullupdown ... ok
[INFO] [stdout] test tests::erased_pad_convert_fail ... ok
[INFO] [stdout] test config::tests::pull_keeper_keeper ... ok
[INFO] [stdout] test config::tests::zero ... ok
[INFO] [stdout] test tests::erased_pad_convert_success ... ok
[INFO] [stdout] test config::tests::zero_set_all ... ok
[INFO] [stdout] test config::tests::pull_keeper_none ... ok
[INFO] [stdout] 
[INFO] [stdout] test result: ok. 8 passed; 0 failed; 0 ignored; 0 measured; 0 filtered out; finished in 0.01s
[INFO] [stdout] 
[INFO] [stderr]      Running tests/imxrt1010.rs (/opt/rustwide/target/debug/deps/imxrt1010-805894fd882d1e8c)
[INFO] [stdout] 
[INFO] [stdout] running 0 tests
[INFO] [stdout] 
[INFO] [stdout] test result: ok. 0 passed; 0 failed; 0 ignored; 0 measured; 0 filtered out; finished in 0.00s
[INFO] [stdout] 
[INFO] [stderr]      Running tests/imxrt1060.rs (/opt/rustwide/target/debug/deps/imxrt1060-4ae432994bb9773f)
[INFO] [stdout] 
[INFO] [stdout] running 0 tests
[INFO] [stdout] 
[INFO] [stdout] test result: ok. 0 passed; 0 failed; 0 ignored; 0 measured; 0 filtered out; finished in 0.00s
[INFO] [stdout] 
[INFO] [stderr]      Running tests/prelude.rs (/opt/rustwide/target/debug/deps/prelude-8d3ae2262d1dd223)
[INFO] [stdout] 
[INFO] [stdout] running 1 test
[INFO] [stdout] test use_prelude ... ok
[INFO] [stdout] 
[INFO] [stdout] test result: ok. 1 passed; 0 failed; 0 ignored; 0 measured; 0 filtered out; finished in 0.00s
[INFO] [stdout] 
[INFO] [stderr]    Doc-tests imxrt-iomuxc
[INFO] [stdout] 
[INFO] [stdout] running 17 tests
[INFO] [stdout] test src/lib.rs - ErasedPad (line 509) - compile ... ok
[INFO] [stdout] test src/lib.rs - (line 49) - compile ... FAILED
[INFO] [stdout] test src/config.rs - config::Config::zero (line 245) - compile ... FAILED
[INFO] [stdout] test src/config.rs - config::Config::modify (line 284) - compile ... FAILED
[INFO] [stdout] test src/config.rs - config::configure (line 14) - compile ... FAILED
[INFO] [stdout] test src/lib.rs - (line 121) - compile ... FAILED
[INFO] [stdout] test src/lib.rs - (line 74) - compile fail ... ok
[INFO] [stdout] test src/lib.rs - (line 95) - compile fail ... ok
[INFO] [stdout] test src/lib.rs - PadsAreNotSync (line 700) - compile fail ... ok
[INFO] [stdout] test src/lib.rs - ErasedPadsAreNotSync (line 692) - compile fail ... ok
[INFO] [stdout] test src/sai.rs - sai (line 8) ... FAILED
[INFO] [stdout] test src/lib.rs - prelude (line 210) ... ok
[INFO] [stdout] test src/config.rs - config::PullKeeperConstant (line 519) ... ok
[INFO] [stdout] test src/config.rs - config::Config::is_zero (line 320) ... ok
[INFO] [stdout] test src/lib.rs - ErasedPadsAreSend (line 675) ... ok
[INFO] [stdout] test src/config.rs - config::Config (line 217) ... ok
[INFO] [stdout] test src/lib.rs - PadsAreSend (line 683) ... ok
[INFO] [stdout] 
[INFO] [stdout] failures:
[INFO] [stdout] 
[INFO] [stdout] ---- src/lib.rs - (line 49) stdout ----
[INFO] [stdout] error[E0433]: failed to resolve: could not find `imxrt1060` in `imxrt_iomuxc`
[INFO] [stdout]   --> src/lib.rs:67:44
[INFO] [stdout]    |
[INFO] [stdout] 21 | let gpio_ad_b0_13 = unsafe { imxrt_iomuxc::imxrt1060::gpio_ad_b0::GPIO_AD_B0_13::new() };
[INFO] [stdout]    |                                            ^^^^^^^^^ could not find `imxrt1060` in `imxrt_iomuxc`
[INFO] [stdout] 
[INFO] [stdout] error[E0433]: failed to resolve: could not find `imxrt1060` in `imxrt_iomuxc`
[INFO] [stdout]   --> src/lib.rs:68:44
[INFO] [stdout]    |
[INFO] [stdout] 22 | let gpio_ad_b0_12 = unsafe { imxrt_iomuxc::imxrt1060::gpio_ad_b0::GPIO_AD_B0_12::new() };
[INFO] [stdout]    |                                            ^^^^^^^^^ could not find `imxrt1060` in `imxrt_iomuxc`
[INFO] [stdout] 
[INFO] [stdout] error: aborting due to 2 previous errors
[INFO] [stdout] 
[INFO] [stdout] For more information about this error, try `rustc --explain E0433`.
[INFO] [stdout] Couldn't compile the test.
[INFO] [stdout] ---- src/config.rs - config::Config::zero (line 245) stdout ----
[INFO] [stdout] error[E0433]: failed to resolve: could not find `imxrt1060` in `imxrt_iomuxc`
[INFO] [stdout]  --> src/config.rs:247:28
[INFO] [stdout]   |
[INFO] [stdout] 5 | use imxrt_iomuxc::{Iomuxc, imxrt1060::gpio_ad_b0::GPIO_AD_B0_13};
[INFO] [stdout]   |                            ^^^^^^^^^ could not find `imxrt1060` in `imxrt_iomuxc`
[INFO] [stdout] 
[INFO] [stdout] error: aborting due to previous error
[INFO] [stdout] 
[INFO] [stdout] For more information about this error, try `rustc --explain E0433`.
[INFO] [stdout] Couldn't compile the test.
[INFO] [stdout] ---- src/config.rs - config::Config::modify (line 284) stdout ----
[INFO] [stdout] error[E0433]: failed to resolve: could not find `imxrt1060` in `imxrt_iomuxc`
[INFO] [stdout]  --> src/config.rs:286:28
[INFO] [stdout]   |
[INFO] [stdout] 5 | use imxrt_iomuxc::{Iomuxc, imxrt1060::gpio_ad_b0::GPIO_AD_B0_13};
[INFO] [stdout]   |                            ^^^^^^^^^ could not find `imxrt1060` in `imxrt_iomuxc`
[INFO] [stdout] 
[INFO] [stdout] error: aborting due to previous error
[INFO] [stdout] 
[INFO] [stdout] For more information about this error, try `rustc --explain E0433`.
[INFO] [stdout] Couldn't compile the test.
[INFO] [stdout] ---- src/config.rs - config::configure (line 14) stdout ----
[INFO] [stdout] error[E0433]: failed to resolve: could not find `imxrt1060` in `imxrt_iomuxc`
[INFO] [stdout]  --> src/config.rs:17:19
[INFO] [stdout]   |
[INFO] [stdout] 6 | use imxrt_iomuxc::imxrt1060::gpio_ad_b0::GPIO_AD_B0_03;
[INFO] [stdout]   |                   ^^^^^^^^^ could not find `imxrt1060` in `imxrt_iomuxc`
[INFO] [stdout] 
[INFO] [stdout] error: aborting due to previous error
[INFO] [stdout] 
[INFO] [stdout] For more information about this error, try `rustc --explain E0433`.
[INFO] [stdout] Couldn't compile the test.
[INFO] [stdout] ---- src/lib.rs - (line 121) stdout ----
[INFO] [stdout] error[E0433]: failed to resolve: could not find `imxrt1060` in `imxrt_iomuxc`
[INFO] [stdout]  --> src/lib.rs:124:19
[INFO] [stdout]   |
[INFO] [stdout] 6 | use imxrt_iomuxc::imxrt1060::gpio_ad_b0::{GPIO_AD_B0_13, GPIO_AD_B0_12};
[INFO] [stdout]   |                   ^^^^^^^^^ could not find `imxrt1060` in `imxrt_iomuxc`
[INFO] [stdout] 
[INFO] [stdout] error: aborting due to previous error
[INFO] [stdout] 
[INFO] [stdout] For more information about this error, try `rustc --explain E0433`.
[INFO] [stdout] Couldn't compile the test.
[INFO] [stdout] ---- src/sai.rs - sai (line 8) stdout ----
[INFO] [stdout] error[E0433]: failed to resolve: could not find `imxrt1060` in `imxrt_iomuxc`
[INFO] [stdout]   --> src/sai.rs:35:24
[INFO] [stdout]    |
[INFO] [stdout] 30 | unsafe { imxrt_iomuxc::imxrt1060::gpio_sd_b1::GPIO_SD_B1_02::new() };
[INFO] [stdout]    |                        ^^^^^^^^^ could not find `imxrt1060` in `imxrt_iomuxc`
[INFO] [stdout] 
[INFO] [stdout] error: aborting due to previous error
[INFO] [stdout] 
[INFO] [stdout] For more information about this error, try `rustc --explain E0433`.
[INFO] [stdout] Couldn't compile the test.
[INFO] [stdout] 
[INFO] [stdout] failures:
[INFO] [stdout]     src/config.rs - config::Config::modify (line 284)
[INFO] [stdout]     src/config.rs - config::Config::zero (line 245)
[INFO] [stdout]     src/config.rs - config::configure (line 14)
[INFO] [stdout]     src/lib.rs - (line 121)
[INFO] [stdout]     src/lib.rs - (line 49)
[INFO] [stdout]     src/sai.rs - sai (line 8)
[INFO] [stdout] 
[INFO] [stdout] test result: FAILED. 11 passed; 6 failed; 0 ignored; 0 measured; 0 filtered out; finished in 0.24s
[INFO] [stdout] 
[INFO] [stderr] error: doctest failed, to rerun pass `--doc`
[INFO] running `Command { std: "docker" "inspect" "120a354f4fd4dd6f2f1143f090a20a1f239748c15792d4b3e286e0468133a6b0", kill_on_drop: false }`
[INFO] running `Command { std: "docker" "rm" "-f" "120a354f4fd4dd6f2f1143f090a20a1f239748c15792d4b3e286e0468133a6b0", kill_on_drop: false }`
[INFO] [stdout] 120a354f4fd4dd6f2f1143f090a20a1f239748c15792d4b3e286e0468133a6b0
[INFO] testing imxrt-iomuxc-0.2.4 against beta-2023-12-22 for beta-1.76-1
[INFO] extracting crate imxrt-iomuxc 0.2.4 into /workspace/builds/worker-2-tc2/source
[INFO] validating manifest of crates.io crate imxrt-iomuxc 0.2.4 on toolchain beta-2023-12-22
[INFO] running `Command { std: CARGO_HOME="/workspace/cargo-home" RUSTUP_HOME="/workspace/rustup-home" "/workspace/cargo-home/bin/cargo" "+beta-2023-12-22" "metadata" "--manifest-path" "Cargo.toml" "--no-deps", kill_on_drop: false }`
[INFO] started tweaking crates.io crate imxrt-iomuxc 0.2.4
[INFO] finished tweaking crates.io crate imxrt-iomuxc 0.2.4
[INFO] tweaked toml for crates.io crate imxrt-iomuxc 0.2.4 written to /workspace/builds/worker-2-tc2/source/Cargo.toml
[INFO] running `Command { std: CARGO_HOME="/workspace/cargo-home" RUSTUP_HOME="/workspace/rustup-home" "/workspace/cargo-home/bin/cargo" "+beta-2023-12-22" "generate-lockfile" "--manifest-path" "Cargo.toml", kill_on_drop: false }`
[INFO] running `Command { std: CARGO_HOME="/workspace/cargo-home" RUSTUP_HOME="/workspace/rustup-home" "/workspace/cargo-home/bin/cargo" "+beta-2023-12-22" "fetch" "--manifest-path" "Cargo.toml", kill_on_drop: false }`
[INFO] running `Command { std: "docker" "create" "-v" "/var/lib/crater-agent-workspace/builds/worker-2-tc2/target:/opt/rustwide/target:rw,Z" "-v" "/var/lib/crater-agent-workspace/builds/worker-2-tc2/source:/opt/rustwide/workdir:ro,Z" "-v" "/var/lib/crater-agent-workspace/cargo-home:/opt/rustwide/cargo-home:ro,Z" "-v" "/var/lib/crater-agent-workspace/rustup-home:/opt/rustwide/rustup-home:ro,Z" "-e" "SOURCE_DIR=/opt/rustwide/workdir" "-e" "CARGO_TARGET_DIR=/opt/rustwide/target" "-e" "CARGO_HOME=/opt/rustwide/cargo-home" "-e" "RUSTUP_HOME=/opt/rustwide/rustup-home" "-w" "/opt/rustwide/workdir" "-m" "1610612736" "--user" "0:0" "--network" "none" "ghcr.io/rust-lang/crates-build-env/linux@sha256:2788e3201cd34a07e3172128adcd8b3090168a8e3bcc40d7c032b9dda1df7d1c" "/opt/rustwide/cargo-home/bin/cargo" "+beta-2023-12-22" "metadata" "--no-deps" "--format-version=1", kill_on_drop: false }`
[INFO] [stdout] f6722297d8f7d1b088f86d61b5131ef8bd1ce95b097fca2b249cf5dc92144db8
[INFO] running `Command { std: "docker" "start" "-a" "f6722297d8f7d1b088f86d61b5131ef8bd1ce95b097fca2b249cf5dc92144db8", kill_on_drop: false }`
[INFO] running `Command { std: "docker" "inspect" "f6722297d8f7d1b088f86d61b5131ef8bd1ce95b097fca2b249cf5dc92144db8", kill_on_drop: false }`
[INFO] running `Command { std: "docker" "rm" "-f" "f6722297d8f7d1b088f86d61b5131ef8bd1ce95b097fca2b249cf5dc92144db8", kill_on_drop: false }`
[INFO] [stdout] f6722297d8f7d1b088f86d61b5131ef8bd1ce95b097fca2b249cf5dc92144db8
[INFO] running `Command { std: "docker" "create" "-v" "/var/lib/crater-agent-workspace/builds/worker-2-tc2/target:/opt/rustwide/target:rw,Z" "-v" "/var/lib/crater-agent-workspace/builds/worker-2-tc2/source:/opt/rustwide/workdir:ro,Z" "-v" "/var/lib/crater-agent-workspace/cargo-home:/opt/rustwide/cargo-home:ro,Z" "-v" "/var/lib/crater-agent-workspace/rustup-home:/opt/rustwide/rustup-home:ro,Z" "-e" "SOURCE_DIR=/opt/rustwide/workdir" "-e" "CARGO_TARGET_DIR=/opt/rustwide/target" "-e" "CARGO_INCREMENTAL=0" "-e" "RUST_BACKTRACE=full" "-e" "RUSTFLAGS=--cap-lints=warn" "-e" "RUSTDOCFLAGS=--cap-lints=warn" "-e" "CARGO_HOME=/opt/rustwide/cargo-home" "-e" "RUSTUP_HOME=/opt/rustwide/rustup-home" "-w" "/opt/rustwide/workdir" "-m" "1610612736" "--user" "0:0" "--network" "none" "ghcr.io/rust-lang/crates-build-env/linux@sha256:2788e3201cd34a07e3172128adcd8b3090168a8e3bcc40d7c032b9dda1df7d1c" "/opt/rustwide/cargo-home/bin/cargo" "+beta-2023-12-22" "build" "--frozen" "--message-format=json", kill_on_drop: false }`
[INFO] [stdout] 3f904b02808c92161b878d6d164cd5ba13bd54742042418a5d4f5d249366d4b4
[INFO] running `Command { std: "docker" "start" "-a" "3f904b02808c92161b878d6d164cd5ba13bd54742042418a5d4f5d249366d4b4", kill_on_drop: false }`
[INFO] [stderr]    Compiling imxrt-iomuxc v0.2.4 (/opt/rustwide/workdir)
[INFO] [stderr]     Finished dev [unoptimized + debuginfo] target(s) in 0.09s
[INFO] running `Command { std: "docker" "inspect" "3f904b02808c92161b878d6d164cd5ba13bd54742042418a5d4f5d249366d4b4", kill_on_drop: false }`
[INFO] running `Command { std: "docker" "rm" "-f" "3f904b02808c92161b878d6d164cd5ba13bd54742042418a5d4f5d249366d4b4", kill_on_drop: false }`
[INFO] [stdout] 3f904b02808c92161b878d6d164cd5ba13bd54742042418a5d4f5d249366d4b4
[INFO] running `Command { std: "docker" "create" "-v" "/var/lib/crater-agent-workspace/builds/worker-2-tc2/target:/opt/rustwide/target:rw,Z" "-v" "/var/lib/crater-agent-workspace/builds/worker-2-tc2/source:/opt/rustwide/workdir:ro,Z" "-v" "/var/lib/crater-agent-workspace/cargo-home:/opt/rustwide/cargo-home:ro,Z" "-v" "/var/lib/crater-agent-workspace/rustup-home:/opt/rustwide/rustup-home:ro,Z" "-e" "SOURCE_DIR=/opt/rustwide/workdir" "-e" "CARGO_TARGET_DIR=/opt/rustwide/target" "-e" "CARGO_INCREMENTAL=0" "-e" "RUST_BACKTRACE=full" "-e" "RUSTFLAGS=--cap-lints=warn" "-e" "RUSTDOCFLAGS=--cap-lints=warn" "-e" "CARGO_HOME=/opt/rustwide/cargo-home" "-e" "RUSTUP_HOME=/opt/rustwide/rustup-home" "-w" "/opt/rustwide/workdir" "-m" "1610612736" "--user" "0:0" "--network" "none" "ghcr.io/rust-lang/crates-build-env/linux@sha256:2788e3201cd34a07e3172128adcd8b3090168a8e3bcc40d7c032b9dda1df7d1c" "/opt/rustwide/cargo-home/bin/cargo" "+beta-2023-12-22" "test" "--frozen" "--no-run" "--message-format=json", kill_on_drop: false }`
[INFO] [stdout] b3fb2df938c083e88f725853f426896c356ffb5e58b5119b9a36dc8a02e99d0a
[INFO] running `Command { std: "docker" "start" "-a" "b3fb2df938c083e88f725853f426896c356ffb5e58b5119b9a36dc8a02e99d0a", kill_on_drop: false }`
[INFO] [stderr]    Compiling imxrt-iomuxc v0.2.4 (/opt/rustwide/workdir)
[INFO] [stderr]     Finished test [unoptimized + debuginfo] target(s) in 0.44s
[INFO] running `Command { std: "docker" "inspect" "b3fb2df938c083e88f725853f426896c356ffb5e58b5119b9a36dc8a02e99d0a", kill_on_drop: false }`
[INFO] running `Command { std: "docker" "rm" "-f" "b3fb2df938c083e88f725853f426896c356ffb5e58b5119b9a36dc8a02e99d0a", kill_on_drop: false }`
[INFO] [stdout] b3fb2df938c083e88f725853f426896c356ffb5e58b5119b9a36dc8a02e99d0a
[INFO] running `Command { std: "docker" "create" "-v" "/var/lib/crater-agent-workspace/builds/worker-2-tc2/target:/opt/rustwide/target:rw,Z" "-v" "/var/lib/crater-agent-workspace/builds/worker-2-tc2/source:/opt/rustwide/workdir:ro,Z" "-v" "/var/lib/crater-agent-workspace/cargo-home:/opt/rustwide/cargo-home:ro,Z" "-v" "/var/lib/crater-agent-workspace/rustup-home:/opt/rustwide/rustup-home:ro,Z" "-e" "SOURCE_DIR=/opt/rustwide/workdir" "-e" "CARGO_TARGET_DIR=/opt/rustwide/target" "-e" "CARGO_INCREMENTAL=0" "-e" "RUST_BACKTRACE=full" "-e" "RUSTFLAGS=--cap-lints=warn" "-e" "RUSTDOCFLAGS=--cap-lints=warn" "-e" "CARGO_HOME=/opt/rustwide/cargo-home" "-e" "RUSTUP_HOME=/opt/rustwide/rustup-home" "-w" "/opt/rustwide/workdir" "-m" "1610612736" "--user" "0:0" "--network" "none" "ghcr.io/rust-lang/crates-build-env/linux@sha256:2788e3201cd34a07e3172128adcd8b3090168a8e3bcc40d7c032b9dda1df7d1c" "/opt/rustwide/cargo-home/bin/cargo" "+beta-2023-12-22" "test" "--frozen", kill_on_drop: false }`
[INFO] [stdout] 9ead2801750730c63b018f68da1881c15e4b1cc597d33dd754353994d6bc22f7
[INFO] running `Command { std: "docker" "start" "-a" "9ead2801750730c63b018f68da1881c15e4b1cc597d33dd754353994d6bc22f7", kill_on_drop: false }`
[INFO] [stderr]     Finished test [unoptimized + debuginfo] target(s) in 0.00s
[INFO] [stderr]      Running unittests src/lib.rs (/opt/rustwide/target/debug/deps/imxrt_iomuxc-162af72cd55fffed)
[INFO] [stdout] 
[INFO] [stdout] running 8 tests
[INFO] [stdout] test config::tests::modify_clear_all ... ok
[INFO] [stdout] test config::tests::pull_keeper_keeper ... ok
[INFO] [stdout] test config::tests::pull_keeper_pullupdown ... ok
[INFO] [stdout] test config::tests::pull_keeper_none ... ok
[INFO] [stdout] test config::tests::zero ... ok
[INFO] [stdout] test config::tests::zero_set_all ... ok
[INFO] [stdout] test tests::erased_pad_convert_fail ... ok
[INFO] [stdout] test tests::erased_pad_convert_success ... ok
[INFO] [stdout] 
[INFO] [stdout] test result: ok. 8 passed; 0 failed; 0 ignored; 0 measured; 0 filtered out; finished in 0.00s
[INFO] [stdout] 
[INFO] [stderr]      Running tests/imxrt1010.rs (/opt/rustwide/target/debug/deps/imxrt1010-ac0bde76e031b0f7)
[INFO] [stdout] 
[INFO] [stdout] running 0 tests
[INFO] [stdout] 
[INFO] [stdout] test result: ok. 0 passed; 0 failed; 0 ignored; 0 measured; 0 filtered out; finished in 0.00s
[INFO] [stdout] 
[INFO] [stderr]      Running tests/imxrt1060.rs (/opt/rustwide/target/debug/deps/imxrt1060-74b87ae93b534c29)
[INFO] [stdout] 
[INFO] [stdout] running 0 tests
[INFO] [stdout] 
[INFO] [stdout] test result: ok. 0 passed; 0 failed; 0 ignored; 0 measured; 0 filtered out; finished in 0.00s
[INFO] [stdout] 
[INFO] [stderr]      Running tests/prelude.rs (/opt/rustwide/target/debug/deps/prelude-76902a90ac0bc71e)
[INFO] [stdout] 
[INFO] [stdout] running 1 test
[INFO] [stdout] test use_prelude ... ok
[INFO] [stdout] 
[INFO] [stdout] test result: ok. 1 passed; 0 failed; 0 ignored; 0 measured; 0 filtered out; finished in 0.00s
[INFO] [stdout] 
[INFO] [stderr]    Doc-tests imxrt-iomuxc
[INFO] [stdout] 
[INFO] [stdout] running 17 tests
[INFO] [stdout] test src/lib.rs - ErasedPad (line 509) - compile ... ok
[INFO] [stdout] test src/config.rs - config::Config::modify (line 284) - compile ... FAILED
[INFO] [stdout] test src/config.rs - config::Config::zero (line 245) - compile ... FAILED
[INFO] [stdout] test src/config.rs - config::configure (line 14) - compile ... FAILED
[INFO] [stdout] test src/lib.rs - (line 121) - compile ... FAILED
[INFO] [stdout] test src/lib.rs - (line 74) - compile fail ... ok
[INFO] [stdout] test src/lib.rs - (line 49) - compile ... FAILED
[INFO] [stdout] test src/lib.rs - (line 95) - compile fail ... ok
[INFO] [stdout] test src/lib.rs - ErasedPadsAreNotSync (line 692) - compile fail ... ok
[INFO] [stdout] test src/lib.rs - PadsAreNotSync (line 700) - compile fail ... ok
[INFO] [stdout] test src/sai.rs - sai (line 8) ... FAILED
[INFO] [stdout] test src/config.rs - config::PullKeeperConstant (line 519) ... ok
[INFO] [stdout] test src/lib.rs - PadsAreSend (line 683) ... ok
[INFO] [stdout] test src/lib.rs - prelude (line 210) ... ok
[INFO] [stdout] test src/config.rs - config::Config (line 217) ... ok
[INFO] [stdout] test src/lib.rs - ErasedPadsAreSend (line 675) ... ok
[INFO] [stdout] test src/config.rs - config::Config::is_zero (line 320) ... ok
[INFO] [stdout] 
[INFO] [stdout] failures:
[INFO] [stdout] 
[INFO] [stdout] ---- src/config.rs - config::Config::modify (line 284) stdout ----
[INFO] [stdout] error[E0433]: failed to resolve: could not find `imxrt1060` in `imxrt_iomuxc`
[INFO] [stdout]  --> src/config.rs:286:28
[INFO] [stdout]   |
[INFO] [stdout] 5 | use imxrt_iomuxc::{Iomuxc, imxrt1060::gpio_ad_b0::GPIO_AD_B0_13};
[INFO] [stdout]   |                            ^^^^^^^^^ could not find `imxrt1060` in `imxrt_iomuxc`
[INFO] [stdout] 
[INFO] [stdout] error: aborting due to 1 previous error
[INFO] [stdout] 
[INFO] [stdout] For more information about this error, try `rustc --explain E0433`.
[INFO] [stdout] Couldn't compile the test.
[INFO] [stdout] ---- src/config.rs - config::Config::zero (line 245) stdout ----
[INFO] [stdout] error[E0433]: failed to resolve: could not find `imxrt1060` in `imxrt_iomuxc`
[INFO] [stdout]  --> src/config.rs:247:28
[INFO] [stdout]   |
[INFO] [stdout] 5 | use imxrt_iomuxc::{Iomuxc, imxrt1060::gpio_ad_b0::GPIO_AD_B0_13};
[INFO] [stdout]   |                            ^^^^^^^^^ could not find `imxrt1060` in `imxrt_iomuxc`
[INFO] [stdout] 
[INFO] [stdout] error: aborting due to 1 previous error
[INFO] [stdout] 
[INFO] [stdout] For more information about this error, try `rustc --explain E0433`.
[INFO] [stdout] Couldn't compile the test.
[INFO] [stdout] ---- src/config.rs - config::configure (line 14) stdout ----
[INFO] [stdout] error[E0433]: failed to resolve: could not find `imxrt1060` in `imxrt_iomuxc`
[INFO] [stdout]  --> src/config.rs:17:19
[INFO] [stdout]   |
[INFO] [stdout] 6 | use imxrt_iomuxc::imxrt1060::gpio_ad_b0::GPIO_AD_B0_03;
[INFO] [stdout]   |                   ^^^^^^^^^ could not find `imxrt1060` in `imxrt_iomuxc`
[INFO] [stdout] 
[INFO] [stdout] error: aborting due to 1 previous error
[INFO] [stdout] 
[INFO] [stdout] For more information about this error, try `rustc --explain E0433`.
[INFO] [stdout] Couldn't compile the test.
[INFO] [stdout] ---- src/lib.rs - (line 121) stdout ----
[INFO] [stdout] error[E0433]: failed to resolve: could not find `imxrt1060` in `imxrt_iomuxc`
[INFO] [stdout]  --> src/lib.rs:124:19
[INFO] [stdout]   |
[INFO] [stdout] 6 | use imxrt_iomuxc::imxrt1060::gpio_ad_b0::{GPIO_AD_B0_13, GPIO_AD_B0_12};
[INFO] [stdout]   |                   ^^^^^^^^^ could not find `imxrt1060` in `imxrt_iomuxc`
[INFO] [stdout] 
[INFO] [stdout] error: aborting due to 1 previous error
[INFO] [stdout] 
[INFO] [stdout] For more information about this error, try `rustc --explain E0433`.
[INFO] [stdout] Couldn't compile the test.
[INFO] [stdout] ---- src/lib.rs - (line 49) stdout ----
[INFO] [stdout] error[E0433]: failed to resolve: could not find `imxrt1060` in `imxrt_iomuxc`
[INFO] [stdout]   --> src/lib.rs:67:44
[INFO] [stdout]    |
[INFO] [stdout] 21 | let gpio_ad_b0_13 = unsafe { imxrt_iomuxc::imxrt1060::gpio_ad_b0::GPIO_AD_B0_13::new() };
[INFO] [stdout]    |                                            ^^^^^^^^^ could not find `imxrt1060` in `imxrt_iomuxc`
[INFO] [stdout] 
[INFO] [stdout] error[E0433]: failed to resolve: could not find `imxrt1060` in `imxrt_iomuxc`
[INFO] [stdout]   --> src/lib.rs:68:44
[INFO] [stdout]    |
[INFO] [stdout] 22 | let gpio_ad_b0_12 = unsafe { imxrt_iomuxc::imxrt1060::gpio_ad_b0::GPIO_AD_B0_12::new() };
[INFO] [stdout]    |                                            ^^^^^^^^^ could not find `imxrt1060` in `imxrt_iomuxc`
[INFO] [stdout] 
[INFO] [stdout] error: aborting due to 2 previous errors
[INFO] [stdout] 
[INFO] [stdout] For more information about this error, try `rustc --explain E0433`.
[INFO] [stdout] Couldn't compile the test.
[INFO] [stdout] ---- src/sai.rs - sai (line 8) stdout ----
[INFO] [stdout] error[E0433]: failed to resolve: could not find `imxrt1060` in `imxrt_iomuxc`
[INFO] [stdout]   --> src/sai.rs:35:24
[INFO] [stdout]    |
[INFO] [stdout] 30 | unsafe { imxrt_iomuxc::imxrt1060::gpio_sd_b1::GPIO_SD_B1_02::new() };
[INFO] [stdout]    |                        ^^^^^^^^^ could not find `imxrt1060` in `imxrt_iomuxc`
[INFO] [stdout] 
[INFO] [stdout] error: aborting due to 1 previous error
[INFO] [stdout] 
[INFO] [stdout] For more information about this error, try `rustc --explain E0433`.
[INFO] [stdout] Couldn't compile the test.
[INFO] [stdout] 
[INFO] [stdout] failures:
[INFO] [stdout]     src/config.rs - config::Config::modify (line 284)
[INFO] [stdout]     src/config.rs - config::Config::zero (line 245)
[INFO] [stdout]     src/config.rs - config::configure (line 14)
[INFO] [stdout]     src/lib.rs - (line 121)
[INFO] [stdout]     src/lib.rs - (line 49)
[INFO] [stdout]     src/sai.rs - sai (line 8)
[INFO] [stdout] 
[INFO] [stdout] test result: FAILED. 11 passed; 6 failed; 0 ignored; 0 measured; 0 filtered out; finished in 0.21s
[INFO] [stdout] 
[INFO] [stderr] error: doctest failed, to rerun pass `--doc`
[INFO] running `Command { std: "docker" "inspect" "9ead2801750730c63b018f68da1881c15e4b1cc597d33dd754353994d6bc22f7", kill_on_drop: false }`
[INFO] running `Command { std: "docker" "rm" "-f" "9ead2801750730c63b018f68da1881c15e4b1cc597d33dd754353994d6bc22f7", kill_on_drop: false }`
[INFO] [stdout] 9ead2801750730c63b018f68da1881c15e4b1cc597d33dd754353994d6bc22f7
