[INFO] fetching crate imply_option 0.1.2...
[INFO] testing imply_option-0.1.2 against 1.75.0 for beta-1.76-1
[INFO] extracting crate imply_option 0.1.2 into /workspace/builds/worker-5-tc1/source
[INFO] validating manifest of crates.io crate imply_option 0.1.2 on toolchain 1.75.0
[INFO] running `Command { std: CARGO_HOME="/workspace/cargo-home" RUSTUP_HOME="/workspace/rustup-home" "/workspace/cargo-home/bin/cargo" "+1.75.0" "metadata" "--manifest-path" "Cargo.toml" "--no-deps", kill_on_drop: false }`
[INFO] started tweaking crates.io crate imply_option 0.1.2
[INFO] finished tweaking crates.io crate imply_option 0.1.2
[INFO] tweaked toml for crates.io crate imply_option 0.1.2 written to /workspace/builds/worker-5-tc1/source/Cargo.toml
[INFO] running `Command { std: CARGO_HOME="/workspace/cargo-home" RUSTUP_HOME="/workspace/rustup-home" "/workspace/cargo-home/bin/cargo" "+1.75.0" "generate-lockfile" "--manifest-path" "Cargo.toml", kill_on_drop: false }`
[INFO] running `Command { std: CARGO_HOME="/workspace/cargo-home" RUSTUP_HOME="/workspace/rustup-home" "/workspace/cargo-home/bin/cargo" "+1.75.0" "fetch" "--manifest-path" "Cargo.toml", kill_on_drop: false }`
[INFO] running `Command { std: "docker" "create" "-v" "/var/lib/crater-agent-workspace/builds/worker-5-tc1/target:/opt/rustwide/target:rw,Z" "-v" "/var/lib/crater-agent-workspace/builds/worker-5-tc1/source:/opt/rustwide/workdir:ro,Z" "-v" "/var/lib/crater-agent-workspace/cargo-home:/opt/rustwide/cargo-home:ro,Z" "-v" "/var/lib/crater-agent-workspace/rustup-home:/opt/rustwide/rustup-home:ro,Z" "-e" "SOURCE_DIR=/opt/rustwide/workdir" "-e" "CARGO_TARGET_DIR=/opt/rustwide/target" "-e" "CARGO_HOME=/opt/rustwide/cargo-home" "-e" "RUSTUP_HOME=/opt/rustwide/rustup-home" "-w" "/opt/rustwide/workdir" "-m" "1610612736" "--user" "0:0" "--network" "none" "ghcr.io/rust-lang/crates-build-env/linux@sha256:2788e3201cd34a07e3172128adcd8b3090168a8e3bcc40d7c032b9dda1df7d1c" "/opt/rustwide/cargo-home/bin/cargo" "+1.75.0" "metadata" "--no-deps" "--format-version=1", kill_on_drop: false }`
[INFO] [stdout] 2630b9ee809f30e884069407944ae24f5eca87570f4e7f2b248aa03e937b4cbd
[INFO] running `Command { std: "docker" "start" "-a" "2630b9ee809f30e884069407944ae24f5eca87570f4e7f2b248aa03e937b4cbd", kill_on_drop: false }`
[INFO] running `Command { std: "docker" "inspect" "2630b9ee809f30e884069407944ae24f5eca87570f4e7f2b248aa03e937b4cbd", kill_on_drop: false }`
[INFO] running `Command { std: "docker" "rm" "-f" "2630b9ee809f30e884069407944ae24f5eca87570f4e7f2b248aa03e937b4cbd", kill_on_drop: false }`
[INFO] [stdout] 2630b9ee809f30e884069407944ae24f5eca87570f4e7f2b248aa03e937b4cbd
[INFO] running `Command { std: "docker" "create" "-v" "/var/lib/crater-agent-workspace/builds/worker-5-tc1/target:/opt/rustwide/target:rw,Z" "-v" "/var/lib/crater-agent-workspace/builds/worker-5-tc1/source:/opt/rustwide/workdir:ro,Z" "-v" "/var/lib/crater-agent-workspace/cargo-home:/opt/rustwide/cargo-home:ro,Z" "-v" "/var/lib/crater-agent-workspace/rustup-home:/opt/rustwide/rustup-home:ro,Z" "-e" "SOURCE_DIR=/opt/rustwide/workdir" "-e" "CARGO_TARGET_DIR=/opt/rustwide/target" "-e" "CARGO_INCREMENTAL=0" "-e" "RUST_BACKTRACE=full" "-e" "RUSTFLAGS=--cap-lints=warn" "-e" "RUSTDOCFLAGS=--cap-lints=warn" "-e" "CARGO_HOME=/opt/rustwide/cargo-home" "-e" "RUSTUP_HOME=/opt/rustwide/rustup-home" "-w" "/opt/rustwide/workdir" "-m" "1610612736" "--user" "0:0" "--network" "none" "ghcr.io/rust-lang/crates-build-env/linux@sha256:2788e3201cd34a07e3172128adcd8b3090168a8e3bcc40d7c032b9dda1df7d1c" "/opt/rustwide/cargo-home/bin/cargo" "+1.75.0" "build" "--frozen" "--message-format=json", kill_on_drop: false }`
[INFO] [stdout] 658664e84c413f2079d16c82a89046820436bacbbd5514b7c827406a14fb62f2
[INFO] running `Command { std: "docker" "start" "-a" "658664e84c413f2079d16c82a89046820436bacbbd5514b7c827406a14fb62f2", kill_on_drop: false }`
[INFO] [stderr]    Compiling imply_option v0.1.2 (/opt/rustwide/workdir)
[INFO] [stderr]     Finished dev [unoptimized + debuginfo] target(s) in 0.04s
[INFO] running `Command { std: "docker" "inspect" "658664e84c413f2079d16c82a89046820436bacbbd5514b7c827406a14fb62f2", kill_on_drop: false }`
[INFO] running `Command { std: "docker" "rm" "-f" "658664e84c413f2079d16c82a89046820436bacbbd5514b7c827406a14fb62f2", kill_on_drop: false }`
[INFO] [stdout] 658664e84c413f2079d16c82a89046820436bacbbd5514b7c827406a14fb62f2
[INFO] running `Command { std: "docker" "create" "-v" "/var/lib/crater-agent-workspace/builds/worker-5-tc1/target:/opt/rustwide/target:rw,Z" "-v" "/var/lib/crater-agent-workspace/builds/worker-5-tc1/source:/opt/rustwide/workdir:ro,Z" "-v" "/var/lib/crater-agent-workspace/cargo-home:/opt/rustwide/cargo-home:ro,Z" "-v" "/var/lib/crater-agent-workspace/rustup-home:/opt/rustwide/rustup-home:ro,Z" "-e" "SOURCE_DIR=/opt/rustwide/workdir" "-e" "CARGO_TARGET_DIR=/opt/rustwide/target" "-e" "CARGO_INCREMENTAL=0" "-e" "RUST_BACKTRACE=full" "-e" "RUSTFLAGS=--cap-lints=warn" "-e" "RUSTDOCFLAGS=--cap-lints=warn" "-e" "CARGO_HOME=/opt/rustwide/cargo-home" "-e" "RUSTUP_HOME=/opt/rustwide/rustup-home" "-w" "/opt/rustwide/workdir" "-m" "1610612736" "--user" "0:0" "--network" "none" "ghcr.io/rust-lang/crates-build-env/linux@sha256:2788e3201cd34a07e3172128adcd8b3090168a8e3bcc40d7c032b9dda1df7d1c" "/opt/rustwide/cargo-home/bin/cargo" "+1.75.0" "test" "--frozen" "--no-run" "--message-format=json", kill_on_drop: false }`
[INFO] [stdout] 60886fa355affd8c9cad46aadb57304913cf8e4750c2c752be2ea0e3e64fdadc
[INFO] running `Command { std: "docker" "start" "-a" "60886fa355affd8c9cad46aadb57304913cf8e4750c2c752be2ea0e3e64fdadc", kill_on_drop: false }`
[INFO] [stderr]    Compiling imply_option v0.1.2 (/opt/rustwide/workdir)
[INFO] [stderr]     Finished test [unoptimized + debuginfo] target(s) in 0.25s
[INFO] running `Command { std: "docker" "inspect" "60886fa355affd8c9cad46aadb57304913cf8e4750c2c752be2ea0e3e64fdadc", kill_on_drop: false }`
[INFO] running `Command { std: "docker" "rm" "-f" "60886fa355affd8c9cad46aadb57304913cf8e4750c2c752be2ea0e3e64fdadc", kill_on_drop: false }`
[INFO] [stdout] 60886fa355affd8c9cad46aadb57304913cf8e4750c2c752be2ea0e3e64fdadc
[INFO] running `Command { std: "docker" "create" "-v" "/var/lib/crater-agent-workspace/builds/worker-5-tc1/target:/opt/rustwide/target:rw,Z" "-v" "/var/lib/crater-agent-workspace/builds/worker-5-tc1/source:/opt/rustwide/workdir:ro,Z" "-v" "/var/lib/crater-agent-workspace/cargo-home:/opt/rustwide/cargo-home:ro,Z" "-v" "/var/lib/crater-agent-workspace/rustup-home:/opt/rustwide/rustup-home:ro,Z" "-e" "SOURCE_DIR=/opt/rustwide/workdir" "-e" "CARGO_TARGET_DIR=/opt/rustwide/target" "-e" "CARGO_INCREMENTAL=0" "-e" "RUST_BACKTRACE=full" "-e" "RUSTFLAGS=--cap-lints=warn" "-e" "RUSTDOCFLAGS=--cap-lints=warn" "-e" "CARGO_HOME=/opt/rustwide/cargo-home" "-e" "RUSTUP_HOME=/opt/rustwide/rustup-home" "-w" "/opt/rustwide/workdir" "-m" "1610612736" "--user" "0:0" "--network" "none" "ghcr.io/rust-lang/crates-build-env/linux@sha256:2788e3201cd34a07e3172128adcd8b3090168a8e3bcc40d7c032b9dda1df7d1c" "/opt/rustwide/cargo-home/bin/cargo" "+1.75.0" "test" "--frozen", kill_on_drop: false }`
[INFO] [stdout] c02a1492826d0c42ffac2bf274ffa0e0b4eff1e9b7fd41635b9e9a35f32c0875
[INFO] running `Command { std: "docker" "start" "-a" "c02a1492826d0c42ffac2bf274ffa0e0b4eff1e9b7fd41635b9e9a35f32c0875", kill_on_drop: false }`
[INFO] [stderr]     Finished test [unoptimized + debuginfo] target(s) in 0.00s
[INFO] [stderr]      Running unittests src/lib.rs (/opt/rustwide/target/debug/deps/imply_option-8916d8ec5590f096)
[INFO] [stdout] 
[INFO] [stdout] running 0 tests
[INFO] [stdout] 
[INFO] [stdout] test result: ok. 0 passed; 0 failed; 0 ignored; 0 measured; 0 filtered out; finished in 0.00s
[INFO] [stdout] 
[INFO] [stderr]    Doc-tests imply_option
[INFO] [stdout] 
[INFO] [stdout] running 1 test
[INFO] [stdout] test src/lib.rs - (line 5) ... FAILED
[INFO] [stdout] 
[INFO] [stdout] failures:
[INFO] [stdout] 
[INFO] [stdout] ---- src/lib.rs - (line 5) stdout ----
[INFO] [stdout] error[E0277]: expected a `FnOnce()` closure, found `{integer}`
[INFO] [stdout]  --> src/lib.rs:13:26
[INFO] [stdout]   |
[INFO] [stdout] 9 |     assert_eq!(pass.then(1), Some(1));
[INFO] [stdout]   |                     ---- ^ expected an `FnOnce()` closure, found `{integer}`
[INFO] [stdout]   |                     |
[INFO] [stdout]   |                     required by a bound introduced by this call
[INFO] [stdout]   |
[INFO] [stdout]   = help: the trait `FnOnce<()>` is not implemented for `{integer}`
[INFO] [stdout]   = note: wrap the `{integer}` in a closure with no arguments: `|| { /* code */ }`
[INFO] [stdout] note: required by a bound in `core::bool::<impl bool>::then`
[INFO] [stdout]  --> /rustc/82e1608dfa6e0b5569232559e3d385fea5a93112/library/core/src/bool.rs:59:5
[INFO] [stdout] 
[INFO] [stdout] error[E0277]: expected a `FnOnce()` closure, found `{integer}`
[INFO] [stdout]   --> src/lib.rs:18:26
[INFO] [stdout]    |
[INFO] [stdout] 14 |     assert_eq!(fail.then(1), None);
[INFO] [stdout]    |                     ---- ^ expected an `FnOnce()` closure, found `{integer}`
[INFO] [stdout]    |                     |
[INFO] [stdout]    |                     required by a bound introduced by this call
[INFO] [stdout]    |
[INFO] [stdout]    = help: the trait `FnOnce<()>` is not implemented for `{integer}`
[INFO] [stdout]    = note: wrap the `{integer}` in a closure with no arguments: `|| { /* code */ }`
[INFO] [stdout] note: required by a bound in `core::bool::<impl bool>::then`
[INFO] [stdout]   --> /rustc/82e1608dfa6e0b5569232559e3d385fea5a93112/library/core/src/bool.rs:59:5
[INFO] [stdout] 
[INFO] [stdout] error: aborting due to 2 previous errors
[INFO] [stdout] 
[INFO] [stdout] For more information about this error, try `rustc --explain E0277`.
[INFO] [stdout] Couldn't compile the test.
[INFO] [stdout] 
[INFO] [stdout] failures:
[INFO] [stdout]     src/lib.rs - (line 5)
[INFO] [stdout] 
[INFO] [stdout] test result: FAILED. 0 passed; 1 failed; 0 ignored; 0 measured; 0 filtered out; finished in 0.05s
[INFO] [stdout] 
[INFO] [stderr] error: doctest failed, to rerun pass `--doc`
[INFO] running `Command { std: "docker" "inspect" "c02a1492826d0c42ffac2bf274ffa0e0b4eff1e9b7fd41635b9e9a35f32c0875", kill_on_drop: false }`
[INFO] running `Command { std: "docker" "rm" "-f" "c02a1492826d0c42ffac2bf274ffa0e0b4eff1e9b7fd41635b9e9a35f32c0875", kill_on_drop: false }`
[INFO] [stdout] c02a1492826d0c42ffac2bf274ffa0e0b4eff1e9b7fd41635b9e9a35f32c0875
[INFO] testing imply_option-0.1.2 against beta-2023-12-22 for beta-1.76-1
[INFO] extracting crate imply_option 0.1.2 into /workspace/builds/worker-5-tc2/source
[INFO] validating manifest of crates.io crate imply_option 0.1.2 on toolchain beta-2023-12-22
[INFO] running `Command { std: CARGO_HOME="/workspace/cargo-home" RUSTUP_HOME="/workspace/rustup-home" "/workspace/cargo-home/bin/cargo" "+beta-2023-12-22" "metadata" "--manifest-path" "Cargo.toml" "--no-deps", kill_on_drop: false }`
[INFO] started tweaking crates.io crate imply_option 0.1.2
[INFO] finished tweaking crates.io crate imply_option 0.1.2
[INFO] tweaked toml for crates.io crate imply_option 0.1.2 written to /workspace/builds/worker-5-tc2/source/Cargo.toml
[INFO] running `Command { std: CARGO_HOME="/workspace/cargo-home" RUSTUP_HOME="/workspace/rustup-home" "/workspace/cargo-home/bin/cargo" "+beta-2023-12-22" "generate-lockfile" "--manifest-path" "Cargo.toml", kill_on_drop: false }`
[INFO] running `Command { std: CARGO_HOME="/workspace/cargo-home" RUSTUP_HOME="/workspace/rustup-home" "/workspace/cargo-home/bin/cargo" "+beta-2023-12-22" "fetch" "--manifest-path" "Cargo.toml", kill_on_drop: false }`
[INFO] running `Command { std: "docker" "create" "-v" "/var/lib/crater-agent-workspace/builds/worker-5-tc2/target:/opt/rustwide/target:rw,Z" "-v" "/var/lib/crater-agent-workspace/builds/worker-5-tc2/source:/opt/rustwide/workdir:ro,Z" "-v" "/var/lib/crater-agent-workspace/cargo-home:/opt/rustwide/cargo-home:ro,Z" "-v" "/var/lib/crater-agent-workspace/rustup-home:/opt/rustwide/rustup-home:ro,Z" "-e" "SOURCE_DIR=/opt/rustwide/workdir" "-e" "CARGO_TARGET_DIR=/opt/rustwide/target" "-e" "CARGO_HOME=/opt/rustwide/cargo-home" "-e" "RUSTUP_HOME=/opt/rustwide/rustup-home" "-w" "/opt/rustwide/workdir" "-m" "1610612736" "--user" "0:0" "--network" "none" "ghcr.io/rust-lang/crates-build-env/linux@sha256:2788e3201cd34a07e3172128adcd8b3090168a8e3bcc40d7c032b9dda1df7d1c" "/opt/rustwide/cargo-home/bin/cargo" "+beta-2023-12-22" "metadata" "--no-deps" "--format-version=1", kill_on_drop: false }`
[INFO] [stdout] dbfcf71bb2aaad96ee10ff9f8089c7102b4813544f08eb5b0a0de77e00307527
[INFO] running `Command { std: "docker" "start" "-a" "dbfcf71bb2aaad96ee10ff9f8089c7102b4813544f08eb5b0a0de77e00307527", kill_on_drop: false }`
[INFO] running `Command { std: "docker" "inspect" "dbfcf71bb2aaad96ee10ff9f8089c7102b4813544f08eb5b0a0de77e00307527", kill_on_drop: false }`
[INFO] running `Command { std: "docker" "rm" "-f" "dbfcf71bb2aaad96ee10ff9f8089c7102b4813544f08eb5b0a0de77e00307527", kill_on_drop: false }`
[INFO] [stdout] dbfcf71bb2aaad96ee10ff9f8089c7102b4813544f08eb5b0a0de77e00307527
[INFO] running `Command { std: "docker" "create" "-v" "/var/lib/crater-agent-workspace/builds/worker-5-tc2/target:/opt/rustwide/target:rw,Z" "-v" "/var/lib/crater-agent-workspace/builds/worker-5-tc2/source:/opt/rustwide/workdir:ro,Z" "-v" "/var/lib/crater-agent-workspace/cargo-home:/opt/rustwide/cargo-home:ro,Z" "-v" "/var/lib/crater-agent-workspace/rustup-home:/opt/rustwide/rustup-home:ro,Z" "-e" "SOURCE_DIR=/opt/rustwide/workdir" "-e" "CARGO_TARGET_DIR=/opt/rustwide/target" "-e" "CARGO_INCREMENTAL=0" "-e" "RUST_BACKTRACE=full" "-e" "RUSTFLAGS=--cap-lints=warn" "-e" "RUSTDOCFLAGS=--cap-lints=warn" "-e" "CARGO_HOME=/opt/rustwide/cargo-home" "-e" "RUSTUP_HOME=/opt/rustwide/rustup-home" "-w" "/opt/rustwide/workdir" "-m" "1610612736" "--user" "0:0" "--network" "none" "ghcr.io/rust-lang/crates-build-env/linux@sha256:2788e3201cd34a07e3172128adcd8b3090168a8e3bcc40d7c032b9dda1df7d1c" "/opt/rustwide/cargo-home/bin/cargo" "+beta-2023-12-22" "build" "--frozen" "--message-format=json", kill_on_drop: false }`
[INFO] [stdout] 6116087e23ec89963653c6ccb763370881f197f7c7df8396ae641f30dd32dad7
[INFO] running `Command { std: "docker" "start" "-a" "6116087e23ec89963653c6ccb763370881f197f7c7df8396ae641f30dd32dad7", kill_on_drop: false }`
[INFO] [stderr]    Compiling imply_option v0.1.2 (/opt/rustwide/workdir)
[INFO] [stderr]     Finished dev [unoptimized + debuginfo] target(s) in 0.05s
[INFO] running `Command { std: "docker" "inspect" "6116087e23ec89963653c6ccb763370881f197f7c7df8396ae641f30dd32dad7", kill_on_drop: false }`
[INFO] running `Command { std: "docker" "rm" "-f" "6116087e23ec89963653c6ccb763370881f197f7c7df8396ae641f30dd32dad7", kill_on_drop: false }`
[INFO] [stdout] 6116087e23ec89963653c6ccb763370881f197f7c7df8396ae641f30dd32dad7
[INFO] running `Command { std: "docker" "create" "-v" "/var/lib/crater-agent-workspace/builds/worker-5-tc2/target:/opt/rustwide/target:rw,Z" "-v" "/var/lib/crater-agent-workspace/builds/worker-5-tc2/source:/opt/rustwide/workdir:ro,Z" "-v" "/var/lib/crater-agent-workspace/cargo-home:/opt/rustwide/cargo-home:ro,Z" "-v" "/var/lib/crater-agent-workspace/rustup-home:/opt/rustwide/rustup-home:ro,Z" "-e" "SOURCE_DIR=/opt/rustwide/workdir" "-e" "CARGO_TARGET_DIR=/opt/rustwide/target" "-e" "CARGO_INCREMENTAL=0" "-e" "RUST_BACKTRACE=full" "-e" "RUSTFLAGS=--cap-lints=warn" "-e" "RUSTDOCFLAGS=--cap-lints=warn" "-e" "CARGO_HOME=/opt/rustwide/cargo-home" "-e" "RUSTUP_HOME=/opt/rustwide/rustup-home" "-w" "/opt/rustwide/workdir" "-m" "1610612736" "--user" "0:0" "--network" "none" "ghcr.io/rust-lang/crates-build-env/linux@sha256:2788e3201cd34a07e3172128adcd8b3090168a8e3bcc40d7c032b9dda1df7d1c" "/opt/rustwide/cargo-home/bin/cargo" "+beta-2023-12-22" "test" "--frozen" "--no-run" "--message-format=json", kill_on_drop: false }`
[INFO] [stdout] 820fff6c50fc1c29ba411c8a14e3480660e061edada16c06b9bdc28f440a72a1
[INFO] running `Command { std: "docker" "start" "-a" "820fff6c50fc1c29ba411c8a14e3480660e061edada16c06b9bdc28f440a72a1", kill_on_drop: false }`
[INFO] [stderr]    Compiling imply_option v0.1.2 (/opt/rustwide/workdir)
[INFO] [stderr]     Finished test [unoptimized + debuginfo] target(s) in 0.19s
[INFO] running `Command { std: "docker" "inspect" "820fff6c50fc1c29ba411c8a14e3480660e061edada16c06b9bdc28f440a72a1", kill_on_drop: false }`
[INFO] running `Command { std: "docker" "rm" "-f" "820fff6c50fc1c29ba411c8a14e3480660e061edada16c06b9bdc28f440a72a1", kill_on_drop: false }`
[INFO] [stdout] 820fff6c50fc1c29ba411c8a14e3480660e061edada16c06b9bdc28f440a72a1
[INFO] running `Command { std: "docker" "create" "-v" "/var/lib/crater-agent-workspace/builds/worker-5-tc2/target:/opt/rustwide/target:rw,Z" "-v" "/var/lib/crater-agent-workspace/builds/worker-5-tc2/source:/opt/rustwide/workdir:ro,Z" "-v" "/var/lib/crater-agent-workspace/cargo-home:/opt/rustwide/cargo-home:ro,Z" "-v" "/var/lib/crater-agent-workspace/rustup-home:/opt/rustwide/rustup-home:ro,Z" "-e" "SOURCE_DIR=/opt/rustwide/workdir" "-e" "CARGO_TARGET_DIR=/opt/rustwide/target" "-e" "CARGO_INCREMENTAL=0" "-e" "RUST_BACKTRACE=full" "-e" "RUSTFLAGS=--cap-lints=warn" "-e" "RUSTDOCFLAGS=--cap-lints=warn" "-e" "CARGO_HOME=/opt/rustwide/cargo-home" "-e" "RUSTUP_HOME=/opt/rustwide/rustup-home" "-w" "/opt/rustwide/workdir" "-m" "1610612736" "--user" "0:0" "--network" "none" "ghcr.io/rust-lang/crates-build-env/linux@sha256:2788e3201cd34a07e3172128adcd8b3090168a8e3bcc40d7c032b9dda1df7d1c" "/opt/rustwide/cargo-home/bin/cargo" "+beta-2023-12-22" "test" "--frozen", kill_on_drop: false }`
[INFO] [stdout] f46e67a0076c5aab6ef0f3e63aac30c792d24c43c8c2ed71779ce1dbecf62370
[INFO] running `Command { std: "docker" "start" "-a" "f46e67a0076c5aab6ef0f3e63aac30c792d24c43c8c2ed71779ce1dbecf62370", kill_on_drop: false }`
[INFO] [stderr]     Finished test [unoptimized + debuginfo] target(s) in 0.00s
[INFO] [stderr]      Running unittests src/lib.rs (/opt/rustwide/target/debug/deps/imply_option-29454a2af44dd59a)
[INFO] [stdout] 
[INFO] [stdout] running 0 tests
[INFO] [stdout] 
[INFO] [stdout] test result: ok. 0 passed; 0 failed; 0 ignored; 0 measured; 0 filtered out; finished in 0.00s
[INFO] [stdout] 
[INFO] [stderr]    Doc-tests imply_option
[INFO] [stdout] 
[INFO] [stdout] running 1 test
[INFO] [stdout] test src/lib.rs - (line 5) ... FAILED
[INFO] [stdout] 
[INFO] [stdout] failures:
[INFO] [stdout] 
[INFO] [stdout] ---- src/lib.rs - (line 5) stdout ----
[INFO] [stdout] error[E0277]: expected a `FnOnce()` closure, found `{integer}`
[INFO] [stdout]  --> src/lib.rs:13:26
[INFO] [stdout]   |
[INFO] [stdout] 9 |     assert_eq!(pass.then(1), Some(1));
[INFO] [stdout]   |                     ---- ^ expected an `FnOnce()` closure, found `{integer}`
[INFO] [stdout]   |                     |
[INFO] [stdout]   |                     required by a bound introduced by this call
[INFO] [stdout]   |
[INFO] [stdout]   = help: the trait `FnOnce<()>` is not implemented for `{integer}`
[INFO] [stdout]   = note: wrap the `{integer}` in a closure with no arguments: `|| { /* code */ }`
[INFO] [stdout] note: required by a bound in `core::bool::<impl bool>::then`
[INFO] [stdout]  --> /rustc/0e09125c6c3c2fd70d7de961bcf0e51575235fad/library/core/src/bool.rs:59:5
[INFO] [stdout] 
[INFO] [stdout] error[E0277]: expected a `FnOnce()` closure, found `{integer}`
[INFO] [stdout]   --> src/lib.rs:18:26
[INFO] [stdout]    |
[INFO] [stdout] 14 |     assert_eq!(fail.then(1), None);
[INFO] [stdout]    |                     ---- ^ expected an `FnOnce()` closure, found `{integer}`
[INFO] [stdout]    |                     |
[INFO] [stdout]    |                     required by a bound introduced by this call
[INFO] [stdout]    |
[INFO] [stdout]    = help: the trait `FnOnce<()>` is not implemented for `{integer}`
[INFO] [stdout]    = note: wrap the `{integer}` in a closure with no arguments: `|| { /* code */ }`
[INFO] [stdout] note: required by a bound in `core::bool::<impl bool>::then`
[INFO] [stdout]   --> /rustc/0e09125c6c3c2fd70d7de961bcf0e51575235fad/library/core/src/bool.rs:59:5
[INFO] [stdout] 
[INFO] [stdout] error: aborting due to 2 previous errors
[INFO] [stdout] 
[INFO] [stdout] For more information about this error, try `rustc --explain E0277`.
[INFO] [stdout] Couldn't compile the test.
[INFO] [stdout] 
[INFO] [stdout] failures:
[INFO] [stdout]     src/lib.rs - (line 5)
[INFO] [stdout] 
[INFO] [stdout] test result: FAILED. 0 passed; 1 failed; 0 ignored; 0 measured; 0 filtered out; finished in 0.05s
[INFO] [stdout] 
[INFO] [stderr] error: doctest failed, to rerun pass `--doc`
[INFO] running `Command { std: "docker" "inspect" "f46e67a0076c5aab6ef0f3e63aac30c792d24c43c8c2ed71779ce1dbecf62370", kill_on_drop: false }`
[INFO] running `Command { std: "docker" "rm" "-f" "f46e67a0076c5aab6ef0f3e63aac30c792d24c43c8c2ed71779ce1dbecf62370", kill_on_drop: false }`
[INFO] [stdout] f46e67a0076c5aab6ef0f3e63aac30c792d24c43c8c2ed71779ce1dbecf62370
