[INFO] fetching crate impl-trait-for-tuples 0.2.2...
[INFO] testing impl-trait-for-tuples-0.2.2 against 1.75.0 for beta-1.76-1
[INFO] extracting crate impl-trait-for-tuples 0.2.2 into /workspace/builds/worker-4-tc1/source
[INFO] validating manifest of crates.io crate impl-trait-for-tuples 0.2.2 on toolchain 1.75.0
[INFO] running `Command { std: CARGO_HOME="/workspace/cargo-home" RUSTUP_HOME="/workspace/rustup-home" "/workspace/cargo-home/bin/cargo" "+1.75.0" "metadata" "--manifest-path" "Cargo.toml" "--no-deps", kill_on_drop: false }`
[INFO] started tweaking crates.io crate impl-trait-for-tuples 0.2.2
[INFO] finished tweaking crates.io crate impl-trait-for-tuples 0.2.2
[INFO] tweaked toml for crates.io crate impl-trait-for-tuples 0.2.2 written to /workspace/builds/worker-4-tc1/source/Cargo.toml
[INFO] running `Command { std: CARGO_HOME="/workspace/cargo-home" RUSTUP_HOME="/workspace/rustup-home" "/workspace/cargo-home/bin/cargo" "+1.75.0" "generate-lockfile" "--manifest-path" "Cargo.toml", kill_on_drop: false }`
[INFO] [stderr]     Updating crates.io index
[INFO] running `Command { std: CARGO_HOME="/workspace/cargo-home" RUSTUP_HOME="/workspace/rustup-home" "/workspace/cargo-home/bin/cargo" "+1.75.0" "fetch" "--manifest-path" "Cargo.toml", kill_on_drop: false }`
[INFO] running `Command { std: "docker" "create" "-v" "/var/lib/crater-agent-workspace/builds/worker-4-tc1/target:/opt/rustwide/target:rw,Z" "-v" "/var/lib/crater-agent-workspace/builds/worker-4-tc1/source:/opt/rustwide/workdir:ro,Z" "-v" "/var/lib/crater-agent-workspace/cargo-home:/opt/rustwide/cargo-home:ro,Z" "-v" "/var/lib/crater-agent-workspace/rustup-home:/opt/rustwide/rustup-home:ro,Z" "-e" "SOURCE_DIR=/opt/rustwide/workdir" "-e" "CARGO_TARGET_DIR=/opt/rustwide/target" "-e" "CARGO_HOME=/opt/rustwide/cargo-home" "-e" "RUSTUP_HOME=/opt/rustwide/rustup-home" "-w" "/opt/rustwide/workdir" "-m" "1610612736" "--user" "0:0" "--network" "none" "ghcr.io/rust-lang/crates-build-env/linux@sha256:2788e3201cd34a07e3172128adcd8b3090168a8e3bcc40d7c032b9dda1df7d1c" "/opt/rustwide/cargo-home/bin/cargo" "+1.75.0" "metadata" "--no-deps" "--format-version=1", kill_on_drop: false }`
[INFO] [stdout] 2a0d4c0d585266a5e32c0821190b84c5288917f2ef50919b5b8ca51cf06bb16a
[INFO] running `Command { std: "docker" "start" "-a" "2a0d4c0d585266a5e32c0821190b84c5288917f2ef50919b5b8ca51cf06bb16a", kill_on_drop: false }`
[INFO] running `Command { std: "docker" "inspect" "2a0d4c0d585266a5e32c0821190b84c5288917f2ef50919b5b8ca51cf06bb16a", kill_on_drop: false }`
[INFO] running `Command { std: "docker" "rm" "-f" "2a0d4c0d585266a5e32c0821190b84c5288917f2ef50919b5b8ca51cf06bb16a", kill_on_drop: false }`
[INFO] [stdout] 2a0d4c0d585266a5e32c0821190b84c5288917f2ef50919b5b8ca51cf06bb16a
[INFO] running `Command { std: "docker" "create" "-v" "/var/lib/crater-agent-workspace/builds/worker-4-tc1/target:/opt/rustwide/target:rw,Z" "-v" "/var/lib/crater-agent-workspace/builds/worker-4-tc1/source:/opt/rustwide/workdir:ro,Z" "-v" "/var/lib/crater-agent-workspace/cargo-home:/opt/rustwide/cargo-home:ro,Z" "-v" "/var/lib/crater-agent-workspace/rustup-home:/opt/rustwide/rustup-home:ro,Z" "-e" "SOURCE_DIR=/opt/rustwide/workdir" "-e" "CARGO_TARGET_DIR=/opt/rustwide/target" "-e" "CARGO_INCREMENTAL=0" "-e" "RUST_BACKTRACE=full" "-e" "RUSTFLAGS=--cap-lints=warn" "-e" "RUSTDOCFLAGS=--cap-lints=warn" "-e" "CARGO_HOME=/opt/rustwide/cargo-home" "-e" "RUSTUP_HOME=/opt/rustwide/rustup-home" "-w" "/opt/rustwide/workdir" "-m" "1610612736" "--user" "0:0" "--network" "none" "ghcr.io/rust-lang/crates-build-env/linux@sha256:2788e3201cd34a07e3172128adcd8b3090168a8e3bcc40d7c032b9dda1df7d1c" "/opt/rustwide/cargo-home/bin/cargo" "+1.75.0" "build" "--frozen" "--message-format=json", kill_on_drop: false }`
[INFO] [stdout] 08f17e7f09adfad03b13119592d558f47dcfdde254098f9a414ac216f847326a
[INFO] running `Command { std: "docker" "start" "-a" "08f17e7f09adfad03b13119592d558f47dcfdde254098f9a414ac216f847326a", kill_on_drop: false }`
[INFO] [stderr]    Compiling syn v1.0.109
[INFO] [stderr]    Compiling impl-trait-for-tuples v0.2.2 (/opt/rustwide/workdir)
[INFO] [stderr]     Finished dev [unoptimized + debuginfo] target(s) in 6.09s
[INFO] running `Command { std: "docker" "inspect" "08f17e7f09adfad03b13119592d558f47dcfdde254098f9a414ac216f847326a", kill_on_drop: false }`
[INFO] running `Command { std: "docker" "rm" "-f" "08f17e7f09adfad03b13119592d558f47dcfdde254098f9a414ac216f847326a", kill_on_drop: false }`
[INFO] [stdout] 08f17e7f09adfad03b13119592d558f47dcfdde254098f9a414ac216f847326a
[INFO] running `Command { std: "docker" "create" "-v" "/var/lib/crater-agent-workspace/builds/worker-4-tc1/target:/opt/rustwide/target:rw,Z" "-v" "/var/lib/crater-agent-workspace/builds/worker-4-tc1/source:/opt/rustwide/workdir:ro,Z" "-v" "/var/lib/crater-agent-workspace/cargo-home:/opt/rustwide/cargo-home:ro,Z" "-v" "/var/lib/crater-agent-workspace/rustup-home:/opt/rustwide/rustup-home:ro,Z" "-e" "SOURCE_DIR=/opt/rustwide/workdir" "-e" "CARGO_TARGET_DIR=/opt/rustwide/target" "-e" "CARGO_INCREMENTAL=0" "-e" "RUST_BACKTRACE=full" "-e" "RUSTFLAGS=--cap-lints=warn" "-e" "RUSTDOCFLAGS=--cap-lints=warn" "-e" "CARGO_HOME=/opt/rustwide/cargo-home" "-e" "RUSTUP_HOME=/opt/rustwide/rustup-home" "-w" "/opt/rustwide/workdir" "-m" "1610612736" "--user" "0:0" "--network" "none" "ghcr.io/rust-lang/crates-build-env/linux@sha256:2788e3201cd34a07e3172128adcd8b3090168a8e3bcc40d7c032b9dda1df7d1c" "/opt/rustwide/cargo-home/bin/cargo" "+1.75.0" "test" "--frozen" "--no-run" "--message-format=json", kill_on_drop: false }`
[INFO] [stdout] f5f3776dcf37f3d81ad431e22a1c90fa32fa3b4f7a6a47d89623bad2390925d3
[INFO] running `Command { std: "docker" "start" "-a" "f5f3776dcf37f3d81ad431e22a1c90fa32fa3b4f7a6a47d89623bad2390925d3", kill_on_drop: false }`
[INFO] [stderr]    Compiling trybuild v1.0.87
[INFO] [stderr]    Compiling termcolor v1.4.0
[INFO] [stderr]    Compiling glob v0.3.1
[INFO] [stderr]    Compiling syn v1.0.109
[INFO] [stderr]    Compiling syn v2.0.48
[INFO] [stderr]    Compiling basic-toml v0.1.8
[INFO] [stderr]    Compiling serde_derive v1.0.194
[INFO] [stderr]    Compiling impl-trait-for-tuples v0.2.2 (/opt/rustwide/workdir)
[INFO] [stderr]     Finished test [unoptimized + debuginfo] target(s) in 8.98s
[INFO] running `Command { std: "docker" "inspect" "f5f3776dcf37f3d81ad431e22a1c90fa32fa3b4f7a6a47d89623bad2390925d3", kill_on_drop: false }`
[INFO] running `Command { std: "docker" "rm" "-f" "f5f3776dcf37f3d81ad431e22a1c90fa32fa3b4f7a6a47d89623bad2390925d3", kill_on_drop: false }`
[INFO] [stdout] f5f3776dcf37f3d81ad431e22a1c90fa32fa3b4f7a6a47d89623bad2390925d3
[INFO] running `Command { std: "docker" "create" "-v" "/var/lib/crater-agent-workspace/builds/worker-4-tc1/target:/opt/rustwide/target:rw,Z" "-v" "/var/lib/crater-agent-workspace/builds/worker-4-tc1/source:/opt/rustwide/workdir:ro,Z" "-v" "/var/lib/crater-agent-workspace/cargo-home:/opt/rustwide/cargo-home:ro,Z" "-v" "/var/lib/crater-agent-workspace/rustup-home:/opt/rustwide/rustup-home:ro,Z" "-e" "SOURCE_DIR=/opt/rustwide/workdir" "-e" "CARGO_TARGET_DIR=/opt/rustwide/target" "-e" "CARGO_INCREMENTAL=0" "-e" "RUST_BACKTRACE=full" "-e" "RUSTFLAGS=--cap-lints=warn" "-e" "RUSTDOCFLAGS=--cap-lints=warn" "-e" "CARGO_HOME=/opt/rustwide/cargo-home" "-e" "RUSTUP_HOME=/opt/rustwide/rustup-home" "-w" "/opt/rustwide/workdir" "-m" "1610612736" "--user" "0:0" "--network" "none" "ghcr.io/rust-lang/crates-build-env/linux@sha256:2788e3201cd34a07e3172128adcd8b3090168a8e3bcc40d7c032b9dda1df7d1c" "/opt/rustwide/cargo-home/bin/cargo" "+1.75.0" "test" "--frozen", kill_on_drop: false }`
[INFO] [stdout] 3ee0cf964af05df2bbf06310569174f5b86d623fc65a9dc1e4b63e319df16777
[INFO] running `Command { std: "docker" "start" "-a" "3ee0cf964af05df2bbf06310569174f5b86d623fc65a9dc1e4b63e319df16777", kill_on_drop: false }`
[INFO] [stderr]     Finished test [unoptimized + debuginfo] target(s) in 0.03s
[INFO] [stderr]      Running unittests src/lib.rs (/opt/rustwide/target/debug/deps/impl_trait_for_tuples-8aae87cd570a7294)
[INFO] [stdout] 
[INFO] [stdout] running 0 tests
[INFO] [stdout] 
[INFO] [stdout] test result: ok. 0 passed; 0 failed; 0 ignored; 0 measured; 0 filtered out; finished in 0.00s
[INFO] [stdout] 
[INFO] [stderr]      Running tests/codegen.rs (/opt/rustwide/target/debug/deps/codegen-b5f76df14c05e4b3)
[INFO] [stdout] 
[INFO] [stdout] running 23 tests
[INFO] [stdout] test for_tuples_in_nested_expr_works ... ok
[INFO] [stdout] test full_automatic_accept_empty_tuple_return ... ok
[INFO] [stdout] test accept_attributes ... ok
[INFO] [stdout] test full_automatic_unsafe_trait ... ok
[INFO] [stdout] test is_implemented_for_tuples ... ok
[INFO] [stdout] test is_implemented_for_tuples_with_semi ... ok
[INFO] [stdout] test semi_automatic_associated_const ... ok
[INFO] [stdout] test semi_automatic_associated_const_calculation ... ok
[INFO] [stdout] test semi_automatic_associated_type ... ok
[INFO] [stdout] test semi_automatic_tuple_access ... ok
[INFO] [stdout] test semi_automatic_tuple_as_ref ... ok
[INFO] [stdout] test semi_automatic_tuple_with_custom_advanced_trait_bound ... ok
[INFO] [stdout] test semi_automatic_tuple_with_custom_trait_bound ... ok
[INFO] [stdout] test semi_automatic_unsafe_trait ... ok
[INFO] [stdout] test semi_automatic_with_custom_where_clause ... ok
[INFO] [stdout] test test_separators ... ok
[INFO] [stdout] test trait_with_associated_type ... ok
[INFO] [stdout] test trait_with_associated_type_and_generics ... ok
[INFO] [stdout] test trait_with_associated_type_and_self ... ok
[INFO] [stdout] test trait_with_functions ... ok
[INFO] [stdout] test trait_with_return_type ... ok
[INFO] [stdout] test trait_with_static_functions ... ok
[INFO] [stdout] test trait_with_static_functions_and_generics ... ok
[INFO] [stdout] 
[INFO] [stdout] test result: ok. 23 passed; 0 failed; 0 ignored; 0 measured; 0 filtered out; finished in 0.00s
[INFO] [stdout] 
[INFO] [stderr]      Running tests/fail.rs (/opt/rustwide/target/debug/deps/fail-56e923f71e9d16c2)
[INFO] [stdout] 
[INFO] [stdout] running 1 test
[INFO] [stderr]    Compiling proc-macro2 v1.0.75
[INFO] [stderr]    Compiling syn v1.0.109
[INFO] [stderr]    Compiling unicode-ident v1.0.12
[INFO] [stderr]     Checking quote v1.0.35
[INFO] [stderr]    Compiling impl-trait-for-tuples v0.2.2 (/opt/rustwide/workdir)
[INFO] [stderr]     Checking impl-trait-for-tuples-tests v0.0.0 (/opt/rustwide/target/tests/trybuild/impl-trait-for-tuples)
[INFO] [stderr]     Finished dev [unoptimized + debuginfo] target(s) in 8.00s
[INFO] [stderr] 
[INFO] [stderr] 
[INFO] [stderr] test tests/fail/custom_trait_bound_invalid.rs ... mismatch
[INFO] [stderr] 
[INFO] [stderr] EXPECTED:
[INFO] [stderr] ┈┈┈┈┈┈┈┈┈┈┈┈┈┈┈┈┈┈┈┈┈┈┈┈┈┈┈┈┈┈┈┈┈┈┈┈┈┈┈┈┈┈┈┈┈┈┈┈┈┈┈┈┈┈┈┈┈┈┈┈
[INFO] [stderr] error: Invalid trait bound: unexpected token
[INFO] [stderr]   --> tests/fail/custom_trait_bound_invalid.rs:14:40
[INFO] [stderr]    |
[INFO] [stderr] 14 | #[tuple_types_custom_trait_bound(Custom, Clone)]
[INFO] [stderr]    |                                        ^
[INFO] [stderr] 
[INFO] [stderr] error[E0277]: the trait bound `(Impl, Impl): Test` is not satisfied
[INFO] [stderr]   --> tests/fail/custom_trait_bound_invalid.rs:32:12
[INFO] [stderr]    |
[INFO] [stderr] 32 |     test::<(Impl, Impl)>();
[INFO] [stderr]    |            ^^^^^^^^^^^^ the trait `Test` is not implemented for `(Impl, Impl)`
[INFO] [stderr]    |
[INFO] [stderr] note: required by a bound in `test`
[INFO] [stderr]   --> tests/fail/custom_trait_bound_invalid.rs:30:12
[INFO] [stderr]    |
[INFO] [stderr] 30 | fn test<T: Test>() {}
[INFO] [stderr]    |            ^^^^ required by this bound in `test`
[INFO] [stderr] 
[INFO] [stderr] error[E0277]: the trait bound `(Impl, Impl, Impl): Test` is not satisfied
[INFO] [stderr]   --> tests/fail/custom_trait_bound_invalid.rs:33:12
[INFO] [stderr]    |
[INFO] [stderr] 33 |     test::<(Impl, Impl, Impl)>();
[INFO] [stderr]    |            ^^^^^^^^^^^^^^^^^^ the trait `Test` is not implemented for `(Impl, Impl, Impl)`
[INFO] [stderr]    |
[INFO] [stderr] note: required by a bound in `test`
[INFO] [stderr]   --> tests/fail/custom_trait_bound_invalid.rs:30:12
[INFO] [stderr]    |
[INFO] [stderr] 30 | fn test<T: Test>() {}
[INFO] [stderr]    |            ^^^^ required by this bound in `test`
[INFO] [stderr] ┈┈┈┈┈┈┈┈┈┈┈┈┈┈┈┈┈┈┈┈┈┈┈┈┈┈┈┈┈┈┈┈┈┈┈┈┈┈┈┈┈┈┈┈┈┈┈┈┈┈┈┈┈┈┈┈┈┈┈┈
[INFO] [stderr] 
[INFO] [stderr] ACTUAL OUTPUT:
[INFO] [stderr] ┈┈┈┈┈┈┈┈┈┈┈┈┈┈┈┈┈┈┈┈┈┈┈┈┈┈┈┈┈┈┈┈┈┈┈┈┈┈┈┈┈┈┈┈┈┈┈┈┈┈┈┈┈┈┈┈┈┈┈┈
[INFO] [stderr] error: Invalid trait bound: unexpected token
[INFO] [stderr]   --> tests/fail/custom_trait_bound_invalid.rs:14:40
[INFO] [stderr]    |
[INFO] [stderr] 14 | #[tuple_types_custom_trait_bound(Custom, Clone)]
[INFO] [stderr]    |                                        ^
[INFO] [stderr] 
[INFO] [stderr] error[E0277]: the trait bound `(Impl, Impl): Test` is not satisfied
[INFO] [stderr]   --> tests/fail/custom_trait_bound_invalid.rs:32:12
[INFO] [stderr]    |
[INFO] [stderr] 32 |     test::<(Impl, Impl)>();
[INFO] [stderr]    |            ^^^^^^^^^^^^ the trait `Test` is not implemented for `(Impl, Impl)`
[INFO] [stderr]    |
[INFO] [stderr] help: this trait has no implementations, consider adding one
[INFO] [stderr]   --> tests/fail/custom_trait_bound_invalid.rs:1:1
[INFO] [stderr]    |
[INFO] [stderr] 1  | trait Test {
[INFO] [stderr]    | ^^^^^^^^^^
[INFO] [stderr] note: required by a bound in `test`
[INFO] [stderr]   --> tests/fail/custom_trait_bound_invalid.rs:30:12
[INFO] [stderr]    |
[INFO] [stderr] 30 | fn test<T: Test>() {}
[INFO] [stderr]    |            ^^^^ required by this bound in `test`
[INFO] [stderr] 
[INFO] [stderr] error[E0277]: the trait bound `(Impl, Impl, Impl): Test` is not satisfied
[INFO] [stderr]   --> tests/fail/custom_trait_bound_invalid.rs:33:12
[INFO] [stderr]    |
[INFO] [stderr] 33 |     test::<(Impl, Impl, Impl)>();
[INFO] [stderr]    |            ^^^^^^^^^^^^^^^^^^ the trait `Test` is not implemented for `(Impl, Impl, Impl)`
[INFO] [stderr]    |
[INFO] [stderr] help: this trait has no implementations, consider adding one
[INFO] [stderr]   --> tests/fail/custom_trait_bound_invalid.rs:1:1
[INFO] [stderr]    |
[INFO] [stderr] 1  | trait Test {
[INFO] [stderr]    | ^^^^^^^^^^
[INFO] [stderr] note: required by a bound in `test`
[INFO] [stderr]   --> tests/fail/custom_trait_bound_invalid.rs:30:12
[INFO] [stderr]    |
[INFO] [stderr] 30 | fn test<T: Test>() {}
[INFO] [stderr]    |            ^^^^ required by this bound in `test`
[INFO] [stderr] ┈┈┈┈┈┈┈┈┈┈┈┈┈┈┈┈┈┈┈┈┈┈┈┈┈┈┈┈┈┈┈┈┈┈┈┈┈┈┈┈┈┈┈┈┈┈┈┈┈┈┈┈┈┈┈┈┈┈┈┈
[INFO] [stderr] note: If the actual output is the correct output you can bless it by rerunning
[INFO] [stderr]       your test with the environment variable TRYBUILD=overwrite
[INFO] [stderr] 
[INFO] [stderr] test tests/fail/trait_bound_not_added.rs ... mismatch
[INFO] [stderr] 
[INFO] [stderr] EXPECTED:
[INFO] [stderr] ┈┈┈┈┈┈┈┈┈┈┈┈┈┈┈┈┈┈┈┈┈┈┈┈┈┈┈┈┈┈┈┈┈┈┈┈┈┈┈┈┈┈┈┈┈┈┈┈┈┈┈┈┈┈┈┈┈┈┈┈
[INFO] [stderr] error[E0046]: not all trait items implemented, missing: `test`
[INFO] [stderr]   --> $DIR/trait_bound_not_added.rs:15:1
[INFO] [stderr]    |
[INFO] [stderr] 2  |     fn test();
[INFO] [stderr]    |     ---------- `test` from trait
[INFO] [stderr] ...
[INFO] [stderr] 15 | impl Test for Impl {}
[INFO] [stderr]    | ^^^^^^^^^^^^^^^^^^ missing `test` in implementation
[INFO] [stderr] 
[INFO] [stderr] error[E0599]: no function or associated item named `test` found for type parameter `TupleElement0` in the current scope
[INFO] [stderr]  --> $DIR/trait_bound_not_added.rs:9:32
[INFO] [stderr]   |
[INFO] [stderr] 9 |         for_tuples!( #( Tuple::test(); )* )
[INFO] [stderr]   |                                ^^^^ function or associated item not found in `TupleElement0`
[INFO] [stderr]   |
[INFO] [stderr]   = help: items from traits can only be used if the type parameter is bounded by the trait
[INFO] [stderr] help: the following trait defines an item `test`, perhaps you need to restrict type parameter `TupleElement0` with it:
[INFO] [stderr]   |
[INFO] [stderr] 5 | TupleElement0: Test
[INFO] [stderr]   |
[INFO] [stderr] 
[INFO] [stderr] error[E0599]: no function or associated item named `test` found for type parameter `TupleElement1` in the current scope
[INFO] [stderr]  --> $DIR/trait_bound_not_added.rs:9:32
[INFO] [stderr]   |
[INFO] [stderr] 9 |         for_tuples!( #( Tuple::test(); )* )
[INFO] [stderr]   |                                ^^^^ function or associated item not found in `TupleElement1`
[INFO] [stderr]   |
[INFO] [stderr]   = help: items from traits can only be used if the type parameter is bounded by the trait
[INFO] [stderr] help: the following trait defines an item `test`, perhaps you need to restrict type parameter `TupleElement1` with it:
[INFO] [stderr]   |
[INFO] [stderr] 5 | TupleElement1: Test
[INFO] [stderr]   |
[INFO] [stderr] 
[INFO] [stderr] error[E0599]: no function or associated item named `test` found for type parameter `TupleElement2` in the current scope
[INFO] [stderr]  --> $DIR/trait_bound_not_added.rs:9:32
[INFO] [stderr]   |
[INFO] [stderr] 9 |         for_tuples!( #( Tuple::test(); )* )
[INFO] [stderr]   |                                ^^^^ function or associated item not found in `TupleElement2`
[INFO] [stderr]   |
[INFO] [stderr]   = help: items from traits can only be used if the type parameter is bounded by the trait
[INFO] [stderr] help: the following trait defines an item `test`, perhaps you need to restrict type parameter `TupleElement2` with it:
[INFO] [stderr]   |
[INFO] [stderr] 5 | TupleElement2: Test
[INFO] [stderr]   |
[INFO] [stderr] 
[INFO] [stderr] error[E0599]: no function or associated item named `test` found for type parameter `TupleElement3` in the current scope
[INFO] [stderr]  --> $DIR/trait_bound_not_added.rs:9:32
[INFO] [stderr]   |
[INFO] [stderr] 9 |         for_tuples!( #( Tuple::test(); )* )
[INFO] [stderr]   |                                ^^^^ function or associated item not found in `TupleElement3`
[INFO] [stderr]   |
[INFO] [stderr]   = help: items from traits can only be used if the type parameter is bounded by the trait
[INFO] [stderr] help: the following trait defines an item `test`, perhaps you need to restrict type parameter `TupleElement3` with it:
[INFO] [stderr]   |
[INFO] [stderr] 5 | TupleElement3: Test
[INFO] [stderr]   |
[INFO] [stderr] 
[INFO] [stderr] error[E0599]: no function or associated item named `test` found for type parameter `TupleElement4` in the current scope
[INFO] [stderr]  --> $DIR/trait_bound_not_added.rs:9:32
[INFO] [stderr]   |
[INFO] [stderr] 9 |         for_tuples!( #( Tuple::test(); )* )
[INFO] [stderr]   |                                ^^^^ function or associated item not found in `TupleElement4`
[INFO] [stderr]   |
[INFO] [stderr]   = help: items from traits can only be used if the type parameter is bounded by the trait
[INFO] [stderr] help: the following trait defines an item `test`, perhaps you need to restrict type parameter `TupleElement4` with it:
[INFO] [stderr]   |
[INFO] [stderr] 5 | TupleElement4: Test
[INFO] [stderr]   |
[INFO] [stderr] ┈┈┈┈┈┈┈┈┈┈┈┈┈┈┈┈┈┈┈┈┈┈┈┈┈┈┈┈┈┈┈┈┈┈┈┈┈┈┈┈┈┈┈┈┈┈┈┈┈┈┈┈┈┈┈┈┈┈┈┈
[INFO] [stderr] 
[INFO] [stderr] ACTUAL OUTPUT:
[INFO] [stderr] ┈┈┈┈┈┈┈┈┈┈┈┈┈┈┈┈┈┈┈┈┈┈┈┈┈┈┈┈┈┈┈┈┈┈┈┈┈┈┈┈┈┈┈┈┈┈┈┈┈┈┈┈┈┈┈┈┈┈┈┈
[INFO] [stderr] error[E0046]: not all trait items implemented, missing: `test`
[INFO] [stderr]   --> tests/fail/trait_bound_not_added.rs:15:1
[INFO] [stderr]    |
[INFO] [stderr] 2  |     fn test();
[INFO] [stderr]    |     ---------- `test` from trait
[INFO] [stderr] ...
[INFO] [stderr] 15 | impl Test for Impl {}
[INFO] [stderr]    | ^^^^^^^^^^^^^^^^^^ missing `test` in implementation
[INFO] [stderr] 
[INFO] [stderr] error[E0599]: no function or associated item named `test` found for type parameter `TupleElement0` in the current scope
[INFO] [stderr]  --> tests/fail/trait_bound_not_added.rs:9:32
[INFO] [stderr]   |
[INFO] [stderr] 5 | #[impl_trait_for_tuples::impl_for_tuples(5)]
[INFO] [stderr]   | -------------------------------------------- function or associated item `test` not found for this type parameter
[INFO] [stderr] ...
[INFO] [stderr] 9 |         for_tuples!( #( Tuple::test(); )* )
[INFO] [stderr]   |                                ^^^^ function or associated item not found in `TupleElement0`
[INFO] [stderr]   |
[INFO] [stderr]   = help: items from traits can only be used if the type parameter is bounded by the trait
[INFO] [stderr] help: the following trait defines an item `test`, perhaps you need to restrict type parameter `TupleElement0` with it:
[INFO] [stderr]   |
[INFO] [stderr] 5 | #[impl_trait_for_tuples::impl_for_tuples(5)]: Test
[INFO] [stderr]   |                                             ++++++
[INFO] [stderr] 
[INFO] [stderr] error[E0599]: no function or associated item named `test` found for type parameter `TupleElement1` in the current scope
[INFO] [stderr]  --> tests/fail/trait_bound_not_added.rs:9:32
[INFO] [stderr]   |
[INFO] [stderr] 5 | #[impl_trait_for_tuples::impl_for_tuples(5)]
[INFO] [stderr]   | -------------------------------------------- function or associated item `test` not found for this type parameter
[INFO] [stderr] ...
[INFO] [stderr] 9 |         for_tuples!( #( Tuple::test(); )* )
[INFO] [stderr]   |                                ^^^^ function or associated item not found in `TupleElement1`
[INFO] [stderr]   |
[INFO] [stderr]   = help: items from traits can only be used if the type parameter is bounded by the trait
[INFO] [stderr] help: the following trait defines an item `test`, perhaps you need to restrict type parameter `TupleElement1` with it:
[INFO] [stderr]   |
[INFO] [stderr] 5 | #[impl_trait_for_tuples::impl_for_tuples(5)]: Test
[INFO] [stderr]   |                                             ++++++
[INFO] [stderr] 
[INFO] [stderr] error[E0599]: no function or associated item named `test` found for type parameter `TupleElement2` in the current scope
[INFO] [stderr]  --> tests/fail/trait_bound_not_added.rs:9:32
[INFO] [stderr]   |
[INFO] [stderr] 5 | #[impl_trait_for_tuples::impl_for_tuples(5)]
[INFO] [stderr]   | -------------------------------------------- function or associated item `test` not found for this type parameter
[INFO] [stderr] ...
[INFO] [stderr] 9 |         for_tuples!( #( Tuple::test(); )* )
[INFO] [stderr]   |                                ^^^^ function or associated item not found in `TupleElement2`
[INFO] [stderr]   |
[INFO] [stderr]   = help: items from traits can only be used if the type parameter is bounded by the trait
[INFO] [stderr] help: the following trait defines an item `test`, perhaps you need to restrict type parameter `TupleElement2` with it:
[INFO] [stderr]   |
[INFO] [stderr] 5 | #[impl_trait_for_tuples::impl_for_tuples(5)]: Test
[INFO] [stderr]   |                                             ++++++
[INFO] [stderr] 
[INFO] [stderr] error[E0599]: no function or associated item named `test` found for type parameter `TupleElement3` in the current scope
[INFO] [stderr]  --> tests/fail/trait_bound_not_added.rs:9:32
[INFO] [stderr]   |
[INFO] [stderr] 5 | #[impl_trait_for_tuples::impl_for_tuples(5)]
[INFO] [stderr]   | -------------------------------------------- function or associated item `test` not found for this type parameter
[INFO] [stderr] ...
[INFO] [stderr] 9 |         for_tuples!( #( Tuple::test(); )* )
[INFO] [stderr]   |                                ^^^^ function or associated item not found in `TupleElement3`
[INFO] [stderr]   |
[INFO] [stderr]   = help: items from traits can only be used if the type parameter is bounded by the trait
[INFO] [stderr] help: the following trait defines an item `test`, perhaps you need to restrict type parameter `TupleElement3` with it:
[INFO] [stderr]   |
[INFO] [stderr] 5 | #[impl_trait_for_tuples::impl_for_tuples(5)]: Test
[INFO] [stderr]   |                                             ++++++
[INFO] [stderr] 
[INFO] [stderr] error[E0599]: no function or associated item named `test` found for type parameter `TupleElement4` in the current scope
[INFO] [stderr]  --> tests/fail/trait_bound_not_added.rs:9:32
[INFO] [stderr]   |
[INFO] [stderr] 5 | #[impl_trait_for_tuples::impl_for_tuples(5)]
[INFO] [stderr]   | -------------------------------------------- function or associated item `test` not found for this type parameter
[INFO] [stderr] ...
[INFO] [stderr] 9 |         for_tuples!( #( Tuple::test(); )* )
[INFO] [stderr]   |                                ^^^^ function or associated item not found in `TupleElement4`
[INFO] [stderr]   |
[INFO] [stderr]   = help: items from traits can only be used if the type parameter is bounded by the trait
[INFO] [stderr] help: the following trait defines an item `test`, perhaps you need to restrict type parameter `TupleElement4` with it:
[INFO] [stderr]   |
[INFO] [stderr] 5 | #[impl_trait_for_tuples::impl_for_tuples(5)]: Test
[INFO] [stderr]   |                                             ++++++
[INFO] [stderr] ┈┈┈┈┈┈┈┈┈┈┈┈┈┈┈┈┈┈┈┈┈┈┈┈┈┈┈┈┈┈┈┈┈┈┈┈┈┈┈┈┈┈┈┈┈┈┈┈┈┈┈┈┈┈┈┈┈┈┈┈
[INFO] [stderr] note: If the actual output is the correct output you can bless it by rerunning
[INFO] [stderr]       your test with the environment variable TRYBUILD=overwrite
[INFO] [stderr] 
[INFO] [stderr] test tests/fail/tuple_impls_less_than_minimum_does_not_exists.rs ... mismatch
[INFO] [stderr] 
[INFO] [stderr] EXPECTED:
[INFO] [stderr] ┈┈┈┈┈┈┈┈┈┈┈┈┈┈┈┈┈┈┈┈┈┈┈┈┈┈┈┈┈┈┈┈┈┈┈┈┈┈┈┈┈┈┈┈┈┈┈┈┈┈┈┈┈┈┈┈┈┈┈┈
[INFO] [stderr] error[E0277]: the trait bound `(Impl, Impl): Test` is not satisfied
[INFO] [stderr]   --> tests/fail/tuple_impls_less_than_minimum_does_not_exists.rs:10:12
[INFO] [stderr]    |
[INFO] [stderr] 10 |     test::<(Impl, Impl)>();
[INFO] [stderr]    |            ^^^^^^^^^^^^ the trait `Test` is not implemented for `(Impl, Impl)`
[INFO] [stderr]    |
[INFO] [stderr] note: required by a bound in `test`
[INFO] [stderr]   --> tests/fail/tuple_impls_less_than_minimum_does_not_exists.rs:8:12
[INFO] [stderr]    |
[INFO] [stderr] 8  | fn test<T: Test>() {}
[INFO] [stderr]    |            ^^^^ required by this bound in `test`
[INFO] [stderr] ┈┈┈┈┈┈┈┈┈┈┈┈┈┈┈┈┈┈┈┈┈┈┈┈┈┈┈┈┈┈┈┈┈┈┈┈┈┈┈┈┈┈┈┈┈┈┈┈┈┈┈┈┈┈┈┈┈┈┈┈
[INFO] [stderr] 
[INFO] [stderr] ACTUAL OUTPUT:
[INFO] [stderr] ┈┈┈┈┈┈┈┈┈┈┈┈┈┈┈┈┈┈┈┈┈┈┈┈┈┈┈┈┈┈┈┈┈┈┈┈┈┈┈┈┈┈┈┈┈┈┈┈┈┈┈┈┈┈┈┈┈┈┈┈
[INFO] [stderr] error[E0277]: the trait bound `(Impl, Impl): Test` is not satisfied
[INFO] [stderr]   --> tests/fail/tuple_impls_less_than_minimum_does_not_exists.rs:10:12
[INFO] [stderr]    |
[INFO] [stderr] 10 |     test::<(Impl, Impl)>();
[INFO] [stderr]    |            ^^^^^^^^^^^^ the trait `Test` is not implemented for `(Impl, Impl)`
[INFO] [stderr]    |
[INFO] [stderr]    = help: the following other types implement trait `Test`:
[INFO] [stderr]              (TupleElement0, TupleElement1, TupleElement2)
[INFO] [stderr]              (TupleElement0, TupleElement1, TupleElement2, TupleElement3)
[INFO] [stderr]              (TupleElement0, TupleElement1, TupleElement2, TupleElement3, TupleElement4)
[INFO] [stderr] note: required by a bound in `test`
[INFO] [stderr]   --> tests/fail/tuple_impls_less_than_minimum_does_not_exists.rs:8:12
[INFO] [stderr]    |
[INFO] [stderr] 8  | fn test<T: Test>() {}
[INFO] [stderr]    |            ^^^^ required by this bound in `test`
[INFO] [stderr] ┈┈┈┈┈┈┈┈┈┈┈┈┈┈┈┈┈┈┈┈┈┈┈┈┈┈┈┈┈┈┈┈┈┈┈┈┈┈┈┈┈┈┈┈┈┈┈┈┈┈┈┈┈┈┈┈┈┈┈┈
[INFO] [stderr] note: If the actual output is the correct output you can bless it by rerunning
[INFO] [stderr]       your test with the environment variable TRYBUILD=overwrite
[INFO] [stderr] 
[INFO] [stderr] 
[INFO] [stderr] 
[INFO] [stdout] test fail ... FAILED
[INFO] [stdout] 
[INFO] [stdout] failures:
[INFO] [stdout] 
[INFO] [stdout] ---- fail stdout ----
[INFO] [stdout] thread 'fail' panicked at /opt/rustwide/cargo-home/registry/src/index.crates.io-6f17d22bba15001f/trybuild-1.0.87/src/run.rs:101:13:
[INFO] [stdout] 3 of 3 tests failed
[INFO] [stdout] stack backtrace:
[INFO] [stdout]    0:     0x55fe2b37f9ec - std::backtrace_rs::backtrace::libunwind::trace::ha637c64ce894333a
[INFO] [stdout]                                at /rustc/82e1608dfa6e0b5569232559e3d385fea5a93112/library/std/src/../../backtrace/src/backtrace/libunwind.rs:104:5
[INFO] [stdout]    1:     0x55fe2b37f9ec - std::backtrace_rs::backtrace::trace_unsynchronized::h47f62dea28e0c88d
[INFO] [stdout]                                at /rustc/82e1608dfa6e0b5569232559e3d385fea5a93112/library/std/src/../../backtrace/src/backtrace/mod.rs:66:5
[INFO] [stdout]    2:     0x55fe2b37f9ec - std::sys_common::backtrace::_print_fmt::h9eef0abe20ede486
[INFO] [stdout]                                at /rustc/82e1608dfa6e0b5569232559e3d385fea5a93112/library/std/src/sys_common/backtrace.rs:67:5
[INFO] [stdout]    3:     0x55fe2b37f9ec - <std::sys_common::backtrace::_print::DisplayBacktrace as core::fmt::Display>::fmt::hed7f999df88cc644
[INFO] [stdout]                                at /rustc/82e1608dfa6e0b5569232559e3d385fea5a93112/library/std/src/sys_common/backtrace.rs:44:22
[INFO] [stdout]    4:     0x55fe2b3abdd0 - core::fmt::rt::Argument::fmt::h1539a9308b8d058d
[INFO] [stdout]                                at /rustc/82e1608dfa6e0b5569232559e3d385fea5a93112/library/core/src/fmt/rt.rs:142:9
[INFO] [stdout]    5:     0x55fe2b3abdd0 - core::fmt::write::h3a39390d8560d9c9
[INFO] [stdout]                                at /rustc/82e1608dfa6e0b5569232559e3d385fea5a93112/library/core/src/fmt/mod.rs:1120:17
[INFO] [stdout]    6:     0x55fe2b37c89f - std::io::Write::write_fmt::h040b369f3a0f9cbc
[INFO] [stdout]                                at /rustc/82e1608dfa6e0b5569232559e3d385fea5a93112/library/std/src/io/mod.rs:1762:15
[INFO] [stdout]    7:     0x55fe2b37f7d4 - std::sys_common::backtrace::_print::h894006fb5c6f3d45
[INFO] [stdout]                                at /rustc/82e1608dfa6e0b5569232559e3d385fea5a93112/library/std/src/sys_common/backtrace.rs:47:5
[INFO] [stdout]    8:     0x55fe2b37f7d4 - std::sys_common::backtrace::print::h23a2d212c6fff936
[INFO] [stdout]                                at /rustc/82e1608dfa6e0b5569232559e3d385fea5a93112/library/std/src/sys_common/backtrace.rs:34:9
[INFO] [stdout]    9:     0x55fe2b381497 - std::panicking::default_hook::{{closure}}::h8a1d2ee00185001a
[INFO] [stdout]   10:     0x55fe2b381183 - std::panicking::default_hook::h6038f2eba384e475
[INFO] [stdout]                                at /rustc/82e1608dfa6e0b5569232559e3d385fea5a93112/library/std/src/panicking.rs:289:9
[INFO] [stdout]   11:     0x55fe2b34fc87 - <alloc::boxed::Box<F,A> as core::ops::function::Fn<Args>>::call::h0ad024c9bdc6d768
[INFO] [stdout]                                at /rustc/82e1608dfa6e0b5569232559e3d385fea5a93112/library/alloc/src/boxed.rs:2021:9
[INFO] [stdout]   12:     0x55fe2b34fc87 - test::test_main::{{closure}}::h7500b54257359db6
[INFO] [stdout]                                at /rustc/82e1608dfa6e0b5569232559e3d385fea5a93112/library/test/src/lib.rs:138:21
[INFO] [stdout]   13:     0x55fe2b381aa8 - <alloc::boxed::Box<F,A> as core::ops::function::Fn<Args>>::call::h1f8f335eaa9cfaee
[INFO] [stdout]                                at /rustc/82e1608dfa6e0b5569232559e3d385fea5a93112/library/alloc/src/boxed.rs:2021:9
[INFO] [stdout]   14:     0x55fe2b381aa8 - std::panicking::rust_panic_with_hook::h2b5517d590cab22e
[INFO] [stdout]                                at /rustc/82e1608dfa6e0b5569232559e3d385fea5a93112/library/std/src/panicking.rs:783:13
[INFO] [stdout]   15:     0x55fe2b3817fe - std::panicking::begin_panic_handler::{{closure}}::h233112c06e0ef43e
[INFO] [stdout]                                at /rustc/82e1608dfa6e0b5569232559e3d385fea5a93112/library/std/src/panicking.rs:657:13
[INFO] [stdout]   16:     0x55fe2b37feb6 - std::sys_common::backtrace::__rust_end_short_backtrace::h6e893f24d7ebbff8
[INFO] [stdout]                                at /rustc/82e1608dfa6e0b5569232559e3d385fea5a93112/library/std/src/sys_common/backtrace.rs:170:18
[INFO] [stdout]   17:     0x55fe2b381562 - rust_begin_unwind
[INFO] [stdout]                                at /rustc/82e1608dfa6e0b5569232559e3d385fea5a93112/library/std/src/panicking.rs:645:5
[INFO] [stdout]   18:     0x55fe2b12dfc5 - core::panicking::panic_fmt::hbf0e066aabfa482c
[INFO] [stdout]                                at /rustc/82e1608dfa6e0b5569232559e3d385fea5a93112/library/core/src/panicking.rs:72:14
[INFO] [stdout]   19:     0x55fe2b13cff3 - trybuild::run::<impl trybuild::Runner>::run::hcfe30bdaf7d7f30e
[INFO] [stdout]                                at /opt/rustwide/cargo-home/registry/src/index.crates.io-6f17d22bba15001f/trybuild-1.0.87/src/run.rs:101:13
[INFO] [stdout]   20:     0x55fe2b1427a8 - <trybuild::TestCases as core::ops::drop::Drop>::drop::h2079a4ca1d85cd8c
[INFO] [stdout]                                at /opt/rustwide/cargo-home/registry/src/index.crates.io-6f17d22bba15001f/trybuild-1.0.87/src/lib.rs:317:13
[INFO] [stdout]   21:     0x55fe2b12ebc7 - core::ptr::drop_in_place<trybuild::TestCases>::h4116b13eb0526e23
[INFO] [stdout]                                at /rustc/82e1608dfa6e0b5569232559e3d385fea5a93112/library/core/src/ptr/mod.rs:498:1
[INFO] [stdout]   22:     0x55fe2b12fb53 - fail::fail::h609b832375cb28e5
[INFO] [stdout]                                at /opt/rustwide/workdir/tests/fail.rs:5:1
[INFO] [stdout]   23:     0x55fe2b12fae7 - fail::fail::{{closure}}::h40df818dda3bded4
[INFO] [stdout]                                at /opt/rustwide/workdir/tests/fail.rs:2:10
[INFO] [stdout]   24:     0x55fe2b12eb26 - core::ops::function::FnOnce::call_once::h14b9b0692f682a21
[INFO] [stdout]                                at /rustc/82e1608dfa6e0b5569232559e3d385fea5a93112/library/core/src/ops/function.rs:250:5
[INFO] [stdout]   25:     0x55fe2b3552df - core::ops::function::FnOnce::call_once::h2b5d431d5046312d
[INFO] [stdout]                                at /rustc/82e1608dfa6e0b5569232559e3d385fea5a93112/library/core/src/ops/function.rs:250:5
[INFO] [stdout]   26:     0x55fe2b3552df - test::__rust_begin_short_backtrace::h7714669af176e207
[INFO] [stdout]                                at /rustc/82e1608dfa6e0b5569232559e3d385fea5a93112/library/test/src/lib.rs:628:18
[INFO] [stdout]   27:     0x55fe2b3542f5 - test::run_test_in_process::{{closure}}::h85218797dcbcec12
[INFO] [stdout]                                at /rustc/82e1608dfa6e0b5569232559e3d385fea5a93112/library/test/src/lib.rs:651:60
[INFO] [stdout]   28:     0x55fe2b3542f5 - <core::panic::unwind_safe::AssertUnwindSafe<F> as core::ops::function::FnOnce<()>>::call_once::h76c106ea31c14d7b
[INFO] [stdout]                                at /rustc/82e1608dfa6e0b5569232559e3d385fea5a93112/library/core/src/panic/unwind_safe.rs:272:9
[INFO] [stdout]   29:     0x55fe2b3542f5 - std::panicking::try::do_call::h3bd5d0f6620ee946
[INFO] [stdout]                                at /rustc/82e1608dfa6e0b5569232559e3d385fea5a93112/library/std/src/panicking.rs:552:40
[INFO] [stdout]   30:     0x55fe2b3542f5 - std::panicking::try::h232e535e4744fe31
[INFO] [stdout]                                at /rustc/82e1608dfa6e0b5569232559e3d385fea5a93112/library/std/src/panicking.rs:516:19
[INFO] [stdout]   31:     0x55fe2b3542f5 - std::panic::catch_unwind::h3ce3bd6ca8dbac68
[INFO] [stdout]                                at /rustc/82e1608dfa6e0b5569232559e3d385fea5a93112/library/std/src/panic.rs:142:14
[INFO] [stdout]   32:     0x55fe2b3542f5 - test::run_test_in_process::hc97b257c9621286a
[INFO] [stdout]                                at /rustc/82e1608dfa6e0b5569232559e3d385fea5a93112/library/test/src/lib.rs:651:27
[INFO] [stdout]   33:     0x55fe2b3542f5 - test::run_test::{{closure}}::h2aa798823a438d38
[INFO] [stdout]                                at /rustc/82e1608dfa6e0b5569232559e3d385fea5a93112/library/test/src/lib.rs:574:43
[INFO] [stdout]   34:     0x55fe2b31c5b6 - test::run_test::{{closure}}::h87d231c78fb59832
[INFO] [stdout]                                at /rustc/82e1608dfa6e0b5569232559e3d385fea5a93112/library/test/src/lib.rs:602:41
[INFO] [stdout]   35:     0x55fe2b31c5b6 - std::sys_common::backtrace::__rust_begin_short_backtrace::he6df152596625789
[INFO] [stdout]                                at /rustc/82e1608dfa6e0b5569232559e3d385fea5a93112/library/std/src/sys_common/backtrace.rs:154:18
[INFO] [stdout]   36:     0x55fe2b321667 - std::thread::Builder::spawn_unchecked_::{{closure}}::{{closure}}::ha94be15d1e0acf36
[INFO] [stdout]                                at /rustc/82e1608dfa6e0b5569232559e3d385fea5a93112/library/std/src/thread/mod.rs:529:17
[INFO] [stdout]   37:     0x55fe2b321667 - <core::panic::unwind_safe::AssertUnwindSafe<F> as core::ops::function::FnOnce<()>>::call_once::h9dc6bd6372f16606
[INFO] [stdout]                                at /rustc/82e1608dfa6e0b5569232559e3d385fea5a93112/library/core/src/panic/unwind_safe.rs:272:9
[INFO] [stdout]   38:     0x55fe2b321667 - std::panicking::try::do_call::h9057517f80303cd4
[INFO] [stdout]                                at /rustc/82e1608dfa6e0b5569232559e3d385fea5a93112/library/std/src/panicking.rs:552:40
[INFO] [stdout]   39:     0x55fe2b321667 - std::panicking::try::he3a30b11ee45340c
[INFO] [stdout]                                at /rustc/82e1608dfa6e0b5569232559e3d385fea5a93112/library/std/src/panicking.rs:516:19
[INFO] [stdout]   40:     0x55fe2b321667 - std::panic::catch_unwind::h410458cfd3528b8b
[INFO] [stdout]                                at /rustc/82e1608dfa6e0b5569232559e3d385fea5a93112/library/std/src/panic.rs:142:14
[INFO] [stdout]   41:     0x55fe2b321667 - std::thread::Builder::spawn_unchecked_::{{closure}}::h72ac3bdb567b737b
[INFO] [stdout]                                at /rustc/82e1608dfa6e0b5569232559e3d385fea5a93112/library/std/src/thread/mod.rs:528:30
[INFO] [stdout]   42:     0x55fe2b321667 - core::ops::function::FnOnce::call_once{{vtable.shim}}::h38f34da3654a8344
[INFO] [stdout]                                at /rustc/82e1608dfa6e0b5569232559e3d385fea5a93112/library/core/src/ops/function.rs:250:5
[INFO] [stdout]   43:     0x55fe2b387685 - <alloc::boxed::Box<F,A> as core::ops::function::FnOnce<Args>>::call_once::hc7eafaff61e32df9
[INFO] [stdout]                                at /rustc/82e1608dfa6e0b5569232559e3d385fea5a93112/library/alloc/src/boxed.rs:2007:9
[INFO] [stdout]   44:     0x55fe2b387685 - <alloc::boxed::Box<F,A> as core::ops::function::FnOnce<Args>>::call_once::h6ba4a5de48dd2304
[INFO] [stdout]                                at /rustc/82e1608dfa6e0b5569232559e3d385fea5a93112/library/alloc/src/boxed.rs:2007:9
[INFO] [stdout]   45:     0x55fe2b387685 - std::sys::unix::thread::Thread::new::thread_start::he469335aef763e45
[INFO] [stdout]                                at /rustc/82e1608dfa6e0b5569232559e3d385fea5a93112/library/std/src/sys/unix/thread.rs:108:17
[INFO] [stdout]   46:     0x7f8c0435bac3 - <unknown>
[INFO] [stdout]   47:     0x7f8c043ecbf4 - __clone
[INFO] [stdout]   48:                0x0 - <unknown>
[INFO] [stdout] 
[INFO] [stdout] 
[INFO] [stdout] failures:
[INFO] [stdout]     fail
[INFO] [stdout] 
[INFO] [stdout] test result: FAILED. 0 passed; 1 failed; 0 ignored; 0 measured; 0 filtered out; finished in 8.20s
[INFO] [stdout] 
[INFO] [stderr] error: test failed, to rerun pass `--test fail`
[INFO] running `Command { std: "docker" "inspect" "3ee0cf964af05df2bbf06310569174f5b86d623fc65a9dc1e4b63e319df16777", kill_on_drop: false }`
[INFO] running `Command { std: "docker" "rm" "-f" "3ee0cf964af05df2bbf06310569174f5b86d623fc65a9dc1e4b63e319df16777", kill_on_drop: false }`
[INFO] [stdout] 3ee0cf964af05df2bbf06310569174f5b86d623fc65a9dc1e4b63e319df16777
