[INFO] fetching crate imessage-database 1.7.0...
[INFO] testing imessage-database-1.7.0 against 1.75.0 for beta-1.76-1
[INFO] extracting crate imessage-database 1.7.0 into /workspace/builds/worker-7-tc1/source
[INFO] validating manifest of crates.io crate imessage-database 1.7.0 on toolchain 1.75.0
[INFO] running `Command { std: CARGO_HOME="/workspace/cargo-home" RUSTUP_HOME="/workspace/rustup-home" "/workspace/cargo-home/bin/cargo" "+1.75.0" "metadata" "--manifest-path" "Cargo.toml" "--no-deps", kill_on_drop: false }`
[INFO] started tweaking crates.io crate imessage-database 1.7.0
[INFO] finished tweaking crates.io crate imessage-database 1.7.0
[INFO] tweaked toml for crates.io crate imessage-database 1.7.0 written to /workspace/builds/worker-7-tc1/source/Cargo.toml
[INFO] running `Command { std: CARGO_HOME="/workspace/cargo-home" RUSTUP_HOME="/workspace/rustup-home" "/workspace/cargo-home/bin/cargo" "+1.75.0" "generate-lockfile" "--manifest-path" "Cargo.toml", kill_on_drop: false }`
[INFO] [stderr]     Updating crates.io index
[INFO] running `Command { std: CARGO_HOME="/workspace/cargo-home" RUSTUP_HOME="/workspace/rustup-home" "/workspace/cargo-home/bin/cargo" "+1.75.0" "fetch" "--manifest-path" "Cargo.toml", kill_on_drop: false }`
[INFO] [stderr]  Downloading crates ...
[INFO] [stderr]   Downloaded fallible-iterator v0.3.0
[INFO] [stderr]   Downloaded rusqlite v0.30.0
[INFO] running `Command { std: "docker" "create" "-v" "/var/lib/crater-agent-workspace/builds/worker-7-tc1/target:/opt/rustwide/target:rw,Z" "-v" "/var/lib/crater-agent-workspace/builds/worker-7-tc1/source:/opt/rustwide/workdir:ro,Z" "-v" "/var/lib/crater-agent-workspace/cargo-home:/opt/rustwide/cargo-home:ro,Z" "-v" "/var/lib/crater-agent-workspace/rustup-home:/opt/rustwide/rustup-home:ro,Z" "-e" "SOURCE_DIR=/opt/rustwide/workdir" "-e" "CARGO_TARGET_DIR=/opt/rustwide/target" "-e" "CARGO_HOME=/opt/rustwide/cargo-home" "-e" "RUSTUP_HOME=/opt/rustwide/rustup-home" "-w" "/opt/rustwide/workdir" "-m" "1610612736" "--user" "0:0" "--network" "none" "ghcr.io/rust-lang/crates-build-env/linux@sha256:2788e3201cd34a07e3172128adcd8b3090168a8e3bcc40d7c032b9dda1df7d1c" "/opt/rustwide/cargo-home/bin/cargo" "+1.75.0" "metadata" "--no-deps" "--format-version=1", kill_on_drop: false }`
[INFO] [stdout] ca4743a9b9979aad05d0f857f51a4aba70d689b51809bed230a0c4c971886420
[INFO] running `Command { std: "docker" "start" "-a" "ca4743a9b9979aad05d0f857f51a4aba70d689b51809bed230a0c4c971886420", kill_on_drop: false }`
[INFO] running `Command { std: "docker" "inspect" "ca4743a9b9979aad05d0f857f51a4aba70d689b51809bed230a0c4c971886420", kill_on_drop: false }`
[INFO] running `Command { std: "docker" "rm" "-f" "ca4743a9b9979aad05d0f857f51a4aba70d689b51809bed230a0c4c971886420", kill_on_drop: false }`
[INFO] [stdout] ca4743a9b9979aad05d0f857f51a4aba70d689b51809bed230a0c4c971886420
[INFO] running `Command { std: "docker" "create" "-v" "/var/lib/crater-agent-workspace/builds/worker-7-tc1/target:/opt/rustwide/target:rw,Z" "-v" "/var/lib/crater-agent-workspace/builds/worker-7-tc1/source:/opt/rustwide/workdir:ro,Z" "-v" "/var/lib/crater-agent-workspace/cargo-home:/opt/rustwide/cargo-home:ro,Z" "-v" "/var/lib/crater-agent-workspace/rustup-home:/opt/rustwide/rustup-home:ro,Z" "-e" "SOURCE_DIR=/opt/rustwide/workdir" "-e" "CARGO_TARGET_DIR=/opt/rustwide/target" "-e" "CARGO_INCREMENTAL=0" "-e" "RUST_BACKTRACE=full" "-e" "RUSTFLAGS=--cap-lints=warn" "-e" "RUSTDOCFLAGS=--cap-lints=warn" "-e" "CARGO_HOME=/opt/rustwide/cargo-home" "-e" "RUSTUP_HOME=/opt/rustwide/rustup-home" "-w" "/opt/rustwide/workdir" "-m" "1610612736" "--user" "0:0" "--network" "none" "ghcr.io/rust-lang/crates-build-env/linux@sha256:2788e3201cd34a07e3172128adcd8b3090168a8e3bcc40d7c032b9dda1df7d1c" "/opt/rustwide/cargo-home/bin/cargo" "+1.75.0" "build" "--frozen" "--message-format=json", kill_on_drop: false }`
[INFO] [stdout] ab28e7e1266908d6144056ebde638d6b90e7b114bec67aa96beb99342f3e1aa4
[INFO] running `Command { std: "docker" "start" "-a" "ab28e7e1266908d6144056ebde638d6b90e7b114bec67aa96beb99342f3e1aa4", kill_on_drop: false }`
[INFO] [stderr]    Compiling ahash v0.8.7
[INFO] [stderr]    Compiling libc v0.2.151
[INFO] [stderr]    Compiling once_cell v1.19.0
[INFO] [stderr]    Compiling zerocopy v0.7.32
[INFO] [stderr]    Compiling allocator-api2 v0.2.16
[INFO] [stderr]    Compiling pkg-config v0.3.28
[INFO] [stderr]    Compiling vcpkg v0.2.15
[INFO] [stderr]    Compiling powerfmt v0.2.0
[INFO] [stderr]    Compiling serde v1.0.194
[INFO] [stderr]    Compiling time-core v0.1.2
[INFO] [stderr]    Compiling equivalent v1.0.1
[INFO] [stderr]    Compiling num-traits v0.2.17
[INFO] [stderr]    Compiling safemem v0.3.3
[INFO] [stderr]    Compiling itoa v1.0.10
[INFO] [stderr]    Compiling quick-xml v0.31.0
[INFO] [stderr]    Compiling fallible-iterator v0.3.0
[INFO] [stderr]    Compiling line-wrap v0.1.1
[INFO] [stderr]    Compiling iana-time-zone v0.1.59
[INFO] [stderr]    Compiling base64 v0.21.5
[INFO] [stderr]    Compiling fallible-streaming-iterator v0.1.9
[INFO] [stderr]    Compiling deranged v0.3.11
[INFO] [stderr]    Compiling bitflags v2.4.1
[INFO] [stderr]    Compiling sha1 v0.10.6
[INFO] [stderr]    Compiling hashbrown v0.14.3
[INFO] [stderr]    Compiling time v0.3.31
[INFO] [stderr]    Compiling cc v1.0.83
[INFO] [stderr]    Compiling hashlink v0.8.4
[INFO] [stderr]    Compiling indexmap v2.1.0
[INFO] [stderr]    Compiling chrono v0.4.31
[INFO] [stderr]    Compiling libsqlite3-sys v0.27.0
[INFO] [stderr]    Compiling plist v1.6.0
[INFO] [stderr]    Compiling rusqlite v0.30.0
[INFO] [stderr]    Compiling imessage-database v1.7.0 (/opt/rustwide/workdir)
[INFO] [stderr]     Finished dev [unoptimized + debuginfo] target(s) in 13.95s
[INFO] running `Command { std: "docker" "inspect" "ab28e7e1266908d6144056ebde638d6b90e7b114bec67aa96beb99342f3e1aa4", kill_on_drop: false }`
[INFO] running `Command { std: "docker" "rm" "-f" "ab28e7e1266908d6144056ebde638d6b90e7b114bec67aa96beb99342f3e1aa4", kill_on_drop: false }`
[INFO] [stdout] ab28e7e1266908d6144056ebde638d6b90e7b114bec67aa96beb99342f3e1aa4
[INFO] running `Command { std: "docker" "create" "-v" "/var/lib/crater-agent-workspace/builds/worker-7-tc1/target:/opt/rustwide/target:rw,Z" "-v" "/var/lib/crater-agent-workspace/builds/worker-7-tc1/source:/opt/rustwide/workdir:ro,Z" "-v" "/var/lib/crater-agent-workspace/cargo-home:/opt/rustwide/cargo-home:ro,Z" "-v" "/var/lib/crater-agent-workspace/rustup-home:/opt/rustwide/rustup-home:ro,Z" "-e" "SOURCE_DIR=/opt/rustwide/workdir" "-e" "CARGO_TARGET_DIR=/opt/rustwide/target" "-e" "CARGO_INCREMENTAL=0" "-e" "RUST_BACKTRACE=full" "-e" "RUSTFLAGS=--cap-lints=warn" "-e" "RUSTDOCFLAGS=--cap-lints=warn" "-e" "CARGO_HOME=/opt/rustwide/cargo-home" "-e" "RUSTUP_HOME=/opt/rustwide/rustup-home" "-w" "/opt/rustwide/workdir" "-m" "1610612736" "--user" "0:0" "--network" "none" "ghcr.io/rust-lang/crates-build-env/linux@sha256:2788e3201cd34a07e3172128adcd8b3090168a8e3bcc40d7c032b9dda1df7d1c" "/opt/rustwide/cargo-home/bin/cargo" "+1.75.0" "test" "--frozen" "--no-run" "--message-format=json", kill_on_drop: false }`
[INFO] [stdout] 087776a1a38074e9d406834b9b53190a39215c04fbedce7b10fe4896221e280f
[INFO] running `Command { std: "docker" "start" "-a" "087776a1a38074e9d406834b9b53190a39215c04fbedce7b10fe4896221e280f", kill_on_drop: false }`
[INFO] [stderr]    Compiling imessage-database v1.7.0 (/opt/rustwide/workdir)
[INFO] [stderr]     Finished test [unoptimized + debuginfo] target(s) in 1.89s
[INFO] running `Command { std: "docker" "inspect" "087776a1a38074e9d406834b9b53190a39215c04fbedce7b10fe4896221e280f", kill_on_drop: false }`
[INFO] running `Command { std: "docker" "rm" "-f" "087776a1a38074e9d406834b9b53190a39215c04fbedce7b10fe4896221e280f", kill_on_drop: false }`
[INFO] [stdout] 087776a1a38074e9d406834b9b53190a39215c04fbedce7b10fe4896221e280f
[INFO] running `Command { std: "docker" "create" "-v" "/var/lib/crater-agent-workspace/builds/worker-7-tc1/target:/opt/rustwide/target:rw,Z" "-v" "/var/lib/crater-agent-workspace/builds/worker-7-tc1/source:/opt/rustwide/workdir:ro,Z" "-v" "/var/lib/crater-agent-workspace/cargo-home:/opt/rustwide/cargo-home:ro,Z" "-v" "/var/lib/crater-agent-workspace/rustup-home:/opt/rustwide/rustup-home:ro,Z" "-e" "SOURCE_DIR=/opt/rustwide/workdir" "-e" "CARGO_TARGET_DIR=/opt/rustwide/target" "-e" "CARGO_INCREMENTAL=0" "-e" "RUST_BACKTRACE=full" "-e" "RUSTFLAGS=--cap-lints=warn" "-e" "RUSTDOCFLAGS=--cap-lints=warn" "-e" "CARGO_HOME=/opt/rustwide/cargo-home" "-e" "RUSTUP_HOME=/opt/rustwide/rustup-home" "-w" "/opt/rustwide/workdir" "-m" "1610612736" "--user" "0:0" "--network" "none" "ghcr.io/rust-lang/crates-build-env/linux@sha256:2788e3201cd34a07e3172128adcd8b3090168a8e3bcc40d7c032b9dda1df7d1c" "/opt/rustwide/cargo-home/bin/cargo" "+1.75.0" "test" "--frozen", kill_on_drop: false }`
[INFO] [stdout] 5a509c44e9112517444e0ecbc7d9992c4b88ef1f56ba689a965978ae0b5a0fb6
[INFO] running `Command { std: "docker" "start" "-a" "5a509c44e9112517444e0ecbc7d9992c4b88ef1f56ba689a965978ae0b5a0fb6", kill_on_drop: false }`
[INFO] [stderr]     Finished test [unoptimized + debuginfo] target(s) in 0.03s
[INFO] [stderr]      Running unittests src/lib.rs (/opt/rustwide/target/debug/deps/imessage_database-e6c47d6792e2f7fd)
[INFO] [stdout] 
[INFO] [stdout] running 125 tests
[INFO] [stdout] test message_types::app::tests::test_parse_apple_pay_recurring_1 ... ok
[INFO] [stdout] test message_types::app::tests::test_parse_business_query_string ... ok
[INFO] [stdout] test message_types::app::tests::test_parse_business ... ok
[INFO] [stdout] test message_types::app::tests::test_parse_apple_pay_sent_265 ... ok
[INFO] [stdout] test message_types::app::tests::test_parse_check_in_timer_late ... ok
[INFO] [stdout] test message_types::edited::tests::test_parse_deleted ... ok
[INFO] [stdout] test message_types::app::tests::test_parse_check_in_location ... ok
[INFO] [stdout] test message_types::app::tests::test_parse_find_my ... ok
[INFO] [stdout] test message_types::edited::tests::test_parse_edited_to_link_and_back ... ok
[INFO] [stdout] test message_types::app::tests::test_parse_check_in_query_string ... ok
[INFO] [stdout] test message_types::app::tests::test_parse_opentable_invite ... ok
[INFO] [stdout] test message_types::app::tests::test_parse_slideshow ... ok
[INFO] [stdout] test message_types::edited::tests::test_parse_edited ... ok
[INFO] [stdout] test message_types::sticker::tests::test_parse_sticker_outline ... ok
[INFO] [stdout] test message_types::edited::tests::test_parse_edited_to_link ... ok
[INFO] [stdout] test message_types::app::tests::test_parse_check_in_timer ... ok
[INFO] [stdout] test message_types::sticker::tests::test_parse_sticker_shiny ... ok
[INFO] [stdout] test message_types::music::tests::test_parse_apple_music ... ok
[INFO] [stdout] test message_types::app::tests::test_parse_game ... ok
[INFO] [stdout] test message_types::sticker::tests::test_parse_sticker_comic ... ok
[INFO] [stdout] test message_types::app_store::tests::test_parse_app_store_link ... ok
[INFO] [stdout] test message_types::url::url_tests::test_get_url ... ok
[INFO] [stdout] test message_types::url::url_tests::test_get_no_url ... ok
[INFO] [stdout] test tables::attachment::tests::can_get_extension ... ok
[INFO] [stdout] test tables::attachment::tests::can_get_file_size_bytes ... ok
[INFO] [stdout] test message_types::url::url_tests::test_get_original_url ... ok
[INFO] [stdout] test message_types::sticker::tests::test_parse_sticker_puffy ... ok
[INFO] [stdout] test tables::attachment::tests::can_get_file_size_kb ... ok
[INFO] [stdout] test tables::attachment::tests::can_get_file_size_mb ... ok
[INFO] [stdout] test tables::attachment::tests::can_get_file_size_cap ... ok
[INFO] [stdout] test tables::attachment::tests::can_get_file_size_gb ... ok
[INFO] [stdout] test message_types::url::url_tests::test_parse_url_reminder ... ok
[INFO] [stdout] test message_types::url::url_override_tests::can_parse_app_store ... ok
[INFO] [stdout] test message_types::url::url_override_tests::can_parse_normal ... ok
[INFO] [stdout] test message_types::url::url_tests::test_parse_url_me ... ok
[INFO] [stdout] test message_types::collaboration::tests::test_parse_collaboration ... ok
[INFO] [stdout] test tables::attachment::tests::can_get_filename ... ok
[INFO] [stdout] test message_types::url::url_override_tests::can_parse_music ... ok
[INFO] [stdout] test tables::attachment::tests::can_get_filename_no_meta ... ok
[INFO] [stdout] test tables::attachment::tests::can_get_filename_no_transfer_name ... ok
[INFO] [stdout] test tables::attachment::tests::can_get_mime_type ... ok
[INFO] [stdout] test tables::attachment::tests::can_get_mime_type_fake ... ok
[INFO] [stdout] test tables::attachment::tests::can_get_filename_no_filename ... ok
[INFO] [stdout] test message_types::url::url_override_tests::can_parse_collaboration ... ok
[INFO] [stdout] test tables::attachment::tests::can_get_mime_type_missing ... ok
[INFO] [stdout] test tables::attachment::tests::can_get_resolved_path_ios_custom ... ok
[INFO] [stdout] test tables::attachment::tests::can_get_path ... ok
[INFO] [stdout] test tables::attachment::tests::can_get_resolved_path_macos ... ok
[INFO] [stdout] test tables::attachment::tests::can_get_resolved_path_macos_raw_tilde ... ok
[INFO] [stdout] test tables::attachment::tests::can_get_resolved_path_ios ... ok
[INFO] [stdout] test tables::attachment::tests::cant_get_extension_missing ... ok
[INFO] [stdout] test tables::attachment::tests::cant_get_missing_resolved_path_ios ... ok
[INFO] [stdout] test tables::attachment::tests::can_get_resolved_path_macos_custom ... ok
[INFO] [stdout] test tables::attachment::tests::cant_get_missing_resolved_path_macos ... ok
[INFO] [stdout] test tables::messages::tests::can_gen_message ... ok
[INFO] [stdout] test tables::handle::tests::test_can_dedupe ... ok
[INFO] [stdout] test tables::messages::tests::can_get_balloon_bundle_id_apple ... ok
[INFO] [stdout] test message_types::url::url_tests::test_parse_url_me_metadata ... ok
[INFO] [stdout] test tables::attachment::tests::cant_get_path_missing ... ok
[INFO] [stdout] test tables::attachment::tests::can_get_resolved_path_macos_raw ... ok
[INFO] [stdout] test tables::messages::tests::can_get_balloon_bundle_id_os ... ok
[INFO] [stdout] test tables::messages::tests::can_get_balloon_bundle_id_url ... ok
[INFO] [stdout] test tables::messages::tests::can_get_balloon_bundle_id_third_party ... ok
[INFO] [stdout] test tables::messages::tests::can_get_message_body_app_attachment_text_mixed_start_app ... ok
[INFO] [stdout] test tables::messages::tests::can_get_message_body_app_attachment_text_mixed_start_text ... ok
[INFO] [stdout] test tables::messages::tests::can_get_message_body_app_text ... ok
[INFO] [stdout] test tables::messages::tests::can_get_message_body_single_emoji ... ok
[INFO] [stdout] test tables::messages::tests::can_get_message_expression_screen ... ok
[INFO] [stdout] test tables::messages::tests::can_get_no_balloon_bundle_id ... ok
[INFO] [stdout] test tables::messages::tests::can_get_message_expression_bubble ... ok
[INFO] [stdout] test tables::messages::tests::can_get_message_body_multiple_emoji ... ok
[INFO] [stdout] test tables::messages::tests::can_get_message_body_attachment_text ... ok
[INFO] [stdout] test tables::messages::tests::can_get_message_body_text_only ... ok
[INFO] [stdout] test tables::messages::tests::can_get_valid_guid ... ok
[INFO] [stdout] test message_types::url::url_tests::test_parse_url_twitter ... ok
[INFO] [stdout] test tables::messages::tests::can_get_valid_guid_bp ... ok
[INFO] [stdout] test tables::messages::tests::can_get_message_expression_none ... ok
[INFO] [stdout] test tables::messages::tests::can_get_valid_guid_p ... ok
[INFO] [stdout] test tables::messages::tests::cant_get_invalid_guid ... ok
[INFO] [stdout] test tables::messages::tests::cant_get_invalid_guid_bp ... ok
[INFO] [stdout] test tables::messages::tests::cant_get_invalid_guid_p ... ok
[INFO] [stdout] test tables::messages::tests::can_get_time_date_read_after_date ... ok
[INFO] [stdout] test util::dates::tests::can_format_diff_days ... ok
[INFO] [stdout] test util::dates::tests::can_format_diff_all ... ok
[INFO] [stdout] test util::dates::tests::can_format_diff_hours ... ok
[INFO] [stdout] test util::dates::tests::can_format_diff_month ... ok
[INFO] [stdout] test util::dates::tests::can_format_date_single_digit ... ok
[INFO] [stdout] test util::dates::tests::can_format_diff_minutes ... ok
[INFO] [stdout] test util::dates::tests::can_format_diff_days_minutes ... ok
[INFO] [stdout] test util::dates::tests::can_format_diff_mixed_singular ... ok
[INFO] [stdout] test tables::messages::tests::can_get_time_date_read_before_date ... ok
[INFO] [stdout] test util::dates::tests::can_format_diff_all_singular ... ok
[INFO] [stdout] test util::dates::tests::can_format_date_double_digit ... ok
[INFO] [stdout] test util::dates::tests::can_format_diff_year ... ok
[INFO] [stdout] test util::dates::tests::can_format_diff_minutes_seconds ... ok
[INFO] [stdout] test util::dates::tests::can_format_diff_seconds ... ok
[INFO] [stdout] test util::dates::tests::can_format_no_diff ... ok
[INFO] [stdout] test util::dates::tests::cant_format_diff_backwards ... ok
[INFO] [stdout] test message_types::sticker::tests::test_parse_sticker_normal ... ok
[INFO] [stdout] test util::platform::tests::can_parse_ios_any_case ... ok
[INFO] [stdout] test util::platform::tests::can_parse_macos_any_case ... ok
[INFO] [stdout] test util::platform::tests::cant_parse_invalid ... ok
[INFO] [stdout] test util::query_context::sanitize_tests::can_reject_bad_data ... ok
[INFO] [stdout] test util::query_context::sanitize_tests::can_reject_bad_day ... ok
[INFO] [stdout] test util::query_context::sanitize_tests::can_reject_bad_month ... ok
[INFO] [stdout] test util::query_context::sanitize_tests::can_reject_wrong_hyphen ... ok
[INFO] [stdout] test util::query_context::sanitize_tests::can_reject_bad_order ... ok
[INFO] [stdout] test util::query_context::sanitize_tests::can_reject_bad_short ... ok
[INFO] [stdout] test util::query_context::sanitize_tests::can_sanitize_good ... ok
[INFO] [stdout] test util::query_context::use_tests::can_create ... ok
[INFO] [stdout] test util::query_context::use_tests::can_create_invalid_end ... ok
[INFO] [stdout] test util::query_context::use_tests::can_create_invalid_start ... ok
[INFO] [stdout] test util::streamtyped::tests::test_can_drop_chars ... ok
[INFO] [stdout] test util::streamtyped::tests::test_parse_text_clean ... ok
[INFO] [stdout] test util::streamtyped::tests::test_parse_text_weird_font ... ok
[INFO] [stdout] test util::streamtyped::tests::test_can_drop_chars_none ... ok
[INFO] [stdout] test util::streamtyped::tests::test_parse_text_app ... ok
[INFO] [stdout] test util::streamtyped::tests::test_cant_drop_all ... ok
[INFO] [stdout] test util::streamtyped::tests::test_parse_text_blank ... ok
[INFO] [stdout] test util::streamtyped::tests::test_parse_text_multi_part ... ok
[INFO] [stdout] test util::streamtyped::tests::test_parse_text_space ... ok
[INFO] [stdout] test util::streamtyped::tests::test_parse_text_url ... ok
[INFO] [stdout] test util::query_context::use_tests::can_create_end ... FAILED
[INFO] [stdout] test util::query_context::use_tests::can_create_start ... FAILED
[INFO] [stdout] test util::query_context::use_tests::can_create_both ... FAILED
[INFO] [stdout] 
[INFO] [stdout] failures:
[INFO] [stdout] 
[INFO] [stdout] ---- util::query_context::use_tests::can_create_end stdout ----
[INFO] [stdout] thread 'util::query_context::use_tests::can_create_end' panicked at src/util/query_context.rs:185:9:
[INFO] [stdout] assertion `left == right` failed
[INFO] [stdout]   left: " WHERE\n                     m.date <= 599529600000000000"
[INFO] [stdout]  right: " WHERE\n                     m.date <= 599558400000000000"
[INFO] [stdout] stack backtrace:
[INFO] [stdout]    0:     0x561f7951e54c - std::backtrace_rs::backtrace::libunwind::trace::ha637c64ce894333a
[INFO] [stdout]                                at /rustc/82e1608dfa6e0b5569232559e3d385fea5a93112/library/std/src/../../backtrace/src/backtrace/libunwind.rs:104:5
[INFO] [stdout]    1:     0x561f7951e54c - std::backtrace_rs::backtrace::trace_unsynchronized::h47f62dea28e0c88d
[INFO] [stdout]                                at /rustc/82e1608dfa6e0b5569232559e3d385fea5a93112/library/std/src/../../backtrace/src/backtrace/mod.rs:66:5
[INFO] [stdout]    2:     0x561f7951e54c - std::sys_common::backtrace::_print_fmt::h9eef0abe20ede486
[INFO] [stdout]                                at /rustc/82e1608dfa6e0b5569232559e3d385fea5a93112/library/std/src/sys_common/backtrace.rs:67:5
[INFO] [stdout]    3:     0x561f7951e54c - <std::sys_common::backtrace::_print::DisplayBacktrace as core::fmt::Display>::fmt::hed7f999df88cc644
[INFO] [stdout]                                at /rustc/82e1608dfa6e0b5569232559e3d385fea5a93112/library/std/src/sys_common/backtrace.rs:44:22
[INFO] [stdout]    4:     0x561f7954aa60 - core::fmt::rt::Argument::fmt::h1539a9308b8d058d
[INFO] [stdout]                                at /rustc/82e1608dfa6e0b5569232559e3d385fea5a93112/library/core/src/fmt/rt.rs:142:9
[INFO] [stdout]    5:     0x561f7954aa60 - core::fmt::write::h3a39390d8560d9c9
[INFO] [stdout]                                at /rustc/82e1608dfa6e0b5569232559e3d385fea5a93112/library/core/src/fmt/mod.rs:1120:17
[INFO] [stdout]    6:     0x561f7951bbcf - std::io::Write::write_fmt::h040b369f3a0f9cbc
[INFO] [stdout]                                at /rustc/82e1608dfa6e0b5569232559e3d385fea5a93112/library/std/src/io/mod.rs:1762:15
[INFO] [stdout]    7:     0x561f7951e334 - std::sys_common::backtrace::_print::h894006fb5c6f3d45
[INFO] [stdout]                                at /rustc/82e1608dfa6e0b5569232559e3d385fea5a93112/library/std/src/sys_common/backtrace.rs:47:5
[INFO] [stdout]    8:     0x561f7951e334 - std::sys_common::backtrace::print::h23a2d212c6fff936
[INFO] [stdout]                                at /rustc/82e1608dfa6e0b5569232559e3d385fea5a93112/library/std/src/sys_common/backtrace.rs:34:9
[INFO] [stdout]    9:     0x561f7951fff7 - std::panicking::default_hook::{{closure}}::h8a1d2ee00185001a
[INFO] [stdout]   10:     0x561f7951fce3 - std::panicking::default_hook::h6038f2eba384e475
[INFO] [stdout]                                at /rustc/82e1608dfa6e0b5569232559e3d385fea5a93112/library/std/src/panicking.rs:289:9
[INFO] [stdout]   11:     0x561f79450857 - <alloc::boxed::Box<F,A> as core::ops::function::Fn<Args>>::call::h0ad024c9bdc6d768
[INFO] [stdout]                                at /rustc/82e1608dfa6e0b5569232559e3d385fea5a93112/library/alloc/src/boxed.rs:2021:9
[INFO] [stdout]   12:     0x561f79450857 - test::test_main::{{closure}}::h7500b54257359db6
[INFO] [stdout]                                at /rustc/82e1608dfa6e0b5569232559e3d385fea5a93112/library/test/src/lib.rs:138:21
[INFO] [stdout]   13:     0x561f79520608 - <alloc::boxed::Box<F,A> as core::ops::function::Fn<Args>>::call::h1f8f335eaa9cfaee
[INFO] [stdout]                                at /rustc/82e1608dfa6e0b5569232559e3d385fea5a93112/library/alloc/src/boxed.rs:2021:9
[INFO] [stdout]   14:     0x561f79520608 - std::panicking::rust_panic_with_hook::h2b5517d590cab22e
[INFO] [stdout]                                at /rustc/82e1608dfa6e0b5569232559e3d385fea5a93112/library/std/src/panicking.rs:783:13
[INFO] [stdout]   15:     0x561f7952035e - std::panicking::begin_panic_handler::{{closure}}::h233112c06e0ef43e
[INFO] [stdout]                                at /rustc/82e1608dfa6e0b5569232559e3d385fea5a93112/library/std/src/panicking.rs:657:13
[INFO] [stdout]   16:     0x561f7951ea16 - std::sys_common::backtrace::__rust_end_short_backtrace::h6e893f24d7ebbff8
[INFO] [stdout]                                at /rustc/82e1608dfa6e0b5569232559e3d385fea5a93112/library/std/src/sys_common/backtrace.rs:170:18
[INFO] [stdout]   17:     0x561f795200c2 - rust_begin_unwind
[INFO] [stdout]                                at /rustc/82e1608dfa6e0b5569232559e3d385fea5a93112/library/std/src/panicking.rs:645:5
[INFO] [stdout]   18:     0x561f793ae3f5 - core::panicking::panic_fmt::hbf0e066aabfa482c
[INFO] [stdout]                                at /rustc/82e1608dfa6e0b5569232559e3d385fea5a93112/library/core/src/panicking.rs:72:14
[INFO] [stdout]   19:     0x561f793ae84b - core::panicking::assert_failed_inner::h0bba8b7c26ee4492
[INFO] [stdout]   20:     0x561f793f9c22 - core::panicking::assert_failed::h6e0120685512563c
[INFO] [stdout]                                at /rustc/82e1608dfa6e0b5569232559e3d385fea5a93112/library/core/src/panicking.rs:279:5
[INFO] [stdout]   21:     0x561f79401619 - imessage_database::util::query_context::use_tests::can_create_end::h1bd0272f42f1d668
[INFO] [stdout]                                at /opt/rustwide/workdir/src/util/query_context.rs:185:9
[INFO] [stdout]   22:     0x561f794012a7 - imessage_database::util::query_context::use_tests::can_create_end::{{closure}}::hceba0d7af0037f2b
[INFO] [stdout]                                at /opt/rustwide/workdir/src/util/query_context.rs:173:24
[INFO] [stdout]   23:     0x561f793c84e6 - core::ops::function::FnOnce::call_once::h847d976e389a72d5
[INFO] [stdout]                                at /rustc/82e1608dfa6e0b5569232559e3d385fea5a93112/library/core/src/ops/function.rs:250:5
[INFO] [stdout]   24:     0x561f79455eaf - core::ops::function::FnOnce::call_once::h2b5d431d5046312d
[INFO] [stdout]                                at /rustc/82e1608dfa6e0b5569232559e3d385fea5a93112/library/core/src/ops/function.rs:250:5
[INFO] [stdout]   25:     0x561f79455eaf - test::__rust_begin_short_backtrace::h7714669af176e207
[INFO] [stdout]                                at /rustc/82e1608dfa6e0b5569232559e3d385fea5a93112/library/test/src/lib.rs:628:18
[INFO] [stdout]   26:     0x561f79454ec5 - test::run_test_in_process::{{closure}}::h85218797dcbcec12
[INFO] [stdout]                                at /rustc/82e1608dfa6e0b5569232559e3d385fea5a93112/library/test/src/lib.rs:651:60
[INFO] [stdout]   27:     0x561f79454ec5 - <core::panic::unwind_safe::AssertUnwindSafe<F> as core::ops::function::FnOnce<()>>::call_once::h76c106ea31c14d7b
[INFO] [stdout]                                at /rustc/82e1608dfa6e0b5569232559e3d385fea5a93112/library/core/src/panic/unwind_safe.rs:272:9
[INFO] [stdout]   28:     0x561f79454ec5 - std::panicking::try::do_call::h3bd5d0f6620ee946
[INFO] [stdout]                                at /rustc/82e1608dfa6e0b5569232559e3d385fea5a93112/library/std/src/panicking.rs:552:40
[INFO] [stdout]   29:     0x561f79454ec5 - std::panicking::try::h232e535e4744fe31
[INFO] [stdout]                                at /rustc/82e1608dfa6e0b5569232559e3d385fea5a93112/library/std/src/panicking.rs:516:19
[INFO] [stdout]   30:     0x561f79454ec5 - std::panic::catch_unwind::h3ce3bd6ca8dbac68
[INFO] [stdout]                                at /rustc/82e1608dfa6e0b5569232559e3d385fea5a93112/library/std/src/panic.rs:142:14
[INFO] [stdout]   31:     0x561f79454ec5 - test::run_test_in_process::hc97b257c9621286a
[INFO] [stdout]                                at /rustc/82e1608dfa6e0b5569232559e3d385fea5a93112/library/test/src/lib.rs:651:27
[INFO] [stdout]   32:     0x561f79454ec5 - test::run_test::{{closure}}::h2aa798823a438d38
[INFO] [stdout]                                at /rustc/82e1608dfa6e0b5569232559e3d385fea5a93112/library/test/src/lib.rs:574:43
[INFO] [stdout]   33:     0x561f7941d186 - test::run_test::{{closure}}::h87d231c78fb59832
[INFO] [stdout]                                at /rustc/82e1608dfa6e0b5569232559e3d385fea5a93112/library/test/src/lib.rs:602:41
[INFO] [stdout]   34:     0x561f7941d186 - std::sys_common::backtrace::__rust_begin_short_backtrace::he6df152596625789
[INFO] [stdout]                                at /rustc/82e1608dfa6e0b5569232559e3d385fea5a93112/library/std/src/sys_common/backtrace.rs:154:18
[INFO] [stdout]   35:     0x561f79422237 - std::thread::Builder::spawn_unchecked_::{{closure}}::{{closure}}::ha94be15d1e0acf36
[INFO] [stdout]                                at /rustc/82e1608dfa6e0b5569232559e3d385fea5a93112/library/std/src/thread/mod.rs:529:17
[INFO] [stdout]   36:     0x561f79422237 - <core::panic::unwind_safe::AssertUnwindSafe<F> as core::ops::function::FnOnce<()>>::call_once::h9dc6bd6372f16606
[INFO] [stdout]                                at /rustc/82e1608dfa6e0b5569232559e3d385fea5a93112/library/core/src/panic/unwind_safe.rs:272:9
[INFO] [stdout]   37:     0x561f79422237 - std::panicking::try::do_call::h9057517f80303cd4
[INFO] [stdout]                                at /rustc/82e1608dfa6e0b5569232559e3d385fea5a93112/library/std/src/panicking.rs:552:40
[INFO] [stdout]   38:     0x561f79422237 - std::panicking::try::he3a30b11ee45340c
[INFO] [stdout]                                at /rustc/82e1608dfa6e0b5569232559e3d385fea5a93112/library/std/src/panicking.rs:516:19
[INFO] [stdout]   39:     0x561f79422237 - std::panic::catch_unwind::h410458cfd3528b8b
[INFO] [stdout]                                at /rustc/82e1608dfa6e0b5569232559e3d385fea5a93112/library/std/src/panic.rs:142:14
[INFO] [stdout]   40:     0x561f79422237 - std::thread::Builder::spawn_unchecked_::{{closure}}::h72ac3bdb567b737b
[INFO] [stdout]                                at /rustc/82e1608dfa6e0b5569232559e3d385fea5a93112/library/std/src/thread/mod.rs:528:30
[INFO] [stdout]   41:     0x561f79422237 - core::ops::function::FnOnce::call_once{{vtable.shim}}::h38f34da3654a8344
[INFO] [stdout]                                at /rustc/82e1608dfa6e0b5569232559e3d385fea5a93112/library/core/src/ops/function.rs:250:5
[INFO] [stdout]   42:     0x561f79525315 - <alloc::boxed::Box<F,A> as core::ops::function::FnOnce<Args>>::call_once::hc7eafaff61e32df9
[INFO] [stdout]                                at /rustc/82e1608dfa6e0b5569232559e3d385fea5a93112/library/alloc/src/boxed.rs:2007:9
[INFO] [stdout]   43:     0x561f79525315 - <alloc::boxed::Box<F,A> as core::ops::function::FnOnce<Args>>::call_once::h6ba4a5de48dd2304
[INFO] [stdout]                                at /rustc/82e1608dfa6e0b5569232559e3d385fea5a93112/library/alloc/src/boxed.rs:2007:9
[INFO] [stdout]   44:     0x561f79525315 - std::sys::unix::thread::Thread::new::thread_start::he469335aef763e45
[INFO] [stdout]                                at /rustc/82e1608dfa6e0b5569232559e3d385fea5a93112/library/std/src/sys/unix/thread.rs:108:17
[INFO] [stdout]   45:     0x7fa2e8eb5ac3 - <unknown>
[INFO] [stdout]   46:     0x7fa2e8f46bf4 - __clone
[INFO] [stdout]   47:                0x0 - <unknown>
[INFO] [stdout] 
[INFO] [stdout] ---- util::query_context::use_tests::can_create_start stdout ----
[INFO] [stdout] thread 'util::query_context::use_tests::can_create_start' panicked at src/util/query_context.rs:163:9:
[INFO] [stdout] assertion `left == right` failed
[INFO] [stdout]   left: " WHERE\n                     m.date >= 599529600000000000"
[INFO] [stdout]  right: " WHERE\n                     m.date >= 599558400000000000"
[INFO] [stdout] stack backtrace:
[INFO] [stdout]    0:     0x561f7951e54c - std::backtrace_rs::backtrace::libunwind::trace::ha637c64ce894333a
[INFO] [stdout]                                at /rustc/82e1608dfa6e0b5569232559e3d385fea5a93112/library/std/src/../../backtrace/src/backtrace/libunwind.rs:104:5
[INFO] [stdout]    1:     0x561f7951e54c - std::backtrace_rs::backtrace::trace_unsynchronized::h47f62dea28e0c88d
[INFO] [stdout]                                at /rustc/82e1608dfa6e0b5569232559e3d385fea5a93112/library/std/src/../../backtrace/src/backtrace/mod.rs:66:5
[INFO] [stdout]    2:     0x561f7951e54c - std::sys_common::backtrace::_print_fmt::h9eef0abe20ede486
[INFO] [stdout]                                at /rustc/82e1608dfa6e0b5569232559e3d385fea5a93112/library/std/src/sys_common/backtrace.rs:67:5
[INFO] [stdout]    3:     0x561f7951e54c - <std::sys_common::backtrace::_print::DisplayBacktrace as core::fmt::Display>::fmt::hed7f999df88cc644
[INFO] [stdout]                                at /rustc/82e1608dfa6e0b5569232559e3d385fea5a93112/library/std/src/sys_common/backtrace.rs:44:22
[INFO] [stdout]    4:     0x561f7954aa60 - core::fmt::rt::Argument::fmt::h1539a9308b8d058d
[INFO] [stdout]                                at /rustc/82e1608dfa6e0b5569232559e3d385fea5a93112/library/core/src/fmt/rt.rs:142:9
[INFO] [stdout]    5:     0x561f7954aa60 - core::fmt::write::h3a39390d8560d9c9
[INFO] [stdout]                                at /rustc/82e1608dfa6e0b5569232559e3d385fea5a93112/library/core/src/fmt/mod.rs:1120:17
[INFO] [stdout]    6:     0x561f7951bbcf - std::io::Write::write_fmt::h040b369f3a0f9cbc
[INFO] [stdout]                                at /rustc/82e1608dfa6e0b5569232559e3d385fea5a93112/library/std/src/io/mod.rs:1762:15
[INFO] [stdout]    7:     0x561f7951e334 - std::sys_common::backtrace::_print::h894006fb5c6f3d45
[INFO] [stdout]                                at /rustc/82e1608dfa6e0b5569232559e3d385fea5a93112/library/std/src/sys_common/backtrace.rs:47:5
[INFO] [stdout]    8:     0x561f7951e334 - std::sys_common::backtrace::print::h23a2d212c6fff936
[INFO] [stdout]                                at /rustc/82e1608dfa6e0b5569232559e3d385fea5a93112/library/std/src/sys_common/backtrace.rs:34:9
[INFO] [stdout]    9:     0x561f7951fff7 - std::panicking::default_hook::{{closure}}::h8a1d2ee00185001a
[INFO] [stdout]   10:     0x561f7951fce3 - std::panicking::default_hook::h6038f2eba384e475
[INFO] [stdout]                                at /rustc/82e1608dfa6e0b5569232559e3d385fea5a93112/library/std/src/panicking.rs:289:9
[INFO] [stdout]   11:     0x561f79450857 - <alloc::boxed::Box<F,A> as core::ops::function::Fn<Args>>::call::h0ad024c9bdc6d768
[INFO] [stdout]                                at /rustc/82e1608dfa6e0b5569232559e3d385fea5a93112/library/alloc/src/boxed.rs:2021:9
[INFO] [stdout]   12:     0x561f79450857 - test::test_main::{{closure}}::h7500b54257359db6
[INFO] [stdout]                                at /rustc/82e1608dfa6e0b5569232559e3d385fea5a93112/library/test/src/lib.rs:138:21
[INFO] [stdout]   13:     0x561f79520608 - <alloc::boxed::Box<F,A> as core::ops::function::Fn<Args>>::call::h1f8f335eaa9cfaee
[INFO] [stdout]                                at /rustc/82e1608dfa6e0b5569232559e3d385fea5a93112/library/alloc/src/boxed.rs:2021:9
[INFO] [stdout]   14:     0x561f79520608 - std::panicking::rust_panic_with_hook::h2b5517d590cab22e
[INFO] [stdout]                                at /rustc/82e1608dfa6e0b5569232559e3d385fea5a93112/library/std/src/panicking.rs:783:13
[INFO] [stdout]   15:     0x561f7952035e - std::panicking::begin_panic_handler::{{closure}}::h233112c06e0ef43e
[INFO] [stdout]                                at /rustc/82e1608dfa6e0b5569232559e3d385fea5a93112/library/std/src/panicking.rs:657:13
[INFO] [stdout]   16:     0x561f7951ea16 - std::sys_common::backtrace::__rust_end_short_backtrace::h6e893f24d7ebbff8
[INFO] [stdout]                                at /rustc/82e1608dfa6e0b5569232559e3d385fea5a93112/library/std/src/sys_common/backtrace.rs:170:18
[INFO] [stdout]   17:     0x561f795200c2 - rust_begin_unwind
[INFO] [stdout]                                at /rustc/82e1608dfa6e0b5569232559e3d385fea5a93112/library/std/src/panicking.rs:645:5
[INFO] [stdout]   18:     0x561f793ae3f5 - core::panicking::panic_fmt::hbf0e066aabfa482c
[INFO] [stdout]                                at /rustc/82e1608dfa6e0b5569232559e3d385fea5a93112/library/core/src/panicking.rs:72:14
[INFO] [stdout]   19:     0x561f793ae84b - core::panicking::assert_failed_inner::h0bba8b7c26ee4492
[INFO] [stdout]   20:     0x561f793f9c22 - core::panicking::assert_failed::h6e0120685512563c
[INFO] [stdout]                                at /rustc/82e1608dfa6e0b5569232559e3d385fea5a93112/library/core/src/panicking.rs:279:5
[INFO] [stdout]   21:     0x561f794011c6 - imessage_database::util::query_context::use_tests::can_create_start::h96844b17b9d31b82
[INFO] [stdout]                                at /opt/rustwide/workdir/src/util/query_context.rs:163:9
[INFO] [stdout]   22:     0x561f79400e57 - imessage_database::util::query_context::use_tests::can_create_start::{{closure}}::h1fd34e74f534c608
[INFO] [stdout]                                at /opt/rustwide/workdir/src/util/query_context.rs:151:26
[INFO] [stdout]   23:     0x561f793c9026 - core::ops::function::FnOnce::call_once::hd95174252b0c8b4a
[INFO] [stdout]                                at /rustc/82e1608dfa6e0b5569232559e3d385fea5a93112/library/core/src/ops/function.rs:250:5
[INFO] [stdout]   24:     0x561f79455eaf - core::ops::function::FnOnce::call_once::h2b5d431d5046312d
[INFO] [stdout]                                at /rustc/82e1608dfa6e0b5569232559e3d385fea5a93112/library/core/src/ops/function.rs:250:5
[INFO] [stdout]   25:     0x561f79455eaf - test::__rust_begin_short_backtrace::h7714669af176e207
[INFO] [stdout]                                at /rustc/82e1608dfa6e0b5569232559e3d385fea5a93112/library/test/src/lib.rs:628:18
[INFO] [stdout]   26:     0x561f79454ec5 - test::run_test_in_process::{{closure}}::h85218797dcbcec12
[INFO] [stdout]                                at /rustc/82e1608dfa6e0b5569232559e3d385fea5a93112/library/test/src/lib.rs:651:60
[INFO] [stdout]   27:     0x561f79454ec5 - <core::panic::unwind_safe::AssertUnwindSafe<F> as core::ops::function::FnOnce<()>>::call_once::h76c106ea31c14d7b
[INFO] [stdout]                                at /rustc/82e1608dfa6e0b5569232559e3d385fea5a93112/library/core/src/panic/unwind_safe.rs:272:9
[INFO] [stdout]   28:     0x561f79454ec5 - std::panicking::try::do_call::h3bd5d0f6620ee946
[INFO] [stdout]                                at /rustc/82e1608dfa6e0b5569232559e3d385fea5a93112/library/std/src/panicking.rs:552:40
[INFO] [stdout]   29:     0x561f79454ec5 - std::panicking::try::h232e535e4744fe31
[INFO] [stdout]                                at /rustc/82e1608dfa6e0b5569232559e3d385fea5a93112/library/std/src/panicking.rs:516:19
[INFO] [stdout]   30:     0x561f79454ec5 - std::panic::catch_unwind::h3ce3bd6ca8dbac68
[INFO] [stdout]                                at /rustc/82e1608dfa6e0b5569232559e3d385fea5a93112/library/std/src/panic.rs:142:14
[INFO] [stdout]   31:     0x561f79454ec5 - test::run_test_in_process::hc97b257c9621286a
[INFO] [stdout]                                at /rustc/82e1608dfa6e0b5569232559e3d385fea5a93112/library/test/src/lib.rs:651:27
[INFO] [stdout]   32:     0x561f79454ec5 - test::run_test::{{closure}}::h2aa798823a438d38
[INFO] [stdout]                                at /rustc/82e1608dfa6e0b5569232559e3d385fea5a93112/library/test/src/lib.rs:574:43
[INFO] [stdout]   33:     0x561f7941d186 - test::run_test::{{closure}}::h87d231c78fb59832
[INFO] [stdout]                                at /rustc/82e1608dfa6e0b5569232559e3d385fea5a93112/library/test/src/lib.rs:602:41
[INFO] [stdout]   34:     0x561f7941d186 - std::sys_common::backtrace::__rust_begin_short_backtrace::he6df152596625789
[INFO] [stdout]                                at /rustc/82e1608dfa6e0b5569232559e3d385fea5a93112/library/std/src/sys_common/backtrace.rs:154:18
[INFO] [stdout]   35:     0x561f79422237 - std::thread::Builder::spawn_unchecked_::{{closure}}::{{closure}}::ha94be15d1e0acf36
[INFO] [stdout]                                at /rustc/82e1608dfa6e0b5569232559e3d385fea5a93112/library/std/src/thread/mod.rs:529:17
[INFO] [stdout]   36:     0x561f79422237 - <core::panic::unwind_safe::AssertUnwindSafe<F> as core::ops::function::FnOnce<()>>::call_once::h9dc6bd6372f16606
[INFO] [stdout]                                at /rustc/82e1608dfa6e0b5569232559e3d385fea5a93112/library/core/src/panic/unwind_safe.rs:272:9
[INFO] [stdout]   37:     0x561f79422237 - std::panicking::try::do_call::h9057517f80303cd4
[INFO] [stdout]                                at /rustc/82e1608dfa6e0b5569232559e3d385fea5a93112/library/std/src/panicking.rs:552:40
[INFO] [stdout]   38:     0x561f79422237 - std::panicking::try::he3a30b11ee45340c
[INFO] [stdout]                                at /rustc/82e1608dfa6e0b5569232559e3d385fea5a93112/library/std/src/panicking.rs:516:19
[INFO] [stdout]   39:     0x561f79422237 - std::panic::catch_unwind::h410458cfd3528b8b
[INFO] [stdout]                                at /rustc/82e1608dfa6e0b5569232559e3d385fea5a93112/library/std/src/panic.rs:142:14
[INFO] [stdout]   40:     0x561f79422237 - std::thread::Builder::spawn_unchecked_::{{closure}}::h72ac3bdb567b737b
[INFO] [stdout]                                at /rustc/82e1608dfa6e0b5569232559e3d385fea5a93112/library/std/src/thread/mod.rs:528:30
[INFO] [stdout]   41:     0x561f79422237 - core::ops::function::FnOnce::call_once{{vtable.shim}}::h38f34da3654a8344
[INFO] [stdout]                                at /rustc/82e1608dfa6e0b5569232559e3d385fea5a93112/library/core/src/ops/function.rs:250:5
[INFO] [stdout]   42:     0x561f79525315 - <alloc::boxed::Box<F,A> as core::ops::function::FnOnce<Args>>::call_once::hc7eafaff61e32df9
[INFO] [stdout]                                at /rustc/82e1608dfa6e0b5569232559e3d385fea5a93112/library/alloc/src/boxed.rs:2007:9
[INFO] [stdout]   43:     0x561f79525315 - <alloc::boxed::Box<F,A> as core::ops::function::FnOnce<Args>>::call_once::h6ba4a5de48dd2304
[INFO] [stdout]                                at /rustc/82e1608dfa6e0b5569232559e3d385fea5a93112/library/alloc/src/boxed.rs:2007:9
[INFO] [stdout]   44:     0x561f79525315 - std::sys::unix::thread::Thread::new::thread_start::he469335aef763e45
[INFO] [stdout]                                at /rustc/82e1608dfa6e0b5569232559e3d385fea5a93112/library/std/src/sys/unix/thread.rs:108:17
[INFO] [stdout]   45:     0x7fa2e8eb5ac3 - <unknown>
[INFO] [stdout]   46:     0x7fa2e8f46bf4 - __clone
[INFO] [stdout]   47:                0x0 - <unknown>
[INFO] [stdout] 
[INFO] [stdout] ---- util::query_context::use_tests::can_create_both stdout ----
[INFO] [stdout] thread 'util::query_context::use_tests::can_create_both' panicked at src/util/query_context.rs:216:9:
[INFO] [stdout] assertion `left == right` failed
[INFO] [stdout]   left: " WHERE\n                     m.date >= 599529600000000000 AND     m.date <= 602294400000000000"
[INFO] [stdout]  right: " WHERE\n                     m.date >= 599558400000000000 AND     m.date <= 602323200000000000"
[INFO] [stdout] stack backtrace:
[INFO] [stdout]    0:     0x561f7951e54c - std::backtrace_rs::backtrace::libunwind::trace::ha637c64ce894333a
[INFO] [stdout]                                at /rustc/82e1608dfa6e0b5569232559e3d385fea5a93112/library/std/src/../../backtrace/src/backtrace/libunwind.rs:104:5
[INFO] [stdout]    1:     0x561f7951e54c - std::backtrace_rs::backtrace::trace_unsynchronized::h47f62dea28e0c88d
[INFO] [stdout]                                at /rustc/82e1608dfa6e0b5569232559e3d385fea5a93112/library/std/src/../../backtrace/src/backtrace/mod.rs:66:5
[INFO] [stdout]    2:     0x561f7951e54c - std::sys_common::backtrace::_print_fmt::h9eef0abe20ede486
[INFO] [stdout]                                at /rustc/82e1608dfa6e0b5569232559e3d385fea5a93112/library/std/src/sys_common/backtrace.rs:67:5
[INFO] [stdout]    3:     0x561f7951e54c - <std::sys_common::backtrace::_print::DisplayBacktrace as core::fmt::Display>::fmt::hed7f999df88cc644
[INFO] [stdout]                                at /rustc/82e1608dfa6e0b5569232559e3d385fea5a93112/library/std/src/sys_common/backtrace.rs:44:22
[INFO] [stdout]    4:     0x561f7954aa60 - core::fmt::rt::Argument::fmt::h1539a9308b8d058d
[INFO] [stdout]                                at /rustc/82e1608dfa6e0b5569232559e3d385fea5a93112/library/core/src/fmt/rt.rs:142:9
[INFO] [stdout]    5:     0x561f7954aa60 - core::fmt::write::h3a39390d8560d9c9
[INFO] [stdout]                                at /rustc/82e1608dfa6e0b5569232559e3d385fea5a93112/library/core/src/fmt/mod.rs:1120:17
[INFO] [stdout]    6:     0x561f7951bbcf - std::io::Write::write_fmt::h040b369f3a0f9cbc
[INFO] [stdout]                                at /rustc/82e1608dfa6e0b5569232559e3d385fea5a93112/library/std/src/io/mod.rs:1762:15
[INFO] [stdout]    7:     0x561f7951e334 - std::sys_common::backtrace::_print::h894006fb5c6f3d45
[INFO] [stdout]                                at /rustc/82e1608dfa6e0b5569232559e3d385fea5a93112/library/std/src/sys_common/backtrace.rs:47:5
[INFO] [stdout]    8:     0x561f7951e334 - std::sys_common::backtrace::print::h23a2d212c6fff936
[INFO] [stdout]                                at /rustc/82e1608dfa6e0b5569232559e3d385fea5a93112/library/std/src/sys_common/backtrace.rs:34:9
[INFO] [stdout]    9:     0x561f7951fff7 - std::panicking::default_hook::{{closure}}::h8a1d2ee00185001a
[INFO] [stdout]   10:     0x561f7951fce3 - std::panicking::default_hook::h6038f2eba384e475
[INFO] [stdout]                                at /rustc/82e1608dfa6e0b5569232559e3d385fea5a93112/library/std/src/panicking.rs:289:9
[INFO] [stdout]   11:     0x561f79450857 - <alloc::boxed::Box<F,A> as core::ops::function::Fn<Args>>::call::h0ad024c9bdc6d768
[INFO] [stdout]                                at /rustc/82e1608dfa6e0b5569232559e3d385fea5a93112/library/alloc/src/boxed.rs:2021:9
[INFO] [stdout]   12:     0x561f79450857 - test::test_main::{{closure}}::h7500b54257359db6
[INFO] [stdout]                                at /rustc/82e1608dfa6e0b5569232559e3d385fea5a93112/library/test/src/lib.rs:138:21
[INFO] [stdout]   13:     0x561f79520608 - <alloc::boxed::Box<F,A> as core::ops::function::Fn<Args>>::call::h1f8f335eaa9cfaee
[INFO] [stdout]                                at /rustc/82e1608dfa6e0b5569232559e3d385fea5a93112/library/alloc/src/boxed.rs:2021:9
[INFO] [stdout]   14:     0x561f79520608 - std::panicking::rust_panic_with_hook::h2b5517d590cab22e
[INFO] [stdout]                                at /rustc/82e1608dfa6e0b5569232559e3d385fea5a93112/library/std/src/panicking.rs:783:13
[INFO] [stdout]   15:     0x561f7952035e - std::panicking::begin_panic_handler::{{closure}}::h233112c06e0ef43e
[INFO] [stdout]                                at /rustc/82e1608dfa6e0b5569232559e3d385fea5a93112/library/std/src/panicking.rs:657:13
[INFO] [stdout]   16:     0x561f7951ea16 - std::sys_common::backtrace::__rust_end_short_backtrace::h6e893f24d7ebbff8
[INFO] [stdout]                                at /rustc/82e1608dfa6e0b5569232559e3d385fea5a93112/library/std/src/sys_common/backtrace.rs:170:18
[INFO] [stdout]   17:     0x561f795200c2 - rust_begin_unwind
[INFO] [stdout]                                at /rustc/82e1608dfa6e0b5569232559e3d385fea5a93112/library/std/src/panicking.rs:645:5
[INFO] [stdout]   18:     0x561f793ae3f5 - core::panicking::panic_fmt::hbf0e066aabfa482c
[INFO] [stdout]                                at /rustc/82e1608dfa6e0b5569232559e3d385fea5a93112/library/core/src/panicking.rs:72:14
[INFO] [stdout]   19:     0x561f793ae84b - core::panicking::assert_failed_inner::h0bba8b7c26ee4492
[INFO] [stdout]   20:     0x561f793f9c22 - core::panicking::assert_failed::h6e0120685512563c
[INFO] [stdout]                                at /rustc/82e1608dfa6e0b5569232559e3d385fea5a93112/library/core/src/panicking.rs:279:5
[INFO] [stdout]   21:     0x561f79401cee - imessage_database::util::query_context::use_tests::can_create_both::h3800b15b12db1bd8
[INFO] [stdout]                                at /opt/rustwide/workdir/src/util/query_context.rs:216:9
[INFO] [stdout]   22:     0x561f794016f7 - imessage_database::util::query_context::use_tests::can_create_both::{{closure}}::h94980ad40836ea44
[INFO] [stdout]                                at /opt/rustwide/workdir/src/util/query_context.rs:195:25
[INFO] [stdout]   23:     0x561f793c8106 - core::ops::function::FnOnce::call_once::h68d64e9ff3db342a
[INFO] [stdout]                                at /rustc/82e1608dfa6e0b5569232559e3d385fea5a93112/library/core/src/ops/function.rs:250:5
[INFO] [stdout]   24:     0x561f79455eaf - core::ops::function::FnOnce::call_once::h2b5d431d5046312d
[INFO] [stdout]                                at /rustc/82e1608dfa6e0b5569232559e3d385fea5a93112/library/core/src/ops/function.rs:250:5
[INFO] [stdout]   25:     0x561f79455eaf - test::__rust_begin_short_backtrace::h7714669af176e207
[INFO] [stdout]                                at /rustc/82e1608dfa6e0b5569232559e3d385fea5a93112/library/test/src/lib.rs:628:18
[INFO] [stdout]   26:     0x561f79454ec5 - test::run_test_in_process::{{closure}}::h85218797dcbcec12
[INFO] [stdout]                                at /rustc/82e1608dfa6e0b5569232559e3d385fea5a93112/library/test/src/lib.rs:651:60
[INFO] [stdout]   27:     0x561f79454ec5 - <core::panic::unwind_safe::AssertUnwindSafe<F> as core::ops::function::FnOnce<()>>::call_once::h76c106ea31c14d7b
[INFO] [stdout]                                at /rustc/82e1608dfa6e0b5569232559e3d385fea5a93112/library/core/src/panic/unwind_safe.rs:272:9
[INFO] [stdout]   28:     0x561f79454ec5 - std::panicking::try::do_call::h3bd5d0f6620ee946
[INFO] [stdout]                                at /rustc/82e1608dfa6e0b5569232559e3d385fea5a93112/library/std/src/panicking.rs:552:40
[INFO] [stdout]   29:     0x561f79454ec5 - std::panicking::try::h232e535e4744fe31
[INFO] [stdout]                                at /rustc/82e1608dfa6e0b5569232559e3d385fea5a93112/library/std/src/panicking.rs:516:19
[INFO] [stdout]   30:     0x561f79454ec5 - std::panic::catch_unwind::h3ce3bd6ca8dbac68
[INFO] [stdout]                                at /rustc/82e1608dfa6e0b5569232559e3d385fea5a93112/library/std/src/panic.rs:142:14
[INFO] [stdout]   31:     0x561f79454ec5 - test::run_test_in_process::hc97b257c9621286a
[INFO] [stdout]                                at /rustc/82e1608dfa6e0b5569232559e3d385fea5a93112/library/test/src/lib.rs:651:27
[INFO] [stdout]   32:     0x561f79454ec5 - test::run_test::{{closure}}::h2aa798823a438d38
[INFO] [stdout]                                at /rustc/82e1608dfa6e0b5569232559e3d385fea5a93112/library/test/src/lib.rs:574:43
[INFO] [stdout]   33:     0x561f7941d186 - test::run_test::{{closure}}::h87d231c78fb59832
[INFO] [stdout]                                at /rustc/82e1608dfa6e0b5569232559e3d385fea5a93112/library/test/src/lib.rs:602:41
[INFO] [stdout]   34:     0x561f7941d186 - std::sys_common::backtrace::__rust_begin_short_backtrace::he6df152596625789
[INFO] [stdout]                                at /rustc/82e1608dfa6e0b5569232559e3d385fea5a93112/library/std/src/sys_common/backtrace.rs:154:18
[INFO] [stdout]   35:     0x561f79422237 - std::thread::Builder::spawn_unchecked_::{{closure}}::{{closure}}::ha94be15d1e0acf36
[INFO] [stdout]                                at /rustc/82e1608dfa6e0b5569232559e3d385fea5a93112/library/std/src/thread/mod.rs:529:17
[INFO] [stdout]   36:     0x561f79422237 - <core::panic::unwind_safe::AssertUnwindSafe<F> as core::ops::function::FnOnce<()>>::call_once::h9dc6bd6372f16606
[INFO] [stdout]                                at /rustc/82e1608dfa6e0b5569232559e3d385fea5a93112/library/core/src/panic/unwind_safe.rs:272:9
[INFO] [stdout]   37:     0x561f79422237 - std::panicking::try::do_call::h9057517f80303cd4
[INFO] [stdout]                                at /rustc/82e1608dfa6e0b5569232559e3d385fea5a93112/library/std/src/panicking.rs:552:40
[INFO] [stdout]   38:     0x561f79422237 - std::panicking::try::he3a30b11ee45340c
[INFO] [stdout]                                at /rustc/82e1608dfa6e0b5569232559e3d385fea5a93112/library/std/src/panicking.rs:516:19
[INFO] [stdout]   39:     0x561f79422237 - std::panic::catch_unwind::h410458cfd3528b8b
[INFO] [stdout]                                at /rustc/82e1608dfa6e0b5569232559e3d385fea5a93112/library/std/src/panic.rs:142:14
[INFO] [stdout]   40:     0x561f79422237 - std::thread::Builder::spawn_unchecked_::{{closure}}::h72ac3bdb567b737b
[INFO] [stdout]                                at /rustc/82e1608dfa6e0b5569232559e3d385fea5a93112/library/std/src/thread/mod.rs:528:30
[INFO] [stdout]   41:     0x561f79422237 - core::ops::function::FnOnce::call_once{{vtable.shim}}::h38f34da3654a8344
[INFO] [stdout]                                at /rustc/82e1608dfa6e0b5569232559e3d385fea5a93112/library/core/src/ops/function.rs:250:5
[INFO] [stdout]   42:     0x561f79525315 - <alloc::boxed::Box<F,A> as core::ops::function::FnOnce<Args>>::call_once::hc7eafaff61e32df9
[INFO] [stdout]                                at /rustc/82e1608dfa6e0b5569232559e3d385fea5a93112/library/alloc/src/boxed.rs:2007:9
[INFO] [stdout]   43:     0x561f79525315 - <alloc::boxed::Box<F,A> as core::ops::function::FnOnce<Args>>::call_once::h6ba4a5de48dd2304
[INFO] [stdout]                                at /rustc/82e1608dfa6e0b5569232559e3d385fea5a93112/library/alloc/src/boxed.rs:2007:9
[INFO] [stdout]   44:     0x561f79525315 - std::sys::unix::thread::Thread::new::thread_start::he469335aef763e45
[INFO] [stdout]                                at /rustc/82e1608dfa6e0b5569232559e3d385fea5a93112/library/std/src/sys/unix/thread.rs:108:17
[INFO] [stdout]   45:     0x7fa2e8eb5ac3 - <unknown>
[INFO] [stdout]   46:     0x7fa2e8f46bf4 - __clone
[INFO] [stdout]   47:                0x0 - <unknown>
[INFO] [stdout] 
[INFO] [stdout] 
[INFO] [stdout] failures:
[INFO] [stdout]     util::query_context::use_tests::can_create_both
[INFO] [stdout]     util::query_context::use_tests::can_create_end
[INFO] [stdout]     util::query_context::use_tests::can_create_start
[INFO] [stdout] 
[INFO] [stdout] test result: FAILED. 122 passed; 3 failed; 0 ignored; 0 measured; 0 filtered out; finished in 0.04s
[INFO] [stdout] 
[INFO] [stderr] error: test failed, to rerun pass `--lib`
[INFO] running `Command { std: "docker" "inspect" "5a509c44e9112517444e0ecbc7d9992c4b88ef1f56ba689a965978ae0b5a0fb6", kill_on_drop: false }`
[INFO] running `Command { std: "docker" "rm" "-f" "5a509c44e9112517444e0ecbc7d9992c4b88ef1f56ba689a965978ae0b5a0fb6", kill_on_drop: false }`
[INFO] [stdout] 5a509c44e9112517444e0ecbc7d9992c4b88ef1f56ba689a965978ae0b5a0fb6
[INFO] testing imessage-database-1.7.0 against beta-2023-12-22 for beta-1.76-1
[INFO] extracting crate imessage-database 1.7.0 into /workspace/builds/worker-7-tc2/source
[INFO] validating manifest of crates.io crate imessage-database 1.7.0 on toolchain beta-2023-12-22
[INFO] running `Command { std: CARGO_HOME="/workspace/cargo-home" RUSTUP_HOME="/workspace/rustup-home" "/workspace/cargo-home/bin/cargo" "+beta-2023-12-22" "metadata" "--manifest-path" "Cargo.toml" "--no-deps", kill_on_drop: false }`
[INFO] started tweaking crates.io crate imessage-database 1.7.0
[INFO] finished tweaking crates.io crate imessage-database 1.7.0
[INFO] tweaked toml for crates.io crate imessage-database 1.7.0 written to /workspace/builds/worker-7-tc2/source/Cargo.toml
[INFO] running `Command { std: CARGO_HOME="/workspace/cargo-home" RUSTUP_HOME="/workspace/rustup-home" "/workspace/cargo-home/bin/cargo" "+beta-2023-12-22" "generate-lockfile" "--manifest-path" "Cargo.toml", kill_on_drop: false }`
[INFO] [stderr]     Updating crates.io index
[INFO] running `Command { std: CARGO_HOME="/workspace/cargo-home" RUSTUP_HOME="/workspace/rustup-home" "/workspace/cargo-home/bin/cargo" "+beta-2023-12-22" "fetch" "--manifest-path" "Cargo.toml", kill_on_drop: false }`
[INFO] running `Command { std: "docker" "create" "-v" "/var/lib/crater-agent-workspace/builds/worker-7-tc2/target:/opt/rustwide/target:rw,Z" "-v" "/var/lib/crater-agent-workspace/builds/worker-7-tc2/source:/opt/rustwide/workdir:ro,Z" "-v" "/var/lib/crater-agent-workspace/cargo-home:/opt/rustwide/cargo-home:ro,Z" "-v" "/var/lib/crater-agent-workspace/rustup-home:/opt/rustwide/rustup-home:ro,Z" "-e" "SOURCE_DIR=/opt/rustwide/workdir" "-e" "CARGO_TARGET_DIR=/opt/rustwide/target" "-e" "CARGO_HOME=/opt/rustwide/cargo-home" "-e" "RUSTUP_HOME=/opt/rustwide/rustup-home" "-w" "/opt/rustwide/workdir" "-m" "1610612736" "--user" "0:0" "--network" "none" "ghcr.io/rust-lang/crates-build-env/linux@sha256:2788e3201cd34a07e3172128adcd8b3090168a8e3bcc40d7c032b9dda1df7d1c" "/opt/rustwide/cargo-home/bin/cargo" "+beta-2023-12-22" "metadata" "--no-deps" "--format-version=1", kill_on_drop: false }`
[INFO] [stdout] 78f6d804034c5e60ff17c8e5d3e44f9623142d924983d7f7af9ead461700d362
[INFO] running `Command { std: "docker" "start" "-a" "78f6d804034c5e60ff17c8e5d3e44f9623142d924983d7f7af9ead461700d362", kill_on_drop: false }`
[INFO] running `Command { std: "docker" "inspect" "78f6d804034c5e60ff17c8e5d3e44f9623142d924983d7f7af9ead461700d362", kill_on_drop: false }`
[INFO] running `Command { std: "docker" "rm" "-f" "78f6d804034c5e60ff17c8e5d3e44f9623142d924983d7f7af9ead461700d362", kill_on_drop: false }`
[INFO] [stdout] 78f6d804034c5e60ff17c8e5d3e44f9623142d924983d7f7af9ead461700d362
[INFO] running `Command { std: "docker" "create" "-v" "/var/lib/crater-agent-workspace/builds/worker-7-tc2/target:/opt/rustwide/target:rw,Z" "-v" "/var/lib/crater-agent-workspace/builds/worker-7-tc2/source:/opt/rustwide/workdir:ro,Z" "-v" "/var/lib/crater-agent-workspace/cargo-home:/opt/rustwide/cargo-home:ro,Z" "-v" "/var/lib/crater-agent-workspace/rustup-home:/opt/rustwide/rustup-home:ro,Z" "-e" "SOURCE_DIR=/opt/rustwide/workdir" "-e" "CARGO_TARGET_DIR=/opt/rustwide/target" "-e" "CARGO_INCREMENTAL=0" "-e" "RUST_BACKTRACE=full" "-e" "RUSTFLAGS=--cap-lints=warn" "-e" "RUSTDOCFLAGS=--cap-lints=warn" "-e" "CARGO_HOME=/opt/rustwide/cargo-home" "-e" "RUSTUP_HOME=/opt/rustwide/rustup-home" "-w" "/opt/rustwide/workdir" "-m" "1610612736" "--user" "0:0" "--network" "none" "ghcr.io/rust-lang/crates-build-env/linux@sha256:2788e3201cd34a07e3172128adcd8b3090168a8e3bcc40d7c032b9dda1df7d1c" "/opt/rustwide/cargo-home/bin/cargo" "+beta-2023-12-22" "build" "--frozen" "--message-format=json", kill_on_drop: false }`
[INFO] [stdout] 30c0973e77d409ed6035227e33e8c6834dc625ebcb3d71158218932eab90b35b
[INFO] running `Command { std: "docker" "start" "-a" "30c0973e77d409ed6035227e33e8c6834dc625ebcb3d71158218932eab90b35b", kill_on_drop: false }`
[INFO] [stderr]    Compiling ahash v0.8.7
[INFO] [stderr]    Compiling libc v0.2.151
[INFO] [stderr]    Compiling zerocopy v0.7.32
[INFO] [stderr]    Compiling once_cell v1.19.0
[INFO] [stderr]    Compiling allocator-api2 v0.2.16
[INFO] [stderr]    Compiling pkg-config v0.3.28
[INFO] [stderr]    Compiling vcpkg v0.2.15
[INFO] [stderr]    Compiling serde v1.0.194
[INFO] [stderr]    Compiling powerfmt v0.2.0
[INFO] [stderr]    Compiling itoa v1.0.10
[INFO] [stderr]    Compiling time-core v0.1.2
[INFO] [stderr]    Compiling safemem v0.3.3
[INFO] [stderr]    Compiling num-traits v0.2.17
[INFO] [stderr]    Compiling equivalent v1.0.1
[INFO] [stderr]    Compiling quick-xml v0.31.0
[INFO] [stderr]    Compiling bitflags v2.4.1
[INFO] [stderr]    Compiling line-wrap v0.1.1
[INFO] [stderr]    Compiling iana-time-zone v0.1.59
[INFO] [stderr]    Compiling fallible-iterator v0.3.0
[INFO] [stderr]    Compiling base64 v0.21.5
[INFO] [stderr]    Compiling fallible-streaming-iterator v0.1.9
[INFO] [stderr]    Compiling deranged v0.3.11
[INFO] [stderr]    Compiling sha1 v0.10.6
[INFO] [stderr]    Compiling hashbrown v0.14.3
[INFO] [stderr]    Compiling time v0.3.31
[INFO] [stderr]    Compiling cc v1.0.83
[INFO] [stderr]    Compiling indexmap v2.1.0
[INFO] [stderr]    Compiling hashlink v0.8.4
[INFO] [stderr]    Compiling chrono v0.4.31
[INFO] [stderr]    Compiling libsqlite3-sys v0.27.0
[INFO] [stderr]    Compiling plist v1.6.0
[INFO] [stderr]    Compiling rusqlite v0.30.0
[INFO] [stderr]    Compiling imessage-database v1.7.0 (/opt/rustwide/workdir)
[INFO] [stderr]     Finished dev [unoptimized + debuginfo] target(s) in 11.51s
[INFO] running `Command { std: "docker" "inspect" "30c0973e77d409ed6035227e33e8c6834dc625ebcb3d71158218932eab90b35b", kill_on_drop: false }`
[INFO] running `Command { std: "docker" "rm" "-f" "30c0973e77d409ed6035227e33e8c6834dc625ebcb3d71158218932eab90b35b", kill_on_drop: false }`
[INFO] [stdout] 30c0973e77d409ed6035227e33e8c6834dc625ebcb3d71158218932eab90b35b
[INFO] running `Command { std: "docker" "create" "-v" "/var/lib/crater-agent-workspace/builds/worker-7-tc2/target:/opt/rustwide/target:rw,Z" "-v" "/var/lib/crater-agent-workspace/builds/worker-7-tc2/source:/opt/rustwide/workdir:ro,Z" "-v" "/var/lib/crater-agent-workspace/cargo-home:/opt/rustwide/cargo-home:ro,Z" "-v" "/var/lib/crater-agent-workspace/rustup-home:/opt/rustwide/rustup-home:ro,Z" "-e" "SOURCE_DIR=/opt/rustwide/workdir" "-e" "CARGO_TARGET_DIR=/opt/rustwide/target" "-e" "CARGO_INCREMENTAL=0" "-e" "RUST_BACKTRACE=full" "-e" "RUSTFLAGS=--cap-lints=warn" "-e" "RUSTDOCFLAGS=--cap-lints=warn" "-e" "CARGO_HOME=/opt/rustwide/cargo-home" "-e" "RUSTUP_HOME=/opt/rustwide/rustup-home" "-w" "/opt/rustwide/workdir" "-m" "1610612736" "--user" "0:0" "--network" "none" "ghcr.io/rust-lang/crates-build-env/linux@sha256:2788e3201cd34a07e3172128adcd8b3090168a8e3bcc40d7c032b9dda1df7d1c" "/opt/rustwide/cargo-home/bin/cargo" "+beta-2023-12-22" "test" "--frozen" "--no-run" "--message-format=json", kill_on_drop: false }`
[INFO] [stdout] 6b00e74215f1c560887cdf7e3e809cce096ac42ea324d96e8bef06057415b63b
[INFO] running `Command { std: "docker" "start" "-a" "6b00e74215f1c560887cdf7e3e809cce096ac42ea324d96e8bef06057415b63b", kill_on_drop: false }`
[INFO] [stderr]    Compiling imessage-database v1.7.0 (/opt/rustwide/workdir)
[INFO] [stderr]     Finished test [unoptimized + debuginfo] target(s) in 1.27s
[INFO] running `Command { std: "docker" "inspect" "6b00e74215f1c560887cdf7e3e809cce096ac42ea324d96e8bef06057415b63b", kill_on_drop: false }`
[INFO] running `Command { std: "docker" "rm" "-f" "6b00e74215f1c560887cdf7e3e809cce096ac42ea324d96e8bef06057415b63b", kill_on_drop: false }`
[INFO] [stdout] 6b00e74215f1c560887cdf7e3e809cce096ac42ea324d96e8bef06057415b63b
[INFO] running `Command { std: "docker" "create" "-v" "/var/lib/crater-agent-workspace/builds/worker-7-tc2/target:/opt/rustwide/target:rw,Z" "-v" "/var/lib/crater-agent-workspace/builds/worker-7-tc2/source:/opt/rustwide/workdir:ro,Z" "-v" "/var/lib/crater-agent-workspace/cargo-home:/opt/rustwide/cargo-home:ro,Z" "-v" "/var/lib/crater-agent-workspace/rustup-home:/opt/rustwide/rustup-home:ro,Z" "-e" "SOURCE_DIR=/opt/rustwide/workdir" "-e" "CARGO_TARGET_DIR=/opt/rustwide/target" "-e" "CARGO_INCREMENTAL=0" "-e" "RUST_BACKTRACE=full" "-e" "RUSTFLAGS=--cap-lints=warn" "-e" "RUSTDOCFLAGS=--cap-lints=warn" "-e" "CARGO_HOME=/opt/rustwide/cargo-home" "-e" "RUSTUP_HOME=/opt/rustwide/rustup-home" "-w" "/opt/rustwide/workdir" "-m" "1610612736" "--user" "0:0" "--network" "none" "ghcr.io/rust-lang/crates-build-env/linux@sha256:2788e3201cd34a07e3172128adcd8b3090168a8e3bcc40d7c032b9dda1df7d1c" "/opt/rustwide/cargo-home/bin/cargo" "+beta-2023-12-22" "test" "--frozen", kill_on_drop: false }`
[INFO] [stdout] 24d5d9073adc02168a71155ae9e873e8ea0c1f0a1bda5b2c1ce3c3f527cbdc73
[INFO] running `Command { std: "docker" "start" "-a" "24d5d9073adc02168a71155ae9e873e8ea0c1f0a1bda5b2c1ce3c3f527cbdc73", kill_on_drop: false }`
[INFO] [stderr]     Finished test [unoptimized + debuginfo] target(s) in 0.03s
[INFO] [stderr]      Running unittests src/lib.rs (/opt/rustwide/target/debug/deps/imessage_database-8f268a3568339dcb)
[INFO] [stdout] 
[INFO] [stdout] running 125 tests
[INFO] [stdout] test message_types::app::tests::test_parse_apple_pay_recurring_1 ... ok
[INFO] [stdout] test message_types::app::tests::test_parse_business_query_string ... ok
[INFO] [stdout] test message_types::app::tests::test_parse_business ... ok
[INFO] [stdout] test message_types::app::tests::test_parse_apple_pay_sent_265 ... ok
[INFO] [stdout] test message_types::app::tests::test_parse_check_in_timer ... ok
[INFO] [stdout] test message_types::app::tests::test_parse_check_in_location ... ok
[INFO] [stdout] test message_types::app::tests::test_parse_check_in_query_string ... ok
[INFO] [stdout] test message_types::app::tests::test_parse_find_my ... ok
[INFO] [stdout] test message_types::app::tests::test_parse_check_in_timer_late ... ok
[INFO] [stdout] test message_types::app::tests::test_parse_opentable_invite ... ok
[INFO] [stdout] test message_types::edited::tests::test_parse_deleted ... ok
[INFO] [stdout] test message_types::app::tests::test_parse_game ... ok
[INFO] [stdout] test message_types::app::tests::test_parse_slideshow ... ok
[INFO] [stdout] test message_types::edited::tests::test_parse_edited ... ok
[INFO] [stdout] test message_types::edited::tests::test_parse_edited_to_link ... ok
[INFO] [stdout] test message_types::sticker::tests::test_parse_sticker_comic ... ok
[INFO] [stdout] test message_types::edited::tests::test_parse_edited_to_link_and_back ... ok
[INFO] [stdout] test message_types::sticker::tests::test_parse_sticker_outline ... ok
[INFO] [stdout] test message_types::url::url_tests::test_get_no_url ... ok
[INFO] [stdout] test message_types::sticker::tests::test_parse_sticker_shiny ... ok
[INFO] [stdout] test message_types::url::url_tests::test_get_url ... ok
[INFO] [stdout] test message_types::url::url_tests::test_get_original_url ... ok
[INFO] [stdout] test tables::attachment::tests::can_get_extension ... ok
[INFO] [stdout] test message_types::music::tests::test_parse_apple_music ... ok
[INFO] [stdout] test tables::attachment::tests::can_get_file_size_bytes ... ok
[INFO] [stdout] test message_types::app_store::tests::test_parse_app_store_link ... ok
[INFO] [stdout] test message_types::url::url_override_tests::can_parse_normal ... ok
[INFO] [stdout] test message_types::sticker::tests::test_parse_sticker_puffy ... ok
[INFO] [stdout] test message_types::url::url_override_tests::can_parse_app_store ... ok
[INFO] [stdout] test tables::attachment::tests::can_get_file_size_gb ... ok
[INFO] [stdout] test tables::attachment::tests::can_get_filename ... ok
[INFO] [stdout] test tables::attachment::tests::can_get_file_size_cap ... ok
[INFO] [stdout] test tables::attachment::tests::can_get_file_size_kb ... ok
[INFO] [stdout] test tables::attachment::tests::can_get_filename_no_filename ... ok
[INFO] [stdout] test tables::attachment::tests::can_get_filename_no_meta ... ok
[INFO] [stdout] test tables::attachment::tests::can_get_file_size_mb ... ok
[INFO] [stdout] test tables::attachment::tests::can_get_filename_no_transfer_name ... ok
[INFO] [stdout] test message_types::url::url_tests::test_parse_url_reminder ... ok
[INFO] [stdout] test tables::attachment::tests::can_get_mime_type ... ok
[INFO] [stdout] test message_types::url::url_override_tests::can_parse_music ... ok
[INFO] [stdout] test message_types::url::url_tests::test_parse_url_me ... ok
[INFO] [stdout] test tables::attachment::tests::can_get_mime_type_fake ... ok
[INFO] [stdout] test tables::attachment::tests::can_get_path ... ok
[INFO] [stdout] test tables::attachment::tests::can_get_mime_type_missing ... ok
[INFO] [stdout] test message_types::collaboration::tests::test_parse_collaboration ... ok
[INFO] [stdout] test message_types::url::url_override_tests::can_parse_collaboration ... ok
[INFO] [stdout] test tables::attachment::tests::can_get_resolved_path_macos_custom ... ok
[INFO] [stdout] test tables::attachment::tests::can_get_resolved_path_macos_raw ... ok
[INFO] [stdout] test tables::attachment::tests::can_get_resolved_path_macos_raw_tilde ... ok
[INFO] [stdout] test tables::attachment::tests::can_get_resolved_path_ios ... ok
[INFO] [stdout] test tables::attachment::tests::can_get_resolved_path_ios_custom ... ok
[INFO] [stdout] test tables::attachment::tests::cant_get_missing_resolved_path_ios ... ok
[INFO] [stdout] test tables::attachment::tests::can_get_resolved_path_macos ... ok
[INFO] [stdout] test tables::attachment::tests::cant_get_missing_resolved_path_macos ... ok
[INFO] [stdout] test tables::attachment::tests::cant_get_path_missing ... ok
[INFO] [stdout] test tables::attachment::tests::cant_get_extension_missing ... ok
[INFO] [stdout] test tables::messages::tests::can_get_balloon_bundle_id_apple ... ok
[INFO] [stdout] test tables::messages::tests::can_gen_message ... ok
[INFO] [stdout] test tables::handle::tests::test_can_dedupe ... ok
[INFO] [stdout] test message_types::url::url_tests::test_parse_url_me_metadata ... ok
[INFO] [stdout] test tables::messages::tests::can_get_balloon_bundle_id_os ... ok
[INFO] [stdout] test tables::messages::tests::can_get_balloon_bundle_id_third_party ... ok
[INFO] [stdout] test tables::messages::tests::can_get_message_body_app_attachment_text_mixed_start_app ... ok
[INFO] [stdout] test tables::messages::tests::can_get_message_body_app_attachment_text_mixed_start_text ... ok
[INFO] [stdout] test tables::messages::tests::can_get_message_body_app_text ... ok
[INFO] [stdout] test tables::messages::tests::can_get_message_body_attachment_text ... ok
[INFO] [stdout] test tables::messages::tests::can_get_message_expression_bubble ... ok
[INFO] [stdout] test tables::messages::tests::can_get_balloon_bundle_id_url ... ok
[INFO] [stdout] test tables::messages::tests::can_get_message_body_multiple_emoji ... ok
[INFO] [stdout] test tables::messages::tests::can_get_message_body_single_emoji ... ok
[INFO] [stdout] test tables::messages::tests::can_get_message_body_text_only ... ok
[INFO] [stdout] test tables::messages::tests::can_get_message_expression_screen ... ok
[INFO] [stdout] test tables::messages::tests::can_get_message_expression_none ... ok
[INFO] [stdout] test tables::messages::tests::can_get_time_date_read_before_date ... ok
[INFO] [stdout] test tables::messages::tests::can_get_valid_guid_bp ... ok
[INFO] [stdout] test tables::messages::tests::can_get_no_balloon_bundle_id ... ok
[INFO] [stdout] test tables::messages::tests::can_get_time_date_read_after_date ... ok
[INFO] [stdout] test tables::messages::tests::can_get_valid_guid ... ok
[INFO] [stdout] test message_types::url::url_tests::test_parse_url_twitter ... ok
[INFO] [stdout] test tables::messages::tests::can_get_valid_guid_p ... ok
[INFO] [stdout] test tables::messages::tests::cant_get_invalid_guid ... ok
[INFO] [stdout] test tables::messages::tests::cant_get_invalid_guid_bp ... ok
[INFO] [stdout] test util::dates::tests::can_format_date_double_digit ... ok
[INFO] [stdout] test util::dates::tests::can_format_date_single_digit ... ok
[INFO] [stdout] test util::dates::tests::can_format_diff_all ... ok
[INFO] [stdout] test util::dates::tests::can_format_diff_all_singular ... ok
[INFO] [stdout] test tables::messages::tests::cant_get_invalid_guid_p ... ok
[INFO] [stdout] test util::dates::tests::can_format_diff_minutes_seconds ... ok
[INFO] [stdout] test util::dates::tests::can_format_diff_days_minutes ... ok
[INFO] [stdout] test util::dates::tests::can_format_diff_mixed_singular ... ok
[INFO] [stdout] test util::dates::tests::can_format_diff_month ... ok
[INFO] [stdout] test util::dates::tests::can_format_diff_hours ... ok
[INFO] [stdout] test util::dates::tests::can_format_diff_year ... ok
[INFO] [stdout] test util::dates::tests::can_format_diff_minutes ... ok
[INFO] [stdout] test util::dates::tests::can_format_diff_seconds ... ok
[INFO] [stdout] test util::dates::tests::can_format_diff_days ... ok
[INFO] [stdout] test util::platform::tests::can_parse_ios_any_case ... ok
[INFO] [stdout] test util::dates::tests::cant_format_diff_backwards ... ok
[INFO] [stdout] test util::query_context::sanitize_tests::can_reject_bad_data ... ok
[INFO] [stdout] test util::platform::tests::can_parse_macos_any_case ... ok
[INFO] [stdout] test util::dates::tests::can_format_no_diff ... ok
[INFO] [stdout] test util::query_context::sanitize_tests::can_reject_bad_day ... ok
[INFO] [stdout] test util::query_context::sanitize_tests::can_reject_bad_month ... ok
[INFO] [stdout] test util::query_context::sanitize_tests::can_reject_wrong_hyphen ... ok
[INFO] [stdout] test util::platform::tests::cant_parse_invalid ... ok
[INFO] [stdout] test util::query_context::sanitize_tests::can_sanitize_good ... ok
[INFO] [stdout] test util::query_context::sanitize_tests::can_reject_bad_short ... ok
[INFO] [stdout] test util::query_context::use_tests::can_create ... ok
[INFO] [stdout] test util::query_context::use_tests::can_create_invalid_end ... ok
[INFO] [stdout] test util::query_context::sanitize_tests::can_reject_bad_order ... ok
[INFO] [stdout] test util::streamtyped::tests::test_cant_drop_all ... ok
[INFO] [stdout] test util::streamtyped::tests::test_can_drop_chars ... ok
[INFO] [stdout] test util::streamtyped::tests::test_parse_text_app ... ok
[INFO] [stdout] test util::streamtyped::tests::test_parse_text_blank ... ok
[INFO] [stdout] test util::streamtyped::tests::test_can_drop_chars_none ... ok
[INFO] [stdout] test util::streamtyped::tests::test_parse_text_clean ... ok
[INFO] [stdout] test util::streamtyped::tests::test_parse_text_multi_part ... ok
[INFO] [stdout] test util::query_context::use_tests::can_create_invalid_start ... ok
[INFO] [stdout] test util::streamtyped::tests::test_parse_text_url ... ok
[INFO] [stdout] test util::streamtyped::tests::test_parse_text_weird_font ... ok
[INFO] [stdout] test util::streamtyped::tests::test_parse_text_space ... ok
[INFO] [stdout] test message_types::sticker::tests::test_parse_sticker_normal ... ok
[INFO] [stdout] test util::query_context::use_tests::can_create_end ... FAILED
[INFO] [stdout] test util::query_context::use_tests::can_create_both ... FAILED
[INFO] [stdout] test util::query_context::use_tests::can_create_start ... FAILED
[INFO] [stdout] 
[INFO] [stdout] failures:
[INFO] [stdout] 
[INFO] [stdout] ---- util::query_context::use_tests::can_create_end stdout ----
[INFO] [stdout] thread 'util::query_context::use_tests::can_create_end' panicked at src/util/query_context.rs:185:9:
[INFO] [stdout] assertion `left == right` failed
[INFO] [stdout]   left: " WHERE\n                     m.date <= 599529600000000000"
[INFO] [stdout]  right: " WHERE\n                     m.date <= 599558400000000000"
[INFO] [stdout] stack backtrace:
[INFO] [stdout]    0:     0x556dbf9bffe6 - std::backtrace_rs::backtrace::libunwind::trace::h261606ad26a499c1
[INFO] [stdout]                                at /rustc/0e09125c6c3c2fd70d7de961bcf0e51575235fad/library/std/src/../../backtrace/src/backtrace/libunwind.rs:104:5
[INFO] [stdout]    1:     0x556dbf9bffe6 - std::backtrace_rs::backtrace::trace_unsynchronized::hd183f0625477fb28
[INFO] [stdout]                                at /rustc/0e09125c6c3c2fd70d7de961bcf0e51575235fad/library/std/src/../../backtrace/src/backtrace/mod.rs:66:5
[INFO] [stdout]    2:     0x556dbf9bffe6 - std::sys_common::backtrace::_print_fmt::hd7f8fef21b4eda67
[INFO] [stdout]                                at /rustc/0e09125c6c3c2fd70d7de961bcf0e51575235fad/library/std/src/sys_common/backtrace.rs:68:5
[INFO] [stdout]    3:     0x556dbf9bffe6 - <std::sys_common::backtrace::_print::DisplayBacktrace as core::fmt::Display>::fmt::h623d9b51f2f453f1
[INFO] [stdout]                                at /rustc/0e09125c6c3c2fd70d7de961bcf0e51575235fad/library/std/src/sys_common/backtrace.rs:44:22
[INFO] [stdout]    4:     0x556dbf9eb800 - core::fmt::rt::Argument::fmt::h9f417ac76a86f368
[INFO] [stdout]                                at /rustc/0e09125c6c3c2fd70d7de961bcf0e51575235fad/library/core/src/fmt/rt.rs:142:9
[INFO] [stdout]    5:     0x556dbf9eb800 - core::fmt::write::hc9b6faf4ac2aeff7
[INFO] [stdout]                                at /rustc/0e09125c6c3c2fd70d7de961bcf0e51575235fad/library/core/src/fmt/mod.rs:1120:17
[INFO] [stdout]    6:     0x556dbf9bd72f - std::io::Write::write_fmt::he04625a3a989fec3
[INFO] [stdout]                                at /rustc/0e09125c6c3c2fd70d7de961bcf0e51575235fad/library/std/src/io/mod.rs:1810:15
[INFO] [stdout]    7:     0x556dbf9bfdc4 - std::sys_common::backtrace::_print::hd5d66399c7df88a2
[INFO] [stdout]                                at /rustc/0e09125c6c3c2fd70d7de961bcf0e51575235fad/library/std/src/sys_common/backtrace.rs:47:5
[INFO] [stdout]    8:     0x556dbf9bfdc4 - std::sys_common::backtrace::print::he81ed2da642d37e5
[INFO] [stdout]                                at /rustc/0e09125c6c3c2fd70d7de961bcf0e51575235fad/library/std/src/sys_common/backtrace.rs:34:9
[INFO] [stdout]    9:     0x556dbf9c1b37 - std::panicking::default_hook::{{closure}}::h85773f4fa117163d
[INFO] [stdout]   10:     0x556dbf9c181d - std::panicking::default_hook::h6a1694a91d09b278
[INFO] [stdout]                                at /rustc/0e09125c6c3c2fd70d7de961bcf0e51575235fad/library/std/src/panicking.rs:289:9
[INFO] [stdout]   11:     0x556dbf8f4b77 - <alloc::boxed::Box<F,A> as core::ops::function::Fn<Args>>::call::h616ac37fa3cd6c8f
[INFO] [stdout]                                at /rustc/0e09125c6c3c2fd70d7de961bcf0e51575235fad/library/alloc/src/boxed.rs:2029:9
[INFO] [stdout]   12:     0x556dbf8f4b77 - test::test_main::{{closure}}::h00d84697cefdcbb6
[INFO] [stdout]                                at /rustc/0e09125c6c3c2fd70d7de961bcf0e51575235fad/library/test/src/lib.rs:138:21
[INFO] [stdout]   13:     0x556dbf9c2156 - <alloc::boxed::Box<F,A> as core::ops::function::Fn<Args>>::call::hcb3fe3b9bb537ba8
[INFO] [stdout]                                at /rustc/0e09125c6c3c2fd70d7de961bcf0e51575235fad/library/alloc/src/boxed.rs:2029:9
[INFO] [stdout]   14:     0x556dbf9c2156 - std::panicking::rust_panic_with_hook::h0a7ad96e90f7145b
[INFO] [stdout]                                at /rustc/0e09125c6c3c2fd70d7de961bcf0e51575235fad/library/std/src/panicking.rs:783:13
[INFO] [stdout]   15:     0x556dbf9c1ea2 - std::panicking::begin_panic_handler::{{closure}}::h7919090525c6485e
[INFO] [stdout]                                at /rustc/0e09125c6c3c2fd70d7de961bcf0e51575235fad/library/std/src/panicking.rs:657:13
[INFO] [stdout]   16:     0x556dbf9c04e6 - std::sys_common::backtrace::__rust_end_short_backtrace::hf3289479464f7dfe
[INFO] [stdout]                                at /rustc/0e09125c6c3c2fd70d7de961bcf0e51575235fad/library/std/src/sys_common/backtrace.rs:171:18
[INFO] [stdout]   17:     0x556dbf9c1c00 - rust_begin_unwind
[INFO] [stdout]                                at /rustc/0e09125c6c3c2fd70d7de961bcf0e51575235fad/library/std/src/panicking.rs:645:5
[INFO] [stdout]   18:     0x556dbf8513d5 - core::panicking::panic_fmt::hcc9f77c5c132af55
[INFO] [stdout]                                at /rustc/0e09125c6c3c2fd70d7de961bcf0e51575235fad/library/core/src/panicking.rs:72:14
[INFO] [stdout]   19:     0x556dbf85184b - core::panicking::assert_failed_inner::h9f13e27dd63c3a08
[INFO] [stdout]                                at /rustc/0e09125c6c3c2fd70d7de961bcf0e51575235fad/library/core/src/panicking.rs:342:17
[INFO] [stdout]   20:     0x556dbf89e202 - core::panicking::assert_failed::h6902c3b61db06501
[INFO] [stdout]                                at /rustc/0e09125c6c3c2fd70d7de961bcf0e51575235fad/library/core/src/panicking.rs:297:5
[INFO] [stdout]   21:     0x556dbf883ba5 - imessage_database::util::query_context::use_tests::can_create_end::hceaa1199e8e61442
[INFO] [stdout]                                at /opt/rustwide/workdir/src/util/query_context.rs:185:9
[INFO] [stdout]   22:     0x556dbf883837 - imessage_database::util::query_context::use_tests::can_create_end::{{closure}}::h13d494b2ca8de805
[INFO] [stdout]                                at /opt/rustwide/workdir/src/util/query_context.rs:173:24
[INFO] [stdout]   23:     0x556dbf896ca6 - core::ops::function::FnOnce::call_once::h8b2c353b2eaa76f7
[INFO] [stdout]                                at /rustc/0e09125c6c3c2fd70d7de961bcf0e51575235fad/library/core/src/ops/function.rs:250:5
[INFO] [stdout]   24:     0x556dbf8fa44f - core::ops::function::FnOnce::call_once::hd64d26f405258157
[INFO] [stdout]                                at /rustc/0e09125c6c3c2fd70d7de961bcf0e51575235fad/library/core/src/ops/function.rs:250:5
[INFO] [stdout]   25:     0x556dbf8fa44f - test::__rust_begin_short_backtrace::he21b0b7a6d731bf9
[INFO] [stdout]                                at /rustc/0e09125c6c3c2fd70d7de961bcf0e51575235fad/library/test/src/lib.rs:627:18
[INFO] [stdout]   26:     0x556dbf8f91d1 - test::run_test_in_process::{{closure}}::hf5c73986d7bdfde2
[INFO] [stdout]                                at /rustc/0e09125c6c3c2fd70d7de961bcf0e51575235fad/library/test/src/lib.rs:650:60
[INFO] [stdout]   27:     0x556dbf8f91d1 - <core::panic::unwind_safe::AssertUnwindSafe<F> as core::ops::function::FnOnce<()>>::call_once::h330011ad032aadc0
[INFO] [stdout]                                at /rustc/0e09125c6c3c2fd70d7de961bcf0e51575235fad/library/core/src/panic/unwind_safe.rs:272:9
[INFO] [stdout]   28:     0x556dbf8f91d1 - std::panicking::try::do_call::he61b0a958b795a41
[INFO] [stdout]                                at /rustc/0e09125c6c3c2fd70d7de961bcf0e51575235fad/library/std/src/panicking.rs:552:40
[INFO] [stdout]   29:     0x556dbf8f91d1 - std::panicking::try::h7309da130f906eb7
[INFO] [stdout]                                at /rustc/0e09125c6c3c2fd70d7de961bcf0e51575235fad/library/std/src/panicking.rs:516:19
[INFO] [stdout]   30:     0x556dbf8f91d1 - std::panic::catch_unwind::hc5c3a06fdaf0a92a
[INFO] [stdout]                                at /rustc/0e09125c6c3c2fd70d7de961bcf0e51575235fad/library/std/src/panic.rs:142:14
[INFO] [stdout]   31:     0x556dbf8f91d1 - test::run_test_in_process::h7e7b7c71c3324e0f
[INFO] [stdout]                                at /rustc/0e09125c6c3c2fd70d7de961bcf0e51575235fad/library/test/src/lib.rs:650:27
[INFO] [stdout]   32:     0x556dbf8f91d1 - test::run_test::{{closure}}::h1f509f28f5cf20b1
[INFO] [stdout]                                at /rustc/0e09125c6c3c2fd70d7de961bcf0e51575235fad/library/test/src/lib.rs:573:43
[INFO] [stdout]   33:     0x556dbf8c0506 - test::run_test::{{closure}}::h1754218abf443f6d
[INFO] [stdout]                                at /rustc/0e09125c6c3c2fd70d7de961bcf0e51575235fad/library/test/src/lib.rs:601:41
[INFO] [stdout]   34:     0x556dbf8c0506 - std::sys_common::backtrace::__rust_begin_short_backtrace::h2ee174b9d5954948
[INFO] [stdout]                                at /rustc/0e09125c6c3c2fd70d7de961bcf0e51575235fad/library/std/src/sys_common/backtrace.rs:155:18
[INFO] [stdout]   35:     0x556dbf8c5567 - std::thread::Builder::spawn_unchecked_::{{closure}}::{{closure}}::hf60bee9c1a17ef09
[INFO] [stdout]                                at /rustc/0e09125c6c3c2fd70d7de961bcf0e51575235fad/library/std/src/thread/mod.rs:529:17
[INFO] [stdout]   36:     0x556dbf8c5567 - <core::panic::unwind_safe::AssertUnwindSafe<F> as core::ops::function::FnOnce<()>>::call_once::h33d0dddec5216160
[INFO] [stdout]                                at /rustc/0e09125c6c3c2fd70d7de961bcf0e51575235fad/library/core/src/panic/unwind_safe.rs:272:9
[INFO] [stdout]   37:     0x556dbf8c5567 - std::panicking::try::do_call::h144b3048b546f835
[INFO] [stdout]                                at /rustc/0e09125c6c3c2fd70d7de961bcf0e51575235fad/library/std/src/panicking.rs:552:40
[INFO] [stdout]   38:     0x556dbf8c5567 - std::panicking::try::h978244d04646189f
[INFO] [stdout]                                at /rustc/0e09125c6c3c2fd70d7de961bcf0e51575235fad/library/std/src/panicking.rs:516:19
[INFO] [stdout]   39:     0x556dbf8c5567 - std::panic::catch_unwind::hdf436369d188fe86
[INFO] [stdout]                                at /rustc/0e09125c6c3c2fd70d7de961bcf0e51575235fad/library/std/src/panic.rs:142:14
[INFO] [stdout]   40:     0x556dbf8c5567 - std::thread::Builder::spawn_unchecked_::{{closure}}::h87329cbdd33c79ec
[INFO] [stdout]                                at /rustc/0e09125c6c3c2fd70d7de961bcf0e51575235fad/library/std/src/thread/mod.rs:528:30
[INFO] [stdout]   41:     0x556dbf8c5567 - core::ops::function::FnOnce::call_once{{vtable.shim}}::h401abbe67897d450
[INFO] [stdout]                                at /rustc/0e09125c6c3c2fd70d7de961bcf0e51575235fad/library/core/src/ops/function.rs:250:5
[INFO] [stdout]   42:     0x556dbf9c6eb5 - <alloc::boxed::Box<F,A> as core::ops::function::FnOnce<Args>>::call_once::h5d7c8f150ab9c84c
[INFO] [stdout]                                at /rustc/0e09125c6c3c2fd70d7de961bcf0e51575235fad/library/alloc/src/boxed.rs:2015:9
[INFO] [stdout]   43:     0x556dbf9c6eb5 - <alloc::boxed::Box<F,A> as core::ops::function::FnOnce<Args>>::call_once::h570d5b005c242c15
[INFO] [stdout]                                at /rustc/0e09125c6c3c2fd70d7de961bcf0e51575235fad/library/alloc/src/boxed.rs:2015:9
[INFO] [stdout]   44:     0x556dbf9c6eb5 - std::sys::unix::thread::Thread::new::thread_start::h36b0a20c0b2361ad
[INFO] [stdout]                                at /rustc/0e09125c6c3c2fd70d7de961bcf0e51575235fad/library/std/src/sys/unix/thread.rs:108:17
[INFO] [stdout]   45:     0x7f1c66069ac3 - <unknown>
[INFO] [stdout]   46:     0x7f1c660fabf4 - __clone
[INFO] [stdout]   47:                0x0 - <unknown>
[INFO] [stdout] 
[INFO] [stdout] ---- util::query_context::use_tests::can_create_both stdout ----
[INFO] [stdout] thread 'util::query_context::use_tests::can_create_both' panicked at src/util/query_context.rs:216:9:
[INFO] [stdout] assertion `left == right` failed
[INFO] [stdout]   left: " WHERE\n                     m.date >= 599529600000000000 AND     m.date <= 602294400000000000"
[INFO] [stdout]  right: " WHERE\n                     m.date >= 599558400000000000 AND     m.date <= 602323200000000000"
[INFO] [stdout] stack backtrace:
[INFO] [stdout]    0:     0x556dbf9bffe6 - std::backtrace_rs::backtrace::libunwind::trace::h261606ad26a499c1
[INFO] [stdout]                                at /rustc/0e09125c6c3c2fd70d7de961bcf0e51575235fad/library/std/src/../../backtrace/src/backtrace/libunwind.rs:104:5
[INFO] [stdout]    1:     0x556dbf9bffe6 - std::backtrace_rs::backtrace::trace_unsynchronized::hd183f0625477fb28
[INFO] [stdout]                                at /rustc/0e09125c6c3c2fd70d7de961bcf0e51575235fad/library/std/src/../../backtrace/src/backtrace/mod.rs:66:5
[INFO] [stdout]    2:     0x556dbf9bffe6 - std::sys_common::backtrace::_print_fmt::hd7f8fef21b4eda67
[INFO] [stdout]                                at /rustc/0e09125c6c3c2fd70d7de961bcf0e51575235fad/library/std/src/sys_common/backtrace.rs:68:5
[INFO] [stdout]    3:     0x556dbf9bffe6 - <std::sys_common::backtrace::_print::DisplayBacktrace as core::fmt::Display>::fmt::h623d9b51f2f453f1
[INFO] [stdout]                                at /rustc/0e09125c6c3c2fd70d7de961bcf0e51575235fad/library/std/src/sys_common/backtrace.rs:44:22
[INFO] [stdout]    4:     0x556dbf9eb800 - core::fmt::rt::Argument::fmt::h9f417ac76a86f368
[INFO] [stdout]                                at /rustc/0e09125c6c3c2fd70d7de961bcf0e51575235fad/library/core/src/fmt/rt.rs:142:9
[INFO] [stdout]    5:     0x556dbf9eb800 - core::fmt::write::hc9b6faf4ac2aeff7
[INFO] [stdout]                                at /rustc/0e09125c6c3c2fd70d7de961bcf0e51575235fad/library/core/src/fmt/mod.rs:1120:17
[INFO] [stdout]    6:     0x556dbf9bd72f - std::io::Write::write_fmt::he04625a3a989fec3
[INFO] [stdout]                                at /rustc/0e09125c6c3c2fd70d7de961bcf0e51575235fad/library/std/src/io/mod.rs:1810:15
[INFO] [stdout]    7:     0x556dbf9bfdc4 - std::sys_common::backtrace::_print::hd5d66399c7df88a2
[INFO] [stdout]                                at /rustc/0e09125c6c3c2fd70d7de961bcf0e51575235fad/library/std/src/sys_common/backtrace.rs:47:5
[INFO] [stdout]    8:     0x556dbf9bfdc4 - std::sys_common::backtrace::print::he81ed2da642d37e5
[INFO] [stdout]                                at /rustc/0e09125c6c3c2fd70d7de961bcf0e51575235fad/library/std/src/sys_common/backtrace.rs:34:9
[INFO] [stdout]    9:     0x556dbf9c1b37 - std::panicking::default_hook::{{closure}}::h85773f4fa117163d
[INFO] [stdout]   10:     0x556dbf9c181d - std::panicking::default_hook::h6a1694a91d09b278
[INFO] [stdout]                                at /rustc/0e09125c6c3c2fd70d7de961bcf0e51575235fad/library/std/src/panicking.rs:289:9
[INFO] [stdout]   11:     0x556dbf8f4b77 - <alloc::boxed::Box<F,A> as core::ops::function::Fn<Args>>::call::h616ac37fa3cd6c8f
[INFO] [stdout]                                at /rustc/0e09125c6c3c2fd70d7de961bcf0e51575235fad/library/alloc/src/boxed.rs:2029:9
[INFO] [stdout]   12:     0x556dbf8f4b77 - test::test_main::{{closure}}::h00d84697cefdcbb6
[INFO] [stdout]                                at /rustc/0e09125c6c3c2fd70d7de961bcf0e51575235fad/library/test/src/lib.rs:138:21
[INFO] [stdout]   13:     0x556dbf9c2156 - <alloc::boxed::Box<F,A> as core::ops::function::Fn<Args>>::call::hcb3fe3b9bb537ba8
[INFO] [stdout]                                at /rustc/0e09125c6c3c2fd70d7de961bcf0e51575235fad/library/alloc/src/boxed.rs:2029:9
[INFO] [stdout]   14:     0x556dbf9c2156 - std::panicking::rust_panic_with_hook::h0a7ad96e90f7145b
[INFO] [stdout]                                at /rustc/0e09125c6c3c2fd70d7de961bcf0e51575235fad/library/std/src/panicking.rs:783:13
[INFO] [stdout]   15:     0x556dbf9c1ea2 - std::panicking::begin_panic_handler::{{closure}}::h7919090525c6485e
[INFO] [stdout]                                at /rustc/0e09125c6c3c2fd70d7de961bcf0e51575235fad/library/std/src/panicking.rs:657:13
[INFO] [stdout]   16:     0x556dbf9c04e6 - std::sys_common::backtrace::__rust_end_short_backtrace::hf3289479464f7dfe
[INFO] [stdout]                                at /rustc/0e09125c6c3c2fd70d7de961bcf0e51575235fad/library/std/src/sys_common/backtrace.rs:171:18
[INFO] [stdout]   17:     0x556dbf9c1c00 - rust_begin_unwind
[INFO] [stdout]                                at /rustc/0e09125c6c3c2fd70d7de961bcf0e51575235fad/library/std/src/panicking.rs:645:5
[INFO] [stdout]   18:     0x556dbf8513d5 - core::panicking::panic_fmt::hcc9f77c5c132af55
[INFO] [stdout]                                at /rustc/0e09125c6c3c2fd70d7de961bcf0e51575235fad/library/core/src/panicking.rs:72:14
[INFO] [stdout]   19:     0x556dbf85184b - core::panicking::assert_failed_inner::h9f13e27dd63c3a08
[INFO] [stdout]                                at /rustc/0e09125c6c3c2fd70d7de961bcf0e51575235fad/library/core/src/panicking.rs:342:17
[INFO] [stdout]   20:     0x556dbf89e202 - core::panicking::assert_failed::h6902c3b61db06501
[INFO] [stdout]                                at /rustc/0e09125c6c3c2fd70d7de961bcf0e51575235fad/library/core/src/panicking.rs:297:5
[INFO] [stdout]   21:     0x556dbf884266 - imessage_database::util::query_context::use_tests::can_create_both::h346c7fa360f4e10e
[INFO] [stdout]                                at /opt/rustwide/workdir/src/util/query_context.rs:216:9
[INFO] [stdout]   22:     0x556dbf883c77 - imessage_database::util::query_context::use_tests::can_create_both::{{closure}}::he855b49931684f57
[INFO] [stdout]                                at /opt/rustwide/workdir/src/util/query_context.rs:195:25
[INFO] [stdout]   23:     0x556dbf896736 - core::ops::function::FnOnce::call_once::h6d25f7bffd084530
[INFO] [stdout]                                at /rustc/0e09125c6c3c2fd70d7de961bcf0e51575235fad/library/core/src/ops/function.rs:250:5
[INFO] [stdout]   24:     0x556dbf8fa44f - core::ops::function::FnOnce::call_once::hd64d26f405258157
[INFO] [stdout]                                at /rustc/0e09125c6c3c2fd70d7de961bcf0e51575235fad/library/core/src/ops/function.rs:250:5
[INFO] [stdout]   25:     0x556dbf8fa44f - test::__rust_begin_short_backtrace::he21b0b7a6d731bf9
[INFO] [stdout]                                at /rustc/0e09125c6c3c2fd70d7de961bcf0e51575235fad/library/test/src/lib.rs:627:18
[INFO] [stdout]   26:     0x556dbf8f91d1 - test::run_test_in_process::{{closure}}::hf5c73986d7bdfde2
[INFO] [stdout]                                at /rustc/0e09125c6c3c2fd70d7de961bcf0e51575235fad/library/test/src/lib.rs:650:60
[INFO] [stdout]   27:     0x556dbf8f91d1 - <core::panic::unwind_safe::AssertUnwindSafe<F> as core::ops::function::FnOnce<()>>::call_once::h330011ad032aadc0
[INFO] [stdout]                                at /rustc/0e09125c6c3c2fd70d7de961bcf0e51575235fad/library/core/src/panic/unwind_safe.rs:272:9
[INFO] [stdout]   28:     0x556dbf8f91d1 - std::panicking::try::do_call::he61b0a958b795a41
[INFO] [stdout]                                at /rustc/0e09125c6c3c2fd70d7de961bcf0e51575235fad/library/std/src/panicking.rs:552:40
[INFO] [stdout]   29:     0x556dbf8f91d1 - std::panicking::try::h7309da130f906eb7
[INFO] [stdout]                                at /rustc/0e09125c6c3c2fd70d7de961bcf0e51575235fad/library/std/src/panicking.rs:516:19
[INFO] [stdout]   30:     0x556dbf8f91d1 - std::panic::catch_unwind::hc5c3a06fdaf0a92a
[INFO] [stdout]                                at /rustc/0e09125c6c3c2fd70d7de961bcf0e51575235fad/library/std/src/panic.rs:142:14
[INFO] [stdout]   31:     0x556dbf8f91d1 - test::run_test_in_process::h7e7b7c71c3324e0f
[INFO] [stdout]                                at /rustc/0e09125c6c3c2fd70d7de961bcf0e51575235fad/library/test/src/lib.rs:650:27
[INFO] [stdout]   32:     0x556dbf8f91d1 - test::run_test::{{closure}}::h1f509f28f5cf20b1
[INFO] [stdout]                                at /rustc/0e09125c6c3c2fd70d7de961bcf0e51575235fad/library/test/src/lib.rs:573:43
[INFO] [stdout]   33:     0x556dbf8c0506 - test::run_test::{{closure}}::h1754218abf443f6d
[INFO] [stdout]                                at /rustc/0e09125c6c3c2fd70d7de961bcf0e51575235fad/library/test/src/lib.rs:601:41
[INFO] [stdout]   34:     0x556dbf8c0506 - std::sys_common::backtrace::__rust_begin_short_backtrace::h2ee174b9d5954948
[INFO] [stdout]                                at /rustc/0e09125c6c3c2fd70d7de961bcf0e51575235fad/library/std/src/sys_common/backtrace.rs:155:18
[INFO] [stdout]   35:     0x556dbf8c5567 - std::thread::Builder::spawn_unchecked_::{{closure}}::{{closure}}::hf60bee9c1a17ef09
[INFO] [stdout]                                at /rustc/0e09125c6c3c2fd70d7de961bcf0e51575235fad/library/std/src/thread/mod.rs:529:17
[INFO] [stdout]   36:     0x556dbf8c5567 - <core::panic::unwind_safe::AssertUnwindSafe<F> as core::ops::function::FnOnce<()>>::call_once::h33d0dddec5216160
[INFO] [stdout]                                at /rustc/0e09125c6c3c2fd70d7de961bcf0e51575235fad/library/core/src/panic/unwind_safe.rs:272:9
[INFO] [stdout]   37:     0x556dbf8c5567 - std::panicking::try::do_call::h144b3048b546f835
[INFO] [stdout]                                at /rustc/0e09125c6c3c2fd70d7de961bcf0e51575235fad/library/std/src/panicking.rs:552:40
[INFO] [stdout]   38:     0x556dbf8c5567 - std::panicking::try::h978244d04646189f
[INFO] [stdout]                                at /rustc/0e09125c6c3c2fd70d7de961bcf0e51575235fad/library/std/src/panicking.rs:516:19
[INFO] [stdout]   39:     0x556dbf8c5567 - std::panic::catch_unwind::hdf436369d188fe86
[INFO] [stdout]                                at /rustc/0e09125c6c3c2fd70d7de961bcf0e51575235fad/library/std/src/panic.rs:142:14
[INFO] [stdout]   40:     0x556dbf8c5567 - std::thread::Builder::spawn_unchecked_::{{closure}}::h87329cbdd33c79ec
[INFO] [stdout]                                at /rustc/0e09125c6c3c2fd70d7de961bcf0e51575235fad/library/std/src/thread/mod.rs:528:30
[INFO] [stdout]   41:     0x556dbf8c5567 - core::ops::function::FnOnce::call_once{{vtable.shim}}::h401abbe67897d450
[INFO] [stdout]                                at /rustc/0e09125c6c3c2fd70d7de961bcf0e51575235fad/library/core/src/ops/function.rs:250:5
[INFO] [stdout]   42:     0x556dbf9c6eb5 - <alloc::boxed::Box<F,A> as core::ops::function::FnOnce<Args>>::call_once::h5d7c8f150ab9c84c
[INFO] [stdout]                                at /rustc/0e09125c6c3c2fd70d7de961bcf0e51575235fad/library/alloc/src/boxed.rs:2015:9
[INFO] [stdout]   43:     0x556dbf9c6eb5 - <alloc::boxed::Box<F,A> as core::ops::function::FnOnce<Args>>::call_once::h570d5b005c242c15
[INFO] [stdout]                                at /rustc/0e09125c6c3c2fd70d7de961bcf0e51575235fad/library/alloc/src/boxed.rs:2015:9
[INFO] [stdout]   44:     0x556dbf9c6eb5 - std::sys::unix::thread::Thread::new::thread_start::h36b0a20c0b2361ad
[INFO] [stdout]                                at /rustc/0e09125c6c3c2fd70d7de961bcf0e51575235fad/library/std/src/sys/unix/thread.rs:108:17
[INFO] [stdout]   45:     0x7f1c66069ac3 - <unknown>
[INFO] [stdout]   46:     0x7f1c660fabf4 - __clone
[INFO] [stdout]   47:                0x0 - <unknown>
[INFO] [stdout] 
[INFO] [stdout] ---- util::query_context::use_tests::can_create_start stdout ----
[INFO] [stdout] thread 'util::query_context::use_tests::can_create_start' panicked at src/util/query_context.rs:163:9:
[INFO] [stdout] assertion `left == right` failed
[INFO] [stdout]   left: " WHERE\n                     m.date >= 599529600000000000"
[INFO] [stdout]  right: " WHERE\n                     m.date >= 599558400000000000"
[INFO] [stdout] stack backtrace:
[INFO] [stdout]    0:     0x556dbf9bffe6 - std::backtrace_rs::backtrace::libunwind::trace::h261606ad26a499c1
[INFO] [stdout]                                at /rustc/0e09125c6c3c2fd70d7de961bcf0e51575235fad/library/std/src/../../backtrace/src/backtrace/libunwind.rs:104:5
[INFO] [stdout]    1:     0x556dbf9bffe6 - std::backtrace_rs::backtrace::trace_unsynchronized::hd183f0625477fb28
[INFO] [stdout]                                at /rustc/0e09125c6c3c2fd70d7de961bcf0e51575235fad/library/std/src/../../backtrace/src/backtrace/mod.rs:66:5
[INFO] [stdout]    2:     0x556dbf9bffe6 - std::sys_common::backtrace::_print_fmt::hd7f8fef21b4eda67
[INFO] [stdout]                                at /rustc/0e09125c6c3c2fd70d7de961bcf0e51575235fad/library/std/src/sys_common/backtrace.rs:68:5
[INFO] [stdout]    3:     0x556dbf9bffe6 - <std::sys_common::backtrace::_print::DisplayBacktrace as core::fmt::Display>::fmt::h623d9b51f2f453f1
[INFO] [stdout]                                at /rustc/0e09125c6c3c2fd70d7de961bcf0e51575235fad/library/std/src/sys_common/backtrace.rs:44:22
[INFO] [stdout]    4:     0x556dbf9eb800 - core::fmt::rt::Argument::fmt::h9f417ac76a86f368
[INFO] [stdout]                                at /rustc/0e09125c6c3c2fd70d7de961bcf0e51575235fad/library/core/src/fmt/rt.rs:142:9
[INFO] [stdout]    5:     0x556dbf9eb800 - core::fmt::write::hc9b6faf4ac2aeff7
[INFO] [stdout]                                at /rustc/0e09125c6c3c2fd70d7de961bcf0e51575235fad/library/core/src/fmt/mod.rs:1120:17
[INFO] [stdout]    6:     0x556dbf9bd72f - std::io::Write::write_fmt::he04625a3a989fec3
[INFO] [stdout]                                at /rustc/0e09125c6c3c2fd70d7de961bcf0e51575235fad/library/std/src/io/mod.rs:1810:15
[INFO] [stdout]    7:     0x556dbf9bfdc4 - std::sys_common::backtrace::_print::hd5d66399c7df88a2
[INFO] [stdout]                                at /rustc/0e09125c6c3c2fd70d7de961bcf0e51575235fad/library/std/src/sys_common/backtrace.rs:47:5
[INFO] [stdout]    8:     0x556dbf9bfdc4 - std::sys_common::backtrace::print::he81ed2da642d37e5
[INFO] [stdout]                                at /rustc/0e09125c6c3c2fd70d7de961bcf0e51575235fad/library/std/src/sys_common/backtrace.rs:34:9
[INFO] [stdout]    9:     0x556dbf9c1b37 - std::panicking::default_hook::{{closure}}::h85773f4fa117163d
[INFO] [stdout]   10:     0x556dbf9c181d - std::panicking::default_hook::h6a1694a91d09b278
[INFO] [stdout]                                at /rustc/0e09125c6c3c2fd70d7de961bcf0e51575235fad/library/std/src/panicking.rs:289:9
[INFO] [stdout]   11:     0x556dbf8f4b77 - <alloc::boxed::Box<F,A> as core::ops::function::Fn<Args>>::call::h616ac37fa3cd6c8f
[INFO] [stdout]                                at /rustc/0e09125c6c3c2fd70d7de961bcf0e51575235fad/library/alloc/src/boxed.rs:2029:9
[INFO] [stdout]   12:     0x556dbf8f4b77 - test::test_main::{{closure}}::h00d84697cefdcbb6
[INFO] [stdout]                                at /rustc/0e09125c6c3c2fd70d7de961bcf0e51575235fad/library/test/src/lib.rs:138:21
[INFO] [stdout]   13:     0x556dbf9c2156 - <alloc::boxed::Box<F,A> as core::ops::function::Fn<Args>>::call::hcb3fe3b9bb537ba8
[INFO] [stdout]                                at /rustc/0e09125c6c3c2fd70d7de961bcf0e51575235fad/library/alloc/src/boxed.rs:2029:9
[INFO] [stdout]   14:     0x556dbf9c2156 - std::panicking::rust_panic_with_hook::h0a7ad96e90f7145b
[INFO] [stdout]                                at /rustc/0e09125c6c3c2fd70d7de961bcf0e51575235fad/library/std/src/panicking.rs:783:13
[INFO] [stdout]   15:     0x556dbf9c1ea2 - std::panicking::begin_panic_handler::{{closure}}::h7919090525c6485e
[INFO] [stdout]                                at /rustc/0e09125c6c3c2fd70d7de961bcf0e51575235fad/library/std/src/panicking.rs:657:13
[INFO] [stdout]   16:     0x556dbf9c04e6 - std::sys_common::backtrace::__rust_end_short_backtrace::hf3289479464f7dfe
[INFO] [stdout]                                at /rustc/0e09125c6c3c2fd70d7de961bcf0e51575235fad/library/std/src/sys_common/backtrace.rs:171:18
[INFO] [stdout]   17:     0x556dbf9c1c00 - rust_begin_unwind
[INFO] [stdout]                                at /rustc/0e09125c6c3c2fd70d7de961bcf0e51575235fad/library/std/src/panicking.rs:645:5
[INFO] [stdout]   18:     0x556dbf8513d5 - core::panicking::panic_fmt::hcc9f77c5c132af55
[INFO] [stdout]                                at /rustc/0e09125c6c3c2fd70d7de961bcf0e51575235fad/library/core/src/panicking.rs:72:14
[INFO] [stdout]   19:     0x556dbf85184b - core::panicking::assert_failed_inner::h9f13e27dd63c3a08
[INFO] [stdout]                                at /rustc/0e09125c6c3c2fd70d7de961bcf0e51575235fad/library/core/src/panicking.rs:342:17
[INFO] [stdout]   20:     0x556dbf89e202 - core::panicking::assert_failed::h6902c3b61db06501
[INFO] [stdout]                                at /rustc/0e09125c6c3c2fd70d7de961bcf0e51575235fad/library/core/src/panicking.rs:297:5
[INFO] [stdout]   21:     0x556dbf883762 - imessage_database::util::query_context::use_tests::can_create_start::hf8f90969a35d1520
[INFO] [stdout]                                at /opt/rustwide/workdir/src/util/query_context.rs:163:9
[INFO] [stdout]   22:     0x556dbf8833f7 - imessage_database::util::query_context::use_tests::can_create_start::{{closure}}::h9822ae086c70e250
[INFO] [stdout]                                at /opt/rustwide/workdir/src/util/query_context.rs:151:26
[INFO] [stdout]   23:     0x556dbf897af6 - core::ops::function::FnOnce::call_once::hf6b9a8a7b66bf5a5
[INFO] [stdout]                                at /rustc/0e09125c6c3c2fd70d7de961bcf0e51575235fad/library/core/src/ops/function.rs:250:5
[INFO] [stdout]   24:     0x556dbf8fa44f - core::ops::function::FnOnce::call_once::hd64d26f405258157
[INFO] [stdout]                                at /rustc/0e09125c6c3c2fd70d7de961bcf0e51575235fad/library/core/src/ops/function.rs:250:5
[INFO] [stdout]   25:     0x556dbf8fa44f - test::__rust_begin_short_backtrace::he21b0b7a6d731bf9
[INFO] [stdout]                                at /rustc/0e09125c6c3c2fd70d7de961bcf0e51575235fad/library/test/src/lib.rs:627:18
[INFO] [stdout]   26:     0x556dbf8f91d1 - test::run_test_in_process::{{closure}}::hf5c73986d7bdfde2
[INFO] [stdout]                                at /rustc/0e09125c6c3c2fd70d7de961bcf0e51575235fad/library/test/src/lib.rs:650:60
[INFO] [stdout]   27:     0x556dbf8f91d1 - <core::panic::unwind_safe::AssertUnwindSafe<F> as core::ops::function::FnOnce<()>>::call_once::h330011ad032aadc0
[INFO] [stdout]                                at /rustc/0e09125c6c3c2fd70d7de961bcf0e51575235fad/library/core/src/panic/unwind_safe.rs:272:9
[INFO] [stdout]   28:     0x556dbf8f91d1 - std::panicking::try::do_call::he61b0a958b795a41
[INFO] [stdout]                                at /rustc/0e09125c6c3c2fd70d7de961bcf0e51575235fad/library/std/src/panicking.rs:552:40
[INFO] [stdout]   29:     0x556dbf8f91d1 - std::panicking::try::h7309da130f906eb7
[INFO] [stdout]                                at /rustc/0e09125c6c3c2fd70d7de961bcf0e51575235fad/library/std/src/panicking.rs:516:19
[INFO] [stdout]   30:     0x556dbf8f91d1 - std::panic::catch_unwind::hc5c3a06fdaf0a92a
[INFO] [stdout]                                at /rustc/0e09125c6c3c2fd70d7de961bcf0e51575235fad/library/std/src/panic.rs:142:14
[INFO] [stdout]   31:     0x556dbf8f91d1 - test::run_test_in_process::h7e7b7c71c3324e0f
[INFO] [stdout]                                at /rustc/0e09125c6c3c2fd70d7de961bcf0e51575235fad/library/test/src/lib.rs:650:27
[INFO] [stdout]   32:     0x556dbf8f91d1 - test::run_test::{{closure}}::h1f509f28f5cf20b1
[INFO] [stdout]                                at /rustc/0e09125c6c3c2fd70d7de961bcf0e51575235fad/library/test/src/lib.rs:573:43
[INFO] [stdout]   33:     0x556dbf8c0506 - test::run_test::{{closure}}::h1754218abf443f6d
[INFO] [stdout]                                at /rustc/0e09125c6c3c2fd70d7de961bcf0e51575235fad/library/test/src/lib.rs:601:41
[INFO] [stdout]   34:     0x556dbf8c0506 - std::sys_common::backtrace::__rust_begin_short_backtrace::h2ee174b9d5954948
[INFO] [stdout]                                at /rustc/0e09125c6c3c2fd70d7de961bcf0e51575235fad/library/std/src/sys_common/backtrace.rs:155:18
[INFO] [stdout]   35:     0x556dbf8c5567 - std::thread::Builder::spawn_unchecked_::{{closure}}::{{closure}}::hf60bee9c1a17ef09
[INFO] [stdout]                                at /rustc/0e09125c6c3c2fd70d7de961bcf0e51575235fad/library/std/src/thread/mod.rs:529:17
[INFO] [stdout]   36:     0x556dbf8c5567 - <core::panic::unwind_safe::AssertUnwindSafe<F> as core::ops::function::FnOnce<()>>::call_once::h33d0dddec5216160
[INFO] [stdout]                                at /rustc/0e09125c6c3c2fd70d7de961bcf0e51575235fad/library/core/src/panic/unwind_safe.rs:272:9
[INFO] [stdout]   37:     0x556dbf8c5567 - std::panicking::try::do_call::h144b3048b546f835
[INFO] [stdout]                                at /rustc/0e09125c6c3c2fd70d7de961bcf0e51575235fad/library/std/src/panicking.rs:552:40
[INFO] [stdout]   38:     0x556dbf8c5567 - std::panicking::try::h978244d04646189f
[INFO] [stdout]                                at /rustc/0e09125c6c3c2fd70d7de961bcf0e51575235fad/library/std/src/panicking.rs:516:19
[INFO] [stdout]   39:     0x556dbf8c5567 - std::panic::catch_unwind::hdf436369d188fe86
[INFO] [stdout]                                at /rustc/0e09125c6c3c2fd70d7de961bcf0e51575235fad/library/std/src/panic.rs:142:14
[INFO] [stdout]   40:     0x556dbf8c5567 - std::thread::Builder::spawn_unchecked_::{{closure}}::h87329cbdd33c79ec
[INFO] [stdout]                                at /rustc/0e09125c6c3c2fd70d7de961bcf0e51575235fad/library/std/src/thread/mod.rs:528:30
[INFO] [stdout]   41:     0x556dbf8c5567 - core::ops::function::FnOnce::call_once{{vtable.shim}}::h401abbe67897d450
[INFO] [stdout]                                at /rustc/0e09125c6c3c2fd70d7de961bcf0e51575235fad/library/core/src/ops/function.rs:250:5
[INFO] [stdout]   42:     0x556dbf9c6eb5 - <alloc::boxed::Box<F,A> as core::ops::function::FnOnce<Args>>::call_once::h5d7c8f150ab9c84c
[INFO] [stdout]                                at /rustc/0e09125c6c3c2fd70d7de961bcf0e51575235fad/library/alloc/src/boxed.rs:2015:9
[INFO] [stdout]   43:     0x556dbf9c6eb5 - <alloc::boxed::Box<F,A> as core::ops::function::FnOnce<Args>>::call_once::h570d5b005c242c15
[INFO] [stdout]                                at /rustc/0e09125c6c3c2fd70d7de961bcf0e51575235fad/library/alloc/src/boxed.rs:2015:9
[INFO] [stdout]   44:     0x556dbf9c6eb5 - std::sys::unix::thread::Thread::new::thread_start::h36b0a20c0b2361ad
[INFO] [stdout]                                at /rustc/0e09125c6c3c2fd70d7de961bcf0e51575235fad/library/std/src/sys/unix/thread.rs:108:17
[INFO] [stdout]   45:     0x7f1c66069ac3 - <unknown>
[INFO] [stdout]   46:     0x7f1c660fabf4 - __clone
[INFO] [stdout]   47:                0x0 - <unknown>
[INFO] [stdout] 
[INFO] [stdout] 
[INFO] [stdout] failures:
[INFO] [stdout]     util::query_context::use_tests::can_create_both
[INFO] [stdout]     util::query_context::use_tests::can_create_end
[INFO] [stdout]     util::query_context::use_tests::can_create_start
[INFO] [stdout] 
[INFO] [stdout] test result: FAILED. 122 passed; 3 failed; 0 ignored; 0 measured; 0 filtered out; finished in 0.03s
[INFO] [stdout] 
[INFO] [stderr] error: test failed, to rerun pass `--lib`
[INFO] running `Command { std: "docker" "inspect" "24d5d9073adc02168a71155ae9e873e8ea0c1f0a1bda5b2c1ce3c3f527cbdc73", kill_on_drop: false }`
[INFO] running `Command { std: "docker" "rm" "-f" "24d5d9073adc02168a71155ae9e873e8ea0c1f0a1bda5b2c1ce3c3f527cbdc73", kill_on_drop: false }`
[INFO] [stdout] 24d5d9073adc02168a71155ae9e873e8ea0c1f0a1bda5b2c1ce3c3f527cbdc73
