[INFO] fetching crate image_search 0.4.3...
[INFO] testing image_search-0.4.3 against 1.75.0 for beta-1.76-1
[INFO] extracting crate image_search 0.4.3 into /workspace/builds/worker-4-tc1/source
[INFO] validating manifest of crates.io crate image_search 0.4.3 on toolchain 1.75.0
[INFO] running `Command { std: CARGO_HOME="/workspace/cargo-home" RUSTUP_HOME="/workspace/rustup-home" "/workspace/cargo-home/bin/cargo" "+1.75.0" "metadata" "--manifest-path" "Cargo.toml" "--no-deps", kill_on_drop: false }`
[INFO] started tweaking crates.io crate image_search 0.4.3
[INFO] finished tweaking crates.io crate image_search 0.4.3
[INFO] tweaked toml for crates.io crate image_search 0.4.3 written to /workspace/builds/worker-4-tc1/source/Cargo.toml
[INFO] running `Command { std: CARGO_HOME="/workspace/cargo-home" RUSTUP_HOME="/workspace/rustup-home" "/workspace/cargo-home/bin/cargo" "+1.75.0" "generate-lockfile" "--manifest-path" "Cargo.toml", kill_on_drop: false }`
[INFO] [stderr]     Updating crates.io index
[INFO] running `Command { std: CARGO_HOME="/workspace/cargo-home" RUSTUP_HOME="/workspace/rustup-home" "/workspace/cargo-home/bin/cargo" "+1.75.0" "fetch" "--manifest-path" "Cargo.toml", kill_on_drop: false }`
[INFO] [stderr]  Downloading crates ...
[INFO] [stderr]   Downloaded async-dup v1.2.4
[INFO] [stderr]   Downloaded http-client v6.5.3
[INFO] [stderr]   Downloaded async-tls v0.10.0
[INFO] [stderr]   Downloaded spinning_top v0.2.5
[INFO] [stderr]   Downloaded async-native-tls v0.3.3
[INFO] [stderr]   Downloaded deadpool v0.7.0
[INFO] [stderr]   Downloaded async-h1 v2.3.4
[INFO] [stderr]   Downloaded surf v2.3.2
[INFO] [stderr]   Downloaded rustls v0.18.1
[INFO] [stderr]   Downloaded infer v0.13.0
[INFO] [stderr]   Downloaded cfb v0.7.3
[INFO] [stderr]   Downloaded libnghttp2-sys v0.1.9+1.58.0
[INFO] running `Command { std: "docker" "create" "-v" "/var/lib/crater-agent-workspace/builds/worker-4-tc1/target:/opt/rustwide/target:rw,Z" "-v" "/var/lib/crater-agent-workspace/builds/worker-4-tc1/source:/opt/rustwide/workdir:ro,Z" "-v" "/var/lib/crater-agent-workspace/cargo-home:/opt/rustwide/cargo-home:ro,Z" "-v" "/var/lib/crater-agent-workspace/rustup-home:/opt/rustwide/rustup-home:ro,Z" "-e" "SOURCE_DIR=/opt/rustwide/workdir" "-e" "CARGO_TARGET_DIR=/opt/rustwide/target" "-e" "CARGO_HOME=/opt/rustwide/cargo-home" "-e" "RUSTUP_HOME=/opt/rustwide/rustup-home" "-w" "/opt/rustwide/workdir" "-m" "1610612736" "--user" "0:0" "--network" "none" "ghcr.io/rust-lang/crates-build-env/linux@sha256:2788e3201cd34a07e3172128adcd8b3090168a8e3bcc40d7c032b9dda1df7d1c" "/opt/rustwide/cargo-home/bin/cargo" "+1.75.0" "metadata" "--no-deps" "--format-version=1", kill_on_drop: false }`
[INFO] [stdout] a4eb3213c00e406f8eb6fd72d4ccfec864311ded5073cf0e7b228880f357d8e0
[INFO] running `Command { std: "docker" "start" "-a" "a4eb3213c00e406f8eb6fd72d4ccfec864311ded5073cf0e7b228880f357d8e0", kill_on_drop: false }`
[INFO] running `Command { std: "docker" "inspect" "a4eb3213c00e406f8eb6fd72d4ccfec864311ded5073cf0e7b228880f357d8e0", kill_on_drop: false }`
[INFO] running `Command { std: "docker" "rm" "-f" "a4eb3213c00e406f8eb6fd72d4ccfec864311ded5073cf0e7b228880f357d8e0", kill_on_drop: false }`
[INFO] [stdout] a4eb3213c00e406f8eb6fd72d4ccfec864311ded5073cf0e7b228880f357d8e0
[INFO] running `Command { std: "docker" "create" "-v" "/var/lib/crater-agent-workspace/builds/worker-4-tc1/target:/opt/rustwide/target:rw,Z" "-v" "/var/lib/crater-agent-workspace/builds/worker-4-tc1/source:/opt/rustwide/workdir:ro,Z" "-v" "/var/lib/crater-agent-workspace/cargo-home:/opt/rustwide/cargo-home:ro,Z" "-v" "/var/lib/crater-agent-workspace/rustup-home:/opt/rustwide/rustup-home:ro,Z" "-e" "SOURCE_DIR=/opt/rustwide/workdir" "-e" "CARGO_TARGET_DIR=/opt/rustwide/target" "-e" "CARGO_INCREMENTAL=0" "-e" "RUST_BACKTRACE=full" "-e" "RUSTFLAGS=--cap-lints=warn" "-e" "RUSTDOCFLAGS=--cap-lints=warn" "-e" "CARGO_HOME=/opt/rustwide/cargo-home" "-e" "RUSTUP_HOME=/opt/rustwide/rustup-home" "-w" "/opt/rustwide/workdir" "-m" "1610612736" "--user" "0:0" "--network" "none" "ghcr.io/rust-lang/crates-build-env/linux@sha256:2788e3201cd34a07e3172128adcd8b3090168a8e3bcc40d7c032b9dda1df7d1c" "/opt/rustwide/cargo-home/bin/cargo" "+1.75.0" "build" "--frozen" "--message-format=json", kill_on_drop: false }`
[INFO] [stdout] c632971a77aca1907c92a30e72589b7bfc66740a322c99544d64cacf60fa7c9b
[INFO] running `Command { std: "docker" "start" "-a" "c632971a77aca1907c92a30e72589b7bfc66740a322c99544d64cacf60fa7c9b", kill_on_drop: false }`
[INFO] [stderr]    Compiling libc v0.2.151
[INFO] [stderr]    Compiling futures-core v0.3.30
[INFO] [stderr]    Compiling value-bag v1.4.3
[INFO] [stderr]    Compiling generic-array v0.14.7
[INFO] [stderr]    Compiling futures-io v0.3.30
[INFO] [stderr]    Compiling crossbeam-utils v0.8.18
[INFO] [stderr]    Compiling once_cell v1.19.0
[INFO] [stderr]    Compiling parking v2.2.0
[INFO] [stderr]    Compiling fnv v1.0.7
[INFO] [stderr]    Compiling cfg-if v0.1.10
[INFO] [stderr]    Compiling bitflags v2.4.1
[INFO] [stderr]    Compiling bytes v0.5.6
[INFO] [stderr]    Compiling pin-project-lite v0.1.12
[INFO] [stderr]    Compiling syn v2.0.48
[INFO] [stderr]    Compiling subtle v2.4.1
[INFO] [stderr]    Compiling pkg-config v0.3.28
[INFO] [stderr]    Compiling vcpkg v0.2.15
[INFO] [stderr]    Compiling itoa v1.0.10
[INFO] [stderr]    Compiling fastrand v2.0.1
[INFO] [stderr]    Compiling futures-sink v0.3.30
[INFO] [stderr]    Compiling standback v0.2.17
[INFO] [stderr]    Compiling tracing-core v0.1.32
[INFO] [stderr]    Compiling rustix v0.38.28
[INFO] [stderr]    Compiling syn v1.0.109
[INFO] [stderr]    Compiling log v0.4.20
[INFO] [stderr]    Compiling proc-macro-hack v0.5.20+deprecated
[INFO] [stderr]    Compiling futures-lite v2.1.0
[INFO] [stderr]    Compiling futures-channel v0.3.30
[INFO] [stderr]    Compiling linux-raw-sys v0.4.12
[INFO] [stderr]    Compiling percent-encoding v2.3.1
[INFO] [stderr]    Compiling tracing v0.1.40
[INFO] [stderr]    Compiling cipher v0.2.5
[INFO] [stderr]    Compiling io-lifetimes v1.0.11
[INFO] [stderr]    Compiling bytes v1.5.0
[INFO] [stderr]    Compiling digest v0.9.0
[INFO] [stderr]    Compiling universal-hash v0.4.1
[INFO] [stderr]    Compiling polling v2.8.0
[INFO] [stderr]    Compiling concurrent-queue v2.4.0
[INFO] [stderr]    Compiling indexmap v1.9.3
[INFO] [stderr]    Compiling event-listener v4.0.2
[INFO] [stderr]    Compiling openssl v0.10.62
[INFO] [stderr]    Compiling http v0.2.11
[INFO] [stderr]    Compiling foreign-types-shared v0.1.1
[INFO] [stderr]    Compiling tinyvec_macros v0.1.1
[INFO] [stderr]    Compiling rustix v0.37.27
[INFO] [stderr]    Compiling async-task v4.7.0
[INFO] [stderr]    Compiling const_fn v0.4.9
[INFO] [stderr]    Compiling cpuid-bool v0.2.0
[INFO] [stderr]    Compiling iovec v0.1.4
[INFO] [stderr]    Compiling net2 v0.2.39
[INFO] [stderr]    Compiling cc v1.0.83
[INFO] [stderr]    Compiling event-listener-strategy v0.4.0
[INFO] [stderr]    Compiling getrandom v0.2.11
[INFO] [stderr]    Compiling event-listener v2.5.3
[INFO] [stderr]    Compiling async-lock v3.2.0
[INFO] [stderr]    Compiling atomic-waker v1.1.2
[INFO] [stderr]    Compiling async-channel v2.1.1
[INFO] [stderr]    Compiling piper v0.2.1
[INFO] [stderr]    Compiling mio v0.6.23
[INFO] [stderr]    Compiling rand_core v0.6.4
[INFO] [stderr]    Compiling polyval v0.4.5
[INFO] [stderr]    Compiling getrandom v0.1.16
[INFO] [stderr]    Compiling foreign-types v0.3.2
[INFO] [stderr]    Compiling tinyvec v1.6.0
[INFO] [stderr]    Compiling aes-soft v0.6.4
[INFO] [stderr]    Compiling crypto-mac v0.10.1
[INFO] [stderr]    Compiling async-io v1.13.0
[INFO] [stderr]    Compiling unicase v2.7.0
[INFO] [stderr]    Compiling time v0.2.27
[INFO] [stderr]    Compiling waker-fn v1.1.1
[INFO] [stderr]    Compiling httparse v1.8.0
[INFO] [stderr]    Compiling fastrand v1.9.0
[INFO] [stderr]    Compiling native-tls v0.2.11
[INFO] [stderr]    Compiling hashbrown v0.12.3
[INFO] [stderr]    Compiling bitflags v1.3.2
[INFO] [stderr]    Compiling tokio v0.2.25
[INFO] [stderr]    Compiling linux-raw-sys v0.3.8
[INFO] [stderr]    Compiling futures-lite v1.13.0
[INFO] [stderr]    Compiling async-executor v1.8.0
[INFO] [stderr]    Compiling time-macros-impl v0.1.2
[INFO] [stderr]    Compiling blocking v1.5.1
[INFO] [stderr]    Compiling aes v0.6.0
[INFO] [stderr]    Compiling hmac v0.10.1
[INFO] [stderr]    Compiling rand_core v0.5.1
[INFO] [stderr]    Compiling rand_chacha v0.3.1
[INFO] [stderr]    Compiling ghash v0.3.1
[INFO] [stderr]    Compiling unicode-normalization v0.1.22
[INFO] [stderr]    Compiling async-lock v2.8.0
[INFO] [stderr]    Compiling socket2 v0.4.10
[INFO] [stderr]    Compiling ctr v0.6.0
[INFO] [stderr]    Compiling form_urlencoded v1.2.1
[INFO] [stderr]    Compiling block-buffer v0.9.0
[INFO] [stderr]    Compiling openssl-sys v0.9.98
[INFO] [stderr]    Compiling aead v0.3.2
[INFO] [stderr]    Compiling cookie v0.14.4
[INFO] [stderr]    Compiling try-lock v0.2.5
[INFO] [stderr]    Compiling serde_json v1.0.111
[INFO] [stderr]    Compiling openssl-probe v0.1.5
[INFO] [stderr]    Compiling ryu v1.0.16
[INFO] [stderr]    Compiling unicode-bidi v0.3.14
[INFO] [stderr]    Compiling want v0.3.1
[INFO] [stderr]    Compiling aes-gcm v0.8.0
[INFO] [stderr]    Compiling sha2 v0.9.9
[INFO] [stderr]    Compiling rand v0.8.5
[INFO] [stderr]    Compiling rand_chacha v0.2.2
[INFO] [stderr]    Compiling hkdf v0.10.0
[INFO] [stderr]    Compiling http-body v0.3.1
[INFO] [stderr]    Compiling async-channel v1.9.0
[INFO] [stderr]    Compiling socket2 v0.3.19
[INFO] [stderr]    Compiling time-macros v0.1.1
[INFO] [stderr]    Compiling kv-log-macro v1.0.7
[INFO] [stderr]    Compiling httpdate v0.3.2
[INFO] [stderr]    Compiling idna v0.5.0
[INFO] [stderr]    Compiling base64 v0.13.1
[INFO] [stderr]    Compiling http-types v2.12.0
[INFO] [stderr]    Compiling itoa v0.4.8
[INFO] [stderr]    Compiling async-trait v0.1.77
[INFO] [stderr]    Compiling tower-service v0.3.2
[INFO] [stderr]    Compiling mime_guess v2.0.4
[INFO] [stderr]    Compiling rand v0.7.3
[INFO] [stderr]    Compiling infer v0.2.3
[INFO] [stderr]    Compiling mime v0.3.17
[INFO] [stderr]    Compiling uuid v1.6.1
[INFO] [stderr]    Compiling glob v0.3.1
[INFO] [stderr]    Compiling cfb v0.7.3
[INFO] [stderr]    Compiling tokio-util v0.3.1
[INFO] [stderr]    Compiling serde_derive v1.0.194
[INFO] [stderr]    Compiling futures-macro v0.3.30
[INFO] [stderr]    Compiling pin-project-internal v1.1.3
[INFO] [stderr]    Compiling openssl-macros v0.1.1
[INFO] [stderr]    Compiling thiserror-impl v1.0.56
[INFO] [stderr]    Compiling infer v0.13.0
[INFO] [stderr]    Compiling polling v3.3.1
[INFO] [stderr]    Compiling futures-util v0.3.30
[INFO] [stderr]    Compiling async-io v2.2.2
[INFO] [stderr]    Compiling pin-project v1.1.3
[INFO] [stderr]    Compiling thiserror v1.0.56
[INFO] [stderr]    Compiling tracing-futures v0.2.5
[INFO] [stderr]    Compiling async-global-executor v2.4.1
[INFO] [stderr]    Compiling async-std v1.12.0
[INFO] [stderr]    Compiling serde v1.0.194
[INFO] [stderr]    Compiling h2 v0.2.7
[INFO] [stderr]    Compiling futures-executor v0.3.30
[INFO] [stderr]    Compiling futures v0.3.30
[INFO] [stderr]    Compiling tokio-tls v0.3.1
[INFO] [stderr]    Compiling serde_urlencoded v0.7.1
[INFO] [stderr]    Compiling url v2.5.0
[INFO] [stderr]    Compiling serde_qs v0.8.5
[INFO] [stderr]    Compiling hyper v0.13.10
[INFO] [stderr]    Compiling hyper-tls v0.4.3
[INFO] [stderr]    Compiling http-client v6.5.3
[INFO] [stderr]    Compiling surf v2.3.2
[INFO] [stderr]    Compiling image_search v0.4.3 (/opt/rustwide/workdir)
[INFO] [stderr]     Finished dev [unoptimized + debuginfo] target(s) in 15.48s
[INFO] running `Command { std: "docker" "inspect" "c632971a77aca1907c92a30e72589b7bfc66740a322c99544d64cacf60fa7c9b", kill_on_drop: false }`
[INFO] running `Command { std: "docker" "rm" "-f" "c632971a77aca1907c92a30e72589b7bfc66740a322c99544d64cacf60fa7c9b", kill_on_drop: false }`
[INFO] [stdout] c632971a77aca1907c92a30e72589b7bfc66740a322c99544d64cacf60fa7c9b
[INFO] running `Command { std: "docker" "create" "-v" "/var/lib/crater-agent-workspace/builds/worker-4-tc1/target:/opt/rustwide/target:rw,Z" "-v" "/var/lib/crater-agent-workspace/builds/worker-4-tc1/source:/opt/rustwide/workdir:ro,Z" "-v" "/var/lib/crater-agent-workspace/cargo-home:/opt/rustwide/cargo-home:ro,Z" "-v" "/var/lib/crater-agent-workspace/rustup-home:/opt/rustwide/rustup-home:ro,Z" "-e" "SOURCE_DIR=/opt/rustwide/workdir" "-e" "CARGO_TARGET_DIR=/opt/rustwide/target" "-e" "CARGO_INCREMENTAL=0" "-e" "RUST_BACKTRACE=full" "-e" "RUSTFLAGS=--cap-lints=warn" "-e" "RUSTDOCFLAGS=--cap-lints=warn" "-e" "CARGO_HOME=/opt/rustwide/cargo-home" "-e" "RUSTUP_HOME=/opt/rustwide/rustup-home" "-w" "/opt/rustwide/workdir" "-m" "1610612736" "--user" "0:0" "--network" "none" "ghcr.io/rust-lang/crates-build-env/linux@sha256:2788e3201cd34a07e3172128adcd8b3090168a8e3bcc40d7c032b9dda1df7d1c" "/opt/rustwide/cargo-home/bin/cargo" "+1.75.0" "test" "--frozen" "--no-run" "--message-format=json", kill_on_drop: false }`
[INFO] [stdout] 7af960be327ead134e4f3bb0ee2d8996a525f41e5ad39eadf88eb7a538c84194
[INFO] running `Command { std: "docker" "start" "-a" "7af960be327ead134e4f3bb0ee2d8996a525f41e5ad39eadf88eb7a538c84194", kill_on_drop: false }`
[INFO] [stderr]    Compiling image_search v0.4.3 (/opt/rustwide/workdir)
[INFO] [stderr]     Finished test [unoptimized + debuginfo] target(s) in 0.52s
[INFO] running `Command { std: "docker" "inspect" "7af960be327ead134e4f3bb0ee2d8996a525f41e5ad39eadf88eb7a538c84194", kill_on_drop: false }`
[INFO] running `Command { std: "docker" "rm" "-f" "7af960be327ead134e4f3bb0ee2d8996a525f41e5ad39eadf88eb7a538c84194", kill_on_drop: false }`
[INFO] [stdout] 7af960be327ead134e4f3bb0ee2d8996a525f41e5ad39eadf88eb7a538c84194
[INFO] running `Command { std: "docker" "create" "-v" "/var/lib/crater-agent-workspace/builds/worker-4-tc1/target:/opt/rustwide/target:rw,Z" "-v" "/var/lib/crater-agent-workspace/builds/worker-4-tc1/source:/opt/rustwide/workdir:ro,Z" "-v" "/var/lib/crater-agent-workspace/cargo-home:/opt/rustwide/cargo-home:ro,Z" "-v" "/var/lib/crater-agent-workspace/rustup-home:/opt/rustwide/rustup-home:ro,Z" "-e" "SOURCE_DIR=/opt/rustwide/workdir" "-e" "CARGO_TARGET_DIR=/opt/rustwide/target" "-e" "CARGO_INCREMENTAL=0" "-e" "RUST_BACKTRACE=full" "-e" "RUSTFLAGS=--cap-lints=warn" "-e" "RUSTDOCFLAGS=--cap-lints=warn" "-e" "CARGO_HOME=/opt/rustwide/cargo-home" "-e" "RUSTUP_HOME=/opt/rustwide/rustup-home" "-w" "/opt/rustwide/workdir" "-m" "1610612736" "--user" "0:0" "--network" "none" "ghcr.io/rust-lang/crates-build-env/linux@sha256:2788e3201cd34a07e3172128adcd8b3090168a8e3bcc40d7c032b9dda1df7d1c" "/opt/rustwide/cargo-home/bin/cargo" "+1.75.0" "test" "--frozen", kill_on_drop: false }`
[INFO] [stdout] 03b0f4c65164c7bb5b8f4ab3df0da838ae097b6e3f6bcc8c83788b72ed380be8
[INFO] running `Command { std: "docker" "start" "-a" "03b0f4c65164c7bb5b8f4ab3df0da838ae097b6e3f6bcc8c83788b72ed380be8", kill_on_drop: false }`
[INFO] [stderr]     Finished test [unoptimized + debuginfo] target(s) in 0.14s
[INFO] [stderr]      Running unittests src/lib.rs (/opt/rustwide/target/debug/deps/image_search-5b2c627afc42f9cb)
[INFO] [stderr]    Doc-tests image_search
[INFO] [stdout] 
[INFO] [stdout] running 0 tests
[INFO] [stdout] 
[INFO] [stdout] test result: ok. 0 passed; 0 failed; 0 ignored; 0 measured; 0 filtered out; finished in 0.00s
[INFO] [stdout] 
[INFO] [stdout] 
[INFO] [stdout] running 9 tests
[INFO] [stdout] test src/lib.rs - (line 7) ... FAILED
[INFO] [stdout] test src/lib.rs - (line 39) ... FAILED
[INFO] [stdout] test src/lib.rs - (line 13) ... FAILED
[INFO] [stdout] test src/lib.rs - urls (line 573) ... FAILED
[INFO] [stdout] test src/lib.rs - download (line 612) ... FAILED
[INFO] [stdout] test src/lib.rs - search (line 522) ... FAILED
[INFO] [stdout] test src/lib.rs - Arguments (line 87) ... FAILED
[INFO] [stdout] test src/lib.rs - (line 44) ... FAILED
[INFO] [stdout] test src/lib.rs - Image (line 393) ... FAILED
[INFO] [stdout] 
[INFO] [stdout] failures:
[INFO] [stdout] 
[INFO] [stdout] ---- src/lib.rs - (line 7) stdout ----
[INFO] [stdout] error: expected `;`, found `image_search`
[INFO] [stdout]  --> src/lib.rs:9:15
[INFO] [stdout]   |
[INFO] [stdout] 5 | [dependencies]
[INFO] [stdout]   |               ^ help: add `;` here
[INFO] [stdout] 6 | image_search = "0.4"
[INFO] [stdout]   | ------------ unexpected token
[INFO] [stdout] 
[INFO] [stdout] error: expected `;`, found `tokio`
[INFO] [stdout]  --> src/lib.rs:10:21
[INFO] [stdout]   |
[INFO] [stdout] 6 | image_search = "0.4"
[INFO] [stdout]   |                     ^ help: add `;` here
[INFO] [stdout] 7 | tokio = { version = "1", features = ["full"] }
[INFO] [stdout]   | ----- unexpected token
[INFO] [stdout] 
[INFO] [stdout] error: expected one of `.`, `;`, `?`, `}`, or an operator, found `,`
[INFO] [stdout]  --> src/lib.rs:11:24
[INFO] [stdout]   |
[INFO] [stdout] 7 | tokio = { version = "1", features = ["full"] }
[INFO] [stdout]   |                        ^ expected one of `.`, `;`, `?`, `}`, or an operator
[INFO] [stdout] 
[INFO] [stdout] error[E0425]: cannot find value `tokio` in this scope
[INFO] [stdout]  --> src/lib.rs:11:1
[INFO] [stdout]   |
[INFO] [stdout] 7 | tokio = { version = "1", features = ["full"] }
[INFO] [stdout]   | ^^^^^
[INFO] [stdout]   |
[INFO] [stdout] help: you might have meant to introduce a new binding
[INFO] [stdout]   |
[INFO] [stdout] 7 | let tokio = { version = "1", features = ["full"] }
[INFO] [stdout]   | +++
[INFO] [stdout] 
[INFO] [stdout] error: aborting due to 4 previous errors
[INFO] [stdout] 
[INFO] [stdout] For more information about this error, try `rustc --explain E0425`.
[INFO] [stdout] Couldn't compile the test.
[INFO] [stdout] ---- src/lib.rs - (line 39) stdout ----
[INFO] [stdout] error: expected `;`, found `image_search`
[INFO] [stdout]  --> src/lib.rs:41:15
[INFO] [stdout]   |
[INFO] [stdout] 5 | [dependencies]
[INFO] [stdout]   |               ^ help: add `;` here
[INFO] [stdout] 6 | image_search = { version = "0.4", features = ["blocking"] }
[INFO] [stdout]   | ------------ unexpected token
[INFO] [stdout] 
[INFO] [stdout] error: expected one of `.`, `;`, `?`, `}`, or an operator, found `,`
[INFO] [stdout]  --> src/lib.rs:42:33
[INFO] [stdout]   |
[INFO] [stdout] 6 | image_search = { version = "0.4", features = ["blocking"] }
[INFO] [stdout]   |                                 ^ expected one of `.`, `;`, `?`, `}`, or an operator
[INFO] [stdout] 
[INFO] [stdout] error[E0423]: expected value, found crate `image_search`
[INFO] [stdout]  --> src/lib.rs:42:1
[INFO] [stdout]   |
[INFO] [stdout] 6 | image_search = { version = "0.4", features = ["blocking"] }
[INFO] [stdout]   | ^^^^^^^^^^^^
[INFO] [stdout]   |
[INFO] [stdout] help: you might have meant to introduce a new binding
[INFO] [stdout]   |
[INFO] [stdout] 6 | let image_search = { version = "0.4", features = ["blocking"] }
[INFO] [stdout]   | +++
[INFO] [stdout] 
[INFO] [stdout] error: aborting due to 3 previous errors
[INFO] [stdout] 
[INFO] [stdout] For more information about this error, try `rustc --explain E0423`.
[INFO] [stdout] Couldn't compile the test.
[INFO] [stdout] ---- src/lib.rs - (line 13) stdout ----
[INFO] [stdout] error[E0463]: can't find crate for `tokio`
[INFO] [stdout]  --> src/lib.rs:14:1
[INFO] [stdout]   |
[INFO] [stdout] 2 | extern crate tokio;
[INFO] [stdout]   | ^^^^^^^^^^^^^^^^^^^ can't find crate
[INFO] [stdout] 
[INFO] [stdout] error[E0061]: this function takes 0 arguments but 1 argument was supplied
[INFO] [stdout]   --> src/lib.rs:24:20
[INFO] [stdout]    |
[INFO] [stdout] 12 |         .directory(PathBuf::new("downloads")); // Only affects the download function
[INFO] [stdout]    |                    ^^^^^^^^^^^^ -----------
[INFO] [stdout]    |                                 |
[INFO] [stdout]    |                                 unexpected argument of type `&'static str`
[INFO] [stdout]    |                                 help: remove the extra argument
[INFO] [stdout]    |
[INFO] [stdout] note: associated function defined here
[INFO] [stdout]   --> /rustc/82e1608dfa6e0b5569232559e3d385fea5a93112/library/std/src/path.rs:1189:12
[INFO] [stdout] 
[INFO] [stdout] error[E0752]: `main` function is not allowed to be `async`
[INFO] [stdout]  --> src/lib.rs:21:1
[INFO] [stdout]   |
[INFO] [stdout] 9 | async fn main() -> Result<(), image_search::Error> {
[INFO] [stdout]   | ^^^^^^^^^^^^^^^^^^^^^^^^^^^^^^^^^^^^^^^^^^^^^^^^^^ `main` function is not allowed to be `async`
[INFO] [stdout] 
[INFO] [stdout] error: aborting due to 3 previous errors
[INFO] [stdout] 
[INFO] [stdout] Some errors have detailed explanations: E0061, E0463, E0752.
[INFO] [stdout] For more information about an error, try `rustc --explain E0061`.
[INFO] [stdout] Couldn't compile the test.
[INFO] [stdout] ---- src/lib.rs - urls (line 573) stdout ----
[INFO] [stdout] error[E0463]: can't find crate for `tokio`
[INFO] [stdout]  --> src/lib.rs:574:1
[INFO] [stdout]   |
[INFO] [stdout] 2 | extern crate tokio;
[INFO] [stdout]   | ^^^^^^^^^^^^^^^^^^^ can't find crate
[INFO] [stdout] 
[INFO] [stdout] error[E0752]: `main` function is not allowed to be `async`
[INFO] [stdout]  --> src/lib.rs:580:1
[INFO] [stdout]   |
[INFO] [stdout] 8 | async fn main() -> Result<(), image_search::Error> {
[INFO] [stdout]   | ^^^^^^^^^^^^^^^^^^^^^^^^^^^^^^^^^^^^^^^^^^^^^^^^^^ `main` function is not allowed to be `async`
[INFO] [stdout] 
[INFO] [stdout] error: aborting due to 2 previous errors
[INFO] [stdout] 
[INFO] [stdout] Some errors have detailed explanations: E0463, E0752.
[INFO] [stdout] For more information about an error, try `rustc --explain E0463`.
[INFO] [stdout] Couldn't compile the test.
[INFO] [stdout] ---- src/lib.rs - download (line 612) stdout ----
[INFO] [stdout] error[E0463]: can't find crate for `tokio`
[INFO] [stdout]  --> src/lib.rs:613:1
[INFO] [stdout]   |
[INFO] [stdout] 2 | extern crate tokio;
[INFO] [stdout]   | ^^^^^^^^^^^^^^^^^^^ can't find crate
[INFO] [stdout] 
[INFO] [stdout] error[E0752]: `main` function is not allowed to be `async`
[INFO] [stdout]  --> src/lib.rs:620:1
[INFO] [stdout]   |
[INFO] [stdout] 9 | async fn main() -> Result<(), image_search::Error> {
[INFO] [stdout]   | ^^^^^^^^^^^^^^^^^^^^^^^^^^^^^^^^^^^^^^^^^^^^^^^^^^ `main` function is not allowed to be `async`
[INFO] [stdout] 
[INFO] [stdout] error: aborting due to 2 previous errors
[INFO] [stdout] 
[INFO] [stdout] Some errors have detailed explanations: E0463, E0752.
[INFO] [stdout] For more information about an error, try `rustc --explain E0463`.
[INFO] [stdout] Couldn't compile the test.
[INFO] [stdout] ---- src/lib.rs - search (line 522) stdout ----
[INFO] [stdout] error[E0463]: can't find crate for `tokio`
[INFO] [stdout]  --> src/lib.rs:523:1
[INFO] [stdout]   |
[INFO] [stdout] 2 | extern crate tokio;
[INFO] [stdout]   | ^^^^^^^^^^^^^^^^^^^ can't find crate
[INFO] [stdout] 
[INFO] [stdout] error[E0752]: `main` function is not allowed to be `async`
[INFO] [stdout]  --> src/lib.rs:529:1
[INFO] [stdout]   |
[INFO] [stdout] 8 | async fn main() -> Result<(), image_search::Error> {
[INFO] [stdout]   | ^^^^^^^^^^^^^^^^^^^^^^^^^^^^^^^^^^^^^^^^^^^^^^^^^^ `main` function is not allowed to be `async`
[INFO] [stdout] 
[INFO] [stdout] error: aborting due to 2 previous errors
[INFO] [stdout] 
[INFO] [stdout] Some errors have detailed explanations: E0463, E0752.
[INFO] [stdout] For more information about an error, try `rustc --explain E0463`.
[INFO] [stdout] Couldn't compile the test.
[INFO] [stdout] ---- src/lib.rs - Arguments (line 87) stdout ----
[INFO] [stdout] error[E0463]: can't find crate for `tokio`
[INFO] [stdout]  --> src/lib.rs:88:1
[INFO] [stdout]   |
[INFO] [stdout] 2 | extern crate tokio;
[INFO] [stdout]   | ^^^^^^^^^^^^^^^^^^^ can't find crate
[INFO] [stdout] 
[INFO] [stdout] error[E0254]: the name `image_search` is defined multiple times
[INFO] [stdout]  --> src/lib.rs:91:20
[INFO] [stdout]   |
[INFO] [stdout] 3 | extern crate image_search;
[INFO] [stdout]   | -------------------------- previous import of the extern crate `image_search` here
[INFO] [stdout] 4 |
[INFO] [stdout] 5 | use image_search::{self, Arguments};
[INFO] [stdout]   |                    ^^^^--
[INFO] [stdout]   |                    |
[INFO] [stdout]   |                    `image_search` reimported here
[INFO] [stdout]   |                    help: remove unnecessary import
[INFO] [stdout]   |
[INFO] [stdout]   = note: `image_search` must be defined only once in the type namespace of this module
[INFO] [stdout] 
[INFO] [stdout] error[E0308]: mismatched types
[INFO] [stdout]   --> src/lib.rs:94:52
[INFO] [stdout]    |
[INFO] [stdout] 8  |   async fn main() -> Result<(), image_search::Error> {
[INFO] [stdout]    |  ____________________________________________________^
[INFO] [stdout] 9  | |     let args = Arguments::new("example", 10)
[INFO] [stdout] 10 | |         .color(image_search::Color::Black)
[INFO] [stdout] 11 | |         .ratio(image_search::Ratio::Square);
[INFO] [stdout] 12 | |     let images = image_search::search(args).await?;
[INFO] [stdout] 13 | | }
[INFO] [stdout]    | |_^ expected `Result<(), Error>`, found `()`
[INFO] [stdout]    |
[INFO] [stdout]    = note:   expected enum `Result<(), image_search::Error>`
[INFO] [stdout]            found unit type `()`
[INFO] [stdout] 
[INFO] [stdout] error[E0752]: `main` function is not allowed to be `async`
[INFO] [stdout]  --> src/lib.rs:94:1
[INFO] [stdout]   |
[INFO] [stdout] 8 | async fn main() -> Result<(), image_search::Error> {
[INFO] [stdout]   | ^^^^^^^^^^^^^^^^^^^^^^^^^^^^^^^^^^^^^^^^^^^^^^^^^^ `main` function is not allowed to be `async`
[INFO] [stdout] 
[INFO] [stdout] error: aborting due to 4 previous errors
[INFO] [stdout] 
[INFO] [stdout] Some errors have detailed explanations: E0254, E0308, E0463, E0752.
[INFO] [stdout] For more information about an error, try `rustc --explain E0254`.
[INFO] [stdout] Couldn't compile the test.
[INFO] [stdout] ---- src/lib.rs - (line 44) stdout ----
[INFO] [stdout] error[E0432]: unresolved import `image_search::blocking`
[INFO] [stdout]  --> src/lib.rs:48:31
[INFO] [stdout]   |
[INFO] [stdout] 5 | use image_search::{Arguments, blocking::{urls, search, download}};
[INFO] [stdout]   |                               ^^^^^^^^ could not find `blocking` in `image_search`
[INFO] [stdout] 
[INFO] [stdout] error: aborting due to previous error
[INFO] [stdout] 
[INFO] [stdout] For more information about this error, try `rustc --explain E0432`.
[INFO] [stdout] Couldn't compile the test.
[INFO] [stdout] ---- src/lib.rs - Image (line 393) stdout ----
[INFO] [stdout] error[E0422]: cannot find struct, variant or union type `Image` in this scope
[INFO] [stdout]  --> src/lib.rs:394:1
[INFO] [stdout]   |
[INFO] [stdout] 3 | Image {
[INFO] [stdout]   | ^^^^^ not found in this scope
[INFO] [stdout]   |
[INFO] [stdout] help: consider importing one of these items
[INFO] [stdout]   |
[INFO] [stdout] 2 + use image_search::Image;
[INFO] [stdout]   |
[INFO] [stdout] 2 + use infer::MatcherType::Image;
[INFO] [stdout]   |
[INFO] [stdout] 
[INFO] [stdout] error: aborting due to previous error
[INFO] [stdout] 
[INFO] [stdout] For more information about this error, try `rustc --explain E0422`.
[INFO] [stdout] Couldn't compile the test.
[INFO] [stdout] 
[INFO] [stdout] failures:
[INFO] [stdout]     src/lib.rs - (line 13)
[INFO] [stdout]     src/lib.rs - (line 39)
[INFO] [stdout]     src/lib.rs - (line 44)
[INFO] [stdout]     src/lib.rs - (line 7)
[INFO] [stdout]     src/lib.rs - Arguments (line 87)
[INFO] [stdout]     src/lib.rs - Image (line 393)
[INFO] [stdout]     src/lib.rs - download (line 612)
[INFO] [stdout]     src/lib.rs - search (line 522)
[INFO] [stdout]     src/lib.rs - urls (line 573)
[INFO] [stdout] 
[INFO] [stdout] test result: FAILED. 0 passed; 9 failed; 0 ignored; 0 measured; 0 filtered out; finished in 0.20s
[INFO] [stdout] 
[INFO] [stderr] error: doctest failed, to rerun pass `--doc`
[INFO] running `Command { std: "docker" "inspect" "03b0f4c65164c7bb5b8f4ab3df0da838ae097b6e3f6bcc8c83788b72ed380be8", kill_on_drop: false }`
[INFO] running `Command { std: "docker" "rm" "-f" "03b0f4c65164c7bb5b8f4ab3df0da838ae097b6e3f6bcc8c83788b72ed380be8", kill_on_drop: false }`
[INFO] [stdout] 03b0f4c65164c7bb5b8f4ab3df0da838ae097b6e3f6bcc8c83788b72ed380be8
[INFO] testing image_search-0.4.3 against beta-2023-12-22 for beta-1.76-1
[INFO] extracting crate image_search 0.4.3 into /workspace/builds/worker-4-tc2/source
[INFO] validating manifest of crates.io crate image_search 0.4.3 on toolchain beta-2023-12-22
[INFO] running `Command { std: CARGO_HOME="/workspace/cargo-home" RUSTUP_HOME="/workspace/rustup-home" "/workspace/cargo-home/bin/cargo" "+beta-2023-12-22" "metadata" "--manifest-path" "Cargo.toml" "--no-deps", kill_on_drop: false }`
[INFO] started tweaking crates.io crate image_search 0.4.3
[INFO] finished tweaking crates.io crate image_search 0.4.3
[INFO] tweaked toml for crates.io crate image_search 0.4.3 written to /workspace/builds/worker-4-tc2/source/Cargo.toml
[INFO] running `Command { std: CARGO_HOME="/workspace/cargo-home" RUSTUP_HOME="/workspace/rustup-home" "/workspace/cargo-home/bin/cargo" "+beta-2023-12-22" "generate-lockfile" "--manifest-path" "Cargo.toml", kill_on_drop: false }`
[INFO] [stderr]     Updating crates.io index
[INFO] running `Command { std: CARGO_HOME="/workspace/cargo-home" RUSTUP_HOME="/workspace/rustup-home" "/workspace/cargo-home/bin/cargo" "+beta-2023-12-22" "fetch" "--manifest-path" "Cargo.toml", kill_on_drop: false }`
[INFO] running `Command { std: "docker" "create" "-v" "/var/lib/crater-agent-workspace/builds/worker-4-tc2/target:/opt/rustwide/target:rw,Z" "-v" "/var/lib/crater-agent-workspace/builds/worker-4-tc2/source:/opt/rustwide/workdir:ro,Z" "-v" "/var/lib/crater-agent-workspace/cargo-home:/opt/rustwide/cargo-home:ro,Z" "-v" "/var/lib/crater-agent-workspace/rustup-home:/opt/rustwide/rustup-home:ro,Z" "-e" "SOURCE_DIR=/opt/rustwide/workdir" "-e" "CARGO_TARGET_DIR=/opt/rustwide/target" "-e" "CARGO_HOME=/opt/rustwide/cargo-home" "-e" "RUSTUP_HOME=/opt/rustwide/rustup-home" "-w" "/opt/rustwide/workdir" "-m" "1610612736" "--user" "0:0" "--network" "none" "ghcr.io/rust-lang/crates-build-env/linux@sha256:2788e3201cd34a07e3172128adcd8b3090168a8e3bcc40d7c032b9dda1df7d1c" "/opt/rustwide/cargo-home/bin/cargo" "+beta-2023-12-22" "metadata" "--no-deps" "--format-version=1", kill_on_drop: false }`
[INFO] [stdout] 38c735902c6cd6323be74581b264f04cc487c301dec95654c14b670f2a8c7ea6
[INFO] running `Command { std: "docker" "start" "-a" "38c735902c6cd6323be74581b264f04cc487c301dec95654c14b670f2a8c7ea6", kill_on_drop: false }`
[INFO] running `Command { std: "docker" "inspect" "38c735902c6cd6323be74581b264f04cc487c301dec95654c14b670f2a8c7ea6", kill_on_drop: false }`
[INFO] running `Command { std: "docker" "rm" "-f" "38c735902c6cd6323be74581b264f04cc487c301dec95654c14b670f2a8c7ea6", kill_on_drop: false }`
[INFO] [stdout] 38c735902c6cd6323be74581b264f04cc487c301dec95654c14b670f2a8c7ea6
[INFO] running `Command { std: "docker" "create" "-v" "/var/lib/crater-agent-workspace/builds/worker-4-tc2/target:/opt/rustwide/target:rw,Z" "-v" "/var/lib/crater-agent-workspace/builds/worker-4-tc2/source:/opt/rustwide/workdir:ro,Z" "-v" "/var/lib/crater-agent-workspace/cargo-home:/opt/rustwide/cargo-home:ro,Z" "-v" "/var/lib/crater-agent-workspace/rustup-home:/opt/rustwide/rustup-home:ro,Z" "-e" "SOURCE_DIR=/opt/rustwide/workdir" "-e" "CARGO_TARGET_DIR=/opt/rustwide/target" "-e" "CARGO_INCREMENTAL=0" "-e" "RUST_BACKTRACE=full" "-e" "RUSTFLAGS=--cap-lints=warn" "-e" "RUSTDOCFLAGS=--cap-lints=warn" "-e" "CARGO_HOME=/opt/rustwide/cargo-home" "-e" "RUSTUP_HOME=/opt/rustwide/rustup-home" "-w" "/opt/rustwide/workdir" "-m" "1610612736" "--user" "0:0" "--network" "none" "ghcr.io/rust-lang/crates-build-env/linux@sha256:2788e3201cd34a07e3172128adcd8b3090168a8e3bcc40d7c032b9dda1df7d1c" "/opt/rustwide/cargo-home/bin/cargo" "+beta-2023-12-22" "build" "--frozen" "--message-format=json", kill_on_drop: false }`
[INFO] [stdout] 42f6fef25e1a50fd61e590807f5f0051bbd9d60e9a2c245ec0c694cd5150622e
[INFO] running `Command { std: "docker" "start" "-a" "42f6fef25e1a50fd61e590807f5f0051bbd9d60e9a2c245ec0c694cd5150622e", kill_on_drop: false }`
[INFO] [stderr]    Compiling libc v0.2.151
[INFO] [stderr]    Compiling futures-core v0.3.30
[INFO] [stderr]    Compiling value-bag v1.4.3
[INFO] [stderr]    Compiling generic-array v0.14.7
[INFO] [stderr]    Compiling futures-io v0.3.30
[INFO] [stderr]    Compiling once_cell v1.19.0
[INFO] [stderr]    Compiling crossbeam-utils v0.8.18
[INFO] [stderr]    Compiling parking v2.2.0
[INFO] [stderr]    Compiling fnv v1.0.7
[INFO] [stderr]    Compiling cfg-if v0.1.10
[INFO] [stderr]    Compiling bitflags v2.4.1
[INFO] [stderr]    Compiling bytes v0.5.6
[INFO] [stderr]    Compiling syn v2.0.48
[INFO] [stderr]    Compiling pkg-config v0.3.28
[INFO] [stderr]    Compiling subtle v2.4.1
[INFO] [stderr]    Compiling vcpkg v0.2.15
[INFO] [stderr]    Compiling pin-project-lite v0.1.12
[INFO] [stderr]    Compiling itoa v1.0.10
[INFO] [stderr]    Compiling fastrand v2.0.1
[INFO] [stderr]    Compiling tracing-core v0.1.32
[INFO] [stderr]    Compiling futures-sink v0.3.30
[INFO] [stderr]    Compiling standback v0.2.17
[INFO] [stderr]    Compiling syn v1.0.109
[INFO] [stderr]    Compiling proc-macro-hack v0.5.20+deprecated
[INFO] [stderr]    Compiling log v0.4.20
[INFO] [stderr]    Compiling rustix v0.38.28
[INFO] [stderr]    Compiling futures-channel v0.3.30
[INFO] [stderr]    Compiling futures-lite v2.1.0
[INFO] [stderr]    Compiling io-lifetimes v1.0.11
[INFO] [stderr]    Compiling percent-encoding v2.3.1
[INFO] [stderr]    Compiling bytes v1.5.0
[INFO] [stderr]    Compiling linux-raw-sys v0.4.12
[INFO] [stderr]    Compiling tracing v0.1.40
[INFO] [stderr]    Compiling cipher v0.2.5
[INFO] [stderr]    Compiling digest v0.9.0
[INFO] [stderr]    Compiling universal-hash v0.4.1
[INFO] [stderr]    Compiling polling v2.8.0
[INFO] [stderr]    Compiling indexmap v1.9.3
[INFO] [stderr]    Compiling rustix v0.37.27
[INFO] [stderr]    Compiling concurrent-queue v2.4.0
[INFO] [stderr]    Compiling http v0.2.11
[INFO] [stderr]    Compiling cpuid-bool v0.2.0
[INFO] [stderr]    Compiling openssl v0.10.62
[INFO] [stderr]    Compiling foreign-types-shared v0.1.1
[INFO] [stderr]    Compiling event-listener v4.0.2
[INFO] [stderr]    Compiling cc v1.0.83
[INFO] [stderr]    Compiling tinyvec_macros v0.1.1
[INFO] [stderr]    Compiling async-task v4.7.0
[INFO] [stderr]    Compiling const_fn v0.4.9
[INFO] [stderr]    Compiling atomic-waker v1.1.2
[INFO] [stderr]    Compiling net2 v0.2.39
[INFO] [stderr]    Compiling iovec v0.1.4
[INFO] [stderr]    Compiling getrandom v0.2.11
[INFO] [stderr]    Compiling event-listener v2.5.3
[INFO] [stderr]    Compiling piper v0.2.1
[INFO] [stderr]    Compiling mio v0.6.23
[INFO] [stderr]    Compiling event-listener-strategy v0.4.0
[INFO] [stderr]    Compiling rand_core v0.6.4
[INFO] [stderr]    Compiling getrandom v0.1.16
[INFO] [stderr]    Compiling tinyvec v1.6.0
[INFO] [stderr]    Compiling async-lock v3.2.0
[INFO] [stderr]    Compiling async-channel v2.1.1
[INFO] [stderr]    Compiling foreign-types v0.3.2
[INFO] [stderr]    Compiling polyval v0.4.5
[INFO] [stderr]    Compiling aes-soft v0.6.4
[INFO] [stderr]    Compiling crypto-mac v0.10.1
[INFO] [stderr]    Compiling async-io v1.13.0
[INFO] [stderr]    Compiling unicase v2.7.0
[INFO] [stderr]    Compiling time v0.2.27
[INFO] [stderr]    Compiling waker-fn v1.1.1
[INFO] [stderr]    Compiling linux-raw-sys v0.3.8
[INFO] [stderr]    Compiling httparse v1.8.0
[INFO] [stderr]    Compiling fastrand v1.9.0
[INFO] [stderr]    Compiling native-tls v0.2.11
[INFO] [stderr]    Compiling time-macros-impl v0.1.2
[INFO] [stderr]    Compiling bitflags v1.3.2
[INFO] [stderr]    Compiling hashbrown v0.12.3
[INFO] [stderr]    Compiling tokio v0.2.25
[INFO] [stderr]    Compiling blocking v1.5.1
[INFO] [stderr]    Compiling async-executor v1.8.0
[INFO] [stderr]    Compiling futures-lite v1.13.0
[INFO] [stderr]    Compiling aes v0.6.0
[INFO] [stderr]    Compiling ghash v0.3.1
[INFO] [stderr]    Compiling hmac v0.10.1
[INFO] [stderr]    Compiling unicode-normalization v0.1.22
[INFO] [stderr]    Compiling rand_chacha v0.3.1
[INFO] [stderr]    Compiling rand_core v0.5.1
[INFO] [stderr]    Compiling async-lock v2.8.0
[INFO] [stderr]    Compiling socket2 v0.4.10
[INFO] [stderr]    Compiling ctr v0.6.0
[INFO] [stderr]    Compiling openssl-sys v0.9.98
[INFO] [stderr]    Compiling block-buffer v0.9.0
[INFO] [stderr]    Compiling aead v0.3.2
[INFO] [stderr]    Compiling form_urlencoded v1.2.1
[INFO] [stderr]    Compiling time-macros v0.1.1
[INFO] [stderr]    Compiling cookie v0.14.4
[INFO] [stderr]    Compiling unicode-bidi v0.3.14
[INFO] [stderr]    Compiling ryu v1.0.16
[INFO] [stderr]    Compiling openssl-probe v0.1.5
[INFO] [stderr]    Compiling try-lock v0.2.5
[INFO] [stderr]    Compiling serde_json v1.0.111
[INFO] [stderr]    Compiling want v0.3.1
[INFO] [stderr]    Compiling sha2 v0.9.9
[INFO] [stderr]    Compiling aes-gcm v0.8.0
[INFO] [stderr]    Compiling rand_chacha v0.2.2
[INFO] [stderr]    Compiling rand v0.8.5
[INFO] [stderr]    Compiling hkdf v0.10.0
[INFO] [stderr]    Compiling http-body v0.3.1
[INFO] [stderr]    Compiling idna v0.5.0
[INFO] [stderr]    Compiling async-channel v1.9.0
[INFO] [stderr]    Compiling socket2 v0.3.19
[INFO] [stderr]    Compiling kv-log-macro v1.0.7
[INFO] [stderr]    Compiling async-trait v0.1.77
[INFO] [stderr]    Compiling base64 v0.13.1
[INFO] [stderr]    Compiling tower-service v0.3.2
[INFO] [stderr]    Compiling http-types v2.12.0
[INFO] [stderr]    Compiling itoa v0.4.8
[INFO] [stderr]    Compiling httpdate v0.3.2
[INFO] [stderr]    Compiling rand v0.7.3
[INFO] [stderr]    Compiling mime_guess v2.0.4
[INFO] [stderr]    Compiling infer v0.2.3
[INFO] [stderr]    Compiling mime v0.3.17
[INFO] [stderr]    Compiling uuid v1.6.1
[INFO] [stderr]    Compiling glob v0.3.1
[INFO] [stderr]    Compiling cfb v0.7.3
[INFO] [stderr]    Compiling tokio-util v0.3.1
[INFO] [stderr]    Compiling serde_derive v1.0.194
[INFO] [stderr]    Compiling futures-macro v0.3.30
[INFO] [stderr]    Compiling pin-project-internal v1.1.3
[INFO] [stderr]    Compiling openssl-macros v0.1.1
[INFO] [stderr]    Compiling thiserror-impl v1.0.56
[INFO] [stderr]    Compiling infer v0.13.0
[INFO] [stderr]    Compiling polling v3.3.1
[INFO] [stderr]    Compiling pin-project v1.1.3
[INFO] [stderr]    Compiling futures-util v0.3.30
[INFO] [stderr]    Compiling tracing-futures v0.2.5
[INFO] [stderr]    Compiling thiserror v1.0.56
[INFO] [stderr]    Compiling async-io v2.2.2
[INFO] [stderr]    Compiling async-global-executor v2.4.1
[INFO] [stderr]    Compiling async-std v1.12.0
[INFO] [stderr]    Compiling serde v1.0.194
[INFO] [stderr]    Compiling h2 v0.2.7
[INFO] [stderr]    Compiling futures-executor v0.3.30
[INFO] [stderr]    Compiling tokio-tls v0.3.1
[INFO] [stderr]    Compiling futures v0.3.30
[INFO] [stderr]    Compiling serde_qs v0.8.5
[INFO] [stderr]    Compiling url v2.5.0
[INFO] [stderr]    Compiling serde_urlencoded v0.7.1
[INFO] [stderr]    Compiling hyper v0.13.10
[INFO] [stderr]    Compiling hyper-tls v0.4.3
[INFO] [stderr]    Compiling http-client v6.5.3
[INFO] [stderr]    Compiling surf v2.3.2
[INFO] [stderr]    Compiling image_search v0.4.3 (/opt/rustwide/workdir)
[INFO] [stderr]     Finished dev [unoptimized + debuginfo] target(s) in 20.70s
[INFO] running `Command { std: "docker" "inspect" "42f6fef25e1a50fd61e590807f5f0051bbd9d60e9a2c245ec0c694cd5150622e", kill_on_drop: false }`
[INFO] running `Command { std: "docker" "rm" "-f" "42f6fef25e1a50fd61e590807f5f0051bbd9d60e9a2c245ec0c694cd5150622e", kill_on_drop: false }`
[INFO] [stdout] 42f6fef25e1a50fd61e590807f5f0051bbd9d60e9a2c245ec0c694cd5150622e
[INFO] running `Command { std: "docker" "create" "-v" "/var/lib/crater-agent-workspace/builds/worker-4-tc2/target:/opt/rustwide/target:rw,Z" "-v" "/var/lib/crater-agent-workspace/builds/worker-4-tc2/source:/opt/rustwide/workdir:ro,Z" "-v" "/var/lib/crater-agent-workspace/cargo-home:/opt/rustwide/cargo-home:ro,Z" "-v" "/var/lib/crater-agent-workspace/rustup-home:/opt/rustwide/rustup-home:ro,Z" "-e" "SOURCE_DIR=/opt/rustwide/workdir" "-e" "CARGO_TARGET_DIR=/opt/rustwide/target" "-e" "CARGO_INCREMENTAL=0" "-e" "RUST_BACKTRACE=full" "-e" "RUSTFLAGS=--cap-lints=warn" "-e" "RUSTDOCFLAGS=--cap-lints=warn" "-e" "CARGO_HOME=/opt/rustwide/cargo-home" "-e" "RUSTUP_HOME=/opt/rustwide/rustup-home" "-w" "/opt/rustwide/workdir" "-m" "1610612736" "--user" "0:0" "--network" "none" "ghcr.io/rust-lang/crates-build-env/linux@sha256:2788e3201cd34a07e3172128adcd8b3090168a8e3bcc40d7c032b9dda1df7d1c" "/opt/rustwide/cargo-home/bin/cargo" "+beta-2023-12-22" "test" "--frozen" "--no-run" "--message-format=json", kill_on_drop: false }`
[INFO] [stdout] 4fd5c2e66f601c65465711a8e1e2ac7a3e9b22fe169a2af48a46c140d1392c0b
[INFO] running `Command { std: "docker" "start" "-a" "4fd5c2e66f601c65465711a8e1e2ac7a3e9b22fe169a2af48a46c140d1392c0b", kill_on_drop: false }`
[INFO] [stderr]    Compiling image_search v0.4.3 (/opt/rustwide/workdir)
[INFO] [stderr]     Finished test [unoptimized + debuginfo] target(s) in 0.68s
[INFO] running `Command { std: "docker" "inspect" "4fd5c2e66f601c65465711a8e1e2ac7a3e9b22fe169a2af48a46c140d1392c0b", kill_on_drop: false }`
[INFO] running `Command { std: "docker" "rm" "-f" "4fd5c2e66f601c65465711a8e1e2ac7a3e9b22fe169a2af48a46c140d1392c0b", kill_on_drop: false }`
[INFO] [stdout] 4fd5c2e66f601c65465711a8e1e2ac7a3e9b22fe169a2af48a46c140d1392c0b
[INFO] running `Command { std: "docker" "create" "-v" "/var/lib/crater-agent-workspace/builds/worker-4-tc2/target:/opt/rustwide/target:rw,Z" "-v" "/var/lib/crater-agent-workspace/builds/worker-4-tc2/source:/opt/rustwide/workdir:ro,Z" "-v" "/var/lib/crater-agent-workspace/cargo-home:/opt/rustwide/cargo-home:ro,Z" "-v" "/var/lib/crater-agent-workspace/rustup-home:/opt/rustwide/rustup-home:ro,Z" "-e" "SOURCE_DIR=/opt/rustwide/workdir" "-e" "CARGO_TARGET_DIR=/opt/rustwide/target" "-e" "CARGO_INCREMENTAL=0" "-e" "RUST_BACKTRACE=full" "-e" "RUSTFLAGS=--cap-lints=warn" "-e" "RUSTDOCFLAGS=--cap-lints=warn" "-e" "CARGO_HOME=/opt/rustwide/cargo-home" "-e" "RUSTUP_HOME=/opt/rustwide/rustup-home" "-w" "/opt/rustwide/workdir" "-m" "1610612736" "--user" "0:0" "--network" "none" "ghcr.io/rust-lang/crates-build-env/linux@sha256:2788e3201cd34a07e3172128adcd8b3090168a8e3bcc40d7c032b9dda1df7d1c" "/opt/rustwide/cargo-home/bin/cargo" "+beta-2023-12-22" "test" "--frozen", kill_on_drop: false }`
[INFO] [stdout] 0b9ff3139c302895820684b770047d54313eb7c0695a3cf043ebfbbebe59835d
[INFO] running `Command { std: "docker" "start" "-a" "0b9ff3139c302895820684b770047d54313eb7c0695a3cf043ebfbbebe59835d", kill_on_drop: false }`
[INFO] [stderr]     Finished test [unoptimized + debuginfo] target(s) in 0.12s
[INFO] [stderr]      Running unittests src/lib.rs (/opt/rustwide/target/debug/deps/image_search-d043efd5514f3626)
[INFO] [stdout] 
[INFO] [stdout] running 0 tests
[INFO] [stdout] 
[INFO] [stdout] test result: ok. 0 passed; 0 failed; 0 ignored; 0 measured; 0 filtered out; finished in 0.00s
[INFO] [stdout] 
[INFO] [stderr]    Doc-tests image_search
[INFO] [stdout] 
[INFO] [stdout] running 9 tests
[INFO] [stdout] test src/lib.rs - (line 44) ... FAILED
[INFO] [stdout] test src/lib.rs - Image (line 393) ... FAILED
[INFO] [stdout] test src/lib.rs - (line 7) ... FAILED
[INFO] [stdout] test src/lib.rs - search (line 522) ... FAILED
[INFO] [stdout] test src/lib.rs - Arguments (line 87) ... FAILED
[INFO] [stdout] test src/lib.rs - urls (line 573) ... FAILED
[INFO] [stdout] test src/lib.rs - download (line 612) ... FAILED
[INFO] [stdout] test src/lib.rs - (line 39) ... FAILED
[INFO] [stdout] test src/lib.rs - (line 13) ... FAILED
[INFO] [stdout] 
[INFO] [stdout] failures:
[INFO] [stdout] 
[INFO] [stdout] ---- src/lib.rs - (line 44) stdout ----
[INFO] [stdout] error[E0432]: unresolved import `image_search::blocking`
[INFO] [stdout]  --> src/lib.rs:48:31
[INFO] [stdout]   |
[INFO] [stdout] 5 | use image_search::{Arguments, blocking::{urls, search, download}};
[INFO] [stdout]   |                               ^^^^^^^^ could not find `blocking` in `image_search`
[INFO] [stdout] 
[INFO] [stdout] error: aborting due to 1 previous error
[INFO] [stdout] 
[INFO] [stdout] For more information about this error, try `rustc --explain E0432`.
[INFO] [stdout] Couldn't compile the test.
[INFO] [stdout] ---- src/lib.rs - Image (line 393) stdout ----
[INFO] [stdout] error[E0422]: cannot find struct, variant or union type `Image` in this scope
[INFO] [stdout]  --> src/lib.rs:394:1
[INFO] [stdout]   |
[INFO] [stdout] 3 | Image {
[INFO] [stdout]   | ^^^^^ not found in this scope
[INFO] [stdout]   |
[INFO] [stdout] help: consider importing one of these items
[INFO] [stdout]   |
[INFO] [stdout] 2 + use image_search::Image;
[INFO] [stdout]   |
[INFO] [stdout] 2 + use infer::MatcherType::Image;
[INFO] [stdout]   |
[INFO] [stdout] 
[INFO] [stdout] error: aborting due to 1 previous error
[INFO] [stdout] 
[INFO] [stdout] For more information about this error, try `rustc --explain E0422`.
[INFO] [stdout] Couldn't compile the test.
[INFO] [stdout] ---- src/lib.rs - (line 7) stdout ----
[INFO] [stdout] error: expected `;`, found `image_search`
[INFO] [stdout]  --> src/lib.rs:9:15
[INFO] [stdout]   |
[INFO] [stdout] 5 | [dependencies]
[INFO] [stdout]   |               ^ help: add `;` here
[INFO] [stdout] 6 | image_search = "0.4"
[INFO] [stdout]   | ------------ unexpected token
[INFO] [stdout] 
[INFO] [stdout] error: expected `;`, found `tokio`
[INFO] [stdout]  --> src/lib.rs:10:21
[INFO] [stdout]   |
[INFO] [stdout] 6 | image_search = "0.4"
[INFO] [stdout]   |                     ^ help: add `;` here
[INFO] [stdout] 7 | tokio = { version = "1", features = ["full"] }
[INFO] [stdout]   | ----- unexpected token
[INFO] [stdout] 
[INFO] [stdout] error: expected one of `.`, `;`, `?`, `}`, or an operator, found `,`
[INFO] [stdout]  --> src/lib.rs:11:24
[INFO] [stdout]   |
[INFO] [stdout] 7 | tokio = { version = "1", features = ["full"] }
[INFO] [stdout]   |                        ^ expected one of `.`, `;`, `?`, `}`, or an operator
[INFO] [stdout] 
[INFO] [stdout] error[E0425]: cannot find value `tokio` in this scope
[INFO] [stdout]  --> src/lib.rs:11:1
[INFO] [stdout]   |
[INFO] [stdout] 7 | tokio = { version = "1", features = ["full"] }
[INFO] [stdout]   | ^^^^^
[INFO] [stdout]   |
[INFO] [stdout] help: you might have meant to introduce a new binding
[INFO] [stdout]   |
[INFO] [stdout] 7 | let tokio = { version = "1", features = ["full"] }
[INFO] [stdout]   | +++
[INFO] [stdout] 
[INFO] [stdout] error: aborting due to 4 previous errors
[INFO] [stdout] 
[INFO] [stdout] For more information about this error, try `rustc --explain E0425`.
[INFO] [stdout] Couldn't compile the test.
[INFO] [stdout] ---- src/lib.rs - search (line 522) stdout ----
[INFO] [stdout] error[E0463]: can't find crate for `tokio`
[INFO] [stdout]  --> src/lib.rs:523:1
[INFO] [stdout]   |
[INFO] [stdout] 2 | extern crate tokio;
[INFO] [stdout]   | ^^^^^^^^^^^^^^^^^^^ can't find crate
[INFO] [stdout] 
[INFO] [stdout] error[E0752]: `main` function is not allowed to be `async`
[INFO] [stdout]  --> src/lib.rs:529:1
[INFO] [stdout]   |
[INFO] [stdout] 8 | async fn main() -> Result<(), image_search::Error> {
[INFO] [stdout]   | ^^^^^^^^^^^^^^^^^^^^^^^^^^^^^^^^^^^^^^^^^^^^^^^^^^ `main` function is not allowed to be `async`
[INFO] [stdout] 
[INFO] [stdout] error: aborting due to 2 previous errors
[INFO] [stdout] 
[INFO] [stdout] Some errors have detailed explanations: E0463, E0752.
[INFO] [stdout] For more information about an error, try `rustc --explain E0463`.
[INFO] [stdout] Couldn't compile the test.
[INFO] [stdout] ---- src/lib.rs - Arguments (line 87) stdout ----
[INFO] [stdout] error[E0463]: can't find crate for `tokio`
[INFO] [stdout]  --> src/lib.rs:88:1
[INFO] [stdout]   |
[INFO] [stdout] 2 | extern crate tokio;
[INFO] [stdout]   | ^^^^^^^^^^^^^^^^^^^ can't find crate
[INFO] [stdout] 
[INFO] [stdout] error[E0254]: the name `image_search` is defined multiple times
[INFO] [stdout]  --> src/lib.rs:91:20
[INFO] [stdout]   |
[INFO] [stdout] 3 | extern crate image_search;
[INFO] [stdout]   | -------------------------- previous import of the extern crate `image_search` here
[INFO] [stdout] 4 |
[INFO] [stdout] 5 | use image_search::{self, Arguments};
[INFO] [stdout]   |                    ^^^^--
[INFO] [stdout]   |                    |
[INFO] [stdout]   |                    `image_search` reimported here
[INFO] [stdout]   |                    help: remove unnecessary import
[INFO] [stdout]   |
[INFO] [stdout]   = note: `image_search` must be defined only once in the type namespace of this module
[INFO] [stdout] 
[INFO] [stdout] error[E0308]: mismatched types
[INFO] [stdout]   --> src/lib.rs:94:52
[INFO] [stdout]    |
[INFO] [stdout] 8  |   async fn main() -> Result<(), image_search::Error> {
[INFO] [stdout]    |  ____________________________________________________^
[INFO] [stdout] 9  | |     let args = Arguments::new("example", 10)
[INFO] [stdout] 10 | |         .color(image_search::Color::Black)
[INFO] [stdout] 11 | |         .ratio(image_search::Ratio::Square);
[INFO] [stdout] 12 | |     let images = image_search::search(args).await?;
[INFO] [stdout] 13 | | }
[INFO] [stdout]    | |_^ expected `Result<(), Error>`, found `()`
[INFO] [stdout]    |
[INFO] [stdout]    = note:   expected enum `Result<(), image_search::Error>`
[INFO] [stdout]            found unit type `()`
[INFO] [stdout] 
[INFO] [stdout] error[E0752]: `main` function is not allowed to be `async`
[INFO] [stdout]  --> src/lib.rs:94:1
[INFO] [stdout]   |
[INFO] [stdout] 8 | async fn main() -> Result<(), image_search::Error> {
[INFO] [stdout]   | ^^^^^^^^^^^^^^^^^^^^^^^^^^^^^^^^^^^^^^^^^^^^^^^^^^ `main` function is not allowed to be `async`
[INFO] [stdout] 
[INFO] [stdout] error: aborting due to 4 previous errors
[INFO] [stdout] 
[INFO] [stdout] Some errors have detailed explanations: E0254, E0308, E0463, E0752.
[INFO] [stdout] For more information about an error, try `rustc --explain E0254`.
[INFO] [stdout] Couldn't compile the test.
[INFO] [stdout] ---- src/lib.rs - urls (line 573) stdout ----
[INFO] [stdout] error[E0463]: can't find crate for `tokio`
[INFO] [stdout]  --> src/lib.rs:574:1
[INFO] [stdout]   |
[INFO] [stdout] 2 | extern crate tokio;
[INFO] [stdout]   | ^^^^^^^^^^^^^^^^^^^ can't find crate
[INFO] [stdout] 
[INFO] [stdout] error[E0752]: `main` function is not allowed to be `async`
[INFO] [stdout]  --> src/lib.rs:580:1
[INFO] [stdout]   |
[INFO] [stdout] 8 | async fn main() -> Result<(), image_search::Error> {
[INFO] [stdout]   | ^^^^^^^^^^^^^^^^^^^^^^^^^^^^^^^^^^^^^^^^^^^^^^^^^^ `main` function is not allowed to be `async`
[INFO] [stdout] 
[INFO] [stdout] error: aborting due to 2 previous errors
[INFO] [stdout] 
[INFO] [stdout] Some errors have detailed explanations: E0463, E0752.
[INFO] [stdout] For more information about an error, try `rustc --explain E0463`.
[INFO] [stdout] Couldn't compile the test.
[INFO] [stdout] ---- src/lib.rs - download (line 612) stdout ----
[INFO] [stdout] error[E0463]: can't find crate for `tokio`
[INFO] [stdout]  --> src/lib.rs:613:1
[INFO] [stdout]   |
[INFO] [stdout] 2 | extern crate tokio;
[INFO] [stdout]   | ^^^^^^^^^^^^^^^^^^^ can't find crate
[INFO] [stdout] 
[INFO] [stdout] error[E0752]: `main` function is not allowed to be `async`
[INFO] [stdout]  --> src/lib.rs:620:1
[INFO] [stdout]   |
[INFO] [stdout] 9 | async fn main() -> Result<(), image_search::Error> {
[INFO] [stdout]   | ^^^^^^^^^^^^^^^^^^^^^^^^^^^^^^^^^^^^^^^^^^^^^^^^^^ `main` function is not allowed to be `async`
[INFO] [stdout] 
[INFO] [stdout] error: aborting due to 2 previous errors
[INFO] [stdout] 
[INFO] [stdout] Some errors have detailed explanations: E0463, E0752.
[INFO] [stdout] For more information about an error, try `rustc --explain E0463`.
[INFO] [stdout] Couldn't compile the test.
[INFO] [stdout] ---- src/lib.rs - (line 39) stdout ----
[INFO] [stdout] error: expected `;`, found `image_search`
[INFO] [stdout]  --> src/lib.rs:41:15
[INFO] [stdout]   |
[INFO] [stdout] 5 | [dependencies]
[INFO] [stdout]   |               ^ help: add `;` here
[INFO] [stdout] 6 | image_search = { version = "0.4", features = ["blocking"] }
[INFO] [stdout]   | ------------ unexpected token
[INFO] [stdout] 
[INFO] [stdout] error: expected one of `.`, `;`, `?`, `}`, or an operator, found `,`
[INFO] [stdout]  --> src/lib.rs:42:33
[INFO] [stdout]   |
[INFO] [stdout] 6 | image_search = { version = "0.4", features = ["blocking"] }
[INFO] [stdout]   |                                 ^ expected one of `.`, `;`, `?`, `}`, or an operator
[INFO] [stdout] 
[INFO] [stdout] error[E0423]: expected value, found crate `image_search`
[INFO] [stdout]  --> src/lib.rs:42:1
[INFO] [stdout]   |
[INFO] [stdout] 6 | image_search = { version = "0.4", features = ["blocking"] }
[INFO] [stdout]   | ^^^^^^^^^^^^
[INFO] [stdout]   |
[INFO] [stdout] help: you might have meant to introduce a new binding
[INFO] [stdout]   |
[INFO] [stdout] 6 | let image_search = { version = "0.4", features = ["blocking"] }
[INFO] [stdout]   | +++
[INFO] [stdout] 
[INFO] [stdout] error: aborting due to 3 previous errors
[INFO] [stdout] 
[INFO] [stdout] For more information about this error, try `rustc --explain E0423`.
[INFO] [stdout] Couldn't compile the test.
[INFO] [stdout] ---- src/lib.rs - (line 13) stdout ----
[INFO] [stdout] error[E0463]: can't find crate for `tokio`
[INFO] [stdout]  --> src/lib.rs:14:1
[INFO] [stdout]   |
[INFO] [stdout] 2 | extern crate tokio;
[INFO] [stdout]   | ^^^^^^^^^^^^^^^^^^^ can't find crate
[INFO] [stdout] 
[INFO] [stdout] error[E0061]: this function takes 0 arguments but 1 argument was supplied
[INFO] [stdout]   --> src/lib.rs:24:20
[INFO] [stdout]    |
[INFO] [stdout] 12 |         .directory(PathBuf::new("downloads")); // Only affects the download function
[INFO] [stdout]    |                    ^^^^^^^^^^^^ -----------
[INFO] [stdout]    |                                 |
[INFO] [stdout]    |                                 unexpected argument of type `&'static str`
[INFO] [stdout]    |                                 help: remove the extra argument
[INFO] [stdout]    |
[INFO] [stdout] note: associated function defined here
[INFO] [stdout]   --> /rustc/0e09125c6c3c2fd70d7de961bcf0e51575235fad/library/std/src/path.rs:1189:12
[INFO] [stdout] 
[INFO] [stdout] error[E0752]: `main` function is not allowed to be `async`
[INFO] [stdout]  --> src/lib.rs:21:1
[INFO] [stdout]   |
[INFO] [stdout] 9 | async fn main() -> Result<(), image_search::Error> {
[INFO] [stdout]   | ^^^^^^^^^^^^^^^^^^^^^^^^^^^^^^^^^^^^^^^^^^^^^^^^^^ `main` function is not allowed to be `async`
[INFO] [stdout] 
[INFO] [stdout] error: aborting due to 3 previous errors
[INFO] [stdout] 
[INFO] [stdout] Some errors have detailed explanations: E0061, E0463, E0752.
[INFO] [stdout] For more information about an error, try `rustc --explain E0061`.
[INFO] [stdout] Couldn't compile the test.
[INFO] [stdout] 
[INFO] [stdout] failures:
[INFO] [stdout]     src/lib.rs - (line 13)
[INFO] [stdout]     src/lib.rs - (line 39)
[INFO] [stdout]     src/lib.rs - (line 44)
[INFO] [stdout]     src/lib.rs - (line 7)
[INFO] [stdout]     src/lib.rs - Arguments (line 87)
[INFO] [stdout]     src/lib.rs - Image (line 393)
[INFO] [stdout]     src/lib.rs - download (line 612)
[INFO] [stdout]     src/lib.rs - search (line 522)
[INFO] [stdout]     src/lib.rs - urls (line 573)
[INFO] [stdout] 
[INFO] [stdout] test result: FAILED. 0 passed; 9 failed; 0 ignored; 0 measured; 0 filtered out; finished in 0.09s
[INFO] [stdout] 
[INFO] [stderr] error: doctest failed, to rerun pass `--doc`
[INFO] running `Command { std: "docker" "inspect" "0b9ff3139c302895820684b770047d54313eb7c0695a3cf043ebfbbebe59835d", kill_on_drop: false }`
[INFO] running `Command { std: "docker" "rm" "-f" "0b9ff3139c302895820684b770047d54313eb7c0695a3cf043ebfbbebe59835d", kill_on_drop: false }`
[INFO] [stdout] 0b9ff3139c302895820684b770047d54313eb7c0695a3cf043ebfbbebe59835d
