[INFO] fetching crate image_dds 0.3.0...
[INFO] testing image_dds-0.3.0 against 1.75.0 for beta-1.76-1
[INFO] extracting crate image_dds 0.3.0 into /workspace/builds/worker-1-tc1/source
[INFO] validating manifest of crates.io crate image_dds 0.3.0 on toolchain 1.75.0
[INFO] running `Command { std: CARGO_HOME="/workspace/cargo-home" RUSTUP_HOME="/workspace/rustup-home" "/workspace/cargo-home/bin/cargo" "+1.75.0" "metadata" "--manifest-path" "Cargo.toml" "--no-deps", kill_on_drop: false }`
[INFO] started tweaking crates.io crate image_dds 0.3.0
[INFO] finished tweaking crates.io crate image_dds 0.3.0
[INFO] tweaked toml for crates.io crate image_dds 0.3.0 written to /workspace/builds/worker-1-tc1/source/Cargo.toml
[INFO] crate crates.io crate image_dds 0.3.0 already has a lockfile, it will not be regenerated
[INFO] running `Command { std: CARGO_HOME="/workspace/cargo-home" RUSTUP_HOME="/workspace/rustup-home" "/workspace/cargo-home/bin/cargo" "+1.75.0" "fetch" "--manifest-path" "Cargo.toml", kill_on_drop: false }`
[INFO] [stderr]     Updating crates.io index
[INFO] [stderr]  Downloading crates ...
[INFO] [stderr]   Downloaded clang-sys v0.29.3
[INFO] [stderr]   Downloaded bcndecode-sys v0.1.0
[INFO] [stderr]   Downloaded bindgen v0.53.3
[INFO] [stderr]   Downloaded intel_tex_2 v0.2.2
[INFO] [stderr]   Downloaded ispc_rt v2.0.0
[INFO] running `Command { std: "docker" "create" "-v" "/var/lib/crater-agent-workspace/builds/worker-1-tc1/target:/opt/rustwide/target:rw,Z" "-v" "/var/lib/crater-agent-workspace/builds/worker-1-tc1/source:/opt/rustwide/workdir:ro,Z" "-v" "/var/lib/crater-agent-workspace/cargo-home:/opt/rustwide/cargo-home:ro,Z" "-v" "/var/lib/crater-agent-workspace/rustup-home:/opt/rustwide/rustup-home:ro,Z" "-e" "SOURCE_DIR=/opt/rustwide/workdir" "-e" "CARGO_TARGET_DIR=/opt/rustwide/target" "-e" "CARGO_HOME=/opt/rustwide/cargo-home" "-e" "RUSTUP_HOME=/opt/rustwide/rustup-home" "-w" "/opt/rustwide/workdir" "-m" "1610612736" "--user" "0:0" "--network" "none" "ghcr.io/rust-lang/crates-build-env/linux@sha256:2788e3201cd34a07e3172128adcd8b3090168a8e3bcc40d7c032b9dda1df7d1c" "/opt/rustwide/cargo-home/bin/cargo" "+1.75.0" "metadata" "--no-deps" "--format-version=1", kill_on_drop: false }`
[INFO] [stdout] b92d4eac7817d1daf8d514d6ba0cf3399e3d57558b3ac663a5c42f79861571d6
[INFO] running `Command { std: "docker" "start" "-a" "b92d4eac7817d1daf8d514d6ba0cf3399e3d57558b3ac663a5c42f79861571d6", kill_on_drop: false }`
[INFO] running `Command { std: "docker" "inspect" "b92d4eac7817d1daf8d514d6ba0cf3399e3d57558b3ac663a5c42f79861571d6", kill_on_drop: false }`
[INFO] running `Command { std: "docker" "rm" "-f" "b92d4eac7817d1daf8d514d6ba0cf3399e3d57558b3ac663a5c42f79861571d6", kill_on_drop: false }`
[INFO] [stdout] b92d4eac7817d1daf8d514d6ba0cf3399e3d57558b3ac663a5c42f79861571d6
[INFO] running `Command { std: "docker" "create" "-v" "/var/lib/crater-agent-workspace/builds/worker-1-tc1/target:/opt/rustwide/target:rw,Z" "-v" "/var/lib/crater-agent-workspace/builds/worker-1-tc1/source:/opt/rustwide/workdir:ro,Z" "-v" "/var/lib/crater-agent-workspace/cargo-home:/opt/rustwide/cargo-home:ro,Z" "-v" "/var/lib/crater-agent-workspace/rustup-home:/opt/rustwide/rustup-home:ro,Z" "-e" "SOURCE_DIR=/opt/rustwide/workdir" "-e" "CARGO_TARGET_DIR=/opt/rustwide/target" "-e" "CARGO_INCREMENTAL=0" "-e" "RUST_BACKTRACE=full" "-e" "RUSTFLAGS=--cap-lints=warn" "-e" "RUSTDOCFLAGS=--cap-lints=warn" "-e" "CARGO_HOME=/opt/rustwide/cargo-home" "-e" "RUSTUP_HOME=/opt/rustwide/rustup-home" "-w" "/opt/rustwide/workdir" "-m" "1610612736" "--user" "0:0" "--network" "none" "ghcr.io/rust-lang/crates-build-env/linux@sha256:2788e3201cd34a07e3172128adcd8b3090168a8e3bcc40d7c032b9dda1df7d1c" "/opt/rustwide/cargo-home/bin/cargo" "+1.75.0" "build" "--frozen" "--message-format=json", kill_on_drop: false }`
[INFO] [stdout] ce2a10b1c6d339e3c834380291b841782d15c740d832ffbd3f8abaf1f75958ea
[INFO] running `Command { std: "docker" "start" "-a" "ce2a10b1c6d339e3c834380291b841782d15c740d832ffbd3f8abaf1f75958ea", kill_on_drop: false }`
[INFO] [stderr]    Compiling autocfg v1.1.0
[INFO] [stderr]    Compiling libc v0.2.150
[INFO] [stderr]    Compiling proc-macro2 v1.0.69
[INFO] [stderr]    Compiling unicode-ident v1.0.12
[INFO] [stderr]    Compiling cfg-if v1.0.0
[INFO] [stderr]    Compiling scopeguard v1.2.0
[INFO] [stderr]    Compiling crossbeam-utils v0.8.16
[INFO] [stderr]    Compiling memchr v2.6.4
[INFO] [stderr]    Compiling simd-adler32 v0.3.7
[INFO] [stderr]    Compiling version_check v0.9.4
[INFO] [stderr]    Compiling glob v0.3.1
[INFO] [stderr]    Compiling regex-syntax v0.8.2
[INFO] [stderr]    Compiling rayon-core v1.12.0
[INFO] [stderr]    Compiling bitflags v1.3.2
[INFO] [stderr]    Compiling crc32fast v1.3.2
[INFO] [stderr]    Compiling quick-error v1.2.3
[INFO] [stderr]    Compiling syn v1.0.109
[INFO] [stderr]    Compiling unicode-width v0.1.11
[INFO] [stderr]    Compiling adler v1.0.2
[INFO] [stderr]    Compiling humantime v1.3.0
[INFO] [stderr]    Compiling textwrap v0.11.0
[INFO] [stderr]    Compiling strsim v0.8.0
[INFO] [stderr]    Compiling miniz_oxide v0.7.1
[INFO] [stderr]    Compiling log v0.4.20
[INFO] [stderr]    Compiling vec_map v0.8.2
[INFO] [stderr]    Compiling termcolor v1.4.0
[INFO] [stderr]    Compiling ansi_term v0.12.1
[INFO] [stderr]    Compiling nom v5.1.3
[INFO] [stderr]    Compiling bindgen v0.53.3
[INFO] [stderr]    Compiling memoffset v0.9.0
[INFO] [stderr]    Compiling crossbeam-epoch v0.9.15
[INFO] [stderr]    Compiling num-traits v0.2.17
[INFO] [stderr]    Compiling lock_api v0.4.11
[INFO] [stderr]    Compiling clang-sys v0.29.3
[INFO] [stderr]    Compiling futures-core v0.3.29
[INFO] [stderr]    Compiling aho-corasick v1.1.2
[INFO] [stderr]    Compiling num-integer v0.1.45
[INFO] [stderr]    Compiling cfg-if v0.1.10
[INFO] [stderr]    Compiling lazycell v1.3.0
[INFO] [stderr]    Compiling quote v1.0.33
[INFO] [stderr]    Compiling rustc-hash v1.1.0
[INFO] [stderr]    Compiling peeking_take_while v0.1.2
[INFO] [stderr]    Compiling lazy_static v1.4.0
[INFO] [stderr]    Compiling shlex v0.1.1
[INFO] [stderr]    Compiling either v1.9.0
[INFO] [stderr]    Compiling rustversion v1.0.14
[INFO] [stderr]    Compiling flate2 v1.0.28
[INFO] [stderr]    Compiling syn v2.0.39
[INFO] [stderr]    Compiling spin v0.9.8
[INFO] [stderr]    Compiling num-rational v0.4.1
[INFO] [stderr]    Compiling crossbeam-deque v0.8.3
[INFO] [stderr]    Compiling weezl v0.1.7
[INFO] [stderr]    Compiling futures-sink v0.3.29
[INFO] [stderr]    Compiling zune-inflate v0.2.54
[INFO] [stderr]    Compiling fdeflate v0.3.1
[INFO] [stderr]    Compiling thiserror v1.0.50
[INFO] [stderr]    Compiling bit_field v0.10.2
[INFO] [stderr]    Compiling heck v0.4.1
[INFO] [stderr]    Compiling byteorder v1.5.0
[INFO] [stderr]    Compiling color_quant v1.1.0
[INFO] [stderr]    Compiling smallvec v1.11.1
[INFO] [stderr]    Compiling lebe v0.5.2
[INFO] [stderr]    Compiling rayon v1.8.0
[INFO] [stderr]    Compiling gif v0.12.0
[INFO] [stderr]    Compiling png v0.17.10
[INFO] [stderr]    Compiling bitflags v2.4.1
[INFO] [stderr]    Compiling cc v1.0.83
[INFO] [stderr]    Compiling atty v0.2.14
[INFO] [stderr]    Compiling regex-automata v0.4.3
[INFO] [stderr]    Compiling clap v2.34.0
[INFO] [stderr]    Compiling which v3.1.1
[INFO] [stderr]    Compiling getrandom v0.2.11
[INFO] [stderr]    Compiling num_cpus v1.16.0
[INFO] [stderr]    Compiling cexpr v0.4.0
[INFO] [stderr]    Compiling nanorand v0.7.0
[INFO] [stderr]    Compiling ispc_rt v2.0.0
[INFO] [stderr]    Compiling intel_tex_2 v0.2.2
[INFO] [stderr]    Compiling libloading v0.5.2
[INFO] [stderr]    Compiling strum_macros v0.24.3
[INFO] [stderr]    Compiling enum-primitive-derive v0.2.2
[INFO] [stderr]    Compiling jpeg-decoder v0.3.0
[INFO] [stderr]    Compiling ddsfile v0.5.2
[INFO] [stderr]    Compiling regex v1.10.2
[INFO] [stderr]    Compiling tiff v0.9.0
[INFO] [stderr]    Compiling env_logger v0.7.1
[INFO] [stderr]    Compiling bytemuck_derive v1.5.0
[INFO] [stderr]    Compiling pin-project-internal v1.1.3
[INFO] [stderr]    Compiling thiserror-impl v1.0.50
[INFO] [stderr]    Compiling strum v0.24.1
[INFO] [stderr]    Compiling bytemuck v1.14.0
[INFO] [stderr]    Compiling half v2.3.1
[INFO] [stderr]    Compiling qoi v0.4.1
[INFO] [stderr]    Compiling pin-project v1.1.3
[INFO] [stderr]    Compiling flume v0.10.14
[INFO] [stderr]    Compiling exr v1.6.4
[INFO] [stderr]    Compiling bcndecode-sys v0.1.0
[INFO] [stderr]    Compiling image v0.24.7
[INFO] [stderr]    Compiling image_dds v0.3.0 (/opt/rustwide/workdir)
[INFO] [stderr]     Finished dev [unoptimized + debuginfo] target(s) in 14.53s
[INFO] running `Command { std: "docker" "inspect" "ce2a10b1c6d339e3c834380291b841782d15c740d832ffbd3f8abaf1f75958ea", kill_on_drop: false }`
[INFO] running `Command { std: "docker" "rm" "-f" "ce2a10b1c6d339e3c834380291b841782d15c740d832ffbd3f8abaf1f75958ea", kill_on_drop: false }`
[INFO] [stdout] ce2a10b1c6d339e3c834380291b841782d15c740d832ffbd3f8abaf1f75958ea
[INFO] running `Command { std: "docker" "create" "-v" "/var/lib/crater-agent-workspace/builds/worker-1-tc1/target:/opt/rustwide/target:rw,Z" "-v" "/var/lib/crater-agent-workspace/builds/worker-1-tc1/source:/opt/rustwide/workdir:ro,Z" "-v" "/var/lib/crater-agent-workspace/cargo-home:/opt/rustwide/cargo-home:ro,Z" "-v" "/var/lib/crater-agent-workspace/rustup-home:/opt/rustwide/rustup-home:ro,Z" "-e" "SOURCE_DIR=/opt/rustwide/workdir" "-e" "CARGO_TARGET_DIR=/opt/rustwide/target" "-e" "CARGO_INCREMENTAL=0" "-e" "RUST_BACKTRACE=full" "-e" "RUSTFLAGS=--cap-lints=warn" "-e" "RUSTDOCFLAGS=--cap-lints=warn" "-e" "CARGO_HOME=/opt/rustwide/cargo-home" "-e" "RUSTUP_HOME=/opt/rustwide/rustup-home" "-w" "/opt/rustwide/workdir" "-m" "1610612736" "--user" "0:0" "--network" "none" "ghcr.io/rust-lang/crates-build-env/linux@sha256:2788e3201cd34a07e3172128adcd8b3090168a8e3bcc40d7c032b9dda1df7d1c" "/opt/rustwide/cargo-home/bin/cargo" "+1.75.0" "test" "--frozen" "--no-run" "--message-format=json", kill_on_drop: false }`
[INFO] [stdout] 1d95655402a2d7f5f87ac3da383d2e972b59987006f707b9da504992c32bdaac
[INFO] running `Command { std: "docker" "start" "-a" "1d95655402a2d7f5f87ac3da383d2e972b59987006f707b9da504992c32bdaac", kill_on_drop: false }`
[INFO] [stderr]    Compiling memchr v2.6.4
[INFO] [stderr]    Compiling regex-syntax v0.8.2
[INFO] [stderr]    Compiling serde v1.0.192
[INFO] [stderr]    Compiling serde_derive v1.0.192
[INFO] [stderr]    Compiling serde_json v1.0.108
[INFO] [stderr]    Compiling rustix v0.38.21
[INFO] [stderr]    Compiling ryu v1.0.15
[INFO] [stderr]    Compiling itoa v1.0.9
[INFO] [stderr]    Compiling plotters-backend v0.3.5
[INFO] [stderr]    Compiling half v1.8.2
[INFO] [stderr]    Compiling clap_lex v0.6.0
[INFO] [stderr]    Compiling ciborium-io v0.2.1
[INFO] [stderr]    Compiling anstyle v1.0.4
[INFO] [stderr]    Compiling linux-raw-sys v0.4.11
[INFO] [stderr]    Compiling itertools v0.10.5
[INFO] [stderr]    Compiling cast v0.3.0
[INFO] [stderr]    Compiling walkdir v2.4.0
[INFO] [stderr]    Compiling once_cell v1.18.0
[INFO] [stderr]    Compiling clap_builder v4.4.7
[INFO] [stderr]    Compiling plotters-svg v0.3.5
[INFO] [stderr]    Compiling ciborium-ll v0.2.1
[INFO] [stderr]    Compiling anes v0.1.6
[INFO] [stderr]    Compiling oorandom v11.1.3
[INFO] [stderr]    Compiling plotters v0.3.5
[INFO] [stderr]    Compiling aho-corasick v1.1.2
[INFO] [stderr]    Compiling nom v5.1.3
[INFO] [stderr]    Compiling is-terminal v0.4.9
[INFO] [stderr]    Compiling criterion-plot v0.5.0
[INFO] [stderr]    Compiling clap v4.4.7
[INFO] [stderr]    Compiling cexpr v0.4.0
[INFO] [stderr]    Compiling regex-automata v0.4.3
[INFO] [stderr]    Compiling regex v1.10.2
[INFO] [stderr]    Compiling env_logger v0.7.1
[INFO] [stderr]    Compiling bindgen v0.53.3
[INFO] [stderr]    Compiling ciborium v0.2.1
[INFO] [stderr]    Compiling tinytemplate v1.2.1
[INFO] [stderr]    Compiling criterion v0.5.1
[INFO] [stderr]    Compiling bcndecode-sys v0.1.0
[INFO] [stderr]    Compiling image_dds v0.3.0 (/opt/rustwide/workdir)
[INFO] [stderr]     Finished test [unoptimized + debuginfo] target(s) in 12.83s
[INFO] running `Command { std: "docker" "inspect" "1d95655402a2d7f5f87ac3da383d2e972b59987006f707b9da504992c32bdaac", kill_on_drop: false }`
[INFO] running `Command { std: "docker" "rm" "-f" "1d95655402a2d7f5f87ac3da383d2e972b59987006f707b9da504992c32bdaac", kill_on_drop: false }`
[INFO] [stdout] 1d95655402a2d7f5f87ac3da383d2e972b59987006f707b9da504992c32bdaac
[INFO] running `Command { std: "docker" "create" "-v" "/var/lib/crater-agent-workspace/builds/worker-1-tc1/target:/opt/rustwide/target:rw,Z" "-v" "/var/lib/crater-agent-workspace/builds/worker-1-tc1/source:/opt/rustwide/workdir:ro,Z" "-v" "/var/lib/crater-agent-workspace/cargo-home:/opt/rustwide/cargo-home:ro,Z" "-v" "/var/lib/crater-agent-workspace/rustup-home:/opt/rustwide/rustup-home:ro,Z" "-e" "SOURCE_DIR=/opt/rustwide/workdir" "-e" "CARGO_TARGET_DIR=/opt/rustwide/target" "-e" "CARGO_INCREMENTAL=0" "-e" "RUST_BACKTRACE=full" "-e" "RUSTFLAGS=--cap-lints=warn" "-e" "RUSTDOCFLAGS=--cap-lints=warn" "-e" "CARGO_HOME=/opt/rustwide/cargo-home" "-e" "RUSTUP_HOME=/opt/rustwide/rustup-home" "-w" "/opt/rustwide/workdir" "-m" "1610612736" "--user" "0:0" "--network" "none" "ghcr.io/rust-lang/crates-build-env/linux@sha256:2788e3201cd34a07e3172128adcd8b3090168a8e3bcc40d7c032b9dda1df7d1c" "/opt/rustwide/cargo-home/bin/cargo" "+1.75.0" "test" "--frozen", kill_on_drop: false }`
[INFO] [stdout] 3bc90f795a2db7c102624c377e4c1b3d8a5e18a557ac929c3edf19ed74f72960
[INFO] running `Command { std: "docker" "start" "-a" "3bc90f795a2db7c102624c377e4c1b3d8a5e18a557ac929c3edf19ed74f72960", kill_on_drop: false }`
[INFO] [stderr]     Finished test [unoptimized + debuginfo] target(s) in 0.08s
[INFO] [stderr]      Running unittests src/lib.rs (/opt/rustwide/target/debug/deps/image_dds-19dad531afe4e53a)
[INFO] [stdout] 
[INFO] [stdout] running 76 tests
[INFO] [stdout] test bcn::encode::tests::bc2_compress ... ignored
[INFO] [stdout] test bcn::decode::tests::put_rgba_block_4x4 ... ok
[INFO] [stdout] test bcn::decode::tests::put_rgba_block_5x5 ... ok
[INFO] [stdout] test bcn::encode::tests::bc1_compress ... ok
[INFO] [stdout] test bcn::encode::tests::bc4_compress ... ok
[INFO] [stdout] test bcn::encode::tests::bc3_compress ... ok
[INFO] [stdout] test bcn::encode::tests::bc6_compress ... ignored
[INFO] [stdout] test bcn::encode::tests::bc5_compress ... ok
[INFO] [stdout] test decode::tests::decode_layers_mipmaps_rgba8_no_mipmaps ... ok
[INFO] [stdout] test decode::tests::decode_layers_mipmaps_rgba8_single_mipmap ... ok
[INFO] [stdout] test decode::tests::decode_layers_mipmaps_rgbaf32_no_mipmaps ... ok
[INFO] [stdout] test decode::tests::decode_layers_mipmaps_rgbaf32_single_mipmap ... ok
[INFO] [stdout] test decode::tests::decode_surface_dimensions_overflow ... ok
[INFO] [stdout] test bcn::encode::tests::bc7_compress ... ok
[INFO] [stdout] test decode::tests::decode_surface_zero_size ... ok
[INFO] [stdout] test decode::tests::decode_surface_too_many_mipmaps ... ok
[INFO] [stdout] test encode::tests::encode_surface_disabled_mipmaps ... ok
[INFO] [stdout] test encode::tests::encode_surface_float32_disabled_mipmaps ... ok
[INFO] [stdout] test encode::tests::encode_surface_cube_mipmaps ... ok
[INFO] [stdout] test encode::tests::encode_surface_float32_zero_size ... ok
[INFO] [stdout] test encode::tests::encode_surface_float32_integral_dimensions ... ok
[INFO] [stdout] test encode::tests::encode_surface_zero_size ... ok
[INFO] [stdout] test encode::tests::encode_surface_float32_cube_mipmaps ... ok
[INFO] [stdout] test encode::tests::encode_surface_float32_mipmaps_from_surface ... ok
[INFO] [stdout] test encode::tests::physical_dimensions_mipmaps ... ok
[INFO] [stdout] test encode::tests::physical_dimensions_padding ... ok
[INFO] [stdout] test encode::tests::pad_1x1_to_2x2 ... ok
[INFO] [stdout] test encode::tests::encode_surface_float32_non_integral_dimensions ... ok
[INFO] [stdout] test encode::tests::encode_surface_integral_dimensions ... ok
[INFO] [stdout] test rgba::tests::bgra4_from_rgba8_invalid ... ok
[INFO] [stdout] test rgba::tests::r8_from_rgba8_invalid ... ok
[INFO] [stdout] test rgba::tests::r8_from_rgba8_valid ... ok
[INFO] [stdout] test rgba::tests::rgba8_from_bgra4_invalid ... ok
[INFO] [stdout] test rgba::tests::rgba8_from_bgra4_valid ... ok
[INFO] [stdout] test rgba::tests::rgba8_from_r8_invalid ... ok
[INFO] [stdout] test rgba::tests::bgra8_from_rgba8_invalid ... ok
[INFO] [stdout] test rgba::tests::bgra8_from_rgba8_valid ... ok
[INFO] [stdout] test rgba::tests::rgba8_from_r8_valid ... ok
[INFO] [stdout] test rgba::tests::rgba8_from_rgba8_invalid ... ok
[INFO] [stdout] test rgba::tests::rgba8_from_rgba8_valid ... ok
[INFO] [stdout] test rgba::tests::bgra4_from_rgba8_valid ... ok
[INFO] [stdout] test encode::tests::encode_surface_mipmaps_from_surface ... ok
[INFO] [stdout] test encode::tests::pad_2x2_to_3x3 ... ok
[INFO] [stdout] test rgba::tests::rgba8_from_bgra8_invalid ... ok
[INFO] [stdout] test rgba::tests::rgba8_from_bgra8_valid ... ok
[INFO] [stdout] test rgba::tests::rgba8_from_rgbaf32_invalid ... ok
[INFO] [stdout] test rgba::tests::rgba8_from_rgbaf16_invalid ... ok
[INFO] [stdout] test encode::tests::encode_surface_non_integral_dimensions ... ok
[INFO] [stdout] test rgba::tests::rgbaf16_from_rgba8_invalid ... ok
[INFO] [stdout] test rgba::tests::rgba8_from_rgbaf16_valid ... ok
[INFO] [stdout] test rgba::tests::rgbaf32_from_rgba8_invalid ... ok
[INFO] [stdout] test rgba::tests::rgbaf16_from_rgba8_valid ... ok
[INFO] [stdout] test rgba::tests::rgbaf32_from_rgbaf16_valid ... ok
[INFO] [stdout] test rgba::tests::rgbaf32_from_rgbaf16_invalid ... ok
[INFO] [stdout] test rgba::tests::rgbaf32_from_rgbaf32_invalid ... ok
[INFO] [stdout] test rgba::tests::rgba8_from_rgbaf32_valid ... ok
[INFO] [stdout] test rgba::tests::rgbaf32_from_rgbaf32_valid ... ok
[INFO] [stdout] test tests::calculate_offset_layer0_mip0 ... ok
[INFO] [stdout] test tests::calculate_offset_layer0_mip2 ... ok
[INFO] [stdout] test tests::calculate_offset_layer2_mip0 ... ok
[INFO] [stdout] test tests::calculate_offset_layer2_mip2 ... ok
[INFO] [stdout] test tests::calculate_offset_level2 ... ok
[INFO] [stdout] test tests::calculate_offset_level3 ... ok
[INFO] [stdout] test rgba::tests::rgbaf32_from_rgba8_valid ... ok
[INFO] [stdout] test tests::downsample_rgba8_3x3 ... ok
[INFO] [stdout] test tests::downsample_rgba8_4x4 ... ok
[INFO] [stdout] test tests::downsample_rgba8_0x0 ... ok
[INFO] [stdout] test tests::downsample_rgbaf32_0x0 ... ok
[INFO] [stdout] test tests::downsample_rgbaf32_2x2x2 ... ok
[INFO] [stdout] test tests::downsample_rgba8_2x2x2 ... ok
[INFO] [stdout] test tests::max_mipmap_count_1 ... ok
[INFO] [stdout] test tests::downsample_rgbaf32_3x3 ... ok
[INFO] [stdout] test tests::max_mipmap_count_zero ... ok
[INFO] [stdout] test tests::downsample_rgbaf32_4x4 ... ok
[INFO] [stdout] test tests::max_mipmap_count_4 ... ok
[INFO] [stdout] test encode::tests::pad_1x1_to_1x1 ... FAILED
[INFO] [stdout] 
[INFO] [stdout] failures:
[INFO] [stdout] 
[INFO] [stdout] ---- encode::tests::pad_1x1_to_1x1 stdout ----
[INFO] [stdout] thread 'encode::tests::pad_1x1_to_1x1' panicked at src/encode.rs:721:9:
[INFO] [stdout] assertion `left == right` failed
[INFO] [stdout]   left: [1, 2, 3, 4]
[INFO] [stdout]  right: [1, 2, 3, 4, 0, 0, 0, 0, 0, 0, 0, 0, 0, 0, 0, 0]
[INFO] [stdout] stack backtrace:
[INFO] [stdout]    0:     0x5647f99bb1ec - std::backtrace_rs::backtrace::libunwind::trace::ha637c64ce894333a
[INFO] [stdout]                                at /rustc/82e1608dfa6e0b5569232559e3d385fea5a93112/library/std/src/../../backtrace/src/backtrace/libunwind.rs:104:5
[INFO] [stdout]    1:     0x5647f99bb1ec - std::backtrace_rs::backtrace::trace_unsynchronized::h47f62dea28e0c88d
[INFO] [stdout]                                at /rustc/82e1608dfa6e0b5569232559e3d385fea5a93112/library/std/src/../../backtrace/src/backtrace/mod.rs:66:5
[INFO] [stdout]    2:     0x5647f99bb1ec - std::sys_common::backtrace::_print_fmt::h9eef0abe20ede486
[INFO] [stdout]                                at /rustc/82e1608dfa6e0b5569232559e3d385fea5a93112/library/std/src/sys_common/backtrace.rs:67:5
[INFO] [stdout]    3:     0x5647f99bb1ec - <std::sys_common::backtrace::_print::DisplayBacktrace as core::fmt::Display>::fmt::hed7f999df88cc644
[INFO] [stdout]                                at /rustc/82e1608dfa6e0b5569232559e3d385fea5a93112/library/std/src/sys_common/backtrace.rs:44:22
[INFO] [stdout]    4:     0x5647f99e5750 - core::fmt::rt::Argument::fmt::h1539a9308b8d058d
[INFO] [stdout]                                at /rustc/82e1608dfa6e0b5569232559e3d385fea5a93112/library/core/src/fmt/rt.rs:142:9
[INFO] [stdout]    5:     0x5647f99e5750 - core::fmt::write::h3a39390d8560d9c9
[INFO] [stdout]                                at /rustc/82e1608dfa6e0b5569232559e3d385fea5a93112/library/core/src/fmt/mod.rs:1120:17
[INFO] [stdout]    6:     0x5647f99b8b9f - std::io::Write::write_fmt::h040b369f3a0f9cbc
[INFO] [stdout]                                at /rustc/82e1608dfa6e0b5569232559e3d385fea5a93112/library/std/src/io/mod.rs:1762:15
[INFO] [stdout]    7:     0x5647f99bafd4 - std::sys_common::backtrace::_print::h894006fb5c6f3d45
[INFO] [stdout]                                at /rustc/82e1608dfa6e0b5569232559e3d385fea5a93112/library/std/src/sys_common/backtrace.rs:47:5
[INFO] [stdout]    8:     0x5647f99bafd4 - std::sys_common::backtrace::print::h23a2d212c6fff936
[INFO] [stdout]                                at /rustc/82e1608dfa6e0b5569232559e3d385fea5a93112/library/std/src/sys_common/backtrace.rs:34:9
[INFO] [stdout]    9:     0x5647f99bcc97 - std::panicking::default_hook::{{closure}}::h8a1d2ee00185001a
[INFO] [stdout]   10:     0x5647f99bc983 - std::panicking::default_hook::h6038f2eba384e475
[INFO] [stdout]                                at /rustc/82e1608dfa6e0b5569232559e3d385fea5a93112/library/std/src/panicking.rs:289:9
[INFO] [stdout]   11:     0x5647f997e477 - <alloc::boxed::Box<F,A> as core::ops::function::Fn<Args>>::call::h0ad024c9bdc6d768
[INFO] [stdout]                                at /rustc/82e1608dfa6e0b5569232559e3d385fea5a93112/library/alloc/src/boxed.rs:2021:9
[INFO] [stdout]   12:     0x5647f997e477 - test::test_main::{{closure}}::h7500b54257359db6
[INFO] [stdout]                                at /rustc/82e1608dfa6e0b5569232559e3d385fea5a93112/library/test/src/lib.rs:138:21
[INFO] [stdout]   13:     0x5647f99bd2a8 - <alloc::boxed::Box<F,A> as core::ops::function::Fn<Args>>::call::h1f8f335eaa9cfaee
[INFO] [stdout]                                at /rustc/82e1608dfa6e0b5569232559e3d385fea5a93112/library/alloc/src/boxed.rs:2021:9
[INFO] [stdout]   14:     0x5647f99bd2a8 - std::panicking::rust_panic_with_hook::h2b5517d590cab22e
[INFO] [stdout]                                at /rustc/82e1608dfa6e0b5569232559e3d385fea5a93112/library/std/src/panicking.rs:783:13
[INFO] [stdout]   15:     0x5647f99bcffe - std::panicking::begin_panic_handler::{{closure}}::h233112c06e0ef43e
[INFO] [stdout]                                at /rustc/82e1608dfa6e0b5569232559e3d385fea5a93112/library/std/src/panicking.rs:657:13
[INFO] [stdout]   16:     0x5647f99bb6b6 - std::sys_common::backtrace::__rust_end_short_backtrace::h6e893f24d7ebbff8
[INFO] [stdout]                                at /rustc/82e1608dfa6e0b5569232559e3d385fea5a93112/library/std/src/sys_common/backtrace.rs:170:18
[INFO] [stdout]   17:     0x5647f99bcd62 - rust_begin_unwind
[INFO] [stdout]                                at /rustc/82e1608dfa6e0b5569232559e3d385fea5a93112/library/std/src/panicking.rs:645:5
[INFO] [stdout]   18:     0x5647f97b3165 - core::panicking::panic_fmt::hbf0e066aabfa482c
[INFO] [stdout]                                at /rustc/82e1608dfa6e0b5569232559e3d385fea5a93112/library/core/src/panicking.rs:72:14
[INFO] [stdout]   19:     0x5647f97b35bb - core::panicking::assert_failed_inner::h0bba8b7c26ee4492
[INFO] [stdout]   20:     0x5647f97c28de - core::panicking::assert_failed::h4f909e219f8a1f27
[INFO] [stdout]                                at /rustc/82e1608dfa6e0b5569232559e3d385fea5a93112/library/core/src/panicking.rs:279:5
[INFO] [stdout]   21:     0x5647f97d9e3a - image_dds::encode::tests::pad_1x1_to_1x1::hb6c3b91ffa729ade
[INFO] [stdout]                                at /opt/rustwide/workdir/src/encode.rs:721:9
[INFO] [stdout]   22:     0x5647f97d9d37 - image_dds::encode::tests::pad_1x1_to_1x1::{{closure}}::h42f77a0b15d4702f
[INFO] [stdout]                                at /opt/rustwide/workdir/src/encode.rs:720:24
[INFO] [stdout]   23:     0x5647f97eb126 - core::ops::function::FnOnce::call_once::h2cb60d04f45be462
[INFO] [stdout]                                at /rustc/82e1608dfa6e0b5569232559e3d385fea5a93112/library/core/src/ops/function.rs:250:5
[INFO] [stdout]   24:     0x5647f9983acf - core::ops::function::FnOnce::call_once::h2b5d431d5046312d
[INFO] [stdout]                                at /rustc/82e1608dfa6e0b5569232559e3d385fea5a93112/library/core/src/ops/function.rs:250:5
[INFO] [stdout]   25:     0x5647f9983acf - test::__rust_begin_short_backtrace::h7714669af176e207
[INFO] [stdout]                                at /rustc/82e1608dfa6e0b5569232559e3d385fea5a93112/library/test/src/lib.rs:628:18
[INFO] [stdout]   26:     0x5647f9982ae5 - test::run_test_in_process::{{closure}}::h85218797dcbcec12
[INFO] [stdout]                                at /rustc/82e1608dfa6e0b5569232559e3d385fea5a93112/library/test/src/lib.rs:651:60
[INFO] [stdout]   27:     0x5647f9982ae5 - <core::panic::unwind_safe::AssertUnwindSafe<F> as core::ops::function::FnOnce<()>>::call_once::h76c106ea31c14d7b
[INFO] [stdout]                                at /rustc/82e1608dfa6e0b5569232559e3d385fea5a93112/library/core/src/panic/unwind_safe.rs:272:9
[INFO] [stdout]   28:     0x5647f9982ae5 - std::panicking::try::do_call::h3bd5d0f6620ee946
[INFO] [stdout]                                at /rustc/82e1608dfa6e0b5569232559e3d385fea5a93112/library/std/src/panicking.rs:552:40
[INFO] [stdout]   29:     0x5647f9982ae5 - std::panicking::try::h232e535e4744fe31
[INFO] [stdout]                                at /rustc/82e1608dfa6e0b5569232559e3d385fea5a93112/library/std/src/panicking.rs:516:19
[INFO] [stdout]   30:     0x5647f9982ae5 - std::panic::catch_unwind::h3ce3bd6ca8dbac68
[INFO] [stdout]                                at /rustc/82e1608dfa6e0b5569232559e3d385fea5a93112/library/std/src/panic.rs:142:14
[INFO] [stdout]   31:     0x5647f9982ae5 - test::run_test_in_process::hc97b257c9621286a
[INFO] [stdout]                                at /rustc/82e1608dfa6e0b5569232559e3d385fea5a93112/library/test/src/lib.rs:651:27
[INFO] [stdout]   32:     0x5647f9982ae5 - test::run_test::{{closure}}::h2aa798823a438d38
[INFO] [stdout]                                at /rustc/82e1608dfa6e0b5569232559e3d385fea5a93112/library/test/src/lib.rs:574:43
[INFO] [stdout]   33:     0x5647f994ada6 - test::run_test::{{closure}}::h87d231c78fb59832
[INFO] [stdout]                                at /rustc/82e1608dfa6e0b5569232559e3d385fea5a93112/library/test/src/lib.rs:602:41
[INFO] [stdout]   34:     0x5647f994ada6 - std::sys_common::backtrace::__rust_begin_short_backtrace::he6df152596625789
[INFO] [stdout]                                at /rustc/82e1608dfa6e0b5569232559e3d385fea5a93112/library/std/src/sys_common/backtrace.rs:154:18
[INFO] [stdout]   35:     0x5647f994fe57 - std::thread::Builder::spawn_unchecked_::{{closure}}::{{closure}}::ha94be15d1e0acf36
[INFO] [stdout]                                at /rustc/82e1608dfa6e0b5569232559e3d385fea5a93112/library/std/src/thread/mod.rs:529:17
[INFO] [stdout]   36:     0x5647f994fe57 - <core::panic::unwind_safe::AssertUnwindSafe<F> as core::ops::function::FnOnce<()>>::call_once::h9dc6bd6372f16606
[INFO] [stdout]                                at /rustc/82e1608dfa6e0b5569232559e3d385fea5a93112/library/core/src/panic/unwind_safe.rs:272:9
[INFO] [stdout]   37:     0x5647f994fe57 - std::panicking::try::do_call::h9057517f80303cd4
[INFO] [stdout]                                at /rustc/82e1608dfa6e0b5569232559e3d385fea5a93112/library/std/src/panicking.rs:552:40
[INFO] [stdout]   38:     0x5647f994fe57 - std::panicking::try::he3a30b11ee45340c
[INFO] [stdout]                                at /rustc/82e1608dfa6e0b5569232559e3d385fea5a93112/library/std/src/panicking.rs:516:19
[INFO] [stdout]   39:     0x5647f994fe57 - std::panic::catch_unwind::h410458cfd3528b8b
[INFO] [stdout]                                at /rustc/82e1608dfa6e0b5569232559e3d385fea5a93112/library/std/src/panic.rs:142:14
[INFO] [stdout]   40:     0x5647f994fe57 - std::thread::Builder::spawn_unchecked_::{{closure}}::h72ac3bdb567b737b
[INFO] [stdout]                                at /rustc/82e1608dfa6e0b5569232559e3d385fea5a93112/library/std/src/thread/mod.rs:528:30
[INFO] [stdout]   41:     0x5647f994fe57 - core::ops::function::FnOnce::call_once{{vtable.shim}}::h38f34da3654a8344
[INFO] [stdout]                                at /rustc/82e1608dfa6e0b5569232559e3d385fea5a93112/library/core/src/ops/function.rs:250:5
[INFO] [stdout]   42:     0x5647f99c1d35 - <alloc::boxed::Box<F,A> as core::ops::function::FnOnce<Args>>::call_once::hc7eafaff61e32df9
[INFO] [stdout]                                at /rustc/82e1608dfa6e0b5569232559e3d385fea5a93112/library/alloc/src/boxed.rs:2007:9
[INFO] [stdout]   43:     0x5647f99c1d35 - <alloc::boxed::Box<F,A> as core::ops::function::FnOnce<Args>>::call_once::h6ba4a5de48dd2304
[INFO] [stdout]                                at /rustc/82e1608dfa6e0b5569232559e3d385fea5a93112/library/alloc/src/boxed.rs:2007:9
[INFO] [stdout]   44:     0x5647f99c1d35 - std::sys::unix::thread::Thread::new::thread_start::he469335aef763e45
[INFO] [stdout]                                at /rustc/82e1608dfa6e0b5569232559e3d385fea5a93112/library/std/src/sys/unix/thread.rs:108:17
[INFO] [stdout]   45:     0x7f0af2423ac3 - <unknown>
[INFO] [stdout]   46:     0x7f0af24b4bf4 - __clone
[INFO] [stdout]   47:                0x0 - <unknown>
[INFO] [stdout] 
[INFO] [stdout] 
[INFO] [stdout] failures:
[INFO] [stdout]     encode::tests::pad_1x1_to_1x1
[INFO] [stdout] 
[INFO] [stdout] test result: FAILED. 73 passed; 1 failed; 2 ignored; 0 measured; 0 filtered out; finished in 0.04s
[INFO] [stdout] 
[INFO] [stderr] error: test failed, to rerun pass `--lib`
[INFO] running `Command { std: "docker" "inspect" "3bc90f795a2db7c102624c377e4c1b3d8a5e18a557ac929c3edf19ed74f72960", kill_on_drop: false }`
[INFO] running `Command { std: "docker" "rm" "-f" "3bc90f795a2db7c102624c377e4c1b3d8a5e18a557ac929c3edf19ed74f72960", kill_on_drop: false }`
[INFO] [stdout] 3bc90f795a2db7c102624c377e4c1b3d8a5e18a557ac929c3edf19ed74f72960
[INFO] testing image_dds-0.3.0 against beta-2023-12-22 for beta-1.76-1
[INFO] extracting crate image_dds 0.3.0 into /workspace/builds/worker-1-tc2/source
[INFO] validating manifest of crates.io crate image_dds 0.3.0 on toolchain beta-2023-12-22
[INFO] running `Command { std: CARGO_HOME="/workspace/cargo-home" RUSTUP_HOME="/workspace/rustup-home" "/workspace/cargo-home/bin/cargo" "+beta-2023-12-22" "metadata" "--manifest-path" "Cargo.toml" "--no-deps", kill_on_drop: false }`
[INFO] started tweaking crates.io crate image_dds 0.3.0
[INFO] finished tweaking crates.io crate image_dds 0.3.0
[INFO] tweaked toml for crates.io crate image_dds 0.3.0 written to /workspace/builds/worker-1-tc2/source/Cargo.toml
[INFO] crate crates.io crate image_dds 0.3.0 already has a lockfile, it will not be regenerated
[INFO] running `Command { std: CARGO_HOME="/workspace/cargo-home" RUSTUP_HOME="/workspace/rustup-home" "/workspace/cargo-home/bin/cargo" "+beta-2023-12-22" "fetch" "--manifest-path" "Cargo.toml", kill_on_drop: false }`
[INFO] running `Command { std: "docker" "create" "-v" "/var/lib/crater-agent-workspace/builds/worker-1-tc2/target:/opt/rustwide/target:rw,Z" "-v" "/var/lib/crater-agent-workspace/builds/worker-1-tc2/source:/opt/rustwide/workdir:ro,Z" "-v" "/var/lib/crater-agent-workspace/cargo-home:/opt/rustwide/cargo-home:ro,Z" "-v" "/var/lib/crater-agent-workspace/rustup-home:/opt/rustwide/rustup-home:ro,Z" "-e" "SOURCE_DIR=/opt/rustwide/workdir" "-e" "CARGO_TARGET_DIR=/opt/rustwide/target" "-e" "CARGO_HOME=/opt/rustwide/cargo-home" "-e" "RUSTUP_HOME=/opt/rustwide/rustup-home" "-w" "/opt/rustwide/workdir" "-m" "1610612736" "--user" "0:0" "--network" "none" "ghcr.io/rust-lang/crates-build-env/linux@sha256:2788e3201cd34a07e3172128adcd8b3090168a8e3bcc40d7c032b9dda1df7d1c" "/opt/rustwide/cargo-home/bin/cargo" "+beta-2023-12-22" "metadata" "--no-deps" "--format-version=1", kill_on_drop: false }`
[INFO] [stdout] 9991b66d9c53e34f75b376aed7b5f518f0ac6356e980670bf3ec55fbf0efc064
[INFO] running `Command { std: "docker" "start" "-a" "9991b66d9c53e34f75b376aed7b5f518f0ac6356e980670bf3ec55fbf0efc064", kill_on_drop: false }`
[INFO] running `Command { std: "docker" "inspect" "9991b66d9c53e34f75b376aed7b5f518f0ac6356e980670bf3ec55fbf0efc064", kill_on_drop: false }`
[INFO] running `Command { std: "docker" "rm" "-f" "9991b66d9c53e34f75b376aed7b5f518f0ac6356e980670bf3ec55fbf0efc064", kill_on_drop: false }`
[INFO] [stdout] 9991b66d9c53e34f75b376aed7b5f518f0ac6356e980670bf3ec55fbf0efc064
[INFO] running `Command { std: "docker" "create" "-v" "/var/lib/crater-agent-workspace/builds/worker-1-tc2/target:/opt/rustwide/target:rw,Z" "-v" "/var/lib/crater-agent-workspace/builds/worker-1-tc2/source:/opt/rustwide/workdir:ro,Z" "-v" "/var/lib/crater-agent-workspace/cargo-home:/opt/rustwide/cargo-home:ro,Z" "-v" "/var/lib/crater-agent-workspace/rustup-home:/opt/rustwide/rustup-home:ro,Z" "-e" "SOURCE_DIR=/opt/rustwide/workdir" "-e" "CARGO_TARGET_DIR=/opt/rustwide/target" "-e" "CARGO_INCREMENTAL=0" "-e" "RUST_BACKTRACE=full" "-e" "RUSTFLAGS=--cap-lints=warn" "-e" "RUSTDOCFLAGS=--cap-lints=warn" "-e" "CARGO_HOME=/opt/rustwide/cargo-home" "-e" "RUSTUP_HOME=/opt/rustwide/rustup-home" "-w" "/opt/rustwide/workdir" "-m" "1610612736" "--user" "0:0" "--network" "none" "ghcr.io/rust-lang/crates-build-env/linux@sha256:2788e3201cd34a07e3172128adcd8b3090168a8e3bcc40d7c032b9dda1df7d1c" "/opt/rustwide/cargo-home/bin/cargo" "+beta-2023-12-22" "build" "--frozen" "--message-format=json", kill_on_drop: false }`
[INFO] [stdout] 415fb5484100aab59ce699041a2872949bc4e3cf8edb8b9746012872044cd936
[INFO] running `Command { std: "docker" "start" "-a" "415fb5484100aab59ce699041a2872949bc4e3cf8edb8b9746012872044cd936", kill_on_drop: false }`
[INFO] [stderr]    Compiling autocfg v1.1.0
[INFO] [stderr]    Compiling libc v0.2.150
[INFO] [stderr]    Compiling proc-macro2 v1.0.69
[INFO] [stderr]    Compiling unicode-ident v1.0.12
[INFO] [stderr]    Compiling cfg-if v1.0.0
[INFO] [stderr]    Compiling scopeguard v1.2.0
[INFO] [stderr]    Compiling crossbeam-utils v0.8.16
[INFO] [stderr]    Compiling memchr v2.6.4
[INFO] [stderr]    Compiling version_check v0.9.4
[INFO] [stderr]    Compiling glob v0.3.1
[INFO] [stderr]    Compiling simd-adler32 v0.3.7
[INFO] [stderr]    Compiling regex-syntax v0.8.2
[INFO] [stderr]    Compiling rayon-core v1.12.0
[INFO] [stderr]    Compiling bitflags v1.3.2
[INFO] [stderr]    Compiling quick-error v1.2.3
[INFO] [stderr]    Compiling crc32fast v1.3.2
[INFO] [stderr]    Compiling syn v1.0.109
[INFO] [stderr]    Compiling adler v1.0.2
[INFO] [stderr]    Compiling unicode-width v0.1.11
[INFO] [stderr]    Compiling bindgen v0.53.3
[INFO] [stderr]    Compiling humantime v1.3.0
[INFO] [stderr]    Compiling textwrap v0.11.0
[INFO] [stderr]    Compiling miniz_oxide v0.7.1
[INFO] [stderr]    Compiling futures-core v0.3.29
[INFO] [stderr]    Compiling log v0.4.20
[INFO] [stderr]    Compiling ansi_term v0.12.1
[INFO] [stderr]    Compiling nom v5.1.3
[INFO] [stderr]    Compiling memoffset v0.9.0
[INFO] [stderr]    Compiling crossbeam-epoch v0.9.15
[INFO] [stderr]    Compiling num-traits v0.2.17
[INFO] [stderr]    Compiling lock_api v0.4.11
[INFO] [stderr]    Compiling clang-sys v0.29.3
[INFO] [stderr]    Compiling termcolor v1.4.0
[INFO] [stderr]    Compiling vec_map v0.8.2
[INFO] [stderr]    Compiling strsim v0.8.0
[INFO] [stderr]    Compiling aho-corasick v1.1.2
[INFO] [stderr]    Compiling num-integer v0.1.45
[INFO] [stderr]    Compiling quote v1.0.33
[INFO] [stderr]    Compiling either v1.9.0
[INFO] [stderr]    Compiling shlex v0.1.1
[INFO] [stderr]    Compiling lazy_static v1.4.0
[INFO] [stderr]    Compiling cfg-if v0.1.10
[INFO] [stderr]    Compiling lazycell v1.3.0
[INFO] [stderr]    Compiling peeking_take_while v0.1.2
[INFO] [stderr]    Compiling rustc-hash v1.1.0
[INFO] [stderr]    Compiling rustversion v1.0.14
[INFO] [stderr]    Compiling syn v2.0.39
[INFO] [stderr]    Compiling spin v0.9.8
[INFO] [stderr]    Compiling flate2 v1.0.28
[INFO] [stderr]    Compiling crossbeam-deque v0.8.3
[INFO] [stderr]    Compiling num-rational v0.4.1
[INFO] [stderr]    Compiling futures-sink v0.3.29
[INFO] [stderr]    Compiling weezl v0.1.7
[INFO] [stderr]    Compiling zune-inflate v0.2.54
[INFO] [stderr]    Compiling fdeflate v0.3.1
[INFO] [stderr]    Compiling lebe v0.5.2
[INFO] [stderr]    Compiling byteorder v1.5.0
[INFO] [stderr]    Compiling bit_field v0.10.2
[INFO] [stderr]    Compiling heck v0.4.1
[INFO] [stderr]    Compiling thiserror v1.0.50
[INFO] [stderr]    Compiling color_quant v1.1.0
[INFO] [stderr]    Compiling smallvec v1.11.1
[INFO] [stderr]    Compiling png v0.17.10
[INFO] [stderr]    Compiling rayon v1.8.0
[INFO] [stderr]    Compiling gif v0.12.0
[INFO] [stderr]    Compiling cc v1.0.83
[INFO] [stderr]    Compiling atty v0.2.14
[INFO] [stderr]    Compiling clap v2.34.0
[INFO] [stderr]    Compiling num_cpus v1.16.0
[INFO] [stderr]    Compiling which v3.1.1
[INFO] [stderr]    Compiling getrandom v0.2.11
[INFO] [stderr]    Compiling regex-automata v0.4.3
[INFO] [stderr]    Compiling nanorand v0.7.0
[INFO] [stderr]    Compiling cexpr v0.4.0
[INFO] [stderr]    Compiling ispc_rt v2.0.0
[INFO] [stderr]    Compiling bitflags v2.4.1
[INFO] [stderr]    Compiling intel_tex_2 v0.2.2
[INFO] [stderr]    Compiling libloading v0.5.2
[INFO] [stderr]    Compiling enum-primitive-derive v0.2.2
[INFO] [stderr]    Compiling strum_macros v0.24.3
[INFO] [stderr]    Compiling jpeg-decoder v0.3.0
[INFO] [stderr]    Compiling ddsfile v0.5.2
[INFO] [stderr]    Compiling regex v1.10.2
[INFO] [stderr]    Compiling env_logger v0.7.1
[INFO] [stderr]    Compiling tiff v0.9.0
[INFO] [stderr]    Compiling strum v0.24.1
[INFO] [stderr]    Compiling bytemuck_derive v1.5.0
[INFO] [stderr]    Compiling pin-project-internal v1.1.3
[INFO] [stderr]    Compiling thiserror-impl v1.0.50
[INFO] [stderr]    Compiling bytemuck v1.14.0
[INFO] [stderr]    Compiling half v2.3.1
[INFO] [stderr]    Compiling qoi v0.4.1
[INFO] [stderr]    Compiling pin-project v1.1.3
[INFO] [stderr]    Compiling flume v0.10.14
[INFO] [stderr]    Compiling exr v1.6.4
[INFO] [stderr]    Compiling bcndecode-sys v0.1.0
[INFO] [stderr]    Compiling image v0.24.7
[INFO] [stderr]    Compiling image_dds v0.3.0 (/opt/rustwide/workdir)
[INFO] [stderr]     Finished dev [unoptimized + debuginfo] target(s) in 14.95s
[INFO] running `Command { std: "docker" "inspect" "415fb5484100aab59ce699041a2872949bc4e3cf8edb8b9746012872044cd936", kill_on_drop: false }`
[INFO] running `Command { std: "docker" "rm" "-f" "415fb5484100aab59ce699041a2872949bc4e3cf8edb8b9746012872044cd936", kill_on_drop: false }`
[INFO] [stdout] 415fb5484100aab59ce699041a2872949bc4e3cf8edb8b9746012872044cd936
[INFO] running `Command { std: "docker" "create" "-v" "/var/lib/crater-agent-workspace/builds/worker-1-tc2/target:/opt/rustwide/target:rw,Z" "-v" "/var/lib/crater-agent-workspace/builds/worker-1-tc2/source:/opt/rustwide/workdir:ro,Z" "-v" "/var/lib/crater-agent-workspace/cargo-home:/opt/rustwide/cargo-home:ro,Z" "-v" "/var/lib/crater-agent-workspace/rustup-home:/opt/rustwide/rustup-home:ro,Z" "-e" "SOURCE_DIR=/opt/rustwide/workdir" "-e" "CARGO_TARGET_DIR=/opt/rustwide/target" "-e" "CARGO_INCREMENTAL=0" "-e" "RUST_BACKTRACE=full" "-e" "RUSTFLAGS=--cap-lints=warn" "-e" "RUSTDOCFLAGS=--cap-lints=warn" "-e" "CARGO_HOME=/opt/rustwide/cargo-home" "-e" "RUSTUP_HOME=/opt/rustwide/rustup-home" "-w" "/opt/rustwide/workdir" "-m" "1610612736" "--user" "0:0" "--network" "none" "ghcr.io/rust-lang/crates-build-env/linux@sha256:2788e3201cd34a07e3172128adcd8b3090168a8e3bcc40d7c032b9dda1df7d1c" "/opt/rustwide/cargo-home/bin/cargo" "+beta-2023-12-22" "test" "--frozen" "--no-run" "--message-format=json", kill_on_drop: false }`
[INFO] [stdout] 52c0978b8896f04f391766463fd97eb8a40ef4474c0f4c9000f3a7f40a17b1a5
[INFO] running `Command { std: "docker" "start" "-a" "52c0978b8896f04f391766463fd97eb8a40ef4474c0f4c9000f3a7f40a17b1a5", kill_on_drop: false }`
[INFO] [stderr]    Compiling memchr v2.6.4
[INFO] [stderr]    Compiling regex-syntax v0.8.2
[INFO] [stderr]    Compiling serde v1.0.192
[INFO] [stderr]    Compiling serde_derive v1.0.192
[INFO] [stderr]    Compiling serde_json v1.0.108
[INFO] [stderr]    Compiling rustix v0.38.21
[INFO] [stderr]    Compiling half v1.8.2
[INFO] [stderr]    Compiling linux-raw-sys v0.4.11
[INFO] [stderr]    Compiling plotters-backend v0.3.5
[INFO] [stderr]    Compiling anstyle v1.0.4
[INFO] [stderr]    Compiling itoa v1.0.9
[INFO] [stderr]    Compiling clap_lex v0.6.0
[INFO] [stderr]    Compiling ryu v1.0.15
[INFO] [stderr]    Compiling ciborium-io v0.2.1
[INFO] [stderr]    Compiling itertools v0.10.5
[INFO] [stderr]    Compiling cast v0.3.0
[INFO] [stderr]    Compiling walkdir v2.4.0
[INFO] [stderr]    Compiling anes v0.1.6
[INFO] [stderr]    Compiling plotters-svg v0.3.5
[INFO] [stderr]    Compiling ciborium-ll v0.2.1
[INFO] [stderr]    Compiling clap_builder v4.4.7
[INFO] [stderr]    Compiling once_cell v1.18.0
[INFO] [stderr]    Compiling plotters v0.3.5
[INFO] [stderr]    Compiling oorandom v11.1.3
[INFO] [stderr]    Compiling aho-corasick v1.1.2
[INFO] [stderr]    Compiling nom v5.1.3
[INFO] [stderr]    Compiling is-terminal v0.4.9
[INFO] [stderr]    Compiling criterion-plot v0.5.0
[INFO] [stderr]    Compiling clap v4.4.7
[INFO] [stderr]    Compiling regex-automata v0.4.3
[INFO] [stderr]    Compiling cexpr v0.4.0
[INFO] [stderr]    Compiling regex v1.10.2
[INFO] [stderr]    Compiling env_logger v0.7.1
[INFO] [stderr]    Compiling bindgen v0.53.3
[INFO] [stderr]    Compiling ciborium v0.2.1
[INFO] [stderr]    Compiling tinytemplate v1.2.1
[INFO] [stderr]    Compiling criterion v0.5.1
[INFO] [stderr]    Compiling bcndecode-sys v0.1.0
[INFO] [stderr]    Compiling image_dds v0.3.0 (/opt/rustwide/workdir)
[INFO] [stderr]     Finished test [unoptimized + debuginfo] target(s) in 14.49s
[INFO] running `Command { std: "docker" "inspect" "52c0978b8896f04f391766463fd97eb8a40ef4474c0f4c9000f3a7f40a17b1a5", kill_on_drop: false }`
[INFO] running `Command { std: "docker" "rm" "-f" "52c0978b8896f04f391766463fd97eb8a40ef4474c0f4c9000f3a7f40a17b1a5", kill_on_drop: false }`
[INFO] [stdout] 52c0978b8896f04f391766463fd97eb8a40ef4474c0f4c9000f3a7f40a17b1a5
[INFO] running `Command { std: "docker" "create" "-v" "/var/lib/crater-agent-workspace/builds/worker-1-tc2/target:/opt/rustwide/target:rw,Z" "-v" "/var/lib/crater-agent-workspace/builds/worker-1-tc2/source:/opt/rustwide/workdir:ro,Z" "-v" "/var/lib/crater-agent-workspace/cargo-home:/opt/rustwide/cargo-home:ro,Z" "-v" "/var/lib/crater-agent-workspace/rustup-home:/opt/rustwide/rustup-home:ro,Z" "-e" "SOURCE_DIR=/opt/rustwide/workdir" "-e" "CARGO_TARGET_DIR=/opt/rustwide/target" "-e" "CARGO_INCREMENTAL=0" "-e" "RUST_BACKTRACE=full" "-e" "RUSTFLAGS=--cap-lints=warn" "-e" "RUSTDOCFLAGS=--cap-lints=warn" "-e" "CARGO_HOME=/opt/rustwide/cargo-home" "-e" "RUSTUP_HOME=/opt/rustwide/rustup-home" "-w" "/opt/rustwide/workdir" "-m" "1610612736" "--user" "0:0" "--network" "none" "ghcr.io/rust-lang/crates-build-env/linux@sha256:2788e3201cd34a07e3172128adcd8b3090168a8e3bcc40d7c032b9dda1df7d1c" "/opt/rustwide/cargo-home/bin/cargo" "+beta-2023-12-22" "test" "--frozen", kill_on_drop: false }`
[INFO] [stdout] 63e5502c6c56f64a85bd1e3e627c97466ad72050217a3ceb04918a519e504f12
[INFO] running `Command { std: "docker" "start" "-a" "63e5502c6c56f64a85bd1e3e627c97466ad72050217a3ceb04918a519e504f12", kill_on_drop: false }`
[INFO] [stderr]     Finished test [unoptimized + debuginfo] target(s) in 0.11s
[INFO] [stderr]      Running unittests src/lib.rs (/opt/rustwide/target/debug/deps/image_dds-913a233ccd20037d)
[INFO] [stdout] 
[INFO] [stdout] running 76 tests
[INFO] [stdout] test bcn::decode::tests::put_rgba_block_4x4 ... ok
[INFO] [stdout] test bcn::encode::tests::bc2_compress ... ignored
[INFO] [stdout] test bcn::decode::tests::put_rgba_block_5x5 ... ok
[INFO] [stdout] test bcn::encode::tests::bc1_compress ... ok
[INFO] [stdout] test bcn::encode::tests::bc3_compress ... ok
[INFO] [stdout] test bcn::encode::tests::bc4_compress ... ok
[INFO] [stdout] test bcn::encode::tests::bc6_compress ... ignored
[INFO] [stdout] test bcn::encode::tests::bc5_compress ... ok
[INFO] [stdout] test decode::tests::decode_layers_mipmaps_rgba8_no_mipmaps ... ok
[INFO] [stdout] test decode::tests::decode_layers_mipmaps_rgbaf32_no_mipmaps ... ok
[INFO] [stdout] test decode::tests::decode_layers_mipmaps_rgbaf32_single_mipmap ... ok
[INFO] [stdout] test decode::tests::decode_layers_mipmaps_rgba8_single_mipmap ... ok
[INFO] [stdout] test decode::tests::decode_surface_dimensions_overflow ... ok
[INFO] [stdout] test decode::tests::decode_surface_too_many_mipmaps ... ok
[INFO] [stdout] test bcn::encode::tests::bc7_compress ... ok
[INFO] [stdout] test decode::tests::decode_surface_zero_size ... ok
[INFO] [stdout] test encode::tests::encode_surface_disabled_mipmaps ... ok
[INFO] [stdout] test encode::tests::encode_surface_float32_disabled_mipmaps ... ok
[INFO] [stdout] test encode::tests::encode_surface_float32_mipmaps_from_surface ... ok
[INFO] [stdout] test encode::tests::encode_surface_cube_mipmaps ... ok
[INFO] [stdout] test encode::tests::encode_surface_float32_integral_dimensions ... ok
[INFO] [stdout] test encode::tests::encode_surface_float32_cube_mipmaps ... ok
[INFO] [stdout] test encode::tests::encode_surface_mipmaps_from_surface ... ok
[INFO] [stdout] test encode::tests::encode_surface_non_integral_dimensions ... ok
[INFO] [stdout] test encode::tests::pad_1x1_to_2x2 ... ok
[INFO] [stdout] test encode::tests::encode_surface_zero_size ... ok
[INFO] [stdout] test encode::tests::encode_surface_float32_non_integral_dimensions ... ok
[INFO] [stdout] test encode::tests::physical_dimensions_mipmaps ... ok
[INFO] [stdout] test encode::tests::pad_2x2_to_3x3 ... ok
[INFO] [stdout] test encode::tests::physical_dimensions_padding ... ok
[INFO] [stdout] test encode::tests::encode_surface_integral_dimensions ... ok
[INFO] [stdout] test encode::tests::encode_surface_float32_zero_size ... ok
[INFO] [stdout] test rgba::tests::bgra4_from_rgba8_valid ... ok
[INFO] [stdout] test rgba::tests::bgra4_from_rgba8_invalid ... ok
[INFO] [stdout] test rgba::tests::bgra8_from_rgba8_invalid ... ok
[INFO] [stdout] test rgba::tests::r8_from_rgba8_invalid ... ok
[INFO] [stdout] test rgba::tests::bgra8_from_rgba8_valid ... ok
[INFO] [stdout] test rgba::tests::rgba8_from_bgra4_invalid ... ok
[INFO] [stdout] test rgba::tests::rgba8_from_bgra4_valid ... ok
[INFO] [stdout] test rgba::tests::rgba8_from_bgra8_invalid ... ok
[INFO] [stdout] test rgba::tests::rgba8_from_r8_invalid ... ok
[INFO] [stdout] test rgba::tests::rgba8_from_rgba8_invalid ... ok
[INFO] [stdout] test rgba::tests::r8_from_rgba8_valid ... ok
[INFO] [stdout] test rgba::tests::rgba8_from_rgba8_valid ... ok
[INFO] [stdout] test rgba::tests::rgba8_from_r8_valid ... ok
[INFO] [stdout] test rgba::tests::rgba8_from_rgbaf32_invalid ... ok
[INFO] [stdout] test rgba::tests::rgba8_from_bgra8_valid ... ok
[INFO] [stdout] test rgba::tests::rgba8_from_rgbaf16_valid ... ok
[INFO] [stdout] test rgba::tests::rgba8_from_rgbaf16_invalid ... ok
[INFO] [stdout] test rgba::tests::rgbaf16_from_rgba8_invalid ... ok
[INFO] [stdout] test rgba::tests::rgba8_from_rgbaf32_valid ... ok
[INFO] [stdout] test rgba::tests::rgbaf32_from_rgbaf16_invalid ... ok
[INFO] [stdout] test rgba::tests::rgbaf16_from_rgba8_valid ... ok
[INFO] [stdout] test rgba::tests::rgbaf32_from_rgba8_invalid ... ok
[INFO] [stdout] test tests::calculate_offset_layer0_mip2 ... ok
[INFO] [stdout] test tests::calculate_offset_layer2_mip0 ... ok
[INFO] [stdout] test rgba::tests::rgbaf32_from_rgbaf32_invalid ... ok
[INFO] [stdout] test rgba::tests::rgbaf32_from_rgba8_valid ... ok
[INFO] [stdout] test tests::calculate_offset_layer2_mip2 ... ok
[INFO] [stdout] test tests::calculate_offset_level3 ... ok
[INFO] [stdout] test rgba::tests::rgbaf32_from_rgbaf32_valid ... ok
[INFO] [stdout] test tests::calculate_offset_level2 ... ok
[INFO] [stdout] test tests::calculate_offset_layer0_mip0 ... ok
[INFO] [stdout] test tests::downsample_rgba8_0x0 ... ok
[INFO] [stdout] test tests::downsample_rgba8_2x2x2 ... ok
[INFO] [stdout] test tests::downsample_rgbaf32_0x0 ... ok
[INFO] [stdout] test tests::downsample_rgba8_3x3 ... ok
[INFO] [stdout] test tests::downsample_rgba8_4x4 ... ok
[INFO] [stdout] test tests::downsample_rgbaf32_3x3 ... ok
[INFO] [stdout] test tests::downsample_rgbaf32_2x2x2 ... ok
[INFO] [stdout] test tests::downsample_rgbaf32_4x4 ... ok
[INFO] [stdout] test tests::max_mipmap_count_1 ... ok
[INFO] [stdout] test tests::max_mipmap_count_4 ... ok
[INFO] [stdout] test rgba::tests::rgbaf32_from_rgbaf16_valid ... ok
[INFO] [stdout] test tests::max_mipmap_count_zero ... ok
[INFO] [stdout] test encode::tests::pad_1x1_to_1x1 ... FAILED
[INFO] [stdout] 
[INFO] [stdout] failures:
[INFO] [stdout] 
[INFO] [stdout] ---- encode::tests::pad_1x1_to_1x1 stdout ----
[INFO] [stdout] thread 'encode::tests::pad_1x1_to_1x1' panicked at src/encode.rs:721:9:
[INFO] [stdout] assertion `left == right` failed
[INFO] [stdout]   left: [1, 2, 3, 4]
[INFO] [stdout]  right: [1, 2, 3, 4, 0, 0, 0, 0, 0, 0, 0, 0, 0, 0, 0, 0]
[INFO] [stdout] stack backtrace:
[INFO] [stdout]    0:     0x55b485dec2f6 - std::backtrace_rs::backtrace::libunwind::trace::h261606ad26a499c1
[INFO] [stdout]                                at /rustc/0e09125c6c3c2fd70d7de961bcf0e51575235fad/library/std/src/../../backtrace/src/backtrace/libunwind.rs:104:5
[INFO] [stdout]    1:     0x55b485dec2f6 - std::backtrace_rs::backtrace::trace_unsynchronized::hd183f0625477fb28
[INFO] [stdout]                                at /rustc/0e09125c6c3c2fd70d7de961bcf0e51575235fad/library/std/src/../../backtrace/src/backtrace/mod.rs:66:5
[INFO] [stdout]    2:     0x55b485dec2f6 - std::sys_common::backtrace::_print_fmt::hd7f8fef21b4eda67
[INFO] [stdout]                                at /rustc/0e09125c6c3c2fd70d7de961bcf0e51575235fad/library/std/src/sys_common/backtrace.rs:68:5
[INFO] [stdout]    3:     0x55b485dec2f6 - <std::sys_common::backtrace::_print::DisplayBacktrace as core::fmt::Display>::fmt::h623d9b51f2f453f1
[INFO] [stdout]                                at /rustc/0e09125c6c3c2fd70d7de961bcf0e51575235fad/library/std/src/sys_common/backtrace.rs:44:22
[INFO] [stdout]    4:     0x55b485e15b60 - core::fmt::rt::Argument::fmt::h9f417ac76a86f368
[INFO] [stdout]                                at /rustc/0e09125c6c3c2fd70d7de961bcf0e51575235fad/library/core/src/fmt/rt.rs:142:9
[INFO] [stdout]    5:     0x55b485e15b60 - core::fmt::write::hc9b6faf4ac2aeff7
[INFO] [stdout]                                at /rustc/0e09125c6c3c2fd70d7de961bcf0e51575235fad/library/core/src/fmt/mod.rs:1120:17
[INFO] [stdout]    6:     0x55b485de9d5f - std::io::Write::write_fmt::he04625a3a989fec3
[INFO] [stdout]                                at /rustc/0e09125c6c3c2fd70d7de961bcf0e51575235fad/library/std/src/io/mod.rs:1810:15
[INFO] [stdout]    7:     0x55b485dec0d4 - std::sys_common::backtrace::_print::hd5d66399c7df88a2
[INFO] [stdout]                                at /rustc/0e09125c6c3c2fd70d7de961bcf0e51575235fad/library/std/src/sys_common/backtrace.rs:47:5
[INFO] [stdout]    8:     0x55b485dec0d4 - std::sys_common::backtrace::print::he81ed2da642d37e5
[INFO] [stdout]                                at /rustc/0e09125c6c3c2fd70d7de961bcf0e51575235fad/library/std/src/sys_common/backtrace.rs:34:9
[INFO] [stdout]    9:     0x55b485dede47 - std::panicking::default_hook::{{closure}}::h85773f4fa117163d
[INFO] [stdout]   10:     0x55b485dedb2d - std::panicking::default_hook::h6a1694a91d09b278
[INFO] [stdout]                                at /rustc/0e09125c6c3c2fd70d7de961bcf0e51575235fad/library/std/src/panicking.rs:289:9
[INFO] [stdout]   11:     0x55b485dafc47 - <alloc::boxed::Box<F,A> as core::ops::function::Fn<Args>>::call::h616ac37fa3cd6c8f
[INFO] [stdout]                                at /rustc/0e09125c6c3c2fd70d7de961bcf0e51575235fad/library/alloc/src/boxed.rs:2029:9
[INFO] [stdout]   12:     0x55b485dafc47 - test::test_main::{{closure}}::h00d84697cefdcbb6
[INFO] [stdout]                                at /rustc/0e09125c6c3c2fd70d7de961bcf0e51575235fad/library/test/src/lib.rs:138:21
[INFO] [stdout]   13:     0x55b485dee466 - <alloc::boxed::Box<F,A> as core::ops::function::Fn<Args>>::call::hcb3fe3b9bb537ba8
[INFO] [stdout]                                at /rustc/0e09125c6c3c2fd70d7de961bcf0e51575235fad/library/alloc/src/boxed.rs:2029:9
[INFO] [stdout]   14:     0x55b485dee466 - std::panicking::rust_panic_with_hook::h0a7ad96e90f7145b
[INFO] [stdout]                                at /rustc/0e09125c6c3c2fd70d7de961bcf0e51575235fad/library/std/src/panicking.rs:783:13
[INFO] [stdout]   15:     0x55b485dee1b2 - std::panicking::begin_panic_handler::{{closure}}::h7919090525c6485e
[INFO] [stdout]                                at /rustc/0e09125c6c3c2fd70d7de961bcf0e51575235fad/library/std/src/panicking.rs:657:13
[INFO] [stdout]   16:     0x55b485dec7f6 - std::sys_common::backtrace::__rust_end_short_backtrace::hf3289479464f7dfe
[INFO] [stdout]                                at /rustc/0e09125c6c3c2fd70d7de961bcf0e51575235fad/library/std/src/sys_common/backtrace.rs:171:18
[INFO] [stdout]   17:     0x55b485dedf10 - rust_begin_unwind
[INFO] [stdout]                                at /rustc/0e09125c6c3c2fd70d7de961bcf0e51575235fad/library/std/src/panicking.rs:645:5
[INFO] [stdout]   18:     0x55b485be1145 - core::panicking::panic_fmt::hcc9f77c5c132af55
[INFO] [stdout]                                at /rustc/0e09125c6c3c2fd70d7de961bcf0e51575235fad/library/core/src/panicking.rs:72:14
[INFO] [stdout]   19:     0x55b485be15bb - core::panicking::assert_failed_inner::h9f13e27dd63c3a08
[INFO] [stdout]                                at /rustc/0e09125c6c3c2fd70d7de961bcf0e51575235fad/library/core/src/panicking.rs:342:17
[INFO] [stdout]   20:     0x55b485c0bb6e - core::panicking::assert_failed::h8809d625fb91ea4c
[INFO] [stdout]                                at /rustc/0e09125c6c3c2fd70d7de961bcf0e51575235fad/library/core/src/panicking.rs:297:5
[INFO] [stdout]   21:     0x55b485c1595a - image_dds::encode::tests::pad_1x1_to_1x1::h2369f321756ee721
[INFO] [stdout]                                at /opt/rustwide/workdir/src/encode.rs:721:9
[INFO] [stdout]   22:     0x55b485c15857 - image_dds::encode::tests::pad_1x1_to_1x1::{{closure}}::h838af3f3581cc0dc
[INFO] [stdout]                                at /opt/rustwide/workdir/src/encode.rs:720:24
[INFO] [stdout]   23:     0x55b485c0faa6 - core::ops::function::FnOnce::call_once::he23f332c19e8c71c
[INFO] [stdout]                                at /rustc/0e09125c6c3c2fd70d7de961bcf0e51575235fad/library/core/src/ops/function.rs:250:5
[INFO] [stdout]   24:     0x55b485db551f - core::ops::function::FnOnce::call_once::hd64d26f405258157
[INFO] [stdout]                                at /rustc/0e09125c6c3c2fd70d7de961bcf0e51575235fad/library/core/src/ops/function.rs:250:5
[INFO] [stdout]   25:     0x55b485db551f - test::__rust_begin_short_backtrace::he21b0b7a6d731bf9
[INFO] [stdout]                                at /rustc/0e09125c6c3c2fd70d7de961bcf0e51575235fad/library/test/src/lib.rs:627:18
[INFO] [stdout]   26:     0x55b485db42a1 - test::run_test_in_process::{{closure}}::hf5c73986d7bdfde2
[INFO] [stdout]                                at /rustc/0e09125c6c3c2fd70d7de961bcf0e51575235fad/library/test/src/lib.rs:650:60
[INFO] [stdout]   27:     0x55b485db42a1 - <core::panic::unwind_safe::AssertUnwindSafe<F> as core::ops::function::FnOnce<()>>::call_once::h330011ad032aadc0
[INFO] [stdout]                                at /rustc/0e09125c6c3c2fd70d7de961bcf0e51575235fad/library/core/src/panic/unwind_safe.rs:272:9
[INFO] [stdout]   28:     0x55b485db42a1 - std::panicking::try::do_call::he61b0a958b795a41
[INFO] [stdout]                                at /rustc/0e09125c6c3c2fd70d7de961bcf0e51575235fad/library/std/src/panicking.rs:552:40
[INFO] [stdout]   29:     0x55b485db42a1 - std::panicking::try::h7309da130f906eb7
[INFO] [stdout]                                at /rustc/0e09125c6c3c2fd70d7de961bcf0e51575235fad/library/std/src/panicking.rs:516:19
[INFO] [stdout]   30:     0x55b485db42a1 - std::panic::catch_unwind::hc5c3a06fdaf0a92a
[INFO] [stdout]                                at /rustc/0e09125c6c3c2fd70d7de961bcf0e51575235fad/library/std/src/panic.rs:142:14
[INFO] [stdout]   31:     0x55b485db42a1 - test::run_test_in_process::h7e7b7c71c3324e0f
[INFO] [stdout]                                at /rustc/0e09125c6c3c2fd70d7de961bcf0e51575235fad/library/test/src/lib.rs:650:27
[INFO] [stdout]   32:     0x55b485db42a1 - test::run_test::{{closure}}::h1f509f28f5cf20b1
[INFO] [stdout]                                at /rustc/0e09125c6c3c2fd70d7de961bcf0e51575235fad/library/test/src/lib.rs:573:43
[INFO] [stdout]   33:     0x55b485d7b5d6 - test::run_test::{{closure}}::h1754218abf443f6d
[INFO] [stdout]                                at /rustc/0e09125c6c3c2fd70d7de961bcf0e51575235fad/library/test/src/lib.rs:601:41
[INFO] [stdout]   34:     0x55b485d7b5d6 - std::sys_common::backtrace::__rust_begin_short_backtrace::h2ee174b9d5954948
[INFO] [stdout]                                at /rustc/0e09125c6c3c2fd70d7de961bcf0e51575235fad/library/std/src/sys_common/backtrace.rs:155:18
[INFO] [stdout]   35:     0x55b485d80637 - std::thread::Builder::spawn_unchecked_::{{closure}}::{{closure}}::hf60bee9c1a17ef09
[INFO] [stdout]                                at /rustc/0e09125c6c3c2fd70d7de961bcf0e51575235fad/library/std/src/thread/mod.rs:529:17
[INFO] [stdout]   36:     0x55b485d80637 - <core::panic::unwind_safe::AssertUnwindSafe<F> as core::ops::function::FnOnce<()>>::call_once::h33d0dddec5216160
[INFO] [stdout]                                at /rustc/0e09125c6c3c2fd70d7de961bcf0e51575235fad/library/core/src/panic/unwind_safe.rs:272:9
[INFO] [stdout]   37:     0x55b485d80637 - std::panicking::try::do_call::h144b3048b546f835
[INFO] [stdout]                                at /rustc/0e09125c6c3c2fd70d7de961bcf0e51575235fad/library/std/src/panicking.rs:552:40
[INFO] [stdout]   38:     0x55b485d80637 - std::panicking::try::h978244d04646189f
[INFO] [stdout]                                at /rustc/0e09125c6c3c2fd70d7de961bcf0e51575235fad/library/std/src/panicking.rs:516:19
[INFO] [stdout]   39:     0x55b485d80637 - std::panic::catch_unwind::hdf436369d188fe86
[INFO] [stdout]                                at /rustc/0e09125c6c3c2fd70d7de961bcf0e51575235fad/library/std/src/panic.rs:142:14
[INFO] [stdout]   40:     0x55b485d80637 - std::thread::Builder::spawn_unchecked_::{{closure}}::h87329cbdd33c79ec
[INFO] [stdout]                                at /rustc/0e09125c6c3c2fd70d7de961bcf0e51575235fad/library/std/src/thread/mod.rs:528:30
[INFO] [stdout]   41:     0x55b485d80637 - core::ops::function::FnOnce::call_once{{vtable.shim}}::h401abbe67897d450
[INFO] [stdout]                                at /rustc/0e09125c6c3c2fd70d7de961bcf0e51575235fad/library/core/src/ops/function.rs:250:5
[INFO] [stdout]   42:     0x55b485df2f15 - <alloc::boxed::Box<F,A> as core::ops::function::FnOnce<Args>>::call_once::h5d7c8f150ab9c84c
[INFO] [stdout]                                at /rustc/0e09125c6c3c2fd70d7de961bcf0e51575235fad/library/alloc/src/boxed.rs:2015:9
[INFO] [stdout]   43:     0x55b485df2f15 - <alloc::boxed::Box<F,A> as core::ops::function::FnOnce<Args>>::call_once::h570d5b005c242c15
[INFO] [stdout]                                at /rustc/0e09125c6c3c2fd70d7de961bcf0e51575235fad/library/alloc/src/boxed.rs:2015:9
[INFO] [stdout]   44:     0x55b485df2f15 - std::sys::unix::thread::Thread::new::thread_start::h36b0a20c0b2361ad
[INFO] [stdout]                                at /rustc/0e09125c6c3c2fd70d7de961bcf0e51575235fad/library/std/src/sys/unix/thread.rs:108:17
[INFO] [stdout]   45:     0x7fc6e4d09ac3 - <unknown>
[INFO] [stdout]   46:     0x7fc6e4d9abf4 - __clone
[INFO] [stdout]   47:                0x0 - <unknown>
[INFO] [stdout] 
[INFO] [stdout] 
[INFO] [stdout] failures:
[INFO] [stdout]     encode::tests::pad_1x1_to_1x1
[INFO] [stdout] 
[INFO] [stdout] test result: FAILED. 73 passed; 1 failed; 2 ignored; 0 measured; 0 filtered out; finished in 0.04s
[INFO] [stdout] 
[INFO] [stderr] error: test failed, to rerun pass `--lib`
[INFO] running `Command { std: "docker" "inspect" "63e5502c6c56f64a85bd1e3e627c97466ad72050217a3ceb04918a519e504f12", kill_on_drop: false }`
[INFO] running `Command { std: "docker" "rm" "-f" "63e5502c6c56f64a85bd1e3e627c97466ad72050217a3ceb04918a519e504f12", kill_on_drop: false }`
[INFO] [stdout] 63e5502c6c56f64a85bd1e3e627c97466ad72050217a3ceb04918a519e504f12
