[INFO] fetching crate image-toolbox 0.1.1...
[INFO] testing image-toolbox-0.1.1 against 1.75.0 for beta-1.76-1
[INFO] extracting crate image-toolbox 0.1.1 into /workspace/builds/worker-2-tc1/source
[INFO] validating manifest of crates.io crate image-toolbox 0.1.1 on toolchain 1.75.0
[INFO] running `Command { std: CARGO_HOME="/workspace/cargo-home" RUSTUP_HOME="/workspace/rustup-home" "/workspace/cargo-home/bin/cargo" "+1.75.0" "metadata" "--manifest-path" "Cargo.toml" "--no-deps", kill_on_drop: false }`
[INFO] started tweaking crates.io crate image-toolbox 0.1.1
[INFO] finished tweaking crates.io crate image-toolbox 0.1.1
[INFO] tweaked toml for crates.io crate image-toolbox 0.1.1 written to /workspace/builds/worker-2-tc1/source/Cargo.toml
[INFO] running `Command { std: CARGO_HOME="/workspace/cargo-home" RUSTUP_HOME="/workspace/rustup-home" "/workspace/cargo-home/bin/cargo" "+1.75.0" "generate-lockfile" "--manifest-path" "Cargo.toml", kill_on_drop: false }`
[INFO] [stderr]     Blocking waiting for file lock on package cache
[INFO] [stderr]     Updating crates.io index
[INFO] running `Command { std: CARGO_HOME="/workspace/cargo-home" RUSTUP_HOME="/workspace/rustup-home" "/workspace/cargo-home/bin/cargo" "+1.75.0" "fetch" "--manifest-path" "Cargo.toml", kill_on_drop: false }`
[INFO] [stderr]     Blocking waiting for file lock on package cache
[INFO] [stderr]     Blocking waiting for file lock on package cache
[INFO] [stderr]  Downloading crates ...
[INFO] [stderr]   Downloaded math v0.0.2
[INFO] running `Command { std: "docker" "create" "-v" "/var/lib/crater-agent-workspace/builds/worker-2-tc1/target:/opt/rustwide/target:rw,Z" "-v" "/var/lib/crater-agent-workspace/builds/worker-2-tc1/source:/opt/rustwide/workdir:ro,Z" "-v" "/var/lib/crater-agent-workspace/cargo-home:/opt/rustwide/cargo-home:ro,Z" "-v" "/var/lib/crater-agent-workspace/rustup-home:/opt/rustwide/rustup-home:ro,Z" "-e" "SOURCE_DIR=/opt/rustwide/workdir" "-e" "CARGO_TARGET_DIR=/opt/rustwide/target" "-e" "CARGO_HOME=/opt/rustwide/cargo-home" "-e" "RUSTUP_HOME=/opt/rustwide/rustup-home" "-w" "/opt/rustwide/workdir" "-m" "1610612736" "--user" "0:0" "--network" "none" "ghcr.io/rust-lang/crates-build-env/linux@sha256:2788e3201cd34a07e3172128adcd8b3090168a8e3bcc40d7c032b9dda1df7d1c" "/opt/rustwide/cargo-home/bin/cargo" "+1.75.0" "metadata" "--no-deps" "--format-version=1", kill_on_drop: false }`
[INFO] [stdout] 643330f607f8ddf522f40b038c017d4253d5ac6d733f4386dc3819fac041991b
[INFO] running `Command { std: "docker" "start" "-a" "643330f607f8ddf522f40b038c017d4253d5ac6d733f4386dc3819fac041991b", kill_on_drop: false }`
[INFO] running `Command { std: "docker" "inspect" "643330f607f8ddf522f40b038c017d4253d5ac6d733f4386dc3819fac041991b", kill_on_drop: false }`
[INFO] running `Command { std: "docker" "rm" "-f" "643330f607f8ddf522f40b038c017d4253d5ac6d733f4386dc3819fac041991b", kill_on_drop: false }`
[INFO] [stdout] 643330f607f8ddf522f40b038c017d4253d5ac6d733f4386dc3819fac041991b
[INFO] running `Command { std: "docker" "create" "-v" "/var/lib/crater-agent-workspace/builds/worker-2-tc1/target:/opt/rustwide/target:rw,Z" "-v" "/var/lib/crater-agent-workspace/builds/worker-2-tc1/source:/opt/rustwide/workdir:ro,Z" "-v" "/var/lib/crater-agent-workspace/cargo-home:/opt/rustwide/cargo-home:ro,Z" "-v" "/var/lib/crater-agent-workspace/rustup-home:/opt/rustwide/rustup-home:ro,Z" "-e" "SOURCE_DIR=/opt/rustwide/workdir" "-e" "CARGO_TARGET_DIR=/opt/rustwide/target" "-e" "CARGO_INCREMENTAL=0" "-e" "RUST_BACKTRACE=full" "-e" "RUSTFLAGS=--cap-lints=warn" "-e" "RUSTDOCFLAGS=--cap-lints=warn" "-e" "CARGO_HOME=/opt/rustwide/cargo-home" "-e" "RUSTUP_HOME=/opt/rustwide/rustup-home" "-w" "/opt/rustwide/workdir" "-m" "1610612736" "--user" "0:0" "--network" "none" "ghcr.io/rust-lang/crates-build-env/linux@sha256:2788e3201cd34a07e3172128adcd8b3090168a8e3bcc40d7c032b9dda1df7d1c" "/opt/rustwide/cargo-home/bin/cargo" "+1.75.0" "build" "--frozen" "--message-format=json", kill_on_drop: false }`
[INFO] [stdout] da4c8546ecf1d902ed24bb76750948871b6a615d7316a46b0a443abf6bed78b3
[INFO] running `Command { std: "docker" "start" "-a" "da4c8546ecf1d902ed24bb76750948871b6a615d7316a46b0a443abf6bed78b3", kill_on_drop: false }`
[INFO] [stderr]    Compiling crossbeam-utils v0.8.18
[INFO] [stderr]    Compiling proc-macro2 v0.4.30
[INFO] [stderr]    Compiling num-integer v0.1.45
[INFO] [stderr]    Compiling unicode-xid v0.1.0
[INFO] [stderr]    Compiling rayon-core v1.12.0
[INFO] [stderr]    Compiling syn v0.15.44
[INFO] [stderr]    Compiling num-iter v0.1.43
[INFO] [stderr]    Compiling adler32 v1.2.0
[INFO] [stderr]    Compiling num-derive v0.2.5
[INFO] [stderr]    Compiling num-rational v0.2.4
[INFO] [stderr]    Compiling lzw v0.10.0
[INFO] [stderr]    Compiling either v1.9.0
[INFO] [stderr]    Compiling color_quant v1.1.0
[INFO] [stderr]    Compiling scoped_threadpool v0.1.9
[INFO] [stderr]    Compiling math v0.0.2
[INFO] [stderr]    Compiling deflate v0.7.20
[INFO] [stderr]    Compiling inflate v0.4.5
[INFO] [stderr]    Compiling gif v0.10.3
[INFO] [stderr]    Compiling quote v0.6.13
[INFO] [stderr]    Compiling crossbeam-epoch v0.9.17
[INFO] [stderr]    Compiling png v0.14.1
[INFO] [stderr]    Compiling crossbeam-deque v0.8.4
[INFO] [stderr]    Compiling rayon v1.8.0
[INFO] [stderr]    Compiling jpeg-decoder v0.1.22
[INFO] [stderr]    Compiling tiff v0.2.2
[INFO] [stderr]    Compiling image v0.21.3
[INFO] [stderr]    Compiling image-toolbox v0.1.1 (/opt/rustwide/workdir)
[INFO] [stdout] warning: unused imports: `ImageBuffer`, `RGB`
[INFO] [stdout]   --> src/lib.rs:33:27
[INFO] [stdout]    |
[INFO] [stdout] 33 | use image::{GenericImage, ImageBuffer,RGB,GenericImageView, DynamicImage};
[INFO] [stdout]    |                           ^^^^^^^^^^^ ^^^
[INFO] [stdout]    |
[INFO] [stdout]    = note: `#[warn(unused_imports)]` on by default
[INFO] [stdout] 
[INFO] [stdout] 
[INFO] [stdout] warning: unused import: `image::imageops`
[INFO] [stdout]   --> src/lib.rs:34:5
[INFO] [stdout]    |
[INFO] [stdout] 34 | use image::imageops;
[INFO] [stdout]    |     ^^^^^^^^^^^^^^^
[INFO] [stdout] 
[INFO] [stdout] 
[INFO] [stdout] warning: unused imports: `max`, `min`
[INFO] [stdout]   --> src/lib.rs:35:16
[INFO] [stdout]    |
[INFO] [stdout] 35 | use std::cmp::{min, max};
[INFO] [stdout]    |                ^^^  ^^^
[INFO] [stdout] 
[INFO] [stdout] 
[INFO] [stdout] warning[E0170]: pattern binding `R` is named the same as one of the variants of the type `Pix`
[INFO] [stdout]   --> src/lib.rs:81:13
[INFO] [stdout]    |
[INFO] [stdout] 81 |             R => self.r_dist[pix_val as usize], 
[INFO] [stdout]    |             ^ help: to match on the variant, qualify the path: `Pix::R`
[INFO] [stdout]    |
[INFO] [stdout]    = note: `#[warn(bindings_with_variant_name)]` on by default
[INFO] [stdout] 
[INFO] [stdout] 
[INFO] [stdout] warning[E0170]: pattern binding `G` is named the same as one of the variants of the type `Pix`
[INFO] [stdout]   --> src/lib.rs:82:13
[INFO] [stdout]    |
[INFO] [stdout] 82 |             G => self.g_dist[pix_val as usize], 
[INFO] [stdout]    |             ^ help: to match on the variant, qualify the path: `Pix::G`
[INFO] [stdout] 
[INFO] [stdout] 
[INFO] [stdout] warning[E0170]: pattern binding `B` is named the same as one of the variants of the type `Pix`
[INFO] [stdout]   --> src/lib.rs:83:13
[INFO] [stdout]    |
[INFO] [stdout] 83 |             B => self.b_dist[pix_val as usize], 
[INFO] [stdout]    |             ^ help: to match on the variant, qualify the path: `Pix::B`
[INFO] [stdout] 
[INFO] [stdout] 
[INFO] [stdout] warning: unreachable pattern
[INFO] [stdout]   --> src/lib.rs:82:13
[INFO] [stdout]    |
[INFO] [stdout] 81 |             R => self.r_dist[pix_val as usize], 
[INFO] [stdout]    |             - matches any value
[INFO] [stdout] 82 |             G => self.g_dist[pix_val as usize], 
[INFO] [stdout]    |             ^ unreachable pattern
[INFO] [stdout]    |
[INFO] [stdout]    = note: `#[warn(unreachable_patterns)]` on by default
[INFO] [stdout] 
[INFO] [stdout] 
[INFO] [stdout] warning: unreachable pattern
[INFO] [stdout]   --> src/lib.rs:83:13
[INFO] [stdout]    |
[INFO] [stdout] 81 |             R => self.r_dist[pix_val as usize], 
[INFO] [stdout]    |             - matches any value
[INFO] [stdout] 82 |             G => self.g_dist[pix_val as usize], 
[INFO] [stdout] 83 |             B => self.b_dist[pix_val as usize], 
[INFO] [stdout]    |             ^ unreachable pattern
[INFO] [stdout] 
[INFO] [stdout] 
[INFO] [stdout] warning: unused variable: `R`
[INFO] [stdout]   --> src/lib.rs:81:13
[INFO] [stdout]    |
[INFO] [stdout] 81 |             R => self.r_dist[pix_val as usize], 
[INFO] [stdout]    |             ^ help: if this is intentional, prefix it with an underscore: `_R`
[INFO] [stdout]    |
[INFO] [stdout]    = note: `#[warn(unused_variables)]` on by default
[INFO] [stdout] 
[INFO] [stdout] 
[INFO] [stdout] warning: unused variable: `G`
[INFO] [stdout]   --> src/lib.rs:82:13
[INFO] [stdout]    |
[INFO] [stdout] 82 |             G => self.g_dist[pix_val as usize], 
[INFO] [stdout]    |             ^ help: if this is intentional, prefix it with an underscore: `_G`
[INFO] [stdout] 
[INFO] [stdout] 
[INFO] [stdout] warning: unused variable: `B`
[INFO] [stdout]   --> src/lib.rs:83:13
[INFO] [stdout]    |
[INFO] [stdout] 83 |             B => self.b_dist[pix_val as usize], 
[INFO] [stdout]    |             ^ help: if this is intentional, prefix it with an underscore: `_B`
[INFO] [stdout] 
[INFO] [stdout] 
[INFO] [stdout] warning: variable `sum_distros` is assigned to, but never used
[INFO] [stdout]    --> src/lib.rs:103:17
[INFO] [stdout]     |
[INFO] [stdout] 103 |         let mut sum_distros = 0.0;
[INFO] [stdout]     |                 ^^^^^^^^^^^
[INFO] [stdout]     |
[INFO] [stdout]     = note: consider using `_sum_distros` instead
[INFO] [stdout] 
[INFO] [stdout] 
[INFO] [stdout] warning: unused variable: `new_pixel`
[INFO] [stdout]    --> src/lib.rs:126:9
[INFO] [stdout]     |
[INFO] [stdout] 126 |     let new_pixel = 0; 
[INFO] [stdout]     |         ^^^^^^^^^ help: if this is intentional, prefix it with an underscore: `_new_pixel`
[INFO] [stdout] 
[INFO] [stdout] 
[INFO] [stdout] warning: variable does not need to be mutable
[INFO] [stdout]    --> src/lib.rs:128:9
[INFO] [stdout]     |
[INFO] [stdout] 128 |     let mut up_to = original_pixel as u32 +1;
[INFO] [stdout]     |         ----^^^^^
[INFO] [stdout]     |         |
[INFO] [stdout]     |         help: remove this `mut`
[INFO] [stdout]     |
[INFO] [stdout]     = note: `#[warn(unused_mut)]` on by default
[INFO] [stdout] 
[INFO] [stdout] 
[INFO] [stdout] warning: variable `L` should have a snake case name
[INFO] [stdout]   --> src/lib.rs:52:13
[INFO] [stdout]    |
[INFO] [stdout] 52 |         let L = 256;
[INFO] [stdout]    |             ^ help: convert the identifier to snake case: `l`
[INFO] [stdout]    |
[INFO] [stdout]    = note: `#[warn(non_snake_case)]` on by default
[INFO] [stdout] 
[INFO] [stdout] 
[INFO] [stdout] warning: unused `Result` that must be used
[INFO] [stdout]   --> src/lib.rs:53:9
[INFO] [stdout]    |
[INFO] [stdout] 53 |         write!(f,"\n----------------- RED -----------------\n");
[INFO] [stdout]    |         ^^^^^^^^^^^^^^^^^^^^^^^^^^^^^^^^^^^^^^^^^^^^^^^^^^^^^^^
[INFO] [stdout]    |
[INFO] [stdout]    = note: this `Result` may be an `Err` variant, which should be handled
[INFO] [stdout]    = note: `#[warn(unused_must_use)]` on by default
[INFO] [stdout]    = note: this warning originates in the macro `write` (in Nightly builds, run with -Z macro-backtrace for more info)
[INFO] [stdout] 
[INFO] [stdout] 
[INFO] [stdout] warning: unused `Result` that must be used
[INFO] [stdout]   --> src/lib.rs:56:17
[INFO] [stdout]    |
[INFO] [stdout] 56 |                 write!(f,"{} => {}\n", i, self.r_dist[i]);
[INFO] [stdout]    |                 ^^^^^^^^^^^^^^^^^^^^^^^^^^^^^^^^^^^^^^^^^
[INFO] [stdout]    |
[INFO] [stdout]    = note: this `Result` may be an `Err` variant, which should be handled
[INFO] [stdout]    = note: this warning originates in the macro `write` (in Nightly builds, run with -Z macro-backtrace for more info)
[INFO] [stdout] 
[INFO] [stdout] 
[INFO] [stdout] warning: unused `Result` that must be used
[INFO] [stdout]   --> src/lib.rs:59:9
[INFO] [stdout]    |
[INFO] [stdout] 59 |         write!(f,"\n----------------- GREEN -----------------\n");
[INFO] [stdout]    |         ^^^^^^^^^^^^^^^^^^^^^^^^^^^^^^^^^^^^^^^^^^^^^^^^^^^^^^^^^
[INFO] [stdout]    |
[INFO] [stdout]    = note: this `Result` may be an `Err` variant, which should be handled
[INFO] [stdout]    = note: this warning originates in the macro `write` (in Nightly builds, run with -Z macro-backtrace for more info)
[INFO] [stdout] 
[INFO] [stdout] 
[INFO] [stdout] warning: unused `Result` that must be used
[INFO] [stdout]   --> src/lib.rs:62:17
[INFO] [stdout]    |
[INFO] [stdout] 62 |                 write!(f,"{} => {}\n", i, self.g_dist[i]);
[INFO] [stdout]    |                 ^^^^^^^^^^^^^^^^^^^^^^^^^^^^^^^^^^^^^^^^^
[INFO] [stdout]    |
[INFO] [stdout]    = note: this `Result` may be an `Err` variant, which should be handled
[INFO] [stdout]    = note: this warning originates in the macro `write` (in Nightly builds, run with -Z macro-backtrace for more info)
[INFO] [stdout] 
[INFO] [stdout] 
[INFO] [stdout] warning: unused `Result` that must be used
[INFO] [stdout]   --> src/lib.rs:65:9
[INFO] [stdout]    |
[INFO] [stdout] 65 |         write!(f,"\n----------------- BLUE -----------------\n");
[INFO] [stdout]    |         ^^^^^^^^^^^^^^^^^^^^^^^^^^^^^^^^^^^^^^^^^^^^^^^^^^^^^^^^
[INFO] [stdout]    |
[INFO] [stdout]    = note: this `Result` may be an `Err` variant, which should be handled
[INFO] [stdout]    = note: this warning originates in the macro `write` (in Nightly builds, run with -Z macro-backtrace for more info)
[INFO] [stdout] 
[INFO] [stdout] 
[INFO] [stdout] warning: unused `Result` that must be used
[INFO] [stdout]   --> src/lib.rs:68:17
[INFO] [stdout]    |
[INFO] [stdout] 68 |                 write!(f,"{} => {}\n", i, self.b_dist[i]);
[INFO] [stdout]    |                 ^^^^^^^^^^^^^^^^^^^^^^^^^^^^^^^^^^^^^^^^^
[INFO] [stdout]    |
[INFO] [stdout]    = note: this `Result` may be an `Err` variant, which should be handled
[INFO] [stdout]    = note: this warning originates in the macro `write` (in Nightly builds, run with -Z macro-backtrace for more info)
[INFO] [stdout] 
[INFO] [stdout] 
[INFO] [stdout] warning: variable `R` should have a snake case name
[INFO] [stdout]   --> src/lib.rs:81:13
[INFO] [stdout]    |
[INFO] [stdout] 81 |             R => self.r_dist[pix_val as usize], 
[INFO] [stdout]    |             ^ help: convert the identifier to snake case: `r`
[INFO] [stdout] 
[INFO] [stdout] 
[INFO] [stdout] warning: variable `G` should have a snake case name
[INFO] [stdout]   --> src/lib.rs:82:13
[INFO] [stdout]    |
[INFO] [stdout] 82 |             G => self.g_dist[pix_val as usize], 
[INFO] [stdout]    |             ^ help: convert the identifier to snake case: `g`
[INFO] [stdout] 
[INFO] [stdout] 
[INFO] [stdout] warning: variable `B` should have a snake case name
[INFO] [stdout]   --> src/lib.rs:83:13
[INFO] [stdout]    |
[INFO] [stdout] 83 |             B => self.b_dist[pix_val as usize], 
[INFO] [stdout]    |             ^ help: convert the identifier to snake case: `b`
[INFO] [stdout] 
[INFO] [stdout] 
[INFO] [stdout] warning: variable `L` should have a snake case name
[INFO] [stdout]   --> src/lib.rs:88:13
[INFO] [stdout]    |
[INFO] [stdout] 88 |         let L = 256;
[INFO] [stdout]    |             ^ help: convert the identifier to snake case: `l`
[INFO] [stdout] 
[INFO] [stdout] 
[INFO] [stdout] warning: variable `colorType` should have a snake case name
[INFO] [stdout]    --> src/lib.rs:124:45
[INFO] [stdout]     |
[INFO] [stdout] 124 | pub fn transform_pixel(original_pixel : u8, colorType : Pix ,histogram :& Histogram)-> u8{
[INFO] [stdout]     |                                             ^^^^^^^^^ help: convert the identifier to snake case: `color_type`
[INFO] [stdout] 
[INFO] [stdout] 
[INFO] [stdout] warning: variable `L` should have a snake case name
[INFO] [stdout]    --> src/lib.rs:125:9
[INFO] [stdout]     |
[INFO] [stdout] 125 |     let L = 256.0; 
[INFO] [stdout]     |         ^ help: convert the identifier to snake case: `l`
[INFO] [stdout] 
[INFO] [stdout] 
[INFO] [stdout] warning: 27 warnings emitted
[INFO] [stdout] 
[INFO] [stdout] 
[INFO] [stdout] For more information about this error, try `rustc --explain E0170`.
[INFO] [stdout] 
[INFO] [stderr]     Finished dev [unoptimized + debuginfo] target(s) in 9.04s
[INFO] running `Command { std: "docker" "inspect" "da4c8546ecf1d902ed24bb76750948871b6a615d7316a46b0a443abf6bed78b3", kill_on_drop: false }`
[INFO] running `Command { std: "docker" "rm" "-f" "da4c8546ecf1d902ed24bb76750948871b6a615d7316a46b0a443abf6bed78b3", kill_on_drop: false }`
[INFO] [stdout] da4c8546ecf1d902ed24bb76750948871b6a615d7316a46b0a443abf6bed78b3
[INFO] running `Command { std: "docker" "create" "-v" "/var/lib/crater-agent-workspace/builds/worker-2-tc1/target:/opt/rustwide/target:rw,Z" "-v" "/var/lib/crater-agent-workspace/builds/worker-2-tc1/source:/opt/rustwide/workdir:ro,Z" "-v" "/var/lib/crater-agent-workspace/cargo-home:/opt/rustwide/cargo-home:ro,Z" "-v" "/var/lib/crater-agent-workspace/rustup-home:/opt/rustwide/rustup-home:ro,Z" "-e" "SOURCE_DIR=/opt/rustwide/workdir" "-e" "CARGO_TARGET_DIR=/opt/rustwide/target" "-e" "CARGO_INCREMENTAL=0" "-e" "RUST_BACKTRACE=full" "-e" "RUSTFLAGS=--cap-lints=warn" "-e" "RUSTDOCFLAGS=--cap-lints=warn" "-e" "CARGO_HOME=/opt/rustwide/cargo-home" "-e" "RUSTUP_HOME=/opt/rustwide/rustup-home" "-w" "/opt/rustwide/workdir" "-m" "1610612736" "--user" "0:0" "--network" "none" "ghcr.io/rust-lang/crates-build-env/linux@sha256:2788e3201cd34a07e3172128adcd8b3090168a8e3bcc40d7c032b9dda1df7d1c" "/opt/rustwide/cargo-home/bin/cargo" "+1.75.0" "test" "--frozen" "--no-run" "--message-format=json", kill_on_drop: false }`
[INFO] [stdout] 6549e2d7272801b55181eec611dbe1f3a26c68c4cb4ba56429f2dd1b0b41e418
[INFO] running `Command { std: "docker" "start" "-a" "6549e2d7272801b55181eec611dbe1f3a26c68c4cb4ba56429f2dd1b0b41e418", kill_on_drop: false }`
[INFO] [stdout] warning: unused imports: `ImageBuffer`, `RGB`
[INFO] [stdout]   --> src/lib.rs:33:27
[INFO] [stdout]    |
[INFO] [stdout] 33 | use image::{GenericImage, ImageBuffer,RGB,GenericImageView, DynamicImage};
[INFO] [stdout]    |                           ^^^^^^^^^^^ ^^^
[INFO] [stdout]    |
[INFO] [stdout]    = note: `#[warn(unused_imports)]` on by default
[INFO] [stdout] 
[INFO] [stdout] 
[INFO] [stdout] warning: unused import: `image::imageops`
[INFO] [stdout]   --> src/lib.rs:34:5
[INFO] [stdout]    |
[INFO] [stdout] 34 | use image::imageops;
[INFO] [stdout]    |     ^^^^^^^^^^^^^^^
[INFO] [stdout] 
[INFO] [stdout] 
[INFO] [stdout] warning: unused imports: `max`, `min`
[INFO] [stdout]   --> src/lib.rs:35:16
[INFO] [stdout]    |
[INFO] [stdout] 35 | use std::cmp::{min, max};
[INFO] [stdout]    |                ^^^  ^^^
[INFO] [stdout] 
[INFO] [stdout] 
[INFO] [stdout] warning[E0170]: pattern binding `R` is named the same as one of the variants of the type `Pix`
[INFO] [stdout]   --> src/lib.rs:81:13
[INFO] [stdout]    |
[INFO] [stdout] 81 |             R => self.r_dist[pix_val as usize], 
[INFO] [stdout]    |             ^ help: to match on the variant, qualify the path: `Pix::R`
[INFO] [stdout]    |
[INFO] [stdout]    = note: `#[warn(bindings_with_variant_name)]` on by default
[INFO] [stdout] 
[INFO] [stdout] 
[INFO] [stdout] warning[E0170]: pattern binding `G` is named the same as one of the variants of the type `Pix`
[INFO] [stdout]   --> src/lib.rs:82:13
[INFO] [stdout]    |
[INFO] [stdout] 82 |             G => self.g_dist[pix_val as usize], 
[INFO] [stdout]    |             ^ help: to match on the variant, qualify the path: `Pix::G`
[INFO] [stdout] 
[INFO] [stdout] 
[INFO] [stdout] warning[E0170]: pattern binding `B` is named the same as one of the variants of the type `Pix`
[INFO] [stdout]   --> src/lib.rs:83:13
[INFO] [stdout]    |
[INFO] [stdout] 83 |             B => self.b_dist[pix_val as usize], 
[INFO] [stdout]    |             ^ help: to match on the variant, qualify the path: `Pix::B`
[INFO] [stdout] 
[INFO] [stdout] 
[INFO] [stdout] warning: unreachable pattern
[INFO] [stdout]   --> src/lib.rs:82:13
[INFO] [stdout]    |
[INFO] [stdout] 81 |             R => self.r_dist[pix_val as usize], 
[INFO] [stdout]    |             - matches any value
[INFO] [stdout] 82 |             G => self.g_dist[pix_val as usize], 
[INFO] [stdout]    |             ^ unreachable pattern
[INFO] [stdout]    |
[INFO] [stdout]    = note: `#[warn(unreachable_patterns)]` on by default
[INFO] [stdout] 
[INFO] [stdout] 
[INFO] [stdout] warning: unreachable pattern
[INFO] [stdout]   --> src/lib.rs:83:13
[INFO] [stdout]    |
[INFO] [stdout] 81 |             R => self.r_dist[pix_val as usize], 
[INFO] [stdout]    |             - matches any value
[INFO] [stdout] 82 |             G => self.g_dist[pix_val as usize], 
[INFO] [stdout] 83 |             B => self.b_dist[pix_val as usize], 
[INFO] [stdout]    |             ^ unreachable pattern
[INFO] [stdout] 
[INFO] [stdout] 
[INFO] [stdout] warning: unused variable: `R`
[INFO] [stdout]   --> src/lib.rs:81:13
[INFO] [stdout]    |
[INFO] [stdout] 81 |             R => self.r_dist[pix_val as usize], 
[INFO] [stdout]    |             ^ help: if this is intentional, prefix it with an underscore: `_R`
[INFO] [stdout]    |
[INFO] [stdout]    = note: `#[warn(unused_variables)]` on by default
[INFO] [stdout] 
[INFO] [stdout] 
[INFO] [stdout] warning: unused variable: `G`
[INFO] [stdout]   --> src/lib.rs:82:13
[INFO] [stdout]    |
[INFO] [stdout] 82 |             G => self.g_dist[pix_val as usize], 
[INFO] [stdout]    |             ^ help: if this is intentional, prefix it with an underscore: `_G`
[INFO] [stdout] 
[INFO] [stdout] 
[INFO] [stdout] warning: unused variable: `B`
[INFO] [stdout]   --> src/lib.rs:83:13
[INFO] [stdout]    |
[INFO] [stdout] 83 |             B => self.b_dist[pix_val as usize], 
[INFO] [stdout]    |             ^ help: if this is intentional, prefix it with an underscore: `_B`
[INFO] [stdout] 
[INFO] [stdout] 
[INFO] [stdout] warning: variable `sum_distros` is assigned to, but never used
[INFO] [stdout]    --> src/lib.rs:103:17
[INFO] [stdout]     |
[INFO] [stdout] 103 |         let mut sum_distros = 0.0;
[INFO] [stdout]     |                 ^^^^^^^^^^^
[INFO] [stdout]     |
[INFO] [stdout]     = note: consider using `_sum_distros` instead
[INFO] [stdout] 
[INFO] [stdout] 
[INFO] [stdout] warning: unused variable: `new_pixel`
[INFO] [stdout]    --> src/lib.rs:126:9
[INFO] [stdout]     |
[INFO] [stdout] 126 |     let new_pixel = 0; 
[INFO] [stdout]     |         ^^^^^^^^^ help: if this is intentional, prefix it with an underscore: `_new_pixel`
[INFO] [stdout] 
[INFO] [stdout] 
[INFO] [stdout] warning: variable does not need to be mutable
[INFO] [stdout]    --> src/lib.rs:128:9
[INFO] [stdout]     |
[INFO] [stdout] 128 |     let mut up_to = original_pixel as u32 +1;
[INFO] [stdout]     |         ----^^^^^
[INFO] [stdout]     |         |
[INFO] [stdout]     |         help: remove this `mut`
[INFO] [stdout]     |
[INFO] [stdout]     = note: `#[warn(unused_mut)]` on by default
[INFO] [stdout] 
[INFO] [stdout] 
[INFO] [stdout] warning: variable `L` should have a snake case name
[INFO] [stdout]   --> src/lib.rs:52:13
[INFO] [stdout]    |
[INFO] [stdout] 52 |         let L = 256;
[INFO] [stdout]    |             ^ help: convert the identifier to snake case: `l`
[INFO] [stdout]    |
[INFO] [stdout]    = note: `#[warn(non_snake_case)]` on by default
[INFO] [stdout] 
[INFO] [stdout] 
[INFO] [stdout] warning: unused `Result` that must be used
[INFO] [stdout]   --> src/lib.rs:53:9
[INFO] [stdout]    |
[INFO] [stdout] 53 |         write!(f,"\n----------------- RED -----------------\n");
[INFO] [stdout]    |         ^^^^^^^^^^^^^^^^^^^^^^^^^^^^^^^^^^^^^^^^^^^^^^^^^^^^^^^
[INFO] [stdout]    |
[INFO] [stdout]    = note: this `Result` may be an `Err` variant, which should be handled
[INFO] [stdout]    = note: `#[warn(unused_must_use)]` on by default
[INFO] [stdout]    = note: this warning originates in the macro `write` (in Nightly builds, run with -Z macro-backtrace for more info)
[INFO] [stdout] 
[INFO] [stdout] 
[INFO] [stdout] warning: unused `Result` that must be used
[INFO] [stdout]   --> src/lib.rs:56:17
[INFO] [stdout]    |
[INFO] [stdout] 56 |                 write!(f,"{} => {}\n", i, self.r_dist[i]);
[INFO] [stdout]    |                 ^^^^^^^^^^^^^^^^^^^^^^^^^^^^^^^^^^^^^^^^^
[INFO] [stdout]    |
[INFO] [stdout]    = note: this `Result` may be an `Err` variant, which should be handled
[INFO] [stdout]    = note: this warning originates in the macro `write` (in Nightly builds, run with -Z macro-backtrace for more info)
[INFO] [stdout] 
[INFO] [stdout] 
[INFO] [stdout] warning: unused `Result` that must be used
[INFO] [stdout]   --> src/lib.rs:59:9
[INFO] [stdout]    |
[INFO] [stdout] 59 |         write!(f,"\n----------------- GREEN -----------------\n");
[INFO] [stdout]    |         ^^^^^^^^^^^^^^^^^^^^^^^^^^^^^^^^^^^^^^^^^^^^^^^^^^^^^^^^^
[INFO] [stdout]    |
[INFO] [stdout]    = note: this `Result` may be an `Err` variant, which should be handled
[INFO] [stdout]    = note: this warning originates in the macro `write` (in Nightly builds, run with -Z macro-backtrace for more info)
[INFO] [stdout] 
[INFO] [stdout] 
[INFO] [stdout] warning: unused `Result` that must be used
[INFO] [stdout]   --> src/lib.rs:62:17
[INFO] [stdout]    |
[INFO] [stdout] 62 |                 write!(f,"{} => {}\n", i, self.g_dist[i]);
[INFO] [stdout]    |                 ^^^^^^^^^^^^^^^^^^^^^^^^^^^^^^^^^^^^^^^^^
[INFO] [stdout]    |
[INFO] [stdout]    = note: this `Result` may be an `Err` variant, which should be handled
[INFO] [stdout]    = note: this warning originates in the macro `write` (in Nightly builds, run with -Z macro-backtrace for more info)
[INFO] [stdout] 
[INFO] [stdout] 
[INFO] [stdout] warning: unused `Result` that must be used
[INFO] [stdout]   --> src/lib.rs:65:9
[INFO] [stdout]    |
[INFO] [stdout] 65 |         write!(f,"\n----------------- BLUE -----------------\n");
[INFO] [stdout]    |         ^^^^^^^^^^^^^^^^^^^^^^^^^^^^^^^^^^^^^^^^^^^^^^^^^^^^^^^^
[INFO] [stdout]    |
[INFO] [stdout]    = note: this `Result` may be an `Err` variant, which should be handled
[INFO] [stdout]    = note: this warning originates in the macro `write` (in Nightly builds, run with -Z macro-backtrace for more info)
[INFO] [stdout] 
[INFO] [stdout] 
[INFO] [stdout] warning: unused `Result` that must be used
[INFO] [stdout]   --> src/lib.rs:68:17
[INFO] [stdout]    |
[INFO] [stdout] 68 |                 write!(f,"{} => {}\n", i, self.b_dist[i]);
[INFO] [stdout]    |                 ^^^^^^^^^^^^^^^^^^^^^^^^^^^^^^^^^^^^^^^^^
[INFO] [stdout]    |
[INFO] [stdout]    = note: this `Result` may be an `Err` variant, which should be handled
[INFO] [stdout]    = note: this warning originates in the macro `write` (in Nightly builds, run with -Z macro-backtrace for more info)
[INFO] [stdout] 
[INFO] [stdout] 
[INFO] [stdout] warning: variable `R` should have a snake case name
[INFO] [stdout]   --> src/lib.rs:81:13
[INFO] [stdout]    |
[INFO] [stdout] 81 |             R => self.r_dist[pix_val as usize], 
[INFO] [stdout]    |             ^ help: convert the identifier to snake case: `r`
[INFO] [stdout] 
[INFO] [stdout] 
[INFO] [stdout] warning: variable `G` should have a snake case name
[INFO] [stdout]   --> src/lib.rs:82:13
[INFO] [stdout]    |
[INFO] [stdout] 82 |             G => self.g_dist[pix_val as usize], 
[INFO] [stdout]    |             ^ help: convert the identifier to snake case: `g`
[INFO] [stdout] 
[INFO] [stdout] 
[INFO] [stdout] warning: variable `B` should have a snake case name
[INFO] [stdout]   --> src/lib.rs:83:13
[INFO] [stdout]    |
[INFO] [stdout] 83 |             B => self.b_dist[pix_val as usize], 
[INFO] [stdout]    |             ^ help: convert the identifier to snake case: `b`
[INFO] [stdout] 
[INFO] [stdout] 
[INFO] [stdout] warning: variable `L` should have a snake case name
[INFO] [stdout]   --> src/lib.rs:88:13
[INFO] [stdout]    |
[INFO] [stdout] 88 |         let L = 256;
[INFO] [stdout]    |             ^ help: convert the identifier to snake case: `l`
[INFO] [stdout] 
[INFO] [stdout] 
[INFO] [stdout] warning: variable `colorType` should have a snake case name
[INFO] [stdout]    --> src/lib.rs:124:45
[INFO] [stdout]     |
[INFO] [stdout] 124 | pub fn transform_pixel(original_pixel : u8, colorType : Pix ,histogram :& Histogram)-> u8{
[INFO] [stdout]     |                                             ^^^^^^^^^ help: convert the identifier to snake case: `color_type`
[INFO] [stdout] 
[INFO] [stdout] 
[INFO] [stdout] warning: variable `L` should have a snake case name
[INFO] [stdout]    --> src/lib.rs:125:9
[INFO] [stdout]     |
[INFO] [stdout] 125 |     let L = 256.0; 
[INFO] [stdout]     |         ^ help: convert the identifier to snake case: `l`
[INFO] [stdout] 
[INFO] [stdout] 
[INFO] [stdout] warning: 27 warnings emitted
[INFO] [stdout] 
[INFO] [stdout] 
[INFO] [stdout] For more information about this error, try `rustc --explain E0170`.
[INFO] [stdout] 
[INFO] [stderr]    Compiling image-toolbox v0.1.1 (/opt/rustwide/workdir)
[INFO] [stdout] warning: unused imports: `ImageBuffer`, `RGB`
[INFO] [stdout]   --> src/lib.rs:33:27
[INFO] [stdout]    |
[INFO] [stdout] 33 | use image::{GenericImage, ImageBuffer,RGB,GenericImageView, DynamicImage};
[INFO] [stdout]    |                           ^^^^^^^^^^^ ^^^
[INFO] [stdout]    |
[INFO] [stdout]    = note: `#[warn(unused_imports)]` on by default
[INFO] [stdout] 
[INFO] [stdout] 
[INFO] [stdout] warning: unused import: `image::imageops`
[INFO] [stdout]   --> src/lib.rs:34:5
[INFO] [stdout]    |
[INFO] [stdout] 34 | use image::imageops;
[INFO] [stdout]    |     ^^^^^^^^^^^^^^^
[INFO] [stdout] 
[INFO] [stdout] 
[INFO] [stdout] warning: unused imports: `max`, `min`
[INFO] [stdout]   --> src/lib.rs:35:16
[INFO] [stdout]    |
[INFO] [stdout] 35 | use std::cmp::{min, max};
[INFO] [stdout]    |                ^^^  ^^^
[INFO] [stdout] 
[INFO] [stdout] 
[INFO] [stdout] warning[E0170]: pattern binding `R` is named the same as one of the variants of the type `Pix`
[INFO] [stdout]   --> src/lib.rs:81:13
[INFO] [stdout]    |
[INFO] [stdout] 81 |             R => self.r_dist[pix_val as usize], 
[INFO] [stdout]    |             ^ help: to match on the variant, qualify the path: `Pix::R`
[INFO] [stdout]    |
[INFO] [stdout]    = note: `#[warn(bindings_with_variant_name)]` on by default
[INFO] [stdout] 
[INFO] [stdout] 
[INFO] [stdout] warning[E0170]: pattern binding `G` is named the same as one of the variants of the type `Pix`
[INFO] [stdout]   --> src/lib.rs:82:13
[INFO] [stdout]    |
[INFO] [stdout] 82 |             G => self.g_dist[pix_val as usize], 
[INFO] [stdout]    |             ^ help: to match on the variant, qualify the path: `Pix::G`
[INFO] [stdout] 
[INFO] [stdout] 
[INFO] [stdout] warning[E0170]: pattern binding `B` is named the same as one of the variants of the type `Pix`
[INFO] [stdout]   --> src/lib.rs:83:13
[INFO] [stdout]    |
[INFO] [stdout] 83 |             B => self.b_dist[pix_val as usize], 
[INFO] [stdout]    |             ^ help: to match on the variant, qualify the path: `Pix::B`
[INFO] [stdout] 
[INFO] [stdout] 
[INFO] [stdout] warning: unreachable pattern
[INFO] [stdout]   --> src/lib.rs:82:13
[INFO] [stdout]    |
[INFO] [stdout] 81 |             R => self.r_dist[pix_val as usize], 
[INFO] [stdout]    |             - matches any value
[INFO] [stdout] 82 |             G => self.g_dist[pix_val as usize], 
[INFO] [stdout]    |             ^ unreachable pattern
[INFO] [stdout]    |
[INFO] [stdout]    = note: `#[warn(unreachable_patterns)]` on by default
[INFO] [stdout] 
[INFO] [stdout] 
[INFO] [stdout] warning: unreachable pattern
[INFO] [stdout]   --> src/lib.rs:83:13
[INFO] [stdout]    |
[INFO] [stdout] 81 |             R => self.r_dist[pix_val as usize], 
[INFO] [stdout]    |             - matches any value
[INFO] [stdout] 82 |             G => self.g_dist[pix_val as usize], 
[INFO] [stdout] 83 |             B => self.b_dist[pix_val as usize], 
[INFO] [stdout]    |             ^ unreachable pattern
[INFO] [stdout] 
[INFO] [stdout] 
[INFO] [stdout] warning: unused variable: `R`
[INFO] [stdout]   --> src/lib.rs:81:13
[INFO] [stdout]    |
[INFO] [stdout] 81 |             R => self.r_dist[pix_val as usize], 
[INFO] [stdout]    |             ^ help: if this is intentional, prefix it with an underscore: `_R`
[INFO] [stdout]    |
[INFO] [stdout]    = note: `#[warn(unused_variables)]` on by default
[INFO] [stdout] 
[INFO] [stdout] 
[INFO] [stdout] warning: unused variable: `G`
[INFO] [stdout]   --> src/lib.rs:82:13
[INFO] [stdout]    |
[INFO] [stdout] 82 |             G => self.g_dist[pix_val as usize], 
[INFO] [stdout]    |             ^ help: if this is intentional, prefix it with an underscore: `_G`
[INFO] [stdout] 
[INFO] [stdout] 
[INFO] [stdout] warning: unused variable: `B`
[INFO] [stdout]   --> src/lib.rs:83:13
[INFO] [stdout]    |
[INFO] [stdout] 83 |             B => self.b_dist[pix_val as usize], 
[INFO] [stdout]    |             ^ help: if this is intentional, prefix it with an underscore: `_B`
[INFO] [stdout] 
[INFO] [stdout] 
[INFO] [stdout] warning: variable `sum_distros` is assigned to, but never used
[INFO] [stdout]    --> src/lib.rs:103:17
[INFO] [stdout]     |
[INFO] [stdout] 103 |         let mut sum_distros = 0.0;
[INFO] [stdout]     |                 ^^^^^^^^^^^
[INFO] [stdout]     |
[INFO] [stdout]     = note: consider using `_sum_distros` instead
[INFO] [stdout] 
[INFO] [stdout] 
[INFO] [stdout] warning: unused variable: `new_pixel`
[INFO] [stdout]    --> src/lib.rs:126:9
[INFO] [stdout]     |
[INFO] [stdout] 126 |     let new_pixel = 0; 
[INFO] [stdout]     |         ^^^^^^^^^ help: if this is intentional, prefix it with an underscore: `_new_pixel`
[INFO] [stdout] 
[INFO] [stdout] 
[INFO] [stdout] warning: variable does not need to be mutable
[INFO] [stdout]    --> src/lib.rs:128:9
[INFO] [stdout]     |
[INFO] [stdout] 128 |     let mut up_to = original_pixel as u32 +1;
[INFO] [stdout]     |         ----^^^^^
[INFO] [stdout]     |         |
[INFO] [stdout]     |         help: remove this `mut`
[INFO] [stdout]     |
[INFO] [stdout]     = note: `#[warn(unused_mut)]` on by default
[INFO] [stdout] 
[INFO] [stdout] 
[INFO] [stdout] warning: unused variable: `p2`
[INFO] [stdout]    --> src/lib.rs:218:21
[INFO] [stdout]     |
[INFO] [stdout] 218 |                 let p2 = img2.get_pixel(i, j);
[INFO] [stdout]     |                     ^^ help: if this is intentional, prefix it with an underscore: `_p2`
[INFO] [stdout] 
[INFO] [stdout] 
[INFO] [stdout] warning: variable `L` should have a snake case name
[INFO] [stdout]   --> src/lib.rs:52:13
[INFO] [stdout]    |
[INFO] [stdout] 52 |         let L = 256;
[INFO] [stdout]    |             ^ help: convert the identifier to snake case: `l`
[INFO] [stdout]    |
[INFO] [stdout]    = note: `#[warn(non_snake_case)]` on by default
[INFO] [stdout] 
[INFO] [stdout] 
[INFO] [stdout] warning: unused `Result` that must be used
[INFO] [stdout]   --> src/lib.rs:53:9
[INFO] [stdout]    |
[INFO] [stdout] 53 |         write!(f,"\n----------------- RED -----------------\n");
[INFO] [stdout]    |         ^^^^^^^^^^^^^^^^^^^^^^^^^^^^^^^^^^^^^^^^^^^^^^^^^^^^^^^
[INFO] [stdout]    |
[INFO] [stdout]    = note: this `Result` may be an `Err` variant, which should be handled
[INFO] [stdout]    = note: `#[warn(unused_must_use)]` on by default
[INFO] [stdout]    = note: this warning originates in the macro `write` (in Nightly builds, run with -Z macro-backtrace for more info)
[INFO] [stdout] 
[INFO] [stdout] 
[INFO] [stdout] warning: unused `Result` that must be used
[INFO] [stdout]   --> src/lib.rs:56:17
[INFO] [stdout]    |
[INFO] [stdout] 56 |                 write!(f,"{} => {}\n", i, self.r_dist[i]);
[INFO] [stdout]    |                 ^^^^^^^^^^^^^^^^^^^^^^^^^^^^^^^^^^^^^^^^^
[INFO] [stdout]    |
[INFO] [stdout]    = note: this `Result` may be an `Err` variant, which should be handled
[INFO] [stdout]    = note: this warning originates in the macro `write` (in Nightly builds, run with -Z macro-backtrace for more info)
[INFO] [stdout] 
[INFO] [stdout] 
[INFO] [stdout] warning: unused `Result` that must be used
[INFO] [stdout]   --> src/lib.rs:59:9
[INFO] [stdout]    |
[INFO] [stdout] 59 |         write!(f,"\n----------------- GREEN -----------------\n");
[INFO] [stdout]    |         ^^^^^^^^^^^^^^^^^^^^^^^^^^^^^^^^^^^^^^^^^^^^^^^^^^^^^^^^^
[INFO] [stdout]    |
[INFO] [stdout]    = note: this `Result` may be an `Err` variant, which should be handled
[INFO] [stdout]    = note: this warning originates in the macro `write` (in Nightly builds, run with -Z macro-backtrace for more info)
[INFO] [stdout] 
[INFO] [stdout] 
[INFO] [stdout] warning: unused `Result` that must be used
[INFO] [stdout]   --> src/lib.rs:62:17
[INFO] [stdout]    |
[INFO] [stdout] 62 |                 write!(f,"{} => {}\n", i, self.g_dist[i]);
[INFO] [stdout]    |                 ^^^^^^^^^^^^^^^^^^^^^^^^^^^^^^^^^^^^^^^^^
[INFO] [stdout]    |
[INFO] [stdout]    = note: this `Result` may be an `Err` variant, which should be handled
[INFO] [stdout]    = note: this warning originates in the macro `write` (in Nightly builds, run with -Z macro-backtrace for more info)
[INFO] [stdout] 
[INFO] [stdout] 
[INFO] [stdout] warning: unused `Result` that must be used
[INFO] [stdout]   --> src/lib.rs:65:9
[INFO] [stdout]    |
[INFO] [stdout] 65 |         write!(f,"\n----------------- BLUE -----------------\n");
[INFO] [stdout]    |         ^^^^^^^^^^^^^^^^^^^^^^^^^^^^^^^^^^^^^^^^^^^^^^^^^^^^^^^^
[INFO] [stdout]    |
[INFO] [stdout]    = note: this `Result` may be an `Err` variant, which should be handled
[INFO] [stdout]    = note: this warning originates in the macro `write` (in Nightly builds, run with -Z macro-backtrace for more info)
[INFO] [stdout] 
[INFO] [stdout] 
[INFO] [stdout] warning: unused `Result` that must be used
[INFO] [stdout]   --> src/lib.rs:68:17
[INFO] [stdout]    |
[INFO] [stdout] 68 |                 write!(f,"{} => {}\n", i, self.b_dist[i]);
[INFO] [stdout]    |                 ^^^^^^^^^^^^^^^^^^^^^^^^^^^^^^^^^^^^^^^^^
[INFO] [stdout]    |
[INFO] [stdout]    = note: this `Result` may be an `Err` variant, which should be handled
[INFO] [stdout]    = note: this warning originates in the macro `write` (in Nightly builds, run with -Z macro-backtrace for more info)
[INFO] [stdout] 
[INFO] [stdout] 
[INFO] [stdout] warning: variable `R` should have a snake case name
[INFO] [stdout]   --> src/lib.rs:81:13
[INFO] [stdout]    |
[INFO] [stdout] 81 |             R => self.r_dist[pix_val as usize], 
[INFO] [stdout]    |             ^ help: convert the identifier to snake case: `r`
[INFO] [stdout] 
[INFO] [stdout] 
[INFO] [stdout] warning: variable `G` should have a snake case name
[INFO] [stdout]   --> src/lib.rs:82:13
[INFO] [stdout]    |
[INFO] [stdout] 82 |             G => self.g_dist[pix_val as usize], 
[INFO] [stdout]    |             ^ help: convert the identifier to snake case: `g`
[INFO] [stdout] 
[INFO] [stdout] 
[INFO] [stdout] warning: variable `B` should have a snake case name
[INFO] [stdout]   --> src/lib.rs:83:13
[INFO] [stdout]    |
[INFO] [stdout] 83 |             B => self.b_dist[pix_val as usize], 
[INFO] [stdout]    |             ^ help: convert the identifier to snake case: `b`
[INFO] [stdout] 
[INFO] [stdout] 
[INFO] [stdout] warning: variable `L` should have a snake case name
[INFO] [stdout]   --> src/lib.rs:88:13
[INFO] [stdout]    |
[INFO] [stdout] 88 |         let L = 256;
[INFO] [stdout]    |             ^ help: convert the identifier to snake case: `l`
[INFO] [stdout] 
[INFO] [stdout] 
[INFO] [stdout] warning: variable `colorType` should have a snake case name
[INFO] [stdout]    --> src/lib.rs:124:45
[INFO] [stdout]     |
[INFO] [stdout] 124 | pub fn transform_pixel(original_pixel : u8, colorType : Pix ,histogram :& Histogram)-> u8{
[INFO] [stdout]     |                                             ^^^^^^^^^ help: convert the identifier to snake case: `color_type`
[INFO] [stdout] 
[INFO] [stdout] 
[INFO] [stdout] warning: variable `L` should have a snake case name
[INFO] [stdout]    --> src/lib.rs:125:9
[INFO] [stdout]     |
[INFO] [stdout] 125 |     let L = 256.0; 
[INFO] [stdout]     |         ^ help: convert the identifier to snake case: `l`
[INFO] [stdout] 
[INFO] [stdout] 
[INFO] [stdout] warning: 28 warnings emitted
[INFO] [stdout] 
[INFO] [stdout] 
[INFO] [stdout] For more information about this error, try `rustc --explain E0170`.
[INFO] [stdout] 
[INFO] [stderr]     Finished test [unoptimized + debuginfo] target(s) in 0.83s
[INFO] running `Command { std: "docker" "inspect" "6549e2d7272801b55181eec611dbe1f3a26c68c4cb4ba56429f2dd1b0b41e418", kill_on_drop: false }`
[INFO] running `Command { std: "docker" "rm" "-f" "6549e2d7272801b55181eec611dbe1f3a26c68c4cb4ba56429f2dd1b0b41e418", kill_on_drop: false }`
[INFO] [stdout] 6549e2d7272801b55181eec611dbe1f3a26c68c4cb4ba56429f2dd1b0b41e418
[INFO] running `Command { std: "docker" "create" "-v" "/var/lib/crater-agent-workspace/builds/worker-2-tc1/target:/opt/rustwide/target:rw,Z" "-v" "/var/lib/crater-agent-workspace/builds/worker-2-tc1/source:/opt/rustwide/workdir:ro,Z" "-v" "/var/lib/crater-agent-workspace/cargo-home:/opt/rustwide/cargo-home:ro,Z" "-v" "/var/lib/crater-agent-workspace/rustup-home:/opt/rustwide/rustup-home:ro,Z" "-e" "SOURCE_DIR=/opt/rustwide/workdir" "-e" "CARGO_TARGET_DIR=/opt/rustwide/target" "-e" "CARGO_INCREMENTAL=0" "-e" "RUST_BACKTRACE=full" "-e" "RUSTFLAGS=--cap-lints=warn" "-e" "RUSTDOCFLAGS=--cap-lints=warn" "-e" "CARGO_HOME=/opt/rustwide/cargo-home" "-e" "RUSTUP_HOME=/opt/rustwide/rustup-home" "-w" "/opt/rustwide/workdir" "-m" "1610612736" "--user" "0:0" "--network" "none" "ghcr.io/rust-lang/crates-build-env/linux@sha256:2788e3201cd34a07e3172128adcd8b3090168a8e3bcc40d7c032b9dda1df7d1c" "/opt/rustwide/cargo-home/bin/cargo" "+1.75.0" "test" "--frozen", kill_on_drop: false }`
[INFO] [stdout] 277f5738d7c7e773b9c0384a7e5a0050ec8c5cf49e1dde0715eee203008d398c
[INFO] running `Command { std: "docker" "start" "-a" "277f5738d7c7e773b9c0384a7e5a0050ec8c5cf49e1dde0715eee203008d398c", kill_on_drop: false }`
[INFO] [stderr] warning: unused imports: `ImageBuffer`, `RGB`
[INFO] [stderr]   --> src/lib.rs:33:27
[INFO] [stderr]    |
[INFO] [stderr] 33 | use image::{GenericImage, ImageBuffer,RGB,GenericImageView, DynamicImage};
[INFO] [stderr]    |                           ^^^^^^^^^^^ ^^^
[INFO] [stderr]    |
[INFO] [stderr]    = note: `#[warn(unused_imports)]` on by default
[INFO] [stderr] 
[INFO] [stderr] warning: unused import: `image::imageops`
[INFO] [stderr]   --> src/lib.rs:34:5
[INFO] [stderr]    |
[INFO] [stderr] 34 | use image::imageops;
[INFO] [stderr]    |     ^^^^^^^^^^^^^^^
[INFO] [stderr] 
[INFO] [stderr] warning: unused imports: `max`, `min`
[INFO] [stderr]   --> src/lib.rs:35:16
[INFO] [stderr]    |
[INFO] [stderr] 35 | use std::cmp::{min, max};
[INFO] [stderr]    |                ^^^  ^^^
[INFO] [stderr] 
[INFO] [stderr] warning[E0170]: pattern binding `R` is named the same as one of the variants of the type `Pix`
[INFO] [stderr]   --> src/lib.rs:81:13
[INFO] [stderr]    |
[INFO] [stderr] 81 |             R => self.r_dist[pix_val as usize], 
[INFO] [stderr]    |             ^ help: to match on the variant, qualify the path: `Pix::R`
[INFO] [stderr]    |
[INFO] [stderr]    = note: `#[warn(bindings_with_variant_name)]` on by default
[INFO] [stderr] 
[INFO] [stderr] warning[E0170]: pattern binding `G` is named the same as one of the variants of the type `Pix`
[INFO] [stderr]   --> src/lib.rs:82:13
[INFO] [stderr]    |
[INFO] [stderr] 82 |             G => self.g_dist[pix_val as usize], 
[INFO] [stderr]    |             ^ help: to match on the variant, qualify the path: `Pix::G`
[INFO] [stderr] 
[INFO] [stderr] warning[E0170]: pattern binding `B` is named the same as one of the variants of the type `Pix`
[INFO] [stderr]   --> src/lib.rs:83:13
[INFO] [stderr]    |
[INFO] [stderr] 83 |             B => self.b_dist[pix_val as usize], 
[INFO] [stderr]    |             ^ help: to match on the variant, qualify the path: `Pix::B`
[INFO] [stderr] 
[INFO] [stderr] warning: unreachable pattern
[INFO] [stderr]   --> src/lib.rs:82:13
[INFO] [stderr]    |
[INFO] [stderr] 81 |             R => self.r_dist[pix_val as usize], 
[INFO] [stderr]    |             - matches any value
[INFO] [stderr] 82 |             G => self.g_dist[pix_val as usize], 
[INFO] [stderr]    |             ^ unreachable pattern
[INFO] [stderr]    |
[INFO] [stderr]    = note: `#[warn(unreachable_patterns)]` on by default
[INFO] [stderr] 
[INFO] [stderr] warning: unreachable pattern
[INFO] [stderr]   --> src/lib.rs:83:13
[INFO] [stderr]    |
[INFO] [stderr] 81 |             R => self.r_dist[pix_val as usize], 
[INFO] [stderr]    |             - matches any value
[INFO] [stderr] 82 |             G => self.g_dist[pix_val as usize], 
[INFO] [stderr] 83 |             B => self.b_dist[pix_val as usize], 
[INFO] [stderr]    |             ^ unreachable pattern
[INFO] [stderr] 
[INFO] [stderr] warning: unused variable: `R`
[INFO] [stderr]   --> src/lib.rs:81:13
[INFO] [stderr]    |
[INFO] [stderr] 81 |             R => self.r_dist[pix_val as usize], 
[INFO] [stderr]    |             ^ help: if this is intentional, prefix it with an underscore: `_R`
[INFO] [stderr]    |
[INFO] [stderr]    = note: `#[warn(unused_variables)]` on by default
[INFO] [stderr] 
[INFO] [stderr] warning: unused variable: `G`
[INFO] [stderr]   --> src/lib.rs:82:13
[INFO] [stderr]    |
[INFO] [stderr] 82 |             G => self.g_dist[pix_val as usize], 
[INFO] [stderr]    |             ^ help: if this is intentional, prefix it with an underscore: `_G`
[INFO] [stderr] 
[INFO] [stderr] warning: unused variable: `B`
[INFO] [stderr]   --> src/lib.rs:83:13
[INFO] [stderr]    |
[INFO] [stderr] 83 |             B => self.b_dist[pix_val as usize], 
[INFO] [stderr]    |             ^ help: if this is intentional, prefix it with an underscore: `_B`
[INFO] [stderr] 
[INFO] [stderr] warning: variable `sum_distros` is assigned to, but never used
[INFO] [stderr]    --> src/lib.rs:103:17
[INFO] [stderr]     |
[INFO] [stderr] 103 |         let mut sum_distros = 0.0;
[INFO] [stderr]     |                 ^^^^^^^^^^^
[INFO] [stderr]     |
[INFO] [stderr]     = note: consider using `_sum_distros` instead
[INFO] [stderr] 
[INFO] [stderr] warning: unused variable: `new_pixel`
[INFO] [stderr]    --> src/lib.rs:126:9
[INFO] [stderr]     |
[INFO] [stderr] 126 |     let new_pixel = 0; 
[INFO] [stderr]     |         ^^^^^^^^^ help: if this is intentional, prefix it with an underscore: `_new_pixel`
[INFO] [stderr] 
[INFO] [stderr] warning: variable does not need to be mutable
[INFO] [stderr]    --> src/lib.rs:128:9
[INFO] [stderr]     |
[INFO] [stderr] 128 |     let mut up_to = original_pixel as u32 +1;
[INFO] [stderr]     |         ----^^^^^
[INFO] [stderr]     |         |
[INFO] [stderr]     |         help: remove this `mut`
[INFO] [stderr]     |
[INFO] [stderr]     = note: `#[warn(unused_mut)]` on by default
[INFO] [stderr] 
[INFO] [stderr] warning: variable `L` should have a snake case name
[INFO] [stderr]   --> src/lib.rs:52:13
[INFO] [stderr]    |
[INFO] [stderr] 52 |         let L = 256;
[INFO] [stderr]    |             ^ help: convert the identifier to snake case: `l`
[INFO] [stderr]    |
[INFO] [stderr]    = note: `#[warn(non_snake_case)]` on by default
[INFO] [stderr] 
[INFO] [stderr] warning: unused `Result` that must be used
[INFO] [stderr]   --> src/lib.rs:53:9
[INFO] [stderr]    |
[INFO] [stderr] 53 |         write!(f,"\n----------------- RED -----------------\n");
[INFO] [stderr]    |         ^^^^^^^^^^^^^^^^^^^^^^^^^^^^^^^^^^^^^^^^^^^^^^^^^^^^^^^
[INFO] [stderr]    |
[INFO] [stderr]    = note: this `Result` may be an `Err` variant, which should be handled
[INFO] [stderr]    = note: `#[warn(unused_must_use)]` on by default
[INFO] [stderr]    = note: this warning originates in the macro `write` (in Nightly builds, run with -Z macro-backtrace for more info)
[INFO] [stderr] 
[INFO] [stderr] warning: unused `Result` that must be used
[INFO] [stderr]   --> src/lib.rs:56:17
[INFO] [stderr]    |
[INFO] [stderr] 56 |                 write!(f,"{} => {}\n", i, self.r_dist[i]);
[INFO] [stderr]    |                 ^^^^^^^^^^^^^^^^^^^^^^^^^^^^^^^^^^^^^^^^^
[INFO] [stderr]    |
[INFO] [stderr]    = note: this `Result` may be an `Err` variant, which should be handled
[INFO] [stderr]    = note: this warning originates in the macro `write` (in Nightly builds, run with -Z macro-backtrace for more info)
[INFO] [stderr] 
[INFO] [stderr] warning: unused `Result` that must be used
[INFO] [stderr]   --> src/lib.rs:59:9
[INFO] [stderr]    |
[INFO] [stderr] 59 |         write!(f,"\n----------------- GREEN -----------------\n");
[INFO] [stderr]    |         ^^^^^^^^^^^^^^^^^^^^^^^^^^^^^^^^^^^^^^^^^^^^^^^^^^^^^^^^^
[INFO] [stderr]    |
[INFO] [stderr]    = note: this `Result` may be an `Err` variant, which should be handled
[INFO] [stderr]    = note: this warning originates in the macro `write` (in Nightly builds, run with -Z macro-backtrace for more info)
[INFO] [stderr] 
[INFO] [stderr] warning: unused `Result` that must be used
[INFO] [stderr]   --> src/lib.rs:62:17
[INFO] [stderr]    |
[INFO] [stderr] 62 |                 write!(f,"{} => {}\n", i, self.g_dist[i]);
[INFO] [stderr]    |                 ^^^^^^^^^^^^^^^^^^^^^^^^^^^^^^^^^^^^^^^^^
[INFO] [stderr]    |
[INFO] [stderr]    = note: this `Result` may be an `Err` variant, which should be handled
[INFO] [stderr]    = note: this warning originates in the macro `write` (in Nightly builds, run with -Z macro-backtrace for more info)
[INFO] [stderr] 
[INFO] [stderr] warning: unused `Result` that must be used
[INFO] [stderr]   --> src/lib.rs:65:9
[INFO] [stderr]    |
[INFO] [stderr] 65 |         write!(f,"\n----------------- BLUE -----------------\n");
[INFO] [stderr]    |         ^^^^^^^^^^^^^^^^^^^^^^^^^^^^^^^^^^^^^^^^^^^^^^^^^^^^^^^^
[INFO] [stderr]    |
[INFO] [stderr]    = note: this `Result` may be an `Err` variant, which should be handled
[INFO] [stderr]    = note: this warning originates in the macro `write` (in Nightly builds, run with -Z macro-backtrace for more info)
[INFO] [stderr] 
[INFO] [stderr] warning: unused `Result` that must be used
[INFO] [stderr]   --> src/lib.rs:68:17
[INFO] [stderr]    |
[INFO] [stderr] 68 |                 write!(f,"{} => {}\n", i, self.b_dist[i]);
[INFO] [stderr]    |                 ^^^^^^^^^^^^^^^^^^^^^^^^^^^^^^^^^^^^^^^^^
[INFO] [stderr]    |
[INFO] [stderr]    = note: this `Result` may be an `Err` variant, which should be handled
[INFO] [stderr]    = note: this warning originates in the macro `write` (in Nightly builds, run with -Z macro-backtrace for more info)
[INFO] [stderr] 
[INFO] [stderr] warning: variable `R` should have a snake case name
[INFO] [stderr]   --> src/lib.rs:81:13
[INFO] [stderr]    |
[INFO] [stderr] 81 |             R => self.r_dist[pix_val as usize], 
[INFO] [stderr]    |             ^ help: convert the identifier to snake case: `r`
[INFO] [stderr] 
[INFO] [stderr] warning: variable `G` should have a snake case name
[INFO] [stderr]   --> src/lib.rs:82:13
[INFO] [stderr]    |
[INFO] [stderr] 82 |             G => self.g_dist[pix_val as usize], 
[INFO] [stderr]    |             ^ help: convert the identifier to snake case: `g`
[INFO] [stderr] 
[INFO] [stderr] warning: variable `B` should have a snake case name
[INFO] [stderr]   --> src/lib.rs:83:13
[INFO] [stderr]    |
[INFO] [stderr] 83 |             B => self.b_dist[pix_val as usize], 
[INFO] [stderr]    |             ^ help: convert the identifier to snake case: `b`
[INFO] [stderr] 
[INFO] [stderr] warning: variable `L` should have a snake case name
[INFO] [stderr]   --> src/lib.rs:88:13
[INFO] [stderr]    |
[INFO] [stderr] 88 |         let L = 256;
[INFO] [stderr]    |             ^ help: convert the identifier to snake case: `l`
[INFO] [stderr] 
[INFO] [stderr] warning: variable `colorType` should have a snake case name
[INFO] [stderr]    --> src/lib.rs:124:45
[INFO] [stderr]     |
[INFO] [stderr] 124 | pub fn transform_pixel(original_pixel : u8, colorType : Pix ,histogram :& Histogram)-> u8{
[INFO] [stderr]     |                                             ^^^^^^^^^ help: convert the identifier to snake case: `color_type`
[INFO] [stderr] 
[INFO] [stderr] warning: variable `L` should have a snake case name
[INFO] [stderr]    --> src/lib.rs:125:9
[INFO] [stderr]     |
[INFO] [stderr] 125 |     let L = 256.0; 
[INFO] [stderr]     |         ^ help: convert the identifier to snake case: `l`
[INFO] [stderr] 
[INFO] [stderr] For more information about this error, try `rustc --explain E0170`.
[INFO] [stderr] warning: unused variable: `p2`
[INFO] [stderr]    --> src/lib.rs:218:21
[INFO] [stderr]     |
[INFO] [stderr] 218 |                 let p2 = img2.get_pixel(i, j);
[INFO] [stderr]     |                     ^^ help: if this is intentional, prefix it with an underscore: `_p2`
[INFO] [stderr] 
[INFO] [stderr] warning: `image-toolbox` (lib) generated 27 warnings (run `cargo fix --lib -p image-toolbox` to apply 11 suggestions)
[INFO] [stderr] warning: `image-toolbox` (lib test) generated 28 warnings (27 duplicates) (run `cargo fix --lib -p image-toolbox --tests` to apply 1 suggestion)
[INFO] [stderr]     Finished test [unoptimized + debuginfo] target(s) in 0.05s
[INFO] [stderr]      Running unittests src/lib.rs (/opt/rustwide/target/debug/deps/image_toolbox-489b92c13c0512ff)
[INFO] [stdout] 
[INFO] [stdout] running 1 test
[INFO] [stdout] test tests::perform_histogram_equalization ... ok
[INFO] [stdout] 
[INFO] [stdout] test result: ok. 1 passed; 0 failed; 0 ignored; 0 measured; 0 filtered out; finished in 2.43s
[INFO] [stdout] 
[INFO] [stderr]    Doc-tests image_toolbox
[INFO] [stdout] 
[INFO] [stdout] running 7 tests
[INFO] [stdout] test src/lib.rs - (line 22) ... ignored
[INFO] [stdout] test src/lib.rs - (line 5) ... ignored
[INFO] [stdout] test src/lib.rs - save_img (line 173) ... FAILED
[INFO] [stdout] test src/lib.rs - transform_from_histogram (line 135) ... ok
[INFO] [stdout] test src/lib.rs - load_img (line 163) ... ok
[INFO] [stdout] test src/lib.rs - (line 10) ... ok
[INFO] [stdout] test src/lib.rs - normalize_brightness (line 188) ... ok
[INFO] [stdout] 
[INFO] [stdout] failures:
[INFO] [stdout] 
[INFO] [stdout] ---- src/lib.rs - save_img (line 173) stdout ----
[INFO] [stdout] Test executable failed (exit status: 101).
[INFO] [stdout] 
[INFO] [stdout] stderr:
[INFO] [stdout] thread 'main' panicked at src/lib.rs:11:39:
[INFO] [stdout] called `Result::unwrap()` on an `Err` value: Os { code: 30, kind: ReadOnlyFilesystem, message: "Read-only file system" }
[INFO] [stdout] stack backtrace:
[INFO] [stdout]    0:     0x55857a933edc - std::backtrace_rs::backtrace::libunwind::trace::ha637c64ce894333a
[INFO] [stdout]                                at /rustc/82e1608dfa6e0b5569232559e3d385fea5a93112/library/std/src/../../backtrace/src/backtrace/libunwind.rs:104:5
[INFO] [stdout]    1:     0x55857a933edc - std::backtrace_rs::backtrace::trace_unsynchronized::h47f62dea28e0c88d
[INFO] [stdout]                                at /rustc/82e1608dfa6e0b5569232559e3d385fea5a93112/library/std/src/../../backtrace/src/backtrace/mod.rs:66:5
[INFO] [stdout]    2:     0x55857a933edc - std::sys_common::backtrace::_print_fmt::h9eef0abe20ede486
[INFO] [stdout]                                at /rustc/82e1608dfa6e0b5569232559e3d385fea5a93112/library/std/src/sys_common/backtrace.rs:67:5
[INFO] [stdout]    3:     0x55857a933edc - <std::sys_common::backtrace::_print::DisplayBacktrace as core::fmt::Display>::fmt::hed7f999df88cc644
[INFO] [stdout]                                at /rustc/82e1608dfa6e0b5569232559e3d385fea5a93112/library/std/src/sys_common/backtrace.rs:44:22
[INFO] [stdout]    4:     0x55857a953c40 - core::fmt::rt::Argument::fmt::h1539a9308b8d058d
[INFO] [stdout]                                at /rustc/82e1608dfa6e0b5569232559e3d385fea5a93112/library/core/src/fmt/rt.rs:142:9
[INFO] [stdout]    5:     0x55857a953c40 - core::fmt::write::h3a39390d8560d9c9
[INFO] [stdout]                                at /rustc/82e1608dfa6e0b5569232559e3d385fea5a93112/library/core/src/fmt/mod.rs:1120:17
[INFO] [stdout]    6:     0x55857a93238f - std::io::Write::write_fmt::h5fc9997dfe05f882
[INFO] [stdout]                                at /rustc/82e1608dfa6e0b5569232559e3d385fea5a93112/library/std/src/io/mod.rs:1762:15
[INFO] [stdout]    7:     0x55857a933cc4 - std::sys_common::backtrace::_print::h894006fb5c6f3d45
[INFO] [stdout]                                at /rustc/82e1608dfa6e0b5569232559e3d385fea5a93112/library/std/src/sys_common/backtrace.rs:47:5
[INFO] [stdout]    8:     0x55857a933cc4 - std::sys_common::backtrace::print::h23a2d212c6fff936
[INFO] [stdout]                                at /rustc/82e1608dfa6e0b5569232559e3d385fea5a93112/library/std/src/sys_common/backtrace.rs:34:9
[INFO] [stdout]    9:     0x55857a9351d7 - std::panicking::default_hook::{{closure}}::h8a1d2ee00185001a
[INFO] [stdout]   10:     0x55857a934f3f - std::panicking::default_hook::h6038f2eba384e475
[INFO] [stdout]                                at /rustc/82e1608dfa6e0b5569232559e3d385fea5a93112/library/std/src/panicking.rs:292:9
[INFO] [stdout]   11:     0x55857a935658 - std::panicking::rust_panic_with_hook::h2b5517d590cab22e
[INFO] [stdout]                                at /rustc/82e1608dfa6e0b5569232559e3d385fea5a93112/library/std/src/panicking.rs:779:13
[INFO] [stdout]   12:     0x55857a93553e - std::panicking::begin_panic_handler::{{closure}}::h233112c06e0ef43e
[INFO] [stdout]                                at /rustc/82e1608dfa6e0b5569232559e3d385fea5a93112/library/std/src/panicking.rs:657:13
[INFO] [stdout]   13:     0x55857a9343a6 - std::sys_common::backtrace::__rust_end_short_backtrace::h6e893f24d7ebbff8
[INFO] [stdout]                                at /rustc/82e1608dfa6e0b5569232559e3d385fea5a93112/library/std/src/sys_common/backtrace.rs:170:18
[INFO] [stdout]   14:     0x55857a9352a2 - rust_begin_unwind
[INFO] [stdout]                                at /rustc/82e1608dfa6e0b5569232559e3d385fea5a93112/library/std/src/panicking.rs:645:5
[INFO] [stdout]   15:     0x55857a8bee05 - core::panicking::panic_fmt::hbf0e066aabfa482c
[INFO] [stdout]                                at /rustc/82e1608dfa6e0b5569232559e3d385fea5a93112/library/core/src/panicking.rs:72:14
[INFO] [stdout]   16:     0x55857a8bf353 - core::result::unwrap_failed::hddb4fea594200c52
[INFO] [stdout]                                at /rustc/82e1608dfa6e0b5569232559e3d385fea5a93112/library/core/src/result.rs:1653:5
[INFO] [stdout]   17:     0x55857a8bf85b - core::result::Result<T,E>::unwrap::haace680d1a60fcff
[INFO] [stdout]   18:     0x55857a8bf92e - rust_out::main::_doctest_main_src_lib_rs_173_0::hb48f32dcb0631c1a
[INFO] [stdout]   19:     0x55857a8bf8b6 - rust_out::main::hc20c0d07e2402830
[INFO] [stdout]   20:     0x55857a8bf7a3 - core::ops::function::FnOnce::call_once::hbc459743598298c4
[INFO] [stdout]   21:     0x55857a8bf726 - std::sys_common::backtrace::__rust_begin_short_backtrace::h62debe7d3058b76a
[INFO] [stdout]   22:     0x55857a8bf779 - std::rt::lang_start::{{closure}}::h8f486f3e1e6418b2
[INFO] [stdout]   23:     0x55857a92fbe7 - core::ops::function::impls::<impl core::ops::function::FnOnce<A> for &F>::call_once::hd95060ecd5e1ca24
[INFO] [stdout]                                at /rustc/82e1608dfa6e0b5569232559e3d385fea5a93112/library/core/src/ops/function.rs:284:13
[INFO] [stdout]   24:     0x55857a92fbe7 - std::panicking::try::do_call::h6e8cf51db32a6e4b
[INFO] [stdout]                                at /rustc/82e1608dfa6e0b5569232559e3d385fea5a93112/library/std/src/panicking.rs:552:40
[INFO] [stdout]   25:     0x55857a92fbe7 - std::panicking::try::h3a52eefe24fe3c29
[INFO] [stdout]                                at /rustc/82e1608dfa6e0b5569232559e3d385fea5a93112/library/std/src/panicking.rs:516:19
[INFO] [stdout]   26:     0x55857a92fbe7 - std::panic::catch_unwind::h24c28c23c02c3841
[INFO] [stdout]                                at /rustc/82e1608dfa6e0b5569232559e3d385fea5a93112/library/std/src/panic.rs:142:14
[INFO] [stdout]   27:     0x55857a92fbe7 - std::rt::lang_start_internal::{{closure}}::h705d3c9cbc06ef47
[INFO] [stdout]                                at /rustc/82e1608dfa6e0b5569232559e3d385fea5a93112/library/std/src/rt.rs:148:48
[INFO] [stdout]   28:     0x55857a92fbe7 - std::panicking::try::do_call::ha21f52ba13158470
[INFO] [stdout]                                at /rustc/82e1608dfa6e0b5569232559e3d385fea5a93112/library/std/src/panicking.rs:552:40
[INFO] [stdout]   29:     0x55857a92fbe7 - std::panicking::try::h5581346bf6aeb1f8
[INFO] [stdout]                                at /rustc/82e1608dfa6e0b5569232559e3d385fea5a93112/library/std/src/panicking.rs:516:19
[INFO] [stdout]   30:     0x55857a92fbe7 - std::panic::catch_unwind::h7919645a6b72e25b
[INFO] [stdout]                                at /rustc/82e1608dfa6e0b5569232559e3d385fea5a93112/library/std/src/panic.rs:142:14
[INFO] [stdout]   31:     0x55857a92fbe7 - std::rt::lang_start_internal::h12de51168669836e
[INFO] [stdout]                                at /rustc/82e1608dfa6e0b5569232559e3d385fea5a93112/library/std/src/rt.rs:148:20
[INFO] [stdout]   32:     0x55857a8bf757 - std::rt::lang_start::h2c48f91a7bf85629
[INFO] [stdout]   33:     0x55857a8bf975 - main
[INFO] [stdout]   34:     0x7fb617c08d90 - <unknown>
[INFO] [stdout]   35:     0x7fb617c08e40 - __libc_start_main
[INFO] [stdout]   36:     0x55857a8bf655 - _start
[INFO] [stdout]   37:                0x0 - <unknown>
[INFO] [stdout] 
[INFO] [stdout] 
[INFO] [stdout] 
[INFO] [stdout] failures:
[INFO] [stdout]     src/lib.rs - save_img (line 173)
[INFO] [stdout] 
[INFO] [stdout] test result: FAILED. 4 passed; 1 failed; 2 ignored; 0 measured; 0 filtered out; finished in 3.28s
[INFO] [stdout] 
[INFO] [stderr] error: doctest failed, to rerun pass `--doc`
[INFO] running `Command { std: "docker" "inspect" "277f5738d7c7e773b9c0384a7e5a0050ec8c5cf49e1dde0715eee203008d398c", kill_on_drop: false }`
[INFO] running `Command { std: "docker" "rm" "-f" "277f5738d7c7e773b9c0384a7e5a0050ec8c5cf49e1dde0715eee203008d398c", kill_on_drop: false }`
[INFO] [stdout] 277f5738d7c7e773b9c0384a7e5a0050ec8c5cf49e1dde0715eee203008d398c
