[INFO] fetching crate image-hdr 0.3.0...
[INFO] testing image-hdr-0.3.0 against 1.75.0 for beta-1.76-1
[INFO] extracting crate image-hdr 0.3.0 into /workspace/builds/worker-0-tc1/source
[INFO] validating manifest of crates.io crate image-hdr 0.3.0 on toolchain 1.75.0
[INFO] running `Command { std: CARGO_HOME="/workspace/cargo-home" RUSTUP_HOME="/workspace/rustup-home" "/workspace/cargo-home/bin/cargo" "+1.75.0" "metadata" "--manifest-path" "Cargo.toml" "--no-deps", kill_on_drop: false }`
[INFO] started tweaking crates.io crate image-hdr 0.3.0
[INFO] finished tweaking crates.io crate image-hdr 0.3.0
[INFO] tweaked toml for crates.io crate image-hdr 0.3.0 written to /workspace/builds/worker-0-tc1/source/Cargo.toml
[INFO] running `Command { std: CARGO_HOME="/workspace/cargo-home" RUSTUP_HOME="/workspace/rustup-home" "/workspace/cargo-home/bin/cargo" "+1.75.0" "generate-lockfile" "--manifest-path" "Cargo.toml", kill_on_drop: false }`
[INFO] [stderr]     Updating crates.io index
[INFO] running `Command { std: CARGO_HOME="/workspace/cargo-home" RUSTUP_HOME="/workspace/rustup-home" "/workspace/cargo-home/bin/cargo" "+1.75.0" "fetch" "--manifest-path" "Cargo.toml", kill_on_drop: false }`
[INFO] running `Command { std: "docker" "create" "-v" "/var/lib/crater-agent-workspace/builds/worker-0-tc1/target:/opt/rustwide/target:rw,Z" "-v" "/var/lib/crater-agent-workspace/builds/worker-0-tc1/source:/opt/rustwide/workdir:ro,Z" "-v" "/var/lib/crater-agent-workspace/cargo-home:/opt/rustwide/cargo-home:ro,Z" "-v" "/var/lib/crater-agent-workspace/rustup-home:/opt/rustwide/rustup-home:ro,Z" "-e" "SOURCE_DIR=/opt/rustwide/workdir" "-e" "CARGO_TARGET_DIR=/opt/rustwide/target" "-e" "CARGO_HOME=/opt/rustwide/cargo-home" "-e" "RUSTUP_HOME=/opt/rustwide/rustup-home" "-w" "/opt/rustwide/workdir" "-m" "1610612736" "--user" "0:0" "--network" "none" "ghcr.io/rust-lang/crates-build-env/linux@sha256:2788e3201cd34a07e3172128adcd8b3090168a8e3bcc40d7c032b9dda1df7d1c" "/opt/rustwide/cargo-home/bin/cargo" "+1.75.0" "metadata" "--no-deps" "--format-version=1", kill_on_drop: false }`
[INFO] [stdout] 112fc858383c067b3504e937122fb5cb437f16f6c48a0cfe4d592dc102eb24a1
[INFO] running `Command { std: "docker" "start" "-a" "112fc858383c067b3504e937122fb5cb437f16f6c48a0cfe4d592dc102eb24a1", kill_on_drop: false }`
[INFO] running `Command { std: "docker" "inspect" "112fc858383c067b3504e937122fb5cb437f16f6c48a0cfe4d592dc102eb24a1", kill_on_drop: false }`
[INFO] running `Command { std: "docker" "rm" "-f" "112fc858383c067b3504e937122fb5cb437f16f6c48a0cfe4d592dc102eb24a1", kill_on_drop: false }`
[INFO] [stdout] 112fc858383c067b3504e937122fb5cb437f16f6c48a0cfe4d592dc102eb24a1
[INFO] running `Command { std: "docker" "create" "-v" "/var/lib/crater-agent-workspace/builds/worker-0-tc1/target:/opt/rustwide/target:rw,Z" "-v" "/var/lib/crater-agent-workspace/builds/worker-0-tc1/source:/opt/rustwide/workdir:ro,Z" "-v" "/var/lib/crater-agent-workspace/cargo-home:/opt/rustwide/cargo-home:ro,Z" "-v" "/var/lib/crater-agent-workspace/rustup-home:/opt/rustwide/rustup-home:ro,Z" "-e" "SOURCE_DIR=/opt/rustwide/workdir" "-e" "CARGO_TARGET_DIR=/opt/rustwide/target" "-e" "CARGO_INCREMENTAL=0" "-e" "RUST_BACKTRACE=full" "-e" "RUSTFLAGS=--cap-lints=warn" "-e" "RUSTDOCFLAGS=--cap-lints=warn" "-e" "CARGO_HOME=/opt/rustwide/cargo-home" "-e" "RUSTUP_HOME=/opt/rustwide/rustup-home" "-w" "/opt/rustwide/workdir" "-m" "1610612736" "--user" "0:0" "--network" "none" "ghcr.io/rust-lang/crates-build-env/linux@sha256:2788e3201cd34a07e3172128adcd8b3090168a8e3bcc40d7c032b9dda1df7d1c" "/opt/rustwide/cargo-home/bin/cargo" "+1.75.0" "build" "--frozen" "--message-format=json", kill_on_drop: false }`
[INFO] [stdout] df6ed0efafbe422cddc5bc0ad58f4329cc89474aab77d77913ee46f4d2f13987
[INFO] running `Command { std: "docker" "start" "-a" "df6ed0efafbe422cddc5bc0ad58f4329cc89474aab77d77913ee46f4d2f13987", kill_on_drop: false }`
[INFO] [stderr]    Compiling num-integer v0.1.45
[INFO] [stderr]    Compiling spin v0.9.8
[INFO] [stderr]    Compiling toml v0.5.11
[INFO] [stderr]    Compiling num-rational v0.4.1
[INFO] [stderr]    Compiling weezl v0.1.7
[INFO] [stderr]    Compiling rayon v1.8.0
[INFO] [stderr]    Compiling blake3 v1.5.0
[INFO] [stderr]    Compiling zune-inflate v0.2.54
[INFO] [stderr]    Compiling flume v0.11.0
[INFO] [stderr]    Compiling bit_field v0.10.2
[INFO] [stderr]    Compiling half v2.2.1
[INFO] [stderr]    Compiling color_quant v1.1.0
[INFO] [stderr]    Compiling lebe v0.5.2
[INFO] [stderr]    Compiling bytemuck v1.14.0
[INFO] [stderr]    Compiling exr v1.71.0
[INFO] [stderr]    Compiling gif v0.12.0
[INFO] [stderr]    Compiling qoi v0.4.1
[INFO] [stderr]    Compiling yaml-rust v0.4.5
[INFO] [stderr]    Compiling enumn v0.1.13
[INFO] [stderr]    Compiling constant_time_eq v0.3.0
[INFO] [stderr]    Compiling serde_yaml v0.8.26
[INFO] [stderr]    Compiling multicache v0.6.1
[INFO] [stderr]    Compiling thiserror-impl v1.0.56
[INFO] [stderr]    Compiling bincode v1.3.3
[INFO] [stderr]    Compiling mutate_once v0.1.1
[INFO] [stderr]    Compiling jpeg-decoder v0.3.0
[INFO] [stderr]    Compiling kamadak-exif v0.5.5
[INFO] [stderr]    Compiling rawloader v0.37.1
[INFO] [stderr]    Compiling tiff v0.9.0
[INFO] [stderr]    Compiling thiserror v1.0.56
[INFO] [stderr]    Compiling image v0.24.7
[INFO] [stderr]    Compiling imagepipe v0.5.0
[INFO] [stderr]    Compiling image-hdr v0.3.0 (/opt/rustwide/workdir)
[INFO] [stderr]     Finished dev [unoptimized + debuginfo] target(s) in 14.23s
[INFO] running `Command { std: "docker" "inspect" "df6ed0efafbe422cddc5bc0ad58f4329cc89474aab77d77913ee46f4d2f13987", kill_on_drop: false }`
[INFO] running `Command { std: "docker" "rm" "-f" "df6ed0efafbe422cddc5bc0ad58f4329cc89474aab77d77913ee46f4d2f13987", kill_on_drop: false }`
[INFO] [stdout] df6ed0efafbe422cddc5bc0ad58f4329cc89474aab77d77913ee46f4d2f13987
[INFO] running `Command { std: "docker" "create" "-v" "/var/lib/crater-agent-workspace/builds/worker-0-tc1/target:/opt/rustwide/target:rw,Z" "-v" "/var/lib/crater-agent-workspace/builds/worker-0-tc1/source:/opt/rustwide/workdir:ro,Z" "-v" "/var/lib/crater-agent-workspace/cargo-home:/opt/rustwide/cargo-home:ro,Z" "-v" "/var/lib/crater-agent-workspace/rustup-home:/opt/rustwide/rustup-home:ro,Z" "-e" "SOURCE_DIR=/opt/rustwide/workdir" "-e" "CARGO_TARGET_DIR=/opt/rustwide/target" "-e" "CARGO_INCREMENTAL=0" "-e" "RUST_BACKTRACE=full" "-e" "RUSTFLAGS=--cap-lints=warn" "-e" "RUSTDOCFLAGS=--cap-lints=warn" "-e" "CARGO_HOME=/opt/rustwide/cargo-home" "-e" "RUSTUP_HOME=/opt/rustwide/rustup-home" "-w" "/opt/rustwide/workdir" "-m" "1610612736" "--user" "0:0" "--network" "none" "ghcr.io/rust-lang/crates-build-env/linux@sha256:2788e3201cd34a07e3172128adcd8b3090168a8e3bcc40d7c032b9dda1df7d1c" "/opt/rustwide/cargo-home/bin/cargo" "+1.75.0" "test" "--frozen" "--no-run" "--message-format=json", kill_on_drop: false }`
[INFO] [stdout] b6bc0ac58c2139095ea3165d3f31ccf764f8fd323dcdfd3c3c2e2fc4c66efdb8
[INFO] running `Command { std: "docker" "start" "-a" "b6bc0ac58c2139095ea3165d3f31ccf764f8fd323dcdfd3c3c2e2fc4c66efdb8", kill_on_drop: false }`
[INFO] [stderr]    Compiling image-hdr v0.3.0 (/opt/rustwide/workdir)
[INFO] [stderr]     Finished test [unoptimized + debuginfo] target(s) in 0.44s
[INFO] running `Command { std: "docker" "inspect" "b6bc0ac58c2139095ea3165d3f31ccf764f8fd323dcdfd3c3c2e2fc4c66efdb8", kill_on_drop: false }`
[INFO] running `Command { std: "docker" "rm" "-f" "b6bc0ac58c2139095ea3165d3f31ccf764f8fd323dcdfd3c3c2e2fc4c66efdb8", kill_on_drop: false }`
[INFO] [stdout] b6bc0ac58c2139095ea3165d3f31ccf764f8fd323dcdfd3c3c2e2fc4c66efdb8
[INFO] running `Command { std: "docker" "create" "-v" "/var/lib/crater-agent-workspace/builds/worker-0-tc1/target:/opt/rustwide/target:rw,Z" "-v" "/var/lib/crater-agent-workspace/builds/worker-0-tc1/source:/opt/rustwide/workdir:ro,Z" "-v" "/var/lib/crater-agent-workspace/cargo-home:/opt/rustwide/cargo-home:ro,Z" "-v" "/var/lib/crater-agent-workspace/rustup-home:/opt/rustwide/rustup-home:ro,Z" "-e" "SOURCE_DIR=/opt/rustwide/workdir" "-e" "CARGO_TARGET_DIR=/opt/rustwide/target" "-e" "CARGO_INCREMENTAL=0" "-e" "RUST_BACKTRACE=full" "-e" "RUSTFLAGS=--cap-lints=warn" "-e" "RUSTDOCFLAGS=--cap-lints=warn" "-e" "CARGO_HOME=/opt/rustwide/cargo-home" "-e" "RUSTUP_HOME=/opt/rustwide/rustup-home" "-w" "/opt/rustwide/workdir" "-m" "1610612736" "--user" "0:0" "--network" "none" "ghcr.io/rust-lang/crates-build-env/linux@sha256:2788e3201cd34a07e3172128adcd8b3090168a8e3bcc40d7c032b9dda1df7d1c" "/opt/rustwide/cargo-home/bin/cargo" "+1.75.0" "test" "--frozen", kill_on_drop: false }`
[INFO] [stdout] 3fe09615bb4be294b0de79a7a49792c7c0959b19185569ea101573ab5903d1ba
[INFO] running `Command { std: "docker" "start" "-a" "3fe09615bb4be294b0de79a7a49792c7c0959b19185569ea101573ab5903d1ba", kill_on_drop: false }`
[INFO] [stderr]     Finished test [unoptimized + debuginfo] target(s) in 0.06s
[INFO] [stderr]      Running unittests src/lib.rs (/opt/rustwide/target/debug/deps/image_hdr-81935a78b276fb32)
[INFO] [stdout] 
[INFO] [stdout] running 0 tests
[INFO] [stdout] 
[INFO] [stdout] test result: ok. 0 passed; 0 failed; 0 ignored; 0 measured; 0 filtered out; finished in 0.00s
[INFO] [stdout] 
[INFO] [stderr]    Doc-tests image-hdr
[INFO] [stdout] 
[INFO] [stdout] running 1 test
[INFO] [stdout] test src/util.rs - util::transpose_vec (line 6) ... FAILED
[INFO] [stdout] 
[INFO] [stdout] failures:
[INFO] [stdout] 
[INFO] [stdout] ---- src/util.rs - util::transpose_vec (line 6) stdout ----
[INFO] [stdout] error[E0425]: cannot find function `transpose_vec` in this scope
[INFO] [stdout]  --> src/util.rs:8:14
[INFO] [stdout]   |
[INFO] [stdout] 4 | let result = transpose_vec(&vec);
[INFO] [stdout]   |              ^^^^^^^^^^^^^ not found in this scope
[INFO] [stdout] 
[INFO] [stdout] error: aborting due to previous error
[INFO] [stdout] 
[INFO] [stdout] For more information about this error, try `rustc --explain E0425`.
[INFO] [stdout] Couldn't compile the test.
[INFO] [stdout] 
[INFO] [stdout] failures:
[INFO] [stdout]     src/util.rs - util::transpose_vec (line 6)
[INFO] [stdout] 
[INFO] [stdout] test result: FAILED. 0 passed; 1 failed; 0 ignored; 0 measured; 0 filtered out; finished in 0.12s
[INFO] [stdout] 
[INFO] [stderr] error: doctest failed, to rerun pass `--doc`
[INFO] running `Command { std: "docker" "inspect" "3fe09615bb4be294b0de79a7a49792c7c0959b19185569ea101573ab5903d1ba", kill_on_drop: false }`
[INFO] running `Command { std: "docker" "rm" "-f" "3fe09615bb4be294b0de79a7a49792c7c0959b19185569ea101573ab5903d1ba", kill_on_drop: false }`
[INFO] [stdout] 3fe09615bb4be294b0de79a7a49792c7c0959b19185569ea101573ab5903d1ba
