[INFO] fetching crate image-effects 0.1.0...
[INFO] testing image-effects-0.1.0 against 1.75.0 for beta-1.76-1
[INFO] extracting crate image-effects 0.1.0 into /workspace/builds/worker-5-tc1/source
[INFO] validating manifest of crates.io crate image-effects 0.1.0 on toolchain 1.75.0
[INFO] running `Command { std: CARGO_HOME="/workspace/cargo-home" RUSTUP_HOME="/workspace/rustup-home" "/workspace/cargo-home/bin/cargo" "+1.75.0" "metadata" "--manifest-path" "Cargo.toml" "--no-deps", kill_on_drop: false }`
[INFO] started tweaking crates.io crate image-effects 0.1.0
[INFO] finished tweaking crates.io crate image-effects 0.1.0
[INFO] tweaked toml for crates.io crate image-effects 0.1.0 written to /workspace/builds/worker-5-tc1/source/Cargo.toml
[INFO] running `Command { std: CARGO_HOME="/workspace/cargo-home" RUSTUP_HOME="/workspace/rustup-home" "/workspace/cargo-home/bin/cargo" "+1.75.0" "generate-lockfile" "--manifest-path" "Cargo.toml", kill_on_drop: false }`
[INFO] [stderr]     Updating crates.io index
[INFO] running `Command { std: CARGO_HOME="/workspace/cargo-home" RUSTUP_HOME="/workspace/rustup-home" "/workspace/cargo-home/bin/cargo" "+1.75.0" "fetch" "--manifest-path" "Cargo.toml", kill_on_drop: false }`
[INFO] [stderr]     Blocking waiting for file lock on package cache
[INFO] [stderr]     Blocking waiting for file lock on package cache
[INFO] [stderr]  Downloading crates ...
[INFO] [stderr]   Downloaded qoi v0.4.1
[INFO] [stderr]   Downloaded half v2.2.1
[INFO] [stderr]   Downloaded lebe v0.5.2
[INFO] [stderr]   Downloaded bit_field v0.10.2
[INFO] [stderr]   Downloaded zune-inflate v0.2.54
[INFO] [stderr]   Downloaded exr v1.71.0
[INFO] [stderr]   Downloaded ndarray v0.15.6
[INFO] [stderr]   Downloaded tiff v0.9.0
[INFO] running `Command { std: "docker" "create" "-v" "/var/lib/crater-agent-workspace/builds/worker-5-tc1/target:/opt/rustwide/target:rw,Z" "-v" "/var/lib/crater-agent-workspace/builds/worker-5-tc1/source:/opt/rustwide/workdir:ro,Z" "-v" "/var/lib/crater-agent-workspace/cargo-home:/opt/rustwide/cargo-home:ro,Z" "-v" "/var/lib/crater-agent-workspace/rustup-home:/opt/rustwide/rustup-home:ro,Z" "-e" "SOURCE_DIR=/opt/rustwide/workdir" "-e" "CARGO_TARGET_DIR=/opt/rustwide/target" "-e" "CARGO_HOME=/opt/rustwide/cargo-home" "-e" "RUSTUP_HOME=/opt/rustwide/rustup-home" "-w" "/opt/rustwide/workdir" "-m" "1610612736" "--user" "0:0" "--network" "none" "ghcr.io/rust-lang/crates-build-env/linux@sha256:2788e3201cd34a07e3172128adcd8b3090168a8e3bcc40d7c032b9dda1df7d1c" "/opt/rustwide/cargo-home/bin/cargo" "+1.75.0" "metadata" "--no-deps" "--format-version=1", kill_on_drop: false }`
[INFO] [stdout] b3d3d7ee67017bd97a99c6bd6abf155da5c82119deed7feb1aff48fe6501d349
[INFO] running `Command { std: "docker" "start" "-a" "b3d3d7ee67017bd97a99c6bd6abf155da5c82119deed7feb1aff48fe6501d349", kill_on_drop: false }`
[INFO] running `Command { std: "docker" "inspect" "b3d3d7ee67017bd97a99c6bd6abf155da5c82119deed7feb1aff48fe6501d349", kill_on_drop: false }`
[INFO] running `Command { std: "docker" "rm" "-f" "b3d3d7ee67017bd97a99c6bd6abf155da5c82119deed7feb1aff48fe6501d349", kill_on_drop: false }`
[INFO] [stdout] b3d3d7ee67017bd97a99c6bd6abf155da5c82119deed7feb1aff48fe6501d349
[INFO] running `Command { std: "docker" "create" "-v" "/var/lib/crater-agent-workspace/builds/worker-5-tc1/target:/opt/rustwide/target:rw,Z" "-v" "/var/lib/crater-agent-workspace/builds/worker-5-tc1/source:/opt/rustwide/workdir:ro,Z" "-v" "/var/lib/crater-agent-workspace/cargo-home:/opt/rustwide/cargo-home:ro,Z" "-v" "/var/lib/crater-agent-workspace/rustup-home:/opt/rustwide/rustup-home:ro,Z" "-e" "SOURCE_DIR=/opt/rustwide/workdir" "-e" "CARGO_TARGET_DIR=/opt/rustwide/target" "-e" "CARGO_INCREMENTAL=0" "-e" "RUST_BACKTRACE=full" "-e" "RUSTFLAGS=--cap-lints=warn" "-e" "RUSTDOCFLAGS=--cap-lints=warn" "-e" "CARGO_HOME=/opt/rustwide/cargo-home" "-e" "RUSTUP_HOME=/opt/rustwide/rustup-home" "-w" "/opt/rustwide/workdir" "-m" "1610612736" "--user" "0:0" "--network" "none" "ghcr.io/rust-lang/crates-build-env/linux@sha256:2788e3201cd34a07e3172128adcd8b3090168a8e3bcc40d7c032b9dda1df7d1c" "/opt/rustwide/cargo-home/bin/cargo" "+1.75.0" "build" "--frozen" "--message-format=json", kill_on_drop: false }`
[INFO] [stdout] e59ced7d8df75c8068bcd640c6caf854a7a7901098e1f702ec35959000e75bc7
[INFO] running `Command { std: "docker" "start" "-a" "e59ced7d8df75c8068bcd640c6caf854a7a7901098e1f702ec35959000e75bc7", kill_on_drop: false }`
[INFO] [stderr]    Compiling num-traits v0.2.17
[INFO] [stderr]    Compiling crossbeam-utils v0.8.18
[INFO] [stderr]    Compiling num-integer v0.1.45
[INFO] [stderr]    Compiling simd-adler32 v0.3.7
[INFO] [stderr]    Compiling rayon-core v1.12.0
[INFO] [stderr]    Compiling lock_api v0.4.11
[INFO] [stderr]    Compiling crc32fast v1.3.2
[INFO] [stderr]    Compiling adler v1.0.2
[INFO] [stderr]    Compiling num-bigint v0.4.4
[INFO] [stderr]    Compiling rand_core v0.6.4
[INFO] [stderr]    Compiling siphasher v0.3.11
[INFO] [stderr]    Compiling scopeguard v1.2.0
[INFO] [stderr]    Compiling num-rational v0.4.1
[INFO] [stderr]    Compiling num-iter v0.1.43
[INFO] [stderr]    Compiling matrixmultiply v0.3.8
[INFO] [stderr]    Compiling syn v2.0.48
[INFO] [stderr]    Compiling weezl v0.1.7
[INFO] [stderr]    Compiling phf_shared v0.11.2
[INFO] [stderr]    Compiling rand v0.8.5
[INFO] [stderr]    Compiling bytemuck v1.14.0
[INFO] [stderr]    Compiling miniz_oxide v0.7.1
[INFO] [stderr]    Compiling fdeflate v0.3.3
[INFO] [stderr]    Compiling zune-inflate v0.2.54
[INFO] [stderr]    Compiling rawpointer v0.2.1
[INFO] [stderr]    Compiling palette v0.7.3
[INFO] [stderr]    Compiling smallvec v1.11.2
[INFO] [stderr]    Compiling color_quant v1.1.0
[INFO] [stderr]    Compiling lebe v0.5.2
[INFO] [stderr]    Compiling half v2.2.1
[INFO] [stderr]    Compiling spin v0.9.8
[INFO] [stderr]    Compiling bit_field v0.10.2
[INFO] [stderr]    Compiling gif v0.12.0
[INFO] [stderr]    Compiling qoi v0.4.1
[INFO] [stderr]    Compiling byteorder v1.5.0
[INFO] [stderr]    Compiling fast-srgb8 v1.0.0
[INFO] [stderr]    Compiling flate2 v1.0.28
[INFO] [stderr]    Compiling phf_generator v0.11.2
[INFO] [stderr]    Compiling flume v0.11.0
[INFO] [stderr]    Compiling crossbeam-epoch v0.9.17
[INFO] [stderr]    Compiling crossbeam-deque v0.8.4
[INFO] [stderr]    Compiling png v0.17.10
[INFO] [stderr]    Compiling num-complex v0.4.4
[INFO] [stderr]    Compiling approx v0.5.1
[INFO] [stderr]    Compiling rayon v1.8.0
[INFO] [stderr]    Compiling exr v1.71.0
[INFO] [stderr]    Compiling ndarray v0.15.6
[INFO] [stderr]    Compiling num v0.4.1
[INFO] [stderr]    Compiling jpeg-decoder v0.3.0
[INFO] [stderr]    Compiling phf_macros v0.11.2
[INFO] [stderr]    Compiling palette_derive v0.7.3
[INFO] [stderr]    Compiling tiff v0.9.0
[INFO] [stderr]    Compiling phf v0.11.2
[INFO] [stderr]    Compiling image v0.24.7
[INFO] [stderr]    Compiling image-effects v0.1.0 (/opt/rustwide/workdir)
[INFO] [stdout] warning: function `sum` is never used
[INFO] [stdout]  --> src/utils/numops.rs:1:18
[INFO] [stdout]   |
[INFO] [stdout] 1 | #[inline] pub fn sum(nums: &[u8]) -> usize {
[INFO] [stdout]   |                  ^^^
[INFO] [stdout]   |
[INFO] [stdout]   = note: `#[warn(dead_code)]` on by default
[INFO] [stdout] 
[INFO] [stdout] 
[INFO] [stdout] warning: function `average` is never used
[INFO] [stdout]  --> src/utils/numops.rs:5:18
[INFO] [stdout]   |
[INFO] [stdout] 5 | #[inline] pub fn average(nums: &[u8]) -> f64 {
[INFO] [stdout]   |                  ^^^^^^^
[INFO] [stdout] 
[INFO] [stdout] 
[INFO] [stdout] warning: call to `.clone()` on a reference in this situation does nothing
[INFO] [stdout]   --> src/filter/raw.rs:85:42
[INFO] [stdout]    |
[INFO] [stdout] 85 |     let mut gradient = Vec::from(gradient.clone());
[INFO] [stdout]    |                                          ^^^^^^^^ help: remove this redundant call
[INFO] [stdout]    |
[INFO] [stdout]    = note: the type `[(U, f32)]` does not implement `Clone`, so calling `clone` on `&[(U, f32)]` copies the reference, which does not do anything and can be removed
[INFO] [stdout]    = note: `#[warn(noop_method_call)]` on by default
[INFO] [stdout] 
[INFO] [stdout] 
[INFO] [stdout] warning: 3 warnings emitted
[INFO] [stdout] 
[INFO] [stdout] 
[INFO] [stderr]     Finished dev [unoptimized + debuginfo] target(s) in 12.88s
[INFO] running `Command { std: "docker" "inspect" "e59ced7d8df75c8068bcd640c6caf854a7a7901098e1f702ec35959000e75bc7", kill_on_drop: false }`
[INFO] running `Command { std: "docker" "rm" "-f" "e59ced7d8df75c8068bcd640c6caf854a7a7901098e1f702ec35959000e75bc7", kill_on_drop: false }`
[INFO] [stdout] e59ced7d8df75c8068bcd640c6caf854a7a7901098e1f702ec35959000e75bc7
[INFO] running `Command { std: "docker" "create" "-v" "/var/lib/crater-agent-workspace/builds/worker-5-tc1/target:/opt/rustwide/target:rw,Z" "-v" "/var/lib/crater-agent-workspace/builds/worker-5-tc1/source:/opt/rustwide/workdir:ro,Z" "-v" "/var/lib/crater-agent-workspace/cargo-home:/opt/rustwide/cargo-home:ro,Z" "-v" "/var/lib/crater-agent-workspace/rustup-home:/opt/rustwide/rustup-home:ro,Z" "-e" "SOURCE_DIR=/opt/rustwide/workdir" "-e" "CARGO_TARGET_DIR=/opt/rustwide/target" "-e" "CARGO_INCREMENTAL=0" "-e" "RUST_BACKTRACE=full" "-e" "RUSTFLAGS=--cap-lints=warn" "-e" "RUSTDOCFLAGS=--cap-lints=warn" "-e" "CARGO_HOME=/opt/rustwide/cargo-home" "-e" "RUSTUP_HOME=/opt/rustwide/rustup-home" "-w" "/opt/rustwide/workdir" "-m" "1610612736" "--user" "0:0" "--network" "none" "ghcr.io/rust-lang/crates-build-env/linux@sha256:2788e3201cd34a07e3172128adcd8b3090168a8e3bcc40d7c032b9dda1df7d1c" "/opt/rustwide/cargo-home/bin/cargo" "+1.75.0" "test" "--frozen" "--no-run" "--message-format=json", kill_on_drop: false }`
[INFO] [stdout] f790cf61386bbd3da5eb1ce4bb47926b310dac3b6000980a78e32c8e3e27372f
[INFO] running `Command { std: "docker" "start" "-a" "f790cf61386bbd3da5eb1ce4bb47926b310dac3b6000980a78e32c8e3e27372f", kill_on_drop: false }`
[INFO] [stderr]    Compiling libc v0.2.151
[INFO] [stderr]    Compiling vcpkg v0.2.15
[INFO] [stderr]    Compiling pkg-config v0.3.28
[INFO] [stderr]    Compiling openssl v0.10.62
[INFO] [stderr]    Compiling num_cpus v1.16.0
[INFO] [stderr]    Compiling openssl-macros v0.1.1
[INFO] [stderr]    Compiling bitflags v2.4.1
[INFO] [stderr]    Compiling futures-util v0.3.30
[INFO] [stderr]    Compiling serde v1.0.194
[INFO] [stderr]    Compiling unicode-normalization v0.1.22
[INFO] [stderr]    Compiling futures-channel v0.3.30
[INFO] [stderr]    Compiling unicode-bidi v0.3.14
[INFO] [stderr]    Compiling encoding_rs v0.8.33
[INFO] [stderr]    Compiling ipnet v2.9.0
[INFO] [stdout] warning: function `sum` is never used
[INFO] [stdout]  --> src/utils/numops.rs:1:18
[INFO] [stdout]   |
[INFO] [stdout] 1 | #[inline] pub fn sum(nums: &[u8]) -> usize {
[INFO] [stdout]   |                  ^^^
[INFO] [stdout]   |
[INFO] [stdout]   = note: `#[warn(dead_code)]` on by default
[INFO] [stdout] 
[INFO] [stdout] 
[INFO] [stdout] warning: function `average` is never used
[INFO] [stdout]  --> src/utils/numops.rs:5:18
[INFO] [stdout]   |
[INFO] [stdout] 5 | #[inline] pub fn average(nums: &[u8]) -> f64 {
[INFO] [stdout]   |                  ^^^^^^^
[INFO] [stdout] 
[INFO] [stdout] 
[INFO] [stdout] warning: call to `.clone()` on a reference in this situation does nothing
[INFO] [stdout]   --> src/filter/raw.rs:85:42
[INFO] [stdout]    |
[INFO] [stdout] 85 |     let mut gradient = Vec::from(gradient.clone());
[INFO] [stdout]    |                                          ^^^^^^^^ help: remove this redundant call
[INFO] [stdout]    |
[INFO] [stdout]    = note: the type `[(U, f32)]` does not implement `Clone`, so calling `clone` on `&[(U, f32)]` copies the reference, which does not do anything and can be removed
[INFO] [stdout]    = note: `#[warn(noop_method_call)]` on by default
[INFO] [stdout] 
[INFO] [stdout] 
[INFO] [stdout] warning: 3 warnings emitted
[INFO] [stdout] 
[INFO] [stdout] 
[INFO] [stderr]    Compiling tokio v1.35.1
[INFO] [stderr]    Compiling idna v0.5.0
[INFO] [stderr]    Compiling url v2.5.0
[INFO] [stderr]    Compiling cc v1.0.83
[INFO] [stderr]    Compiling openssl-sys v0.9.98
[INFO] [stderr]    Compiling native-tls v0.2.11
[INFO] [stderr]    Compiling serde_urlencoded v0.7.1
[INFO] [stderr]    Compiling tokio-util v0.7.10
[INFO] [stderr]    Compiling h2 v0.3.22
[INFO] [stderr]    Compiling tokio-native-tls v0.3.1
[INFO] [stderr]    Compiling hyper v0.14.28
[INFO] [stderr]    Compiling hyper-tls v0.5.0
[INFO] [stderr]    Compiling reqwest v0.11.23
[INFO] [stderr]    Compiling image-effects v0.1.0 (/opt/rustwide/workdir)
[INFO] [stdout] warning: function `sum` is never used
[INFO] [stdout]  --> src/utils/numops.rs:1:18
[INFO] [stdout]   |
[INFO] [stdout] 1 | #[inline] pub fn sum(nums: &[u8]) -> usize {
[INFO] [stdout]   |                  ^^^
[INFO] [stdout]   |
[INFO] [stdout]   = note: `#[warn(dead_code)]` on by default
[INFO] [stdout] 
[INFO] [stdout] 
[INFO] [stdout] warning: function `average` is never used
[INFO] [stdout]  --> src/utils/numops.rs:5:18
[INFO] [stdout]   |
[INFO] [stdout] 5 | #[inline] pub fn average(nums: &[u8]) -> f64 {
[INFO] [stdout]   |                  ^^^^^^^
[INFO] [stdout] 
[INFO] [stdout] 
[INFO] [stdout] warning: call to `.clone()` on a reference in this situation does nothing
[INFO] [stdout]   --> src/filter/raw.rs:85:42
[INFO] [stdout]    |
[INFO] [stdout] 85 |     let mut gradient = Vec::from(gradient.clone());
[INFO] [stdout]    |                                          ^^^^^^^^ help: remove this redundant call
[INFO] [stdout]    |
[INFO] [stdout]    = note: the type `[(U, f32)]` does not implement `Clone`, so calling `clone` on `&[(U, f32)]` copies the reference, which does not do anything and can be removed
[INFO] [stdout]    = note: `#[warn(noop_method_call)]` on by default
[INFO] [stdout] 
[INFO] [stdout] 
[INFO] [stdout] warning: 3 warnings emitted
[INFO] [stdout] 
[INFO] [stdout] 
[INFO] [stderr]     Finished test [unoptimized + debuginfo] target(s) in 15.13s
[INFO] running `Command { std: "docker" "inspect" "f790cf61386bbd3da5eb1ce4bb47926b310dac3b6000980a78e32c8e3e27372f", kill_on_drop: false }`
[INFO] running `Command { std: "docker" "rm" "-f" "f790cf61386bbd3da5eb1ce4bb47926b310dac3b6000980a78e32c8e3e27372f", kill_on_drop: false }`
[INFO] [stdout] f790cf61386bbd3da5eb1ce4bb47926b310dac3b6000980a78e32c8e3e27372f
[INFO] running `Command { std: "docker" "create" "-v" "/var/lib/crater-agent-workspace/builds/worker-5-tc1/target:/opt/rustwide/target:rw,Z" "-v" "/var/lib/crater-agent-workspace/builds/worker-5-tc1/source:/opt/rustwide/workdir:ro,Z" "-v" "/var/lib/crater-agent-workspace/cargo-home:/opt/rustwide/cargo-home:ro,Z" "-v" "/var/lib/crater-agent-workspace/rustup-home:/opt/rustwide/rustup-home:ro,Z" "-e" "SOURCE_DIR=/opt/rustwide/workdir" "-e" "CARGO_TARGET_DIR=/opt/rustwide/target" "-e" "CARGO_INCREMENTAL=0" "-e" "RUST_BACKTRACE=full" "-e" "RUSTFLAGS=--cap-lints=warn" "-e" "RUSTDOCFLAGS=--cap-lints=warn" "-e" "CARGO_HOME=/opt/rustwide/cargo-home" "-e" "RUSTUP_HOME=/opt/rustwide/rustup-home" "-w" "/opt/rustwide/workdir" "-m" "1610612736" "--user" "0:0" "--network" "none" "ghcr.io/rust-lang/crates-build-env/linux@sha256:2788e3201cd34a07e3172128adcd8b3090168a8e3bcc40d7c032b9dda1df7d1c" "/opt/rustwide/cargo-home/bin/cargo" "+1.75.0" "test" "--frozen", kill_on_drop: false }`
[INFO] [stdout] 1ec3248a6f9aa0d387f28a7a39a82cd4ee163064516d9eabe2e717d7f48595ea
[INFO] running `Command { std: "docker" "start" "-a" "1ec3248a6f9aa0d387f28a7a39a82cd4ee163064516d9eabe2e717d7f48595ea", kill_on_drop: false }`
[INFO] [stderr] warning: function `sum` is never used
[INFO] [stderr]  --> src/utils/numops.rs:1:18
[INFO] [stderr]   |
[INFO] [stderr] 1 | #[inline] pub fn sum(nums: &[u8]) -> usize {
[INFO] [stderr]   |                  ^^^
[INFO] [stderr]   |
[INFO] [stderr]   = note: `#[warn(dead_code)]` on by default
[INFO] [stderr] 
[INFO] [stderr] warning: function `average` is never used
[INFO] [stderr]  --> src/utils/numops.rs:5:18
[INFO] [stderr]   |
[INFO] [stderr] 5 | #[inline] pub fn average(nums: &[u8]) -> f64 {
[INFO] [stderr]   |                  ^^^^^^^
[INFO] [stderr] 
[INFO] [stderr] warning: call to `.clone()` on a reference in this situation does nothing
[INFO] [stderr]   --> src/filter/raw.rs:85:42
[INFO] [stderr]    |
[INFO] [stderr] 85 |     let mut gradient = Vec::from(gradient.clone());
[INFO] [stderr]    |                                          ^^^^^^^^ help: remove this redundant call
[INFO] [stderr]    |
[INFO] [stderr]    = note: the type `[(U, f32)]` does not implement `Clone`, so calling `clone` on `&[(U, f32)]` copies the reference, which does not do anything and can be removed
[INFO] [stderr]    = note: `#[warn(noop_method_call)]` on by default
[INFO] [stderr] 
[INFO] [stderr] warning: `image-effects` (lib) generated 3 warnings (run `cargo fix --lib -p image-effects` to apply 1 suggestion)
[INFO] [stderr] warning: `image-effects` (lib test) generated 3 warnings (3 duplicates)
[INFO] [stderr]     Finished test [unoptimized + debuginfo] target(s) in 0.16s
[INFO] [stderr]      Running unittests src/lib.rs (/opt/rustwide/target/debug/deps/image_effects-08213764c846a785)
[INFO] [stdout] 
[INFO] [stdout] running 2 tests
[INFO] [stdout] test test::filter_effects_test ... FAILED
[INFO] [stdout] test test::dither_test ... FAILED
[INFO] [stdout] 
[INFO] [stdout] failures:
[INFO] [stdout] 
[INFO] [stdout] ---- test::filter_effects_test stdout ----
[INFO] [stdout] Error: reqwest::Error { kind: Request, url: Url { scheme: "https", cannot_be_a_base: false, username: "", password: None, host: Some(Domain("clipart-library.com")), port: None, path: "/image_gallery/n781743.png", query: None, fragment: None }, source: hyper::Error(Connect, ConnectError("dns error", Custom { kind: Uncategorized, error: "failed to lookup address information: Temporary failure in name resolution" })) }
[INFO] [stdout] 
[INFO] [stdout] ---- test::dither_test stdout ----
[INFO] [stdout] Error: reqwest::Error { kind: Request, url: Url { scheme: "https", cannot_be_a_base: false, username: "", password: None, host: Some(Domain("clipart-library.com")), port: None, path: "/image_gallery/n781743.png", query: None, fragment: None }, source: hyper::Error(Connect, ConnectError("dns error", Custom { kind: Uncategorized, error: "failed to lookup address information: Temporary failure in name resolution" })) }
[INFO] [stdout] 
[INFO] [stdout] 
[INFO] [stdout] failures:
[INFO] [stdout]     test::dither_test
[INFO] [stdout]     test::filter_effects_test
[INFO] [stdout] 
[INFO] [stdout] test result: FAILED. 0 passed; 2 failed; 0 ignored; 0 measured; 0 filtered out; finished in 0.26s
[INFO] [stdout] 
[INFO] [stderr] error: test failed, to rerun pass `--lib`
[INFO] running `Command { std: "docker" "inspect" "1ec3248a6f9aa0d387f28a7a39a82cd4ee163064516d9eabe2e717d7f48595ea", kill_on_drop: false }`
[INFO] running `Command { std: "docker" "rm" "-f" "1ec3248a6f9aa0d387f28a7a39a82cd4ee163064516d9eabe2e717d7f48595ea", kill_on_drop: false }`
[INFO] [stdout] 1ec3248a6f9aa0d387f28a7a39a82cd4ee163064516d9eabe2e717d7f48595ea
