[INFO] fetching crate image-av1 0.0.0...
[INFO] testing image-av1-0.0.0 against 1.75.0 for beta-1.76-1
[INFO] extracting crate image-av1 0.0.0 into /workspace/builds/worker-5-tc1/source
[INFO] validating manifest of crates.io crate image-av1 0.0.0 on toolchain 1.75.0
[INFO] running `Command { std: CARGO_HOME="/workspace/cargo-home" RUSTUP_HOME="/workspace/rustup-home" "/workspace/cargo-home/bin/cargo" "+1.75.0" "metadata" "--manifest-path" "Cargo.toml" "--no-deps", kill_on_drop: false }`
[INFO] started tweaking crates.io crate image-av1 0.0.0
[INFO] finished tweaking crates.io crate image-av1 0.0.0
[INFO] tweaked toml for crates.io crate image-av1 0.0.0 written to /workspace/builds/worker-5-tc1/source/Cargo.toml
[INFO] running `Command { std: CARGO_HOME="/workspace/cargo-home" RUSTUP_HOME="/workspace/rustup-home" "/workspace/cargo-home/bin/cargo" "+1.75.0" "generate-lockfile" "--manifest-path" "Cargo.toml", kill_on_drop: false }`
[INFO] [stderr]     Updating crates.io index
[INFO] running `Command { std: CARGO_HOME="/workspace/cargo-home" RUSTUP_HOME="/workspace/rustup-home" "/workspace/cargo-home/bin/cargo" "+1.75.0" "fetch" "--manifest-path" "Cargo.toml", kill_on_drop: false }`
[INFO] [stderr]  Downloading crates ...
[INFO] [stderr]   Downloaded simd_helpers v0.1.0
[INFO] [stderr]   Downloaded arg_enum_proc_macro v0.3.4
[INFO] [stderr]   Downloaded rust_hawktracer_proc_macro v0.4.1
[INFO] [stderr]   Downloaded built v0.5.2
[INFO] [stderr]   Downloaded interpolate_name v0.2.4
[INFO] [stderr]   Downloaded arbitrary v0.4.7
[INFO] [stderr]   Downloaded av1-grain v0.2.3
[INFO] [stderr]   Downloaded clap_complete v4.0.7
[INFO] [stderr]   Downloaded libfuzzer-sys v0.3.5
[INFO] [stderr]   Downloaded cargo-lock v8.0.3
[INFO] [stderr]   Downloaded libgit2-sys v0.14.2+1.5.1
[INFO] [stderr]   Downloaded rav1e v0.6.6
[INFO] [stderr]   Downloaded bitstream-io v1.10.0
[INFO] [stderr]   Downloaded yuv v0.1.5
[INFO] [stderr]   Downloaded lab v0.11.0
[INFO] [stderr]   Downloaded nasm-rs v0.2.5
[INFO] [stderr]   Downloaded rust_hawktracer_normal_macro v0.4.1
[INFO] [stderr]   Downloaded noop_proc_macro v0.3.0
[INFO] [stderr]   Downloaded scan_fmt v0.2.6
[INFO] [stderr]   Downloaded ivf v0.1.1
[INFO] [stderr]   Downloaded rust_hawktracer v0.7.0
[INFO] [stderr]   Downloaded v_frame v0.3.7
[INFO] [stderr]   Downloaded y4m v0.8.0
[INFO] [stderr]   Downloaded av-metrics v0.9.0
[INFO] running `Command { std: "docker" "create" "-v" "/var/lib/crater-agent-workspace/builds/worker-5-tc1/target:/opt/rustwide/target:rw,Z" "-v" "/var/lib/crater-agent-workspace/builds/worker-5-tc1/source:/opt/rustwide/workdir:ro,Z" "-v" "/var/lib/crater-agent-workspace/cargo-home:/opt/rustwide/cargo-home:ro,Z" "-v" "/var/lib/crater-agent-workspace/rustup-home:/opt/rustwide/rustup-home:ro,Z" "-e" "SOURCE_DIR=/opt/rustwide/workdir" "-e" "CARGO_TARGET_DIR=/opt/rustwide/target" "-e" "CARGO_HOME=/opt/rustwide/cargo-home" "-e" "RUSTUP_HOME=/opt/rustwide/rustup-home" "-w" "/opt/rustwide/workdir" "-m" "1610612736" "--user" "0:0" "--network" "none" "ghcr.io/rust-lang/crates-build-env/linux@sha256:2788e3201cd34a07e3172128adcd8b3090168a8e3bcc40d7c032b9dda1df7d1c" "/opt/rustwide/cargo-home/bin/cargo" "+1.75.0" "metadata" "--no-deps" "--format-version=1", kill_on_drop: false }`
[INFO] [stdout] 1092ccf26fc15161cc20fdb3d3771d9884f83006657aeebdce74f5c0e39cc5ba
[INFO] running `Command { std: "docker" "start" "-a" "1092ccf26fc15161cc20fdb3d3771d9884f83006657aeebdce74f5c0e39cc5ba", kill_on_drop: false }`
[INFO] running `Command { std: "docker" "inspect" "1092ccf26fc15161cc20fdb3d3771d9884f83006657aeebdce74f5c0e39cc5ba", kill_on_drop: false }`
[INFO] running `Command { std: "docker" "rm" "-f" "1092ccf26fc15161cc20fdb3d3771d9884f83006657aeebdce74f5c0e39cc5ba", kill_on_drop: false }`
[INFO] [stdout] 1092ccf26fc15161cc20fdb3d3771d9884f83006657aeebdce74f5c0e39cc5ba
[INFO] running `Command { std: "docker" "create" "-v" "/var/lib/crater-agent-workspace/builds/worker-5-tc1/target:/opt/rustwide/target:rw,Z" "-v" "/var/lib/crater-agent-workspace/builds/worker-5-tc1/source:/opt/rustwide/workdir:ro,Z" "-v" "/var/lib/crater-agent-workspace/cargo-home:/opt/rustwide/cargo-home:ro,Z" "-v" "/var/lib/crater-agent-workspace/rustup-home:/opt/rustwide/rustup-home:ro,Z" "-e" "SOURCE_DIR=/opt/rustwide/workdir" "-e" "CARGO_TARGET_DIR=/opt/rustwide/target" "-e" "CARGO_INCREMENTAL=0" "-e" "RUST_BACKTRACE=full" "-e" "RUSTFLAGS=--cap-lints=warn" "-e" "RUSTDOCFLAGS=--cap-lints=warn" "-e" "CARGO_HOME=/opt/rustwide/cargo-home" "-e" "RUSTUP_HOME=/opt/rustwide/rustup-home" "-w" "/opt/rustwide/workdir" "-m" "1610612736" "--user" "0:0" "--network" "none" "ghcr.io/rust-lang/crates-build-env/linux@sha256:2788e3201cd34a07e3172128adcd8b3090168a8e3bcc40d7c032b9dda1df7d1c" "/opt/rustwide/cargo-home/bin/cargo" "+1.75.0" "build" "--frozen" "--message-format=json", kill_on_drop: false }`
[INFO] [stdout] 808aef830aca06a446087c3d9119a9a3c6fde96235d3e3b1fcc6976ff08ce35f
[INFO] running `Command { std: "docker" "start" "-a" "808aef830aca06a446087c3d9119a9a3c6fde96235d3e3b1fcc6976ff08ce35f", kill_on_drop: false }`
[INFO] [stderr]    Compiling libc v0.2.151
[INFO] [stderr]    Compiling crossbeam-utils v0.8.18
[INFO] [stderr]    Compiling tinyvec_macros v0.1.1
[INFO] [stderr]    Compiling percent-encoding v2.3.1
[INFO] [stderr]    Compiling simd-adler32 v0.3.7
[INFO] [stderr]    Compiling num-traits v0.2.17
[INFO] [stderr]    Compiling semver v1.0.21
[INFO] [stderr]    Compiling syn v1.0.109
[INFO] [stderr]    Compiling unicode-bidi v0.3.14
[INFO] [stderr]    Compiling io-lifetimes v1.0.11
[INFO] [stderr]    Compiling num-bigint v0.4.4
[INFO] [stderr]    Compiling syn v2.0.48
[INFO] [stderr]    Compiling rustix v0.37.27
[INFO] [stderr]    Compiling tinyvec v1.6.0
[INFO] [stderr]    Compiling proc-macro-error-attr v1.0.4
[INFO] [stderr]    Compiling num-rational v0.4.1
[INFO] [stderr]    Compiling linux-raw-sys v0.3.8
[INFO] [stderr]    Compiling form_urlencoded v1.2.1
[INFO] [stderr]    Compiling miniz_oxide v0.7.1
[INFO] [stderr]    Compiling noop_proc_macro v0.3.0
[INFO] [stderr]    Compiling bytemuck v1.14.0
[INFO] [stderr]    Compiling anyhow v1.0.79
[INFO] [stderr]    Compiling clap_lex v0.3.3
[INFO] [stderr]    Compiling flate2 v1.0.28
[INFO] [stderr]    Compiling spin v0.9.8
[INFO] [stderr]    Compiling memchr v2.7.1
[INFO] [stderr]    Compiling termcolor v1.4.0
[INFO] [stderr]    Compiling minimal-lexical v0.2.1
[INFO] [stderr]    Compiling paste v1.0.14
[INFO] [stderr]    Compiling signal-hook v0.3.17
[INFO] [stderr]    Compiling weezl v0.1.7
[INFO] [stderr]    Compiling flume v0.11.0
[INFO] [stderr]    Compiling fdeflate v0.3.3
[INFO] [stderr]    Compiling zune-inflate v0.2.54
[INFO] [stderr]    Compiling rust_hawktracer_proc_macro v0.4.1
[INFO] [stderr]    Compiling rust_hawktracer_normal_macro v0.4.1
[INFO] [stderr]    Compiling nom v7.1.3
[INFO] [stderr]    Compiling lab v0.11.0
[INFO] [stderr]    Compiling bitstream-io v1.10.0
[INFO] [stderr]    Compiling crossbeam-epoch v0.9.17
[INFO] [stderr]    Compiling unicode-normalization v0.1.22
[INFO] [stderr]    Compiling crossbeam-channel v0.5.10
[INFO] [stderr]    Compiling crossbeam-queue v0.3.10
[INFO] [stderr]    Compiling half v2.2.1
[INFO] [stderr]    Compiling lebe v0.5.2
[INFO] [stderr]    Compiling bit_field v0.10.2
[INFO] [stderr]    Compiling crossbeam-deque v0.8.4
[INFO] [stderr]    Compiling color_quant v1.1.0
[INFO] [stderr]    Compiling rust_hawktracer v0.7.0
[INFO] [stderr]    Compiling ivf v0.1.1
[INFO] [stderr]    Compiling png v0.17.10
[INFO] [stderr]    Compiling gif v0.12.0
[INFO] [stderr]    Compiling qoi v0.4.1
[INFO] [stderr]    Compiling rayon-core v1.12.0
[INFO] [stderr]    Compiling jobserver v0.1.27
[INFO] [stderr]    Compiling cc v1.0.83
[INFO] [stderr]    Compiling idna v0.5.0
[INFO] [stderr]    Compiling num-integer v0.1.45
[INFO] [stderr]    Compiling crossbeam v0.8.3
[INFO] [stderr]    Compiling signal-hook-registry v1.4.1
[INFO] [stderr]    Compiling console v0.15.7
[INFO] [stderr]    Compiling rgb v0.8.37
[INFO] [stderr]    Compiling simd_helpers v0.1.0
[INFO] [stderr]    Compiling fern v0.6.2
[INFO] [stderr]    Compiling rayon v1.8.0
[INFO] [stderr]    Compiling url v2.5.0
[INFO] [stderr]    Compiling exr v1.71.0
[INFO] [stderr]    Compiling y4m v0.8.0
[INFO] [stderr]    Compiling scan_fmt v0.2.6
[INFO] [stderr]    Compiling yuv v0.1.5
[INFO] [stderr]    Compiling terminal_size v0.2.6
[INFO] [stderr]    Compiling libz-sys v1.1.12
[INFO] [stderr]    Compiling libgit2-sys v0.14.2+1.5.1
[INFO] [stderr]    Compiling proc-macro-error v1.0.4
[INFO] [stderr]    Compiling clap_derive v4.0.21
[INFO] [stderr]    Compiling num-derive v0.3.3
[INFO] [stderr]    Compiling nasm-rs v0.2.5
[INFO] [stderr]    Compiling jpeg-decoder v0.3.0
[INFO] [stderr]    Compiling maybe-rayon v0.1.1
[INFO] [stderr]    Compiling tiff v0.9.0
[INFO] [stderr]    Compiling serde_derive v1.0.194
[INFO] [stderr]    Compiling profiling-procmacros v1.0.13
[INFO] [stderr]    Compiling num-derive v0.4.1
[INFO] [stderr]    Compiling thiserror-impl v1.0.56
[INFO] [stderr]    Compiling arg_enum_proc_macro v0.3.4
[INFO] [stderr]    Compiling clap v4.0.32
[INFO] [stderr]    Compiling image v0.24.7
[INFO] [stderr]    Compiling profiling v1.0.13
[INFO] [stderr]    Compiling v_frame v0.3.7
[INFO] [stderr]    Compiling thiserror v1.0.56
[INFO] [stderr]    Compiling av-metrics v0.9.0
[INFO] [stderr]    Compiling clap_complete v4.0.7
[INFO] [stderr]    Compiling serde v1.0.194
[INFO] [stderr]    Compiling git2 v0.15.0
[INFO] [stderr]    Compiling toml v0.5.11
[INFO] [stderr]    Compiling arrayvec v0.7.4
[INFO] [stderr]    Compiling rustc_version v0.4.0
[INFO] [stderr]    Compiling av1-grain v0.2.3
[INFO] [stderr]    Compiling cargo-lock v8.0.3
[INFO] [stderr]    Compiling built v0.5.2
[INFO] [stderr]    Compiling rav1e v0.6.6
[INFO] [stderr]    Compiling image-av1 v0.0.0 (/opt/rustwide/workdir)
[INFO] [stdout] warning: unused variable: `image`
[INFO] [stdout]   --> src/encoder/encoding.rs:38:43
[INFO] [stdout]    |
[INFO] [stdout] 38 |     pub fn write_image_repeats(&mut self, image: RgbaImage, count: usize) -> Result<usize> {
[INFO] [stdout]    |                                           ^^^^^ help: if this is intentional, prefix it with an underscore: `_image`
[INFO] [stdout]    |
[INFO] [stdout]    = note: `#[warn(unused_variables)]` on by default
[INFO] [stdout] 
[INFO] [stdout] 
[INFO] [stdout] warning: associated function `init_frame_1` is never used
[INFO] [stdout]    --> src/encoder/encoding.rs:107:8
[INFO] [stdout]     |
[INFO] [stdout] 12  | impl Av1Encoder {
[INFO] [stdout]     | --------------- associated function in this implementation
[INFO] [stdout] ...
[INFO] [stdout] 107 |     fn init_frame_1(width: usize, height: usize, planes: &[u8], frame: &mut Frame<u8>) -> Result<()> {
[INFO] [stdout]     |        ^^^^^^^^^^^^
[INFO] [stdout]     |
[INFO] [stdout]     = note: `#[warn(dead_code)]` on by default
[INFO] [stdout] 
[INFO] [stdout] 
[INFO] [stdout] warning: 2 warnings emitted
[INFO] [stdout] 
[INFO] [stdout] 
[INFO] [stderr]     Finished dev [unoptimized + debuginfo] target(s) in 1m 02s
[INFO] running `Command { std: "docker" "inspect" "808aef830aca06a446087c3d9119a9a3c6fde96235d3e3b1fcc6976ff08ce35f", kill_on_drop: false }`
[INFO] running `Command { std: "docker" "rm" "-f" "808aef830aca06a446087c3d9119a9a3c6fde96235d3e3b1fcc6976ff08ce35f", kill_on_drop: false }`
[INFO] [stdout] 808aef830aca06a446087c3d9119a9a3c6fde96235d3e3b1fcc6976ff08ce35f
[INFO] running `Command { std: "docker" "create" "-v" "/var/lib/crater-agent-workspace/builds/worker-5-tc1/target:/opt/rustwide/target:rw,Z" "-v" "/var/lib/crater-agent-workspace/builds/worker-5-tc1/source:/opt/rustwide/workdir:ro,Z" "-v" "/var/lib/crater-agent-workspace/cargo-home:/opt/rustwide/cargo-home:ro,Z" "-v" "/var/lib/crater-agent-workspace/rustup-home:/opt/rustwide/rustup-home:ro,Z" "-e" "SOURCE_DIR=/opt/rustwide/workdir" "-e" "CARGO_TARGET_DIR=/opt/rustwide/target" "-e" "CARGO_INCREMENTAL=0" "-e" "RUST_BACKTRACE=full" "-e" "RUSTFLAGS=--cap-lints=warn" "-e" "RUSTDOCFLAGS=--cap-lints=warn" "-e" "CARGO_HOME=/opt/rustwide/cargo-home" "-e" "RUSTUP_HOME=/opt/rustwide/rustup-home" "-w" "/opt/rustwide/workdir" "-m" "1610612736" "--user" "0:0" "--network" "none" "ghcr.io/rust-lang/crates-build-env/linux@sha256:2788e3201cd34a07e3172128adcd8b3090168a8e3bcc40d7c032b9dda1df7d1c" "/opt/rustwide/cargo-home/bin/cargo" "+1.75.0" "test" "--frozen" "--no-run" "--message-format=json", kill_on_drop: false }`
[INFO] [stdout] 0b4d3b6d61c382e90216687ae04cd9c9a980dcf3c80f4914e8ae36221ad263cf
[INFO] running `Command { std: "docker" "start" "-a" "0b4d3b6d61c382e90216687ae04cd9c9a980dcf3c80f4914e8ae36221ad263cf", kill_on_drop: false }`
[INFO] [stdout] warning: unused variable: `image`
[INFO] [stdout]   --> src/encoder/encoding.rs:38:43
[INFO] [stdout]    |
[INFO] [stdout] 38 |     pub fn write_image_repeats(&mut self, image: RgbaImage, count: usize) -> Result<usize> {
[INFO] [stdout]    |                                           ^^^^^ help: if this is intentional, prefix it with an underscore: `_image`
[INFO] [stdout]    |
[INFO] [stdout]    = note: `#[warn(unused_variables)]` on by default
[INFO] [stdout] 
[INFO] [stdout] 
[INFO] [stdout] warning: associated function `init_frame_1` is never used
[INFO] [stdout]    --> src/encoder/encoding.rs:107:8
[INFO] [stdout]     |
[INFO] [stdout] 12  | impl Av1Encoder {
[INFO] [stdout]     | --------------- associated function in this implementation
[INFO] [stdout] ...
[INFO] [stdout] 107 |     fn init_frame_1(width: usize, height: usize, planes: &[u8], frame: &mut Frame<u8>) -> Result<()> {
[INFO] [stdout]     |        ^^^^^^^^^^^^
[INFO] [stdout]     |
[INFO] [stdout]     = note: `#[warn(dead_code)]` on by default
[INFO] [stdout] 
[INFO] [stdout] 
[INFO] [stdout] warning: 2 warnings emitted
[INFO] [stdout] 
[INFO] [stdout] 
[INFO] [stderr]    Compiling image-av1 v0.0.0 (/opt/rustwide/workdir)
[INFO] [stdout] warning: unused import: `DynamicImage`
[INFO] [stdout]  --> tests/main.rs:1:40
[INFO] [stdout]   |
[INFO] [stdout] 1 | use image::{io::Reader as ImageReader, DynamicImage, ImageError};
[INFO] [stdout]   |                                        ^^^^^^^^^^^^
[INFO] [stdout]   |
[INFO] [stdout]   = note: `#[warn(unused_imports)]` on by default
[INFO] [stdout] 
[INFO] [stdout] 
[INFO] [stdout] warning: unused import: `std::io::Cursor`
[INFO] [stdout]  --> tests/main.rs:3:5
[INFO] [stdout]   |
[INFO] [stdout] 3 | use std::io::Cursor;
[INFO] [stdout]   |     ^^^^^^^^^^^^^^^
[INFO] [stdout] 
[INFO] [stdout] 
[INFO] [stdout] warning: unused variable: `image`
[INFO] [stdout]   --> src/encoder/encoding.rs:38:43
[INFO] [stdout]    |
[INFO] [stdout] 38 |     pub fn write_image_repeats(&mut self, image: RgbaImage, count: usize) -> Result<usize> {
[INFO] [stdout]    |                                           ^^^^^ help: if this is intentional, prefix it with an underscore: `_image`
[INFO] [stdout]    |
[INFO] [stdout]    = note: `#[warn(unused_variables)]` on by default
[INFO] [stdout] 
[INFO] [stdout] 
[INFO] [stdout] warning: associated function `init_frame_1` is never used
[INFO] [stdout]    --> src/encoder/encoding.rs:107:8
[INFO] [stdout]     |
[INFO] [stdout] 12  | impl Av1Encoder {
[INFO] [stdout]     | --------------- associated function in this implementation
[INFO] [stdout] ...
[INFO] [stdout] 107 |     fn init_frame_1(width: usize, height: usize, planes: &[u8], frame: &mut Frame<u8>) -> Result<()> {
[INFO] [stdout]     |        ^^^^^^^^^^^^
[INFO] [stdout]     |
[INFO] [stdout]     = note: `#[warn(dead_code)]` on by default
[INFO] [stdout] 
[INFO] [stdout] 
[INFO] [stdout] warning: 2 warnings emitted
[INFO] [stdout] 
[INFO] [stdout] 
[INFO] [stdout] warning: 2 warnings emitted
[INFO] [stdout] 
[INFO] [stdout] 
[INFO] [stderr]     Finished test [unoptimized + debuginfo] target(s) in 3.03s
[INFO] running `Command { std: "docker" "inspect" "0b4d3b6d61c382e90216687ae04cd9c9a980dcf3c80f4914e8ae36221ad263cf", kill_on_drop: false }`
[INFO] running `Command { std: "docker" "rm" "-f" "0b4d3b6d61c382e90216687ae04cd9c9a980dcf3c80f4914e8ae36221ad263cf", kill_on_drop: false }`
[INFO] [stdout] 0b4d3b6d61c382e90216687ae04cd9c9a980dcf3c80f4914e8ae36221ad263cf
[INFO] running `Command { std: "docker" "create" "-v" "/var/lib/crater-agent-workspace/builds/worker-5-tc1/target:/opt/rustwide/target:rw,Z" "-v" "/var/lib/crater-agent-workspace/builds/worker-5-tc1/source:/opt/rustwide/workdir:ro,Z" "-v" "/var/lib/crater-agent-workspace/cargo-home:/opt/rustwide/cargo-home:ro,Z" "-v" "/var/lib/crater-agent-workspace/rustup-home:/opt/rustwide/rustup-home:ro,Z" "-e" "SOURCE_DIR=/opt/rustwide/workdir" "-e" "CARGO_TARGET_DIR=/opt/rustwide/target" "-e" "CARGO_INCREMENTAL=0" "-e" "RUST_BACKTRACE=full" "-e" "RUSTFLAGS=--cap-lints=warn" "-e" "RUSTDOCFLAGS=--cap-lints=warn" "-e" "CARGO_HOME=/opt/rustwide/cargo-home" "-e" "RUSTUP_HOME=/opt/rustwide/rustup-home" "-w" "/opt/rustwide/workdir" "-m" "1610612736" "--user" "0:0" "--network" "none" "ghcr.io/rust-lang/crates-build-env/linux@sha256:2788e3201cd34a07e3172128adcd8b3090168a8e3bcc40d7c032b9dda1df7d1c" "/opt/rustwide/cargo-home/bin/cargo" "+1.75.0" "test" "--frozen", kill_on_drop: false }`
[INFO] [stdout] e7f8065b141e547ee9b5b331c682662ccb0cea9a9031189c707d0b5500566c59
[INFO] running `Command { std: "docker" "start" "-a" "e7f8065b141e547ee9b5b331c682662ccb0cea9a9031189c707d0b5500566c59", kill_on_drop: false }`
[INFO] [stderr] warning: unused variable: `image`
[INFO] [stderr]   --> src/encoder/encoding.rs:38:43
[INFO] [stderr]    |
[INFO] [stderr] 38 |     pub fn write_image_repeats(&mut self, image: RgbaImage, count: usize) -> Result<usize> {
[INFO] [stderr]    |                                           ^^^^^ help: if this is intentional, prefix it with an underscore: `_image`
[INFO] [stderr]    |
[INFO] [stderr]    = note: `#[warn(unused_variables)]` on by default
[INFO] [stderr] 
[INFO] [stderr] warning: associated function `init_frame_1` is never used
[INFO] [stderr]    --> src/encoder/encoding.rs:107:8
[INFO] [stderr]     |
[INFO] [stderr] 12  | impl Av1Encoder {
[INFO] [stderr]     | --------------- associated function in this implementation
[INFO] [stderr] ...
[INFO] [stderr] 107 |     fn init_frame_1(width: usize, height: usize, planes: &[u8], frame: &mut Frame<u8>) -> Result<()> {
[INFO] [stderr]     |        ^^^^^^^^^^^^
[INFO] [stderr]     |
[INFO] [stderr]     = note: `#[warn(dead_code)]` on by default
[INFO] [stderr] 
[INFO] [stderr] warning: `image-av1` (lib) generated 2 warnings (run `cargo fix --lib -p image-av1` to apply 1 suggestion)
[INFO] [stderr] warning: `image-av1` (lib test) generated 2 warnings (2 duplicates)
[INFO] [stderr] warning: unused import: `DynamicImage`
[INFO] [stderr]  --> tests/main.rs:1:40
[INFO] [stderr]   |
[INFO] [stderr] 1 | use image::{io::Reader as ImageReader, DynamicImage, ImageError};
[INFO] [stderr]   |                                        ^^^^^^^^^^^^
[INFO] [stderr]   |
[INFO] [stderr]   = note: `#[warn(unused_imports)]` on by default
[INFO] [stderr] 
[INFO] [stderr] warning: unused import: `std::io::Cursor`
[INFO] [stderr]  --> tests/main.rs:3:5
[INFO] [stderr]   |
[INFO] [stderr] 3 | use std::io::Cursor;
[INFO] [stderr]   |     ^^^^^^^^^^^^^^^
[INFO] [stderr] 
[INFO] [stderr] warning: `image-av1` (test "main") generated 2 warnings (run `cargo fix --test "main"` to apply 2 suggestions)
[INFO] [stderr]     Finished test [unoptimized + debuginfo] target(s) in 0.09s
[INFO] [stderr]      Running unittests src/lib.rs (/opt/rustwide/target/debug/deps/image_av1-2e32825bb4f5ed8c)
[INFO] [stdout] 
[INFO] [stdout] running 0 tests
[INFO] [stdout] 
[INFO] [stdout] test result: ok. 0 passed; 0 failed; 0 ignored; 0 measured; 0 filtered out; finished in 0.00s
[INFO] [stdout] 
[INFO] [stderr]      Running tests/main.rs (/opt/rustwide/target/debug/deps/main-cf52ab1f3495f67b)
[INFO] [stdout] 
[INFO] [stdout] running 1 test
[INFO] [stdout] test test ... FAILED
[INFO] [stdout] 
[INFO] [stdout] failures:
[INFO] [stdout] 
[INFO] [stdout] ---- test stdout ----
[INFO] [stdout] Error: IoError(Os { code: 2, kind: NotFound, message: "No such file or directory" })
[INFO] [stdout] 
[INFO] [stdout] 
[INFO] [stdout] failures:
[INFO] [stdout]     test
[INFO] [stdout] 
[INFO] [stdout] test result: FAILED. 0 passed; 1 failed; 0 ignored; 0 measured; 0 filtered out; finished in 0.00s
[INFO] [stdout] 
[INFO] [stderr] error: test failed, to rerun pass `--test main`
[INFO] running `Command { std: "docker" "inspect" "e7f8065b141e547ee9b5b331c682662ccb0cea9a9031189c707d0b5500566c59", kill_on_drop: false }`
[INFO] running `Command { std: "docker" "rm" "-f" "e7f8065b141e547ee9b5b331c682662ccb0cea9a9031189c707d0b5500566c59", kill_on_drop: false }`
[INFO] [stdout] e7f8065b141e547ee9b5b331c682662ccb0cea9a9031189c707d0b5500566c59
[INFO] testing image-av1-0.0.0 against beta-2023-12-22 for beta-1.76-1
[INFO] extracting crate image-av1 0.0.0 into /workspace/builds/worker-5-tc2/source
[INFO] validating manifest of crates.io crate image-av1 0.0.0 on toolchain beta-2023-12-22
[INFO] running `Command { std: CARGO_HOME="/workspace/cargo-home" RUSTUP_HOME="/workspace/rustup-home" "/workspace/cargo-home/bin/cargo" "+beta-2023-12-22" "metadata" "--manifest-path" "Cargo.toml" "--no-deps", kill_on_drop: false }`
[INFO] started tweaking crates.io crate image-av1 0.0.0
[INFO] finished tweaking crates.io crate image-av1 0.0.0
[INFO] tweaked toml for crates.io crate image-av1 0.0.0 written to /workspace/builds/worker-5-tc2/source/Cargo.toml
[INFO] running `Command { std: CARGO_HOME="/workspace/cargo-home" RUSTUP_HOME="/workspace/rustup-home" "/workspace/cargo-home/bin/cargo" "+beta-2023-12-22" "generate-lockfile" "--manifest-path" "Cargo.toml", kill_on_drop: false }`
[INFO] [stderr]     Updating crates.io index
[INFO] running `Command { std: CARGO_HOME="/workspace/cargo-home" RUSTUP_HOME="/workspace/rustup-home" "/workspace/cargo-home/bin/cargo" "+beta-2023-12-22" "fetch" "--manifest-path" "Cargo.toml", kill_on_drop: false }`
[INFO] running `Command { std: "docker" "create" "-v" "/var/lib/crater-agent-workspace/builds/worker-5-tc2/target:/opt/rustwide/target:rw,Z" "-v" "/var/lib/crater-agent-workspace/builds/worker-5-tc2/source:/opt/rustwide/workdir:ro,Z" "-v" "/var/lib/crater-agent-workspace/cargo-home:/opt/rustwide/cargo-home:ro,Z" "-v" "/var/lib/crater-agent-workspace/rustup-home:/opt/rustwide/rustup-home:ro,Z" "-e" "SOURCE_DIR=/opt/rustwide/workdir" "-e" "CARGO_TARGET_DIR=/opt/rustwide/target" "-e" "CARGO_HOME=/opt/rustwide/cargo-home" "-e" "RUSTUP_HOME=/opt/rustwide/rustup-home" "-w" "/opt/rustwide/workdir" "-m" "1610612736" "--user" "0:0" "--network" "none" "ghcr.io/rust-lang/crates-build-env/linux@sha256:2788e3201cd34a07e3172128adcd8b3090168a8e3bcc40d7c032b9dda1df7d1c" "/opt/rustwide/cargo-home/bin/cargo" "+beta-2023-12-22" "metadata" "--no-deps" "--format-version=1", kill_on_drop: false }`
[INFO] [stdout] d513b531af9e1c396a9489f7cc91c4fa5a180d9a301bfa36e532b945857f8ed3
[INFO] running `Command { std: "docker" "start" "-a" "d513b531af9e1c396a9489f7cc91c4fa5a180d9a301bfa36e532b945857f8ed3", kill_on_drop: false }`
[INFO] running `Command { std: "docker" "inspect" "d513b531af9e1c396a9489f7cc91c4fa5a180d9a301bfa36e532b945857f8ed3", kill_on_drop: false }`
[INFO] running `Command { std: "docker" "rm" "-f" "d513b531af9e1c396a9489f7cc91c4fa5a180d9a301bfa36e532b945857f8ed3", kill_on_drop: false }`
[INFO] [stdout] d513b531af9e1c396a9489f7cc91c4fa5a180d9a301bfa36e532b945857f8ed3
[INFO] running `Command { std: "docker" "create" "-v" "/var/lib/crater-agent-workspace/builds/worker-5-tc2/target:/opt/rustwide/target:rw,Z" "-v" "/var/lib/crater-agent-workspace/builds/worker-5-tc2/source:/opt/rustwide/workdir:ro,Z" "-v" "/var/lib/crater-agent-workspace/cargo-home:/opt/rustwide/cargo-home:ro,Z" "-v" "/var/lib/crater-agent-workspace/rustup-home:/opt/rustwide/rustup-home:ro,Z" "-e" "SOURCE_DIR=/opt/rustwide/workdir" "-e" "CARGO_TARGET_DIR=/opt/rustwide/target" "-e" "CARGO_INCREMENTAL=0" "-e" "RUST_BACKTRACE=full" "-e" "RUSTFLAGS=--cap-lints=warn" "-e" "RUSTDOCFLAGS=--cap-lints=warn" "-e" "CARGO_HOME=/opt/rustwide/cargo-home" "-e" "RUSTUP_HOME=/opt/rustwide/rustup-home" "-w" "/opt/rustwide/workdir" "-m" "1610612736" "--user" "0:0" "--network" "none" "ghcr.io/rust-lang/crates-build-env/linux@sha256:2788e3201cd34a07e3172128adcd8b3090168a8e3bcc40d7c032b9dda1df7d1c" "/opt/rustwide/cargo-home/bin/cargo" "+beta-2023-12-22" "build" "--frozen" "--message-format=json", kill_on_drop: false }`
[INFO] [stdout] 60f18636be3436fc3fe351f1ff15f6e62793bdd3fb664445e18337631be5321c
[INFO] running `Command { std: "docker" "start" "-a" "60f18636be3436fc3fe351f1ff15f6e62793bdd3fb664445e18337631be5321c", kill_on_drop: false }`
[INFO] [stderr]    Compiling libc v0.2.151
[INFO] [stderr]    Compiling crossbeam-utils v0.8.18
[INFO] [stderr]    Compiling tinyvec_macros v0.1.1
[INFO] [stderr]    Compiling simd-adler32 v0.3.7
[INFO] [stderr]    Compiling percent-encoding v2.3.1
[INFO] [stderr]    Compiling num-traits v0.2.17
[INFO] [stderr]    Compiling semver v1.0.21
[INFO] [stderr]    Compiling unicode-bidi v0.3.14
[INFO] [stderr]    Compiling syn v1.0.109
[INFO] [stderr]    Compiling io-lifetimes v1.0.11
[INFO] [stderr]    Compiling num-bigint v0.4.4
[INFO] [stderr]    Compiling syn v2.0.48
[INFO] [stderr]    Compiling rustix v0.37.27
[INFO] [stderr]    Compiling proc-macro-error-attr v1.0.4
[INFO] [stderr]    Compiling num-rational v0.4.1
[INFO] [stderr]    Compiling linux-raw-sys v0.3.8
[INFO] [stderr]    Compiling tinyvec v1.6.0
[INFO] [stderr]    Compiling form_urlencoded v1.2.1
[INFO] [stderr]    Compiling miniz_oxide v0.7.1
[INFO] [stderr]    Compiling noop_proc_macro v0.3.0
[INFO] [stderr]    Compiling anyhow v1.0.79
[INFO] [stderr]    Compiling bytemuck v1.14.0
[INFO] [stderr]    Compiling clap_lex v0.3.3
[INFO] [stderr]    Compiling spin v0.9.8
[INFO] [stderr]    Compiling termcolor v1.4.0
[INFO] [stderr]    Compiling weezl v0.1.7
[INFO] [stderr]    Compiling signal-hook v0.3.17
[INFO] [stderr]    Compiling memchr v2.7.1
[INFO] [stderr]    Compiling paste v1.0.14
[INFO] [stderr]    Compiling crossbeam-epoch v0.9.17
[INFO] [stderr]    Compiling crossbeam-channel v0.5.10
[INFO] [stderr]    Compiling crossbeam-queue v0.3.10
[INFO] [stderr]    Compiling minimal-lexical v0.2.1
[INFO] [stderr]    Compiling unicode-normalization v0.1.22
[INFO] [stderr]    Compiling crossbeam-deque v0.8.4
[INFO] [stderr]    Compiling flate2 v1.0.28
[INFO] [stderr]    Compiling flume v0.11.0
[INFO] [stderr]    Compiling zune-inflate v0.2.54
[INFO] [stderr]    Compiling fdeflate v0.3.3
[INFO] [stderr]    Compiling rayon-core v1.12.0
[INFO] [stderr]    Compiling nom v7.1.3
[INFO] [stderr]    Compiling crossbeam v0.8.3
[INFO] [stderr]    Compiling bit_field v0.10.2
[INFO] [stderr]    Compiling rust_hawktracer_normal_macro v0.4.1
[INFO] [stderr]    Compiling lebe v0.5.2
[INFO] [stderr]    Compiling bitstream-io v1.10.0
[INFO] [stderr]    Compiling color_quant v1.1.0
[INFO] [stderr]    Compiling idna v0.5.0
[INFO] [stderr]    Compiling half v2.2.1
[INFO] [stderr]    Compiling rust_hawktracer_proc_macro v0.4.1
[INFO] [stderr]    Compiling lab v0.11.0
[INFO] [stderr]    Compiling gif v0.12.0
[INFO] [stderr]    Compiling png v0.17.10
[INFO] [stderr]    Compiling rayon v1.8.0
[INFO] [stderr]    Compiling num-integer v0.1.45
[INFO] [stderr]    Compiling ivf v0.1.1
[INFO] [stderr]    Compiling exr v1.71.0
[INFO] [stderr]    Compiling qoi v0.4.1
[INFO] [stderr]    Compiling jobserver v0.1.27
[INFO] [stderr]    Compiling signal-hook-registry v1.4.1
[INFO] [stderr]    Compiling url v2.5.0
[INFO] [stderr]    Compiling cc v1.0.83
[INFO] [stderr]    Compiling rust_hawktracer v0.7.0
[INFO] [stderr]    Compiling console v0.15.7
[INFO] [stderr]    Compiling rgb v0.8.37
[INFO] [stderr]    Compiling simd_helpers v0.1.0
[INFO] [stderr]    Compiling fern v0.6.2
[INFO] [stderr]    Compiling scan_fmt v0.2.6
[INFO] [stderr]    Compiling y4m v0.8.0
[INFO] [stderr]    Compiling proc-macro-error v1.0.4
[INFO] [stderr]    Compiling yuv v0.1.5
[INFO] [stderr]    Compiling libz-sys v1.1.12
[INFO] [stderr]    Compiling libgit2-sys v0.14.2+1.5.1
[INFO] [stderr]    Compiling terminal_size v0.2.6
[INFO] [stderr]    Compiling clap_derive v4.0.21
[INFO] [stderr]    Compiling num-derive v0.3.3
[INFO] [stderr]    Compiling nasm-rs v0.2.5
[INFO] [stderr]    Compiling jpeg-decoder v0.3.0
[INFO] [stderr]    Compiling maybe-rayon v0.1.1
[INFO] [stderr]    Compiling serde_derive v1.0.194
[INFO] [stderr]    Compiling profiling-procmacros v1.0.13
[INFO] [stderr]    Compiling num-derive v0.4.1
[INFO] [stderr]    Compiling thiserror-impl v1.0.56
[INFO] [stderr]    Compiling arg_enum_proc_macro v0.3.4
[INFO] [stderr]    Compiling tiff v0.9.0
[INFO] [stderr]    Compiling profiling v1.0.13
[INFO] [stderr]    Compiling image v0.24.7
[INFO] [stderr]    Compiling v_frame v0.3.7
[INFO] [stderr]    Compiling thiserror v1.0.56
[INFO] [stderr]    Compiling av-metrics v0.9.0
[INFO] [stderr]    Compiling clap v4.0.32
[INFO] [stderr]    Compiling serde v1.0.194
[INFO] [stderr]    Compiling clap_complete v4.0.7
[INFO] [stderr]    Compiling git2 v0.15.0
[INFO] [stderr]    Compiling toml v0.5.11
[INFO] [stderr]    Compiling arrayvec v0.7.4
[INFO] [stderr]    Compiling rustc_version v0.4.0
[INFO] [stderr]    Compiling av1-grain v0.2.3
[INFO] [stderr]    Compiling cargo-lock v8.0.3
[INFO] [stderr]    Compiling built v0.5.2
[INFO] [stderr]    Compiling rav1e v0.6.6
[INFO] [stderr]    Compiling image-av1 v0.0.0 (/opt/rustwide/workdir)
[INFO] [stdout] warning: unused variable: `image`
[INFO] [stdout]   --> src/encoder/encoding.rs:38:43
[INFO] [stdout]    |
[INFO] [stdout] 38 |     pub fn write_image_repeats(&mut self, image: RgbaImage, count: usize) -> Result<usize> {
[INFO] [stdout]    |                                           ^^^^^ help: if this is intentional, prefix it with an underscore: `_image`
[INFO] [stdout]    |
[INFO] [stdout]    = note: `#[warn(unused_variables)]` on by default
[INFO] [stdout] 
[INFO] [stdout] 
[INFO] [stdout] warning: associated function `init_frame_1` is never used
[INFO] [stdout]    --> src/encoder/encoding.rs:107:8
[INFO] [stdout]     |
[INFO] [stdout] 12  | impl Av1Encoder {
[INFO] [stdout]     | --------------- associated function in this implementation
[INFO] [stdout] ...
[INFO] [stdout] 107 |     fn init_frame_1(width: usize, height: usize, planes: &[u8], frame: &mut Frame<u8>) -> Result<()> {
[INFO] [stdout]     |        ^^^^^^^^^^^^
[INFO] [stdout]     |
[INFO] [stdout]     = note: `#[warn(dead_code)]` on by default
[INFO] [stdout] 
[INFO] [stdout] 
[INFO] [stdout] warning: 2 warnings emitted
[INFO] [stdout] 
[INFO] [stdout] 
[INFO] [stderr]     Finished dev [unoptimized + debuginfo] target(s) in 29.90s
[INFO] running `Command { std: "docker" "inspect" "60f18636be3436fc3fe351f1ff15f6e62793bdd3fb664445e18337631be5321c", kill_on_drop: false }`
[INFO] running `Command { std: "docker" "rm" "-f" "60f18636be3436fc3fe351f1ff15f6e62793bdd3fb664445e18337631be5321c", kill_on_drop: false }`
[INFO] [stdout] 60f18636be3436fc3fe351f1ff15f6e62793bdd3fb664445e18337631be5321c
[INFO] running `Command { std: "docker" "create" "-v" "/var/lib/crater-agent-workspace/builds/worker-5-tc2/target:/opt/rustwide/target:rw,Z" "-v" "/var/lib/crater-agent-workspace/builds/worker-5-tc2/source:/opt/rustwide/workdir:ro,Z" "-v" "/var/lib/crater-agent-workspace/cargo-home:/opt/rustwide/cargo-home:ro,Z" "-v" "/var/lib/crater-agent-workspace/rustup-home:/opt/rustwide/rustup-home:ro,Z" "-e" "SOURCE_DIR=/opt/rustwide/workdir" "-e" "CARGO_TARGET_DIR=/opt/rustwide/target" "-e" "CARGO_INCREMENTAL=0" "-e" "RUST_BACKTRACE=full" "-e" "RUSTFLAGS=--cap-lints=warn" "-e" "RUSTDOCFLAGS=--cap-lints=warn" "-e" "CARGO_HOME=/opt/rustwide/cargo-home" "-e" "RUSTUP_HOME=/opt/rustwide/rustup-home" "-w" "/opt/rustwide/workdir" "-m" "1610612736" "--user" "0:0" "--network" "none" "ghcr.io/rust-lang/crates-build-env/linux@sha256:2788e3201cd34a07e3172128adcd8b3090168a8e3bcc40d7c032b9dda1df7d1c" "/opt/rustwide/cargo-home/bin/cargo" "+beta-2023-12-22" "test" "--frozen" "--no-run" "--message-format=json", kill_on_drop: false }`
[INFO] [stdout] d23bd1ffdeb7f1a33b6a812841b91483a6756492c5e478a674a61b563b1d70c8
[INFO] running `Command { std: "docker" "start" "-a" "d23bd1ffdeb7f1a33b6a812841b91483a6756492c5e478a674a61b563b1d70c8", kill_on_drop: false }`
[INFO] [stdout] warning: unused variable: `image`
[INFO] [stdout]   --> src/encoder/encoding.rs:38:43
[INFO] [stdout]    |
[INFO] [stdout] 38 |     pub fn write_image_repeats(&mut self, image: RgbaImage, count: usize) -> Result<usize> {
[INFO] [stdout]    |                                           ^^^^^ help: if this is intentional, prefix it with an underscore: `_image`
[INFO] [stdout]    |
[INFO] [stdout]    = note: `#[warn(unused_variables)]` on by default
[INFO] [stdout] 
[INFO] [stdout] 
[INFO] [stdout] warning: associated function `init_frame_1` is never used
[INFO] [stdout]    --> src/encoder/encoding.rs:107:8
[INFO] [stdout]     |
[INFO] [stdout] 12  | impl Av1Encoder {
[INFO] [stdout]     | --------------- associated function in this implementation
[INFO] [stdout] ...
[INFO] [stdout] 107 |     fn init_frame_1(width: usize, height: usize, planes: &[u8], frame: &mut Frame<u8>) -> Result<()> {
[INFO] [stdout]     |        ^^^^^^^^^^^^
[INFO] [stdout]     |
[INFO] [stdout]     = note: `#[warn(dead_code)]` on by default
[INFO] [stdout] 
[INFO] [stdout] 
[INFO] [stderr]    Compiling image-av1 v0.0.0 (/opt/rustwide/workdir)
[INFO] [stdout] warning: 2 warnings emitted
[INFO] [stdout] 
[INFO] [stdout] 
[INFO] [stdout] warning: unused import: `DynamicImage`
[INFO] [stdout]  --> tests/main.rs:1:40
[INFO] [stdout]   |
[INFO] [stdout] 1 | use image::{io::Reader as ImageReader, DynamicImage, ImageError};
[INFO] [stdout]   |                                        ^^^^^^^^^^^^
[INFO] [stdout]   |
[INFO] [stdout]   = note: `#[warn(unused_imports)]` on by default
[INFO] [stdout] 
[INFO] [stdout] 
[INFO] [stdout] warning: unused import: `std::io::Cursor`
[INFO] [stdout]  --> tests/main.rs:3:5
[INFO] [stdout]   |
[INFO] [stdout] 3 | use std::io::Cursor;
[INFO] [stdout]   |     ^^^^^^^^^^^^^^^
[INFO] [stdout] 
[INFO] [stdout] 
[INFO] [stdout] warning: unused variable: `image`
[INFO] [stdout]   --> src/encoder/encoding.rs:38:43
[INFO] [stdout]    |
[INFO] [stdout] 38 |     pub fn write_image_repeats(&mut self, image: RgbaImage, count: usize) -> Result<usize> {
[INFO] [stdout]    |                                           ^^^^^ help: if this is intentional, prefix it with an underscore: `_image`
[INFO] [stdout]    |
[INFO] [stdout]    = note: `#[warn(unused_variables)]` on by default
[INFO] [stdout] 
[INFO] [stdout] 
[INFO] [stdout] warning: associated function `init_frame_1` is never used
[INFO] [stdout]    --> src/encoder/encoding.rs:107:8
[INFO] [stdout]     |
[INFO] [stdout] 12  | impl Av1Encoder {
[INFO] [stdout]     | --------------- associated function in this implementation
[INFO] [stdout] ...
[INFO] [stdout] 107 |     fn init_frame_1(width: usize, height: usize, planes: &[u8], frame: &mut Frame<u8>) -> Result<()> {
[INFO] [stdout]     |        ^^^^^^^^^^^^
[INFO] [stdout]     |
[INFO] [stdout]     = note: `#[warn(dead_code)]` on by default
[INFO] [stdout] 
[INFO] [stdout] 
[INFO] [stdout] warning: 2 warnings emitted
[INFO] [stdout] 
[INFO] [stdout] 
[INFO] [stdout] warning: 2 warnings emitted
[INFO] [stdout] 
[INFO] [stdout] 
[INFO] [stderr]     Finished test [unoptimized + debuginfo] target(s) in 2.11s
[INFO] running `Command { std: "docker" "inspect" "d23bd1ffdeb7f1a33b6a812841b91483a6756492c5e478a674a61b563b1d70c8", kill_on_drop: false }`
[INFO] running `Command { std: "docker" "rm" "-f" "d23bd1ffdeb7f1a33b6a812841b91483a6756492c5e478a674a61b563b1d70c8", kill_on_drop: false }`
[INFO] [stdout] d23bd1ffdeb7f1a33b6a812841b91483a6756492c5e478a674a61b563b1d70c8
[INFO] running `Command { std: "docker" "create" "-v" "/var/lib/crater-agent-workspace/builds/worker-5-tc2/target:/opt/rustwide/target:rw,Z" "-v" "/var/lib/crater-agent-workspace/builds/worker-5-tc2/source:/opt/rustwide/workdir:ro,Z" "-v" "/var/lib/crater-agent-workspace/cargo-home:/opt/rustwide/cargo-home:ro,Z" "-v" "/var/lib/crater-agent-workspace/rustup-home:/opt/rustwide/rustup-home:ro,Z" "-e" "SOURCE_DIR=/opt/rustwide/workdir" "-e" "CARGO_TARGET_DIR=/opt/rustwide/target" "-e" "CARGO_INCREMENTAL=0" "-e" "RUST_BACKTRACE=full" "-e" "RUSTFLAGS=--cap-lints=warn" "-e" "RUSTDOCFLAGS=--cap-lints=warn" "-e" "CARGO_HOME=/opt/rustwide/cargo-home" "-e" "RUSTUP_HOME=/opt/rustwide/rustup-home" "-w" "/opt/rustwide/workdir" "-m" "1610612736" "--user" "0:0" "--network" "none" "ghcr.io/rust-lang/crates-build-env/linux@sha256:2788e3201cd34a07e3172128adcd8b3090168a8e3bcc40d7c032b9dda1df7d1c" "/opt/rustwide/cargo-home/bin/cargo" "+beta-2023-12-22" "test" "--frozen", kill_on_drop: false }`
[INFO] [stdout] a976095ec184249877c4c8ed9d74fcad3e67fb6aa226343ffd4472b834de4b19
[INFO] running `Command { std: "docker" "start" "-a" "a976095ec184249877c4c8ed9d74fcad3e67fb6aa226343ffd4472b834de4b19", kill_on_drop: false }`
[INFO] [stderr] warning: unused variable: `image`
[INFO] [stderr]   --> src/encoder/encoding.rs:38:43
[INFO] [stderr]    |
[INFO] [stderr] 38 |     pub fn write_image_repeats(&mut self, image: RgbaImage, count: usize) -> Result<usize> {
[INFO] [stderr]    |                                           ^^^^^ help: if this is intentional, prefix it with an underscore: `_image`
[INFO] [stderr]    |
[INFO] [stderr]    = note: `#[warn(unused_variables)]` on by default
[INFO] [stderr] 
[INFO] [stderr] warning: associated function `init_frame_1` is never used
[INFO] [stderr]    --> src/encoder/encoding.rs:107:8
[INFO] [stderr]     |
[INFO] [stderr] 12  | impl Av1Encoder {
[INFO] [stderr]     | --------------- associated function in this implementation
[INFO] [stderr] ...
[INFO] [stderr] 107 |     fn init_frame_1(width: usize, height: usize, planes: &[u8], frame: &mut Frame<u8>) -> Result<()> {
[INFO] [stderr]     |        ^^^^^^^^^^^^
[INFO] [stderr]     |
[INFO] [stderr]     = note: `#[warn(dead_code)]` on by default
[INFO] [stderr] 
[INFO] [stderr] warning: `image-av1` (lib) generated 2 warnings (run `cargo fix --lib -p image-av1` to apply 1 suggestion)
[INFO] [stderr] warning: `image-av1` (lib test) generated 2 warnings (2 duplicates)
[INFO] [stderr] warning: unused import: `DynamicImage`
[INFO] [stderr]  --> tests/main.rs:1:40
[INFO] [stderr]   |
[INFO] [stderr] 1 | use image::{io::Reader as ImageReader, DynamicImage, ImageError};
[INFO] [stderr]   |                                        ^^^^^^^^^^^^
[INFO] [stderr]   |
[INFO] [stderr]   = note: `#[warn(unused_imports)]` on by default
[INFO] [stderr] 
[INFO] [stderr] warning: unused import: `std::io::Cursor`
[INFO] [stderr]  --> tests/main.rs:3:5
[INFO] [stderr]   |
[INFO] [stderr] 3 | use std::io::Cursor;
[INFO] [stderr]   |     ^^^^^^^^^^^^^^^
[INFO] [stderr] 
[INFO] [stderr] warning: `image-av1` (test "main") generated 2 warnings (run `cargo fix --test "main"` to apply 2 suggestions)
[INFO] [stderr]     Finished test [unoptimized + debuginfo] target(s) in 0.08s
[INFO] [stderr]      Running unittests src/lib.rs (/opt/rustwide/target/debug/deps/image_av1-4e03443189d4825a)
[INFO] [stdout] 
[INFO] [stdout] running 0 tests
[INFO] [stdout] 
[INFO] [stdout] test result: ok. 0 passed; 0 failed; 0 ignored; 0 measured; 0 filtered out; finished in 0.00s
[INFO] [stdout] 
[INFO] [stderr]      Running tests/main.rs (/opt/rustwide/target/debug/deps/main-45d0b06111ce9442)
[INFO] [stdout] 
[INFO] [stdout] running 1 test
[INFO] [stdout] test test ... FAILED
[INFO] [stdout] 
[INFO] [stdout] failures:
[INFO] [stdout] 
[INFO] [stdout] ---- test stdout ----
[INFO] [stdout] Error: IoError(Os { code: 2, kind: NotFound, message: "No such file or directory" })
[INFO] [stdout] 
[INFO] [stdout] 
[INFO] [stdout] failures:
[INFO] [stdout]     test
[INFO] [stdout] 
[INFO] [stdout] test result: FAILED. 0 passed; 1 failed; 0 ignored; 0 measured; 0 filtered out; finished in 0.00s
[INFO] [stdout] 
[INFO] [stderr] error: test failed, to rerun pass `--test main`
[INFO] running `Command { std: "docker" "inspect" "a976095ec184249877c4c8ed9d74fcad3e67fb6aa226343ffd4472b834de4b19", kill_on_drop: false }`
[INFO] running `Command { std: "docker" "rm" "-f" "a976095ec184249877c4c8ed9d74fcad3e67fb6aa226343ffd4472b834de4b19", kill_on_drop: false }`
[INFO] [stdout] a976095ec184249877c4c8ed9d74fcad3e67fb6aa226343ffd4472b834de4b19
