[INFO] fetching crate ietfdata-rs 0.3.0...
[INFO] testing ietfdata-rs-0.3.0 against 1.75.0 for beta-1.76-1
[INFO] extracting crate ietfdata-rs 0.3.0 into /workspace/builds/worker-7-tc1/source
[INFO] validating manifest of crates.io crate ietfdata-rs 0.3.0 on toolchain 1.75.0
[INFO] running `Command { std: CARGO_HOME="/workspace/cargo-home" RUSTUP_HOME="/workspace/rustup-home" "/workspace/cargo-home/bin/cargo" "+1.75.0" "metadata" "--manifest-path" "Cargo.toml" "--no-deps", kill_on_drop: false }`
[INFO] started tweaking crates.io crate ietfdata-rs 0.3.0
[INFO] finished tweaking crates.io crate ietfdata-rs 0.3.0
[INFO] tweaked toml for crates.io crate ietfdata-rs 0.3.0 written to /workspace/builds/worker-7-tc1/source/Cargo.toml
[INFO] running `Command { std: CARGO_HOME="/workspace/cargo-home" RUSTUP_HOME="/workspace/rustup-home" "/workspace/cargo-home/bin/cargo" "+1.75.0" "generate-lockfile" "--manifest-path" "Cargo.toml", kill_on_drop: false }`
[INFO] [stderr]     Updating crates.io index
[INFO] running `Command { std: CARGO_HOME="/workspace/cargo-home" RUSTUP_HOME="/workspace/rustup-home" "/workspace/cargo-home/bin/cargo" "+1.75.0" "fetch" "--manifest-path" "Cargo.toml", kill_on_drop: false }`
[INFO] running `Command { std: "docker" "create" "-v" "/var/lib/crater-agent-workspace/builds/worker-7-tc1/target:/opt/rustwide/target:rw,Z" "-v" "/var/lib/crater-agent-workspace/builds/worker-7-tc1/source:/opt/rustwide/workdir:ro,Z" "-v" "/var/lib/crater-agent-workspace/cargo-home:/opt/rustwide/cargo-home:ro,Z" "-v" "/var/lib/crater-agent-workspace/rustup-home:/opt/rustwide/rustup-home:ro,Z" "-e" "SOURCE_DIR=/opt/rustwide/workdir" "-e" "CARGO_TARGET_DIR=/opt/rustwide/target" "-e" "CARGO_HOME=/opt/rustwide/cargo-home" "-e" "RUSTUP_HOME=/opt/rustwide/rustup-home" "-w" "/opt/rustwide/workdir" "-m" "1610612736" "--user" "0:0" "--network" "none" "ghcr.io/rust-lang/crates-build-env/linux@sha256:2788e3201cd34a07e3172128adcd8b3090168a8e3bcc40d7c032b9dda1df7d1c" "/opt/rustwide/cargo-home/bin/cargo" "+1.75.0" "metadata" "--no-deps" "--format-version=1", kill_on_drop: false }`
[INFO] [stdout] 8fa4c43d18ef79f2a93a76a7d34640663ffb4cdd461e064a61d45aaae6f50f80
[INFO] running `Command { std: "docker" "start" "-a" "8fa4c43d18ef79f2a93a76a7d34640663ffb4cdd461e064a61d45aaae6f50f80", kill_on_drop: false }`
[INFO] running `Command { std: "docker" "inspect" "8fa4c43d18ef79f2a93a76a7d34640663ffb4cdd461e064a61d45aaae6f50f80", kill_on_drop: false }`
[INFO] running `Command { std: "docker" "rm" "-f" "8fa4c43d18ef79f2a93a76a7d34640663ffb4cdd461e064a61d45aaae6f50f80", kill_on_drop: false }`
[INFO] [stdout] 8fa4c43d18ef79f2a93a76a7d34640663ffb4cdd461e064a61d45aaae6f50f80
[INFO] running `Command { std: "docker" "create" "-v" "/var/lib/crater-agent-workspace/builds/worker-7-tc1/target:/opt/rustwide/target:rw,Z" "-v" "/var/lib/crater-agent-workspace/builds/worker-7-tc1/source:/opt/rustwide/workdir:ro,Z" "-v" "/var/lib/crater-agent-workspace/cargo-home:/opt/rustwide/cargo-home:ro,Z" "-v" "/var/lib/crater-agent-workspace/rustup-home:/opt/rustwide/rustup-home:ro,Z" "-e" "SOURCE_DIR=/opt/rustwide/workdir" "-e" "CARGO_TARGET_DIR=/opt/rustwide/target" "-e" "CARGO_INCREMENTAL=0" "-e" "RUST_BACKTRACE=full" "-e" "RUSTFLAGS=--cap-lints=warn" "-e" "RUSTDOCFLAGS=--cap-lints=warn" "-e" "CARGO_HOME=/opt/rustwide/cargo-home" "-e" "RUSTUP_HOME=/opt/rustwide/rustup-home" "-w" "/opt/rustwide/workdir" "-m" "1610612736" "--user" "0:0" "--network" "none" "ghcr.io/rust-lang/crates-build-env/linux@sha256:2788e3201cd34a07e3172128adcd8b3090168a8e3bcc40d7c032b9dda1df7d1c" "/opt/rustwide/cargo-home/bin/cargo" "+1.75.0" "build" "--frozen" "--message-format=json", kill_on_drop: false }`
[INFO] [stdout] e317e7264c10d8c7055a9ba2cc4120172744e4a05b750746f3f7e5b312bacaf5
[INFO] running `Command { std: "docker" "start" "-a" "e317e7264c10d8c7055a9ba2cc4120172744e4a05b750746f3f7e5b312bacaf5", kill_on_drop: false }`
[INFO] [stderr]    Compiling cfg-if v0.1.10
[INFO] [stderr]    Compiling futures v0.1.31
[INFO] [stderr]    Compiling semver-parser v0.7.0
[INFO] [stderr]    Compiling crossbeam-utils v0.7.2
[INFO] [stderr]    Compiling maybe-uninit v2.0.0
[INFO] [stderr]    Compiling cc v1.0.83
[INFO] [stderr]    Compiling iovec v0.1.4
[INFO] [stderr]    Compiling either v1.9.0
[INFO] [stderr]    Compiling scopeguard v1.2.0
[INFO] [stderr]    Compiling memoffset v0.5.6
[INFO] [stderr]    Compiling crossbeam-epoch v0.8.2
[INFO] [stderr]    Compiling bytes v0.4.12
[INFO] [stderr]    Compiling semver v0.9.0
[INFO] [stderr]    Compiling rustc_version v0.2.3
[INFO] [stderr]    Compiling smallvec v0.6.14
[INFO] [stderr]    Compiling lock_api v0.3.4
[INFO] [stderr]    Compiling net2 v0.2.39
[INFO] [stderr]    Compiling parking_lot_core v0.6.3
[INFO] [stderr]    Compiling parking_lot v0.9.0
[INFO] [stderr]    Compiling itoa v0.4.8
[INFO] [stderr]    Compiling unicase v2.7.0
[INFO] [stderr]    Compiling indexmap v1.9.3
[INFO] [stderr]    Compiling mio v0.6.23
[INFO] [stderr]    Compiling miniz_oxide v0.7.1
[INFO] [stderr]    Compiling tokio-executor v0.1.10
[INFO] [stderr]    Compiling tokio-io v0.1.13
[INFO] [stderr]    Compiling tokio-sync v0.1.8
[INFO] [stderr]    Compiling crossbeam-deque v0.7.4
[INFO] [stderr]    Compiling openssl-sys v0.9.98
[INFO] [stderr]    Compiling backtrace v0.3.69
[INFO] [stderr]    Compiling crossbeam-queue v0.2.3
[INFO] [stderr]    Compiling tokio-reactor v0.1.12
[INFO] [stderr]    Compiling http v0.1.21
[INFO] [stderr]    Compiling time v0.1.45
[INFO] [stderr]    Compiling foreign-types-shared v0.1.1
[INFO] [stderr]    Compiling openssl v0.10.62
[INFO] [stderr]    Compiling memchr v2.7.1
[INFO] [stderr]    Compiling tokio-tcp v0.1.4
[INFO] [stderr]    Compiling foreign-types v0.3.2
[INFO] [stderr]    Compiling tokio-threadpool v0.1.18
[INFO] [stderr]    Compiling tokio-timer v0.2.13
[INFO] [stderr]    Compiling tokio-current-thread v0.1.7
[INFO] [stderr]    Compiling tokio-buf v0.1.1
[INFO] [stderr]    Compiling hyper v0.12.36
[INFO] [stderr]    Compiling string v0.2.1
[INFO] [stderr]    Compiling object v0.32.2
[INFO] [stderr]    Compiling openssl-macros v0.1.1
[INFO] [stderr]    Compiling native-tls v0.2.11
[INFO] [stderr]    Compiling want v0.2.0
[INFO] [stderr]    Compiling tokio v0.1.22
[INFO] [stderr]    Compiling mime_guess v2.0.4
[INFO] [stderr]    Compiling futures-cpupool v0.1.8
[INFO] [stderr]    Compiling idna v0.2.3
[INFO] [stderr]    Compiling rand_os v0.1.3
[INFO] [stderr]    Compiling serde_json v1.0.111
[INFO] [stderr]    Compiling rand v0.6.5
[INFO] [stderr]    Compiling publicsuffix v1.5.6
[INFO] [stderr]    Compiling cookie v0.12.0
[INFO] [stderr]    Compiling try_from v0.3.2
[INFO] [stderr]    Compiling http-body v0.1.0
[INFO] [stderr]    Compiling h2 v0.1.26
[INFO] [stderr]    Compiling dtoa v0.4.8
[INFO] [stderr]    Compiling uuid v0.7.4
[INFO] [stderr]    Compiling serde_urlencoded v0.5.5
[INFO] [stderr]    Compiling flate2 v1.0.28
[INFO] [stderr]    Compiling encoding_rs v0.8.33
[INFO] [stderr]    Compiling base64 v0.10.1
[INFO] [stderr]    Compiling chrono v0.4.31
[INFO] [stderr]    Compiling failure v0.1.8
[INFO] [stderr]    Compiling cookie_store v0.7.0
[INFO] [stderr]    Compiling hyper-tls v0.3.2
[INFO] [stderr]    Compiling reqwest v0.9.24
[INFO] [stderr]    Compiling ietfdata-rs v0.3.0 (/opt/rustwide/workdir)
[INFO] [stdout] warning: use of deprecated method `chrono::TimeZone::datetime_from_str`: use `DateTime::parse_from_str` instead
[INFO] [stdout]   --> src/lib.rs:66:9
[INFO] [stdout]    |
[INFO] [stdout] 66 |     Utc.datetime_from_str(&s, "%Y-%m-%dT%H:%M:%S%.f").map_err(serde::de::Error::custom)
[INFO] [stdout]    |         ^^^^^^^^^^^^^^^^^
[INFO] [stdout]    |
[INFO] [stdout]    = note: `#[warn(deprecated)]` on by default
[INFO] [stdout] 
[INFO] [stdout] 
[INFO] [stdout] warning: fields `total_count`, `limit`, `offset`, and `previous` are never read
[INFO] [stdout]   --> src/lib.rs:73:5
[INFO] [stdout]    |
[INFO] [stdout] 72 | struct Meta {
[INFO] [stdout]    |        ---- fields in this struct
[INFO] [stdout] 73 |     total_count : u32,
[INFO] [stdout]    |     ^^^^^^^^^^^
[INFO] [stdout] 74 |     limit       : u32,
[INFO] [stdout]    |     ^^^^^
[INFO] [stdout] 75 |     offset      : u32,
[INFO] [stdout]    |     ^^^^^^
[INFO] [stdout] 76 |     previous    : Option<String>,
[INFO] [stdout]    |     ^^^^^^^^
[INFO] [stdout]    |
[INFO] [stdout]    = note: `Meta` has a derived impl for the trait `Debug`, but this is intentionally ignored during dead code analysis
[INFO] [stdout]    = note: `#[warn(dead_code)]` on by default
[INFO] [stdout] 
[INFO] [stdout] 
[INFO] [stdout] warning: 2 warnings emitted
[INFO] [stdout] 
[INFO] [stdout] 
[INFO] [stderr]     Finished dev [unoptimized + debuginfo] target(s) in 23.14s
[INFO] running `Command { std: "docker" "inspect" "e317e7264c10d8c7055a9ba2cc4120172744e4a05b750746f3f7e5b312bacaf5", kill_on_drop: false }`
[INFO] running `Command { std: "docker" "rm" "-f" "e317e7264c10d8c7055a9ba2cc4120172744e4a05b750746f3f7e5b312bacaf5", kill_on_drop: false }`
[INFO] [stdout] e317e7264c10d8c7055a9ba2cc4120172744e4a05b750746f3f7e5b312bacaf5
[INFO] running `Command { std: "docker" "create" "-v" "/var/lib/crater-agent-workspace/builds/worker-7-tc1/target:/opt/rustwide/target:rw,Z" "-v" "/var/lib/crater-agent-workspace/builds/worker-7-tc1/source:/opt/rustwide/workdir:ro,Z" "-v" "/var/lib/crater-agent-workspace/cargo-home:/opt/rustwide/cargo-home:ro,Z" "-v" "/var/lib/crater-agent-workspace/rustup-home:/opt/rustwide/rustup-home:ro,Z" "-e" "SOURCE_DIR=/opt/rustwide/workdir" "-e" "CARGO_TARGET_DIR=/opt/rustwide/target" "-e" "CARGO_INCREMENTAL=0" "-e" "RUST_BACKTRACE=full" "-e" "RUSTFLAGS=--cap-lints=warn" "-e" "RUSTDOCFLAGS=--cap-lints=warn" "-e" "CARGO_HOME=/opt/rustwide/cargo-home" "-e" "RUSTUP_HOME=/opt/rustwide/rustup-home" "-w" "/opt/rustwide/workdir" "-m" "1610612736" "--user" "0:0" "--network" "none" "ghcr.io/rust-lang/crates-build-env/linux@sha256:2788e3201cd34a07e3172128adcd8b3090168a8e3bcc40d7c032b9dda1df7d1c" "/opt/rustwide/cargo-home/bin/cargo" "+1.75.0" "test" "--frozen" "--no-run" "--message-format=json", kill_on_drop: false }`
[INFO] [stdout] 3cbd34b3f70a87ab22a8108692c6922b108694a7e246af32ed26b1cc0bfcdb90
[INFO] running `Command { std: "docker" "start" "-a" "3cbd34b3f70a87ab22a8108692c6922b108694a7e246af32ed26b1cc0bfcdb90", kill_on_drop: false }`
[INFO] [stdout] warning: use of deprecated method `chrono::TimeZone::datetime_from_str`: use `DateTime::parse_from_str` instead
[INFO] [stdout]   --> src/lib.rs:66:9
[INFO] [stdout]    |
[INFO] [stdout] 66 |     Utc.datetime_from_str(&s, "%Y-%m-%dT%H:%M:%S%.f").map_err(serde::de::Error::custom)
[INFO] [stdout]    |         ^^^^^^^^^^^^^^^^^
[INFO] [stdout]    |
[INFO] [stdout]    = note: `#[warn(deprecated)]` on by default
[INFO] [stdout] 
[INFO] [stdout] 
[INFO] [stdout] warning: fields `total_count`, `limit`, `offset`, and `previous` are never read
[INFO] [stdout]   --> src/lib.rs:73:5
[INFO] [stdout]    |
[INFO] [stdout] 72 | struct Meta {
[INFO] [stdout]    |        ---- fields in this struct
[INFO] [stdout] 73 |     total_count : u32,
[INFO] [stdout]    |     ^^^^^^^^^^^
[INFO] [stdout] 74 |     limit       : u32,
[INFO] [stdout]    |     ^^^^^
[INFO] [stdout] 75 |     offset      : u32,
[INFO] [stdout]    |     ^^^^^^
[INFO] [stdout] 76 |     previous    : Option<String>,
[INFO] [stdout]    |     ^^^^^^^^
[INFO] [stdout]    |
[INFO] [stdout]    = note: `Meta` has a derived impl for the trait `Debug`, but this is intentionally ignored during dead code analysis
[INFO] [stdout]    = note: `#[warn(dead_code)]` on by default
[INFO] [stdout] 
[INFO] [stdout] 
[INFO] [stdout] warning: 2 warnings emitted
[INFO] [stdout] 
[INFO] [stdout] 
[INFO] [stderr]    Compiling ietfdata-rs v0.3.0 (/opt/rustwide/workdir)
[INFO] [stdout] warning: use of deprecated method `chrono::TimeZone::datetime_from_str`: use `DateTime::parse_from_str` instead
[INFO] [stdout]   --> src/lib.rs:66:9
[INFO] [stdout]    |
[INFO] [stdout] 66 |     Utc.datetime_from_str(&s, "%Y-%m-%dT%H:%M:%S%.f").map_err(serde::de::Error::custom)
[INFO] [stdout]    |         ^^^^^^^^^^^^^^^^^
[INFO] [stdout]    |
[INFO] [stdout]    = note: `#[warn(deprecated)]` on by default
[INFO] [stdout] 
[INFO] [stdout] 
[INFO] [stdout] warning: use of deprecated method `chrono::TimeZone::ymd`: use `with_ymd_and_hms()` instead
[INFO] [stdout]    --> src/lib.rs:525:40
[INFO] [stdout]     |
[INFO] [stdout] 525 |         assert_eq!(e.time,         Utc.ymd(1970, 1, 1).and_hms(23, 59, 59));
[INFO] [stdout]     |                                        ^^^
[INFO] [stdout] 
[INFO] [stdout] 
[INFO] [stdout] warning: use of deprecated method `chrono::Date::<Tz>::and_hms`: Use and_hms_opt() instead
[INFO] [stdout]    --> src/lib.rs:525:56
[INFO] [stdout]     |
[INFO] [stdout] 525 |         assert_eq!(e.time,         Utc.ymd(1970, 1, 1).and_hms(23, 59, 59));
[INFO] [stdout]     |                                                        ^^^^^^^
[INFO] [stdout] 
[INFO] [stdout] 
[INFO] [stdout] warning: use of deprecated method `chrono::TimeZone::ymd`: use `with_ymd_and_hms()` instead
[INFO] [stdout]    --> src/lib.rs:572:43
[INFO] [stdout]     |
[INFO] [stdout] 572 |         assert_eq!(p.time,            Utc.ymd(2012,2,26).and_hms(0,3,54));
[INFO] [stdout]     |                                           ^^^
[INFO] [stdout] 
[INFO] [stdout] 
[INFO] [stdout] warning: use of deprecated method `chrono::Date::<Tz>::and_hms`: Use and_hms_opt() instead
[INFO] [stdout]    --> src/lib.rs:572:58
[INFO] [stdout]     |
[INFO] [stdout] 572 |         assert_eq!(p.time,            Utc.ymd(2012,2,26).and_hms(0,3,54));
[INFO] [stdout]     |                                                          ^^^^^^^
[INFO] [stdout] 
[INFO] [stdout] 
[INFO] [stdout] warning: use of deprecated method `chrono::TimeZone::ymd`: use `with_ymd_and_hms()` instead
[INFO] [stdout]    --> src/lib.rs:626:25
[INFO] [stdout]     |
[INFO] [stdout] 626 |         let start = Utc.ymd(2019, 7, 1).and_hms( 0,  0,  0);
[INFO] [stdout]     |                         ^^^
[INFO] [stdout] 
[INFO] [stdout] 
[INFO] [stdout] warning: use of deprecated method `chrono::Date::<Tz>::and_hms`: Use and_hms_opt() instead
[INFO] [stdout]    --> src/lib.rs:626:41
[INFO] [stdout]     |
[INFO] [stdout] 626 |         let start = Utc.ymd(2019, 7, 1).and_hms( 0,  0,  0);
[INFO] [stdout]     |                                         ^^^^^^^
[INFO] [stdout] 
[INFO] [stdout] 
[INFO] [stdout] warning: use of deprecated method `chrono::TimeZone::ymd`: use `with_ymd_and_hms()` instead
[INFO] [stdout]    --> src/lib.rs:627:25
[INFO] [stdout]     |
[INFO] [stdout] 627 |         let until = Utc.ymd(2019, 7, 7).and_hms(23, 59, 59);
[INFO] [stdout]     |                         ^^^
[INFO] [stdout] 
[INFO] [stdout] 
[INFO] [stdout] warning: use of deprecated method `chrono::Date::<Tz>::and_hms`: Use and_hms_opt() instead
[INFO] [stdout]    --> src/lib.rs:627:41
[INFO] [stdout]     |
[INFO] [stdout] 627 |         let until = Utc.ymd(2019, 7, 7).and_hms(23, 59, 59);
[INFO] [stdout]     |                                         ^^^^^^^
[INFO] [stdout] 
[INFO] [stdout] 
[INFO] [stdout] warning: fields `total_count`, `limit`, `offset`, and `previous` are never read
[INFO] [stdout]   --> src/lib.rs:73:5
[INFO] [stdout]    |
[INFO] [stdout] 72 | struct Meta {
[INFO] [stdout]    |        ---- fields in this struct
[INFO] [stdout] 73 |     total_count : u32,
[INFO] [stdout]    |     ^^^^^^^^^^^
[INFO] [stdout] 74 |     limit       : u32,
[INFO] [stdout]    |     ^^^^^
[INFO] [stdout] 75 |     offset      : u32,
[INFO] [stdout]    |     ^^^^^^
[INFO] [stdout] 76 |     previous    : Option<String>,
[INFO] [stdout]    |     ^^^^^^^^
[INFO] [stdout]    |
[INFO] [stdout]    = note: `Meta` has a derived impl for the trait `Debug`, but this is intentionally ignored during dead code analysis
[INFO] [stdout]    = note: `#[warn(dead_code)]` on by default
[INFO] [stdout] 
[INFO] [stdout] 
[INFO] [stdout] warning: 10 warnings emitted
[INFO] [stdout] 
[INFO] [stdout] 
[INFO] [stderr]     Finished test [unoptimized + debuginfo] target(s) in 3.54s
[INFO] running `Command { std: "docker" "inspect" "3cbd34b3f70a87ab22a8108692c6922b108694a7e246af32ed26b1cc0bfcdb90", kill_on_drop: false }`
[INFO] running `Command { std: "docker" "rm" "-f" "3cbd34b3f70a87ab22a8108692c6922b108694a7e246af32ed26b1cc0bfcdb90", kill_on_drop: false }`
[INFO] [stdout] 3cbd34b3f70a87ab22a8108692c6922b108694a7e246af32ed26b1cc0bfcdb90
[INFO] running `Command { std: "docker" "create" "-v" "/var/lib/crater-agent-workspace/builds/worker-7-tc1/target:/opt/rustwide/target:rw,Z" "-v" "/var/lib/crater-agent-workspace/builds/worker-7-tc1/source:/opt/rustwide/workdir:ro,Z" "-v" "/var/lib/crater-agent-workspace/cargo-home:/opt/rustwide/cargo-home:ro,Z" "-v" "/var/lib/crater-agent-workspace/rustup-home:/opt/rustwide/rustup-home:ro,Z" "-e" "SOURCE_DIR=/opt/rustwide/workdir" "-e" "CARGO_TARGET_DIR=/opt/rustwide/target" "-e" "CARGO_INCREMENTAL=0" "-e" "RUST_BACKTRACE=full" "-e" "RUSTFLAGS=--cap-lints=warn" "-e" "RUSTDOCFLAGS=--cap-lints=warn" "-e" "CARGO_HOME=/opt/rustwide/cargo-home" "-e" "RUSTUP_HOME=/opt/rustwide/rustup-home" "-w" "/opt/rustwide/workdir" "-m" "1610612736" "--user" "0:0" "--network" "none" "ghcr.io/rust-lang/crates-build-env/linux@sha256:2788e3201cd34a07e3172128adcd8b3090168a8e3bcc40d7c032b9dda1df7d1c" "/opt/rustwide/cargo-home/bin/cargo" "+1.75.0" "test" "--frozen", kill_on_drop: false }`
[INFO] [stdout] 6443f2cbf6a0ae65e908149baf78c6fa1e5b85ea8b70436d7f306240e801de72
[INFO] running `Command { std: "docker" "start" "-a" "6443f2cbf6a0ae65e908149baf78c6fa1e5b85ea8b70436d7f306240e801de72", kill_on_drop: false }`
[INFO] [stderr] warning: use of deprecated method `chrono::TimeZone::datetime_from_str`: use `DateTime::parse_from_str` instead
[INFO] [stderr]   --> src/lib.rs:66:9
[INFO] [stderr]    |
[INFO] [stderr] 66 |     Utc.datetime_from_str(&s, "%Y-%m-%dT%H:%M:%S%.f").map_err(serde::de::Error::custom)
[INFO] [stderr]    |         ^^^^^^^^^^^^^^^^^
[INFO] [stderr]    |
[INFO] [stderr]    = note: `#[warn(deprecated)]` on by default
[INFO] [stderr] 
[INFO] [stderr] warning: fields `total_count`, `limit`, `offset`, and `previous` are never read
[INFO] [stderr]   --> src/lib.rs:73:5
[INFO] [stderr]    |
[INFO] [stderr] 72 | struct Meta {
[INFO] [stderr]    |        ---- fields in this struct
[INFO] [stderr] 73 |     total_count : u32,
[INFO] [stderr]    |     ^^^^^^^^^^^
[INFO] [stderr] 74 |     limit       : u32,
[INFO] [stderr]    |     ^^^^^
[INFO] [stderr] 75 |     offset      : u32,
[INFO] [stderr]    |     ^^^^^^
[INFO] [stderr] 76 |     previous    : Option<String>,
[INFO] [stderr]    |     ^^^^^^^^
[INFO] [stderr]    |
[INFO] [stderr]    = note: `Meta` has a derived impl for the trait `Debug`, but this is intentionally ignored during dead code analysis
[INFO] [stderr]    = note: `#[warn(dead_code)]` on by default
[INFO] [stderr] 
[INFO] [stderr] warning: use of deprecated method `chrono::TimeZone::ymd`: use `with_ymd_and_hms()` instead
[INFO] [stderr]    --> src/lib.rs:525:40
[INFO] [stderr]     |
[INFO] [stderr] 525 |         assert_eq!(e.time,         Utc.ymd(1970, 1, 1).and_hms(23, 59, 59));
[INFO] [stderr]     |                                        ^^^
[INFO] [stderr] 
[INFO] [stderr] warning: use of deprecated method `chrono::Date::<Tz>::and_hms`: Use and_hms_opt() instead
[INFO] [stderr]    --> src/lib.rs:525:56
[INFO] [stderr]     |
[INFO] [stderr] 525 |         assert_eq!(e.time,         Utc.ymd(1970, 1, 1).and_hms(23, 59, 59));
[INFO] [stderr]     |                                                        ^^^^^^^
[INFO] [stderr] 
[INFO] [stderr] warning: use of deprecated method `chrono::TimeZone::ymd`: use `with_ymd_and_hms()` instead
[INFO] [stderr]    --> src/lib.rs:572:43
[INFO] [stderr]     |
[INFO] [stderr] 572 |         assert_eq!(p.time,            Utc.ymd(2012,2,26).and_hms(0,3,54));
[INFO] [stderr]     |                                           ^^^
[INFO] [stderr] 
[INFO] [stderr] warning: use of deprecated method `chrono::Date::<Tz>::and_hms`: Use and_hms_opt() instead
[INFO] [stderr]    --> src/lib.rs:572:58
[INFO] [stderr]     |
[INFO] [stderr] 572 |         assert_eq!(p.time,            Utc.ymd(2012,2,26).and_hms(0,3,54));
[INFO] [stderr]     |                                                          ^^^^^^^
[INFO] [stderr] 
[INFO] [stderr] warning: use of deprecated method `chrono::TimeZone::ymd`: use `with_ymd_and_hms()` instead
[INFO] [stderr]    --> src/lib.rs:626:25
[INFO] [stderr]     |
[INFO] [stderr] 626 |         let start = Utc.ymd(2019, 7, 1).and_hms( 0,  0,  0);
[INFO] [stderr]     |                         ^^^
[INFO] [stderr] 
[INFO] [stderr] warning: use of deprecated method `chrono::Date::<Tz>::and_hms`: Use and_hms_opt() instead
[INFO] [stderr]    --> src/lib.rs:626:41
[INFO] [stderr]     |
[INFO] [stderr] 626 |         let start = Utc.ymd(2019, 7, 1).and_hms( 0,  0,  0);
[INFO] [stderr]     |                                         ^^^^^^^
[INFO] [stderr] 
[INFO] [stderr] warning: use of deprecated method `chrono::TimeZone::ymd`: use `with_ymd_and_hms()` instead
[INFO] [stderr]    --> src/lib.rs:627:25
[INFO] [stderr]     |
[INFO] [stderr] 627 |         let until = Utc.ymd(2019, 7, 7).and_hms(23, 59, 59);
[INFO] [stderr]     |                         ^^^
[INFO] [stderr] 
[INFO] [stderr] warning: use of deprecated method `chrono::Date::<Tz>::and_hms`: Use and_hms_opt() instead
[INFO] [stderr]    --> src/lib.rs:627:41
[INFO] [stderr]     |
[INFO] [stderr] 627 |         let until = Utc.ymd(2019, 7, 7).and_hms(23, 59, 59);
[INFO] [stderr]     |                                         ^^^^^^^
[INFO] [stderr] 
[INFO] [stderr] warning: `ietfdata-rs` (lib) generated 2 warnings
[INFO] [stderr] warning: `ietfdata-rs` (lib test) generated 10 warnings (2 duplicates)
[INFO] [stderr]     Finished test [unoptimized + debuginfo] target(s) in 0.08s
[INFO] [stderr]      Running unittests src/lib.rs (/opt/rustwide/target/debug/deps/ietfdata_rs-8e5de813e7bb12d8)
[INFO] [stdout] 
[INFO] [stdout] running 9 tests
[INFO] [stdout] test ietfdata_tests::test_people_with_name ... FAILED
[INFO] [stdout] test ietfdata_tests::test_email ... FAILED
[INFO] [stdout] test ietfdata_tests::test_person_aliases ... FAILED
[INFO] [stdout] test ietfdata_tests::test_person ... FAILED
[INFO] [stdout] test ietfdata_tests::test_people_between ... FAILED
[INFO] [stdout] test ietfdata_tests::test_people_with_name_containing ... FAILED
[INFO] [stdout] test ietfdata_tests::test_person_from_email ... FAILED
[INFO] [stdout] test ietfdata_tests::test_email_history_for_address ... FAILED
[INFO] [stdout] test ietfdata_tests::test_person_history ... FAILED
[INFO] [stdout] 
[INFO] [stdout] failures:
[INFO] [stdout] 
[INFO] [stdout] ---- ietfdata_tests::test_people_with_name stdout ----
[INFO] [stdout] Error: IoError(Error(Hyper(Error(Connect, Custom { kind: Uncategorized, error: "failed to lookup address information: Temporary failure in name resolution" })), "https://datatracker.ietf.org/api/v1/person/person/?name=Colin%20Perkins"))
[INFO] [stdout] 
[INFO] [stdout] ---- ietfdata_tests::test_email stdout ----
[INFO] [stdout] Error: IoError(Error(Hyper(Error(Connect, Custom { kind: Uncategorized, error: "failed to lookup address information: Temporary failure in name resolution" })), "https://datatracker.ietf.org/api/v1/person/email/csp@csperkins.org/"))
[INFO] [stdout] 
[INFO] [stdout] ---- ietfdata_tests::test_person_aliases stdout ----
[INFO] [stdout] Error: IoError(Error(Hyper(Error(Connect, Custom { kind: Uncategorized, error: "failed to lookup address information: Temporary failure in name resolution" })), "https://datatracker.ietf.org/api/v1/person/email/csp@csperkins.org/"))
[INFO] [stdout] 
[INFO] [stdout] ---- ietfdata_tests::test_person stdout ----
[INFO] [stdout] Error: IoError(Error(Hyper(Error(Connect, Custom { kind: Uncategorized, error: "failed to lookup address information: Temporary failure in name resolution" })), "https://datatracker.ietf.org//api/v1/person/person/20209//"))
[INFO] [stdout] 
[INFO] [stdout] ---- ietfdata_tests::test_people_between stdout ----
[INFO] [stdout] Error: IoError(Error(Hyper(Error(Connect, Custom { kind: Uncategorized, error: "failed to lookup address information: Temporary failure in name resolution" })), "https://datatracker.ietf.org/api/v1/person/person/?time__gte=2019-07-01T00:00:00&time__lt=2019-07-07T23:59:59"))
[INFO] [stdout] 
[INFO] [stdout] ---- ietfdata_tests::test_people_with_name_containing stdout ----
[INFO] [stdout] Error: IoError(Error(Hyper(Error(Connect, Custom { kind: Uncategorized, error: "failed to lookup address information: Temporary failure in name resolution" })), "https://datatracker.ietf.org/api/v1/person/person/?name__contains=Perkins"))
[INFO] [stdout] 
[INFO] [stdout] ---- ietfdata_tests::test_person_from_email stdout ----
[INFO] [stdout] Error: IoError(Error(Hyper(Error(Connect, Custom { kind: Uncategorized, error: "failed to lookup address information: Temporary failure in name resolution" })), "https://datatracker.ietf.org/api/v1/person/email/csp@csperkins.org/"))
[INFO] [stdout] 
[INFO] [stdout] ---- ietfdata_tests::test_email_history_for_address stdout ----
[INFO] [stdout] Error: IoError(Error(Hyper(Error(Connect, Custom { kind: Uncategorized, error: "failed to lookup address information: Temporary failure in name resolution" })), "https://datatracker.ietf.org/api/v1/person/historicalemail/?address=csp@isi.edu"))
[INFO] [stdout] 
[INFO] [stdout] ---- ietfdata_tests::test_person_history stdout ----
[INFO] [stdout] Error: IoError(Error(Hyper(Error(Connect, Custom { kind: Uncategorized, error: "failed to lookup address information: Temporary failure in name resolution" })), "https://datatracker.ietf.org/api/v1/person/email/csp@csperkins.org/"))
[INFO] [stdout] 
[INFO] [stdout] 
[INFO] [stdout] failures:
[INFO] [stdout]     ietfdata_tests::test_email
[INFO] [stdout]     ietfdata_tests::test_email_history_for_address
[INFO] [stdout]     ietfdata_tests::test_people_between
[INFO] [stdout]     ietfdata_tests::test_people_with_name
[INFO] [stdout]     ietfdata_tests::test_people_with_name_containing
[INFO] [stdout]     ietfdata_tests::test_person
[INFO] [stdout]     ietfdata_tests::test_person_aliases
[INFO] [stdout]     ietfdata_tests::test_person_from_email
[INFO] [stdout]     ietfdata_tests::test_person_history
[INFO] [stdout] 
[INFO] [stdout] test result: FAILED. 0 passed; 9 failed; 0 ignored; 0 measured; 0 filtered out; finished in 1.01s
[INFO] [stdout] 
[INFO] [stderr] error: test failed, to rerun pass `--lib`
[INFO] running `Command { std: "docker" "inspect" "6443f2cbf6a0ae65e908149baf78c6fa1e5b85ea8b70436d7f306240e801de72", kill_on_drop: false }`
[INFO] running `Command { std: "docker" "rm" "-f" "6443f2cbf6a0ae65e908149baf78c6fa1e5b85ea8b70436d7f306240e801de72", kill_on_drop: false }`
[INFO] [stdout] 6443f2cbf6a0ae65e908149baf78c6fa1e5b85ea8b70436d7f306240e801de72
