[INFO] fetching crate icu_provider_macros 1.4.0...
[INFO] testing icu_provider_macros-1.4.0 against 1.75.0 for beta-1.76-1
[INFO] extracting crate icu_provider_macros 1.4.0 into /workspace/builds/worker-7-tc1/source
[INFO] validating manifest of crates.io crate icu_provider_macros 1.4.0 on toolchain 1.75.0
[INFO] running `Command { std: CARGO_HOME="/workspace/cargo-home" RUSTUP_HOME="/workspace/rustup-home" "/workspace/cargo-home/bin/cargo" "+1.75.0" "metadata" "--manifest-path" "Cargo.toml" "--no-deps", kill_on_drop: false }`
[INFO] started tweaking crates.io crate icu_provider_macros 1.4.0
[INFO] finished tweaking crates.io crate icu_provider_macros 1.4.0
[INFO] tweaked toml for crates.io crate icu_provider_macros 1.4.0 written to /workspace/builds/worker-7-tc1/source/Cargo.toml
[INFO] running `Command { std: CARGO_HOME="/workspace/cargo-home" RUSTUP_HOME="/workspace/rustup-home" "/workspace/cargo-home/bin/cargo" "+1.75.0" "generate-lockfile" "--manifest-path" "Cargo.toml", kill_on_drop: false }`
[INFO] [stderr]     Blocking waiting for file lock on package cache
[INFO] [stderr]     Updating crates.io index
[INFO] running `Command { std: CARGO_HOME="/workspace/cargo-home" RUSTUP_HOME="/workspace/rustup-home" "/workspace/cargo-home/bin/cargo" "+1.75.0" "fetch" "--manifest-path" "Cargo.toml", kill_on_drop: false }`
[INFO] running `Command { std: "docker" "create" "-v" "/var/lib/crater-agent-workspace/builds/worker-7-tc1/target:/opt/rustwide/target:rw,Z" "-v" "/var/lib/crater-agent-workspace/builds/worker-7-tc1/source:/opt/rustwide/workdir:ro,Z" "-v" "/var/lib/crater-agent-workspace/cargo-home:/opt/rustwide/cargo-home:ro,Z" "-v" "/var/lib/crater-agent-workspace/rustup-home:/opt/rustwide/rustup-home:ro,Z" "-e" "SOURCE_DIR=/opt/rustwide/workdir" "-e" "CARGO_TARGET_DIR=/opt/rustwide/target" "-e" "CARGO_HOME=/opt/rustwide/cargo-home" "-e" "RUSTUP_HOME=/opt/rustwide/rustup-home" "-w" "/opt/rustwide/workdir" "-m" "1610612736" "--user" "0:0" "--network" "none" "ghcr.io/rust-lang/crates-build-env/linux@sha256:2788e3201cd34a07e3172128adcd8b3090168a8e3bcc40d7c032b9dda1df7d1c" "/opt/rustwide/cargo-home/bin/cargo" "+1.75.0" "metadata" "--no-deps" "--format-version=1", kill_on_drop: false }`
[INFO] [stdout] 10072b6c46a65ab592f621fca3904f8dda84437451b2733c460674687248a411
[INFO] running `Command { std: "docker" "start" "-a" "10072b6c46a65ab592f621fca3904f8dda84437451b2733c460674687248a411", kill_on_drop: false }`
[INFO] running `Command { std: "docker" "inspect" "10072b6c46a65ab592f621fca3904f8dda84437451b2733c460674687248a411", kill_on_drop: false }`
[INFO] running `Command { std: "docker" "rm" "-f" "10072b6c46a65ab592f621fca3904f8dda84437451b2733c460674687248a411", kill_on_drop: false }`
[INFO] [stdout] 10072b6c46a65ab592f621fca3904f8dda84437451b2733c460674687248a411
[INFO] running `Command { std: "docker" "create" "-v" "/var/lib/crater-agent-workspace/builds/worker-7-tc1/target:/opt/rustwide/target:rw,Z" "-v" "/var/lib/crater-agent-workspace/builds/worker-7-tc1/source:/opt/rustwide/workdir:ro,Z" "-v" "/var/lib/crater-agent-workspace/cargo-home:/opt/rustwide/cargo-home:ro,Z" "-v" "/var/lib/crater-agent-workspace/rustup-home:/opt/rustwide/rustup-home:ro,Z" "-e" "SOURCE_DIR=/opt/rustwide/workdir" "-e" "CARGO_TARGET_DIR=/opt/rustwide/target" "-e" "CARGO_INCREMENTAL=0" "-e" "RUST_BACKTRACE=full" "-e" "RUSTFLAGS=--cap-lints=warn" "-e" "RUSTDOCFLAGS=--cap-lints=warn" "-e" "CARGO_HOME=/opt/rustwide/cargo-home" "-e" "RUSTUP_HOME=/opt/rustwide/rustup-home" "-w" "/opt/rustwide/workdir" "-m" "1610612736" "--user" "0:0" "--network" "none" "ghcr.io/rust-lang/crates-build-env/linux@sha256:2788e3201cd34a07e3172128adcd8b3090168a8e3bcc40d7c032b9dda1df7d1c" "/opt/rustwide/cargo-home/bin/cargo" "+1.75.0" "build" "--frozen" "--message-format=json", kill_on_drop: false }`
[INFO] [stdout] 1e559f05076462672d027acc57ceca5613701502c3aee5da0fa8e5b5ec3e6f61
[INFO] running `Command { std: "docker" "start" "-a" "1e559f05076462672d027acc57ceca5613701502c3aee5da0fa8e5b5ec3e6f61", kill_on_drop: false }`
[INFO] [stderr]    Compiling syn v2.0.48
[INFO] [stderr]    Compiling icu_provider_macros v1.4.0 (/opt/rustwide/workdir)
[INFO] [stderr]     Finished dev [unoptimized + debuginfo] target(s) in 4.42s
[INFO] running `Command { std: "docker" "inspect" "1e559f05076462672d027acc57ceca5613701502c3aee5da0fa8e5b5ec3e6f61", kill_on_drop: false }`
[INFO] running `Command { std: "docker" "rm" "-f" "1e559f05076462672d027acc57ceca5613701502c3aee5da0fa8e5b5ec3e6f61", kill_on_drop: false }`
[INFO] [stdout] 1e559f05076462672d027acc57ceca5613701502c3aee5da0fa8e5b5ec3e6f61
[INFO] running `Command { std: "docker" "create" "-v" "/var/lib/crater-agent-workspace/builds/worker-7-tc1/target:/opt/rustwide/target:rw,Z" "-v" "/var/lib/crater-agent-workspace/builds/worker-7-tc1/source:/opt/rustwide/workdir:ro,Z" "-v" "/var/lib/crater-agent-workspace/cargo-home:/opt/rustwide/cargo-home:ro,Z" "-v" "/var/lib/crater-agent-workspace/rustup-home:/opt/rustwide/rustup-home:ro,Z" "-e" "SOURCE_DIR=/opt/rustwide/workdir" "-e" "CARGO_TARGET_DIR=/opt/rustwide/target" "-e" "CARGO_INCREMENTAL=0" "-e" "RUST_BACKTRACE=full" "-e" "RUSTFLAGS=--cap-lints=warn" "-e" "RUSTDOCFLAGS=--cap-lints=warn" "-e" "CARGO_HOME=/opt/rustwide/cargo-home" "-e" "RUSTUP_HOME=/opt/rustwide/rustup-home" "-w" "/opt/rustwide/workdir" "-m" "1610612736" "--user" "0:0" "--network" "none" "ghcr.io/rust-lang/crates-build-env/linux@sha256:2788e3201cd34a07e3172128adcd8b3090168a8e3bcc40d7c032b9dda1df7d1c" "/opt/rustwide/cargo-home/bin/cargo" "+1.75.0" "test" "--frozen" "--no-run" "--message-format=json", kill_on_drop: false }`
[INFO] [stdout] 192f61f8af5991dbe8686899677ed2c16bc8da22e7b4bde63d3116e240052b7a
[INFO] running `Command { std: "docker" "start" "-a" "192f61f8af5991dbe8686899677ed2c16bc8da22e7b4bde63d3116e240052b7a", kill_on_drop: false }`
[INFO] [stderr]    Compiling icu_provider_macros v1.4.0 (/opt/rustwide/workdir)
[INFO] [stderr]     Finished test [unoptimized + debuginfo] target(s) in 1.21s
[INFO] running `Command { std: "docker" "inspect" "192f61f8af5991dbe8686899677ed2c16bc8da22e7b4bde63d3116e240052b7a", kill_on_drop: false }`
[INFO] running `Command { std: "docker" "rm" "-f" "192f61f8af5991dbe8686899677ed2c16bc8da22e7b4bde63d3116e240052b7a", kill_on_drop: false }`
[INFO] [stdout] 192f61f8af5991dbe8686899677ed2c16bc8da22e7b4bde63d3116e240052b7a
[INFO] running `Command { std: "docker" "create" "-v" "/var/lib/crater-agent-workspace/builds/worker-7-tc1/target:/opt/rustwide/target:rw,Z" "-v" "/var/lib/crater-agent-workspace/builds/worker-7-tc1/source:/opt/rustwide/workdir:ro,Z" "-v" "/var/lib/crater-agent-workspace/cargo-home:/opt/rustwide/cargo-home:ro,Z" "-v" "/var/lib/crater-agent-workspace/rustup-home:/opt/rustwide/rustup-home:ro,Z" "-e" "SOURCE_DIR=/opt/rustwide/workdir" "-e" "CARGO_TARGET_DIR=/opt/rustwide/target" "-e" "CARGO_INCREMENTAL=0" "-e" "RUST_BACKTRACE=full" "-e" "RUSTFLAGS=--cap-lints=warn" "-e" "RUSTDOCFLAGS=--cap-lints=warn" "-e" "CARGO_HOME=/opt/rustwide/cargo-home" "-e" "RUSTUP_HOME=/opt/rustwide/rustup-home" "-w" "/opt/rustwide/workdir" "-m" "1610612736" "--user" "0:0" "--network" "none" "ghcr.io/rust-lang/crates-build-env/linux@sha256:2788e3201cd34a07e3172128adcd8b3090168a8e3bcc40d7c032b9dda1df7d1c" "/opt/rustwide/cargo-home/bin/cargo" "+1.75.0" "test" "--frozen", kill_on_drop: false }`
[INFO] [stdout] 6e0744b2750dda1e9bc40a0f9af0389defe327419225848de439a7e79393f58d
[INFO] running `Command { std: "docker" "start" "-a" "6e0744b2750dda1e9bc40a0f9af0389defe327419225848de439a7e79393f58d", kill_on_drop: false }`
[INFO] [stderr]     Finished test [unoptimized + debuginfo] target(s) in 0.01s
[INFO] [stderr]      Running unittests src/lib.rs (/opt/rustwide/target/debug/deps/icu_provider_macros-123f11268e4a6843)
[INFO] [stdout] 
[INFO] [stdout] running 6 tests
[INFO] [stdout] test tests::test_databake ... ok
[INFO] [stdout] test tests::test_data_marker ... ok
[INFO] [stdout] test tests::test_attributes ... ok
[INFO] [stdout] test tests::test_keyed_data_marker ... ok
[INFO] [stdout] test tests::test_basic ... ok
[INFO] [stdout] test tests::test_multi_named_keyed_data_marker ... ok
[INFO] [stdout] 
[INFO] [stdout] test result: ok. 6 passed; 0 failed; 0 ignored; 0 measured; 0 filtered out; finished in 0.03s
[INFO] [stdout] 
[INFO] [stderr]    Doc-tests icu_provider_macros
[INFO] [stdout] 
[INFO] [stdout] running 1 test
[INFO] [stdout] test src/lib.rs - data_struct (line 53) ... FAILED
[INFO] [stdout] 
[INFO] [stdout] failures:
[INFO] [stdout] 
[INFO] [stdout] ---- src/lib.rs - data_struct (line 53) stdout ----
[INFO] [stdout] error[E0433]: failed to resolve: use of undeclared crate or module `icu_provider`
[INFO] [stdout]  --> src/lib.rs:60:15
[INFO] [stdout]   |
[INFO] [stdout] 9 |       pub use icu_provider::_internal::{LocaleFallbackPriority, LocaleFallbackSupplement};
[INFO] [stdout]   |               ^^^^^^^^^^^^ use of undeclared crate or module `icu_provider`
[INFO] [stdout] 
[INFO] [stdout] error[E0433]: failed to resolve: use of undeclared crate or module `icu_provider`
[INFO] [stdout]   --> src/lib.rs:63:11
[INFO] [stdout]    |
[INFO] [stdout] 12 |   pub use icu_provider::_internal::locid;
[INFO] [stdout]    |           ^^^^^^^^^^^^ use of undeclared crate or module `icu_provider`
[INFO] [stdout] 
[INFO] [stdout] error[E0433]: failed to resolve: use of undeclared crate or module `icu_provider`
[INFO] [stdout]   --> src/lib.rs:67:5
[INFO] [stdout]    |
[INFO] [stdout] 16 | use icu_provider::prelude::*;
[INFO] [stdout]    |     ^^^^^^^^^^^^ use of undeclared crate or module `icu_provider`
[INFO] [stdout] 
[INFO] [stdout] error[E0432]: unresolved import `icu::locid::extensions::unicode::key`
[INFO] [stdout]   --> src/lib.rs:66:5
[INFO] [stdout]    |
[INFO] [stdout] 15 | use icu::locid::extensions::unicode::key;
[INFO] [stdout]    |     ^^^^^^^^^^^^^^^^^^^^^^^^^^^^^^^^^^^^
[INFO] [stdout] 
[INFO] [stdout] error[E0433]: failed to resolve: use of undeclared crate or module `icu_provider`
[INFO] [stdout]   --> src/lib.rs:70:3
[INFO] [stdout]    |
[INFO] [stdout] 19 | #[icu_provider::data_struct(
[INFO] [stdout]    |   ^^^^^^^^^^^^ use of undeclared crate or module `icu_provider`
[INFO] [stdout] 
[INFO] [stdout] error: cannot determine resolution for the macro `key`
[INFO] [stdout]   --> src/lib.rs:101:10
[INFO] [stdout]    |
[INFO] [stdout] 50 |     Some(key!("ca"))
[INFO] [stdout]    |          ^^^
[INFO] [stdout]    |
[INFO] [stdout]    = note: import resolution is stuck, try simplifying macro imports
[INFO] [stdout] 
[INFO] [stdout] error[E0433]: failed to resolve: use of undeclared type `BarV1Marker`
[INFO] [stdout]   --> src/lib.rs:87:14
[INFO] [stdout]    |
[INFO] [stdout] 36 | assert_eq!(&*BarV1Marker::KEY.path(), "demo/bar@1");
[INFO] [stdout]    |              ^^^^^^^^^^^ use of undeclared type `BarV1Marker`
[INFO] [stdout] 
[INFO] [stdout] error[E0433]: failed to resolve: use of undeclared type `BarV1Marker`
[INFO] [stdout]   --> src/lib.rs:89:5
[INFO] [stdout]    |
[INFO] [stdout] 38 |     BarV1Marker::KEY.metadata().fallback_priority,
[INFO] [stdout]    |     ^^^^^^^^^^^ use of undeclared type `BarV1Marker`
[INFO] [stdout] 
[INFO] [stdout] error[E0433]: failed to resolve: use of undeclared type `BarV1Marker`
[INFO] [stdout]   --> src/lib.rs:92:12
[INFO] [stdout]    |
[INFO] [stdout] 41 | assert_eq!(BarV1Marker::KEY.metadata().extension_key, None);
[INFO] [stdout]    |            ^^^^^^^^^^^ use of undeclared type `BarV1Marker`
[INFO] [stdout] 
[INFO] [stdout] error[E0433]: failed to resolve: use of undeclared type `BazV1Marker`
[INFO] [stdout]   --> src/lib.rs:94:14
[INFO] [stdout]    |
[INFO] [stdout] 43 | assert_eq!(&*BazV1Marker::KEY.path(), "demo/baz@1");
[INFO] [stdout]    |              ^^^^^^^^^^^ use of undeclared type `BazV1Marker`
[INFO] [stdout] 
[INFO] [stdout] error[E0433]: failed to resolve: use of undeclared type `BazV1Marker`
[INFO] [stdout]   --> src/lib.rs:96:5
[INFO] [stdout]    |
[INFO] [stdout] 45 |     BazV1Marker::KEY.metadata().fallback_priority,
[INFO] [stdout]    |     ^^^^^^^^^^^ use of undeclared type `BazV1Marker`
[INFO] [stdout] 
[INFO] [stdout] error[E0433]: failed to resolve: use of undeclared type `BazV1Marker`
[INFO] [stdout]   --> src/lib.rs:100:5
[INFO] [stdout]    |
[INFO] [stdout] 49 |     BazV1Marker::KEY.metadata().extension_key,
[INFO] [stdout]    |     ^^^^^^^^^^^ use of undeclared type `BazV1Marker`
[INFO] [stdout] 
[INFO] [stdout] error: aborting due to 12 previous errors
[INFO] [stdout] 
[INFO] [stdout] Some errors have detailed explanations: E0432, E0433.
[INFO] [stdout] For more information about an error, try `rustc --explain E0432`.
[INFO] [stdout] Couldn't compile the test.
[INFO] [stdout] 
[INFO] [stdout] failures:
[INFO] [stdout]     src/lib.rs - data_struct (line 53)
[INFO] [stdout] 
[INFO] [stdout] test result: FAILED. 0 passed; 1 failed; 0 ignored; 0 measured; 0 filtered out; finished in 0.10s
[INFO] [stdout] 
[INFO] [stderr] error: doctest failed, to rerun pass `--doc`
[INFO] running `Command { std: "docker" "inspect" "6e0744b2750dda1e9bc40a0f9af0389defe327419225848de439a7e79393f58d", kill_on_drop: false }`
[INFO] running `Command { std: "docker" "rm" "-f" "6e0744b2750dda1e9bc40a0f9af0389defe327419225848de439a7e79393f58d", kill_on_drop: false }`
[INFO] [stdout] 6e0744b2750dda1e9bc40a0f9af0389defe327419225848de439a7e79393f58d
