[INFO] fetching crate icu_provider_adapters 1.4.0...
[INFO] testing icu_provider_adapters-1.4.0 against 1.75.0 for beta-1.76-1
[INFO] extracting crate icu_provider_adapters 1.4.0 into /workspace/builds/worker-5-tc1/source
[INFO] validating manifest of crates.io crate icu_provider_adapters 1.4.0 on toolchain 1.75.0
[INFO] running `Command { std: CARGO_HOME="/workspace/cargo-home" RUSTUP_HOME="/workspace/rustup-home" "/workspace/cargo-home/bin/cargo" "+1.75.0" "metadata" "--manifest-path" "Cargo.toml" "--no-deps", kill_on_drop: false }`
[INFO] started tweaking crates.io crate icu_provider_adapters 1.4.0
[INFO] finished tweaking crates.io crate icu_provider_adapters 1.4.0
[INFO] tweaked toml for crates.io crate icu_provider_adapters 1.4.0 written to /workspace/builds/worker-5-tc1/source/Cargo.toml
[INFO] running `Command { std: CARGO_HOME="/workspace/cargo-home" RUSTUP_HOME="/workspace/rustup-home" "/workspace/cargo-home/bin/cargo" "+1.75.0" "generate-lockfile" "--manifest-path" "Cargo.toml", kill_on_drop: false }`
[INFO] [stderr]     Updating crates.io index
[INFO] running `Command { std: CARGO_HOME="/workspace/cargo-home" RUSTUP_HOME="/workspace/rustup-home" "/workspace/cargo-home/bin/cargo" "+1.75.0" "fetch" "--manifest-path" "Cargo.toml", kill_on_drop: false }`
[INFO] [stderr]  Downloading crates ...
[INFO] [stderr]   Downloaded zerofrom-derive v0.1.3
[INFO] [stderr]   Downloaded zerofrom v0.1.3
[INFO] [stderr]   Downloaded icu_locid v1.4.0
[INFO] [stderr]   Downloaded tinystr v0.7.5
[INFO] [stderr]   Downloaded databake v0.1.7
[INFO] [stderr]   Downloaded icu_locid_transform v1.4.0
[INFO] [stderr]   Downloaded icu_provider v1.4.0
[INFO] [stderr]   Downloaded zerovec v0.10.1
[INFO] [stderr]   Downloaded yoke v0.7.3
[INFO] [stderr]   Downloaded litemap v0.7.2
[INFO] [stderr]   Downloaded yoke-derive v0.7.3
[INFO] [stderr]   Downloaded databake-derive v0.1.7
[INFO] [stderr]   Downloaded icu_provider_macros v1.4.0
[INFO] [stderr]   Downloaded writeable v0.5.4
[INFO] [stderr]   Downloaded zerovec-derive v0.10.1
[INFO] running `Command { std: "docker" "create" "-v" "/var/lib/crater-agent-workspace/builds/worker-5-tc1/target:/opt/rustwide/target:rw,Z" "-v" "/var/lib/crater-agent-workspace/builds/worker-5-tc1/source:/opt/rustwide/workdir:ro,Z" "-v" "/var/lib/crater-agent-workspace/cargo-home:/opt/rustwide/cargo-home:ro,Z" "-v" "/var/lib/crater-agent-workspace/rustup-home:/opt/rustwide/rustup-home:ro,Z" "-e" "SOURCE_DIR=/opt/rustwide/workdir" "-e" "CARGO_TARGET_DIR=/opt/rustwide/target" "-e" "CARGO_HOME=/opt/rustwide/cargo-home" "-e" "RUSTUP_HOME=/opt/rustwide/rustup-home" "-w" "/opt/rustwide/workdir" "-m" "1610612736" "--user" "0:0" "--network" "none" "ghcr.io/rust-lang/crates-build-env/linux@sha256:2788e3201cd34a07e3172128adcd8b3090168a8e3bcc40d7c032b9dda1df7d1c" "/opt/rustwide/cargo-home/bin/cargo" "+1.75.0" "metadata" "--no-deps" "--format-version=1", kill_on_drop: false }`
[INFO] [stdout] 4d766a03fba18ad514b36987d2c662daa477328aa0869c54a803a83e17a32d9a
[INFO] running `Command { std: "docker" "start" "-a" "4d766a03fba18ad514b36987d2c662daa477328aa0869c54a803a83e17a32d9a", kill_on_drop: false }`
[INFO] running `Command { std: "docker" "inspect" "4d766a03fba18ad514b36987d2c662daa477328aa0869c54a803a83e17a32d9a", kill_on_drop: false }`
[INFO] running `Command { std: "docker" "rm" "-f" "4d766a03fba18ad514b36987d2c662daa477328aa0869c54a803a83e17a32d9a", kill_on_drop: false }`
[INFO] [stdout] 4d766a03fba18ad514b36987d2c662daa477328aa0869c54a803a83e17a32d9a
[INFO] running `Command { std: "docker" "create" "-v" "/var/lib/crater-agent-workspace/builds/worker-5-tc1/target:/opt/rustwide/target:rw,Z" "-v" "/var/lib/crater-agent-workspace/builds/worker-5-tc1/source:/opt/rustwide/workdir:ro,Z" "-v" "/var/lib/crater-agent-workspace/cargo-home:/opt/rustwide/cargo-home:ro,Z" "-v" "/var/lib/crater-agent-workspace/rustup-home:/opt/rustwide/rustup-home:ro,Z" "-e" "SOURCE_DIR=/opt/rustwide/workdir" "-e" "CARGO_TARGET_DIR=/opt/rustwide/target" "-e" "CARGO_INCREMENTAL=0" "-e" "RUST_BACKTRACE=full" "-e" "RUSTFLAGS=--cap-lints=warn" "-e" "RUSTDOCFLAGS=--cap-lints=warn" "-e" "CARGO_HOME=/opt/rustwide/cargo-home" "-e" "RUSTUP_HOME=/opt/rustwide/rustup-home" "-w" "/opt/rustwide/workdir" "-m" "1610612736" "--user" "0:0" "--network" "none" "ghcr.io/rust-lang/crates-build-env/linux@sha256:2788e3201cd34a07e3172128adcd8b3090168a8e3bcc40d7c032b9dda1df7d1c" "/opt/rustwide/cargo-home/bin/cargo" "+1.75.0" "build" "--frozen" "--message-format=json", kill_on_drop: false }`
[INFO] [stdout] ea345052f0d554cedda952146ce215190375afa795c0a02243c10af4c347315e
[INFO] running `Command { std: "docker" "start" "-a" "ea345052f0d554cedda952146ce215190375afa795c0a02243c10af4c347315e", kill_on_drop: false }`
[INFO] [stderr]    Compiling syn v2.0.48
[INFO] [stderr]    Compiling unicode-xid v0.2.4
[INFO] [stderr]    Compiling stable_deref_trait v1.2.0
[INFO] [stderr]    Compiling writeable v0.5.4
[INFO] [stderr]    Compiling litemap v0.7.2
[INFO] [stderr]    Compiling synstructure v0.13.0
[INFO] [stderr]    Compiling zerofrom-derive v0.1.3
[INFO] [stderr]    Compiling yoke-derive v0.7.3
[INFO] [stderr]    Compiling zerovec-derive v0.10.1
[INFO] [stderr]    Compiling displaydoc v0.2.4
[INFO] [stderr]    Compiling icu_provider_macros v1.4.0
[INFO] [stderr]    Compiling zerofrom v0.1.3
[INFO] [stderr]    Compiling yoke v0.7.3
[INFO] [stderr]    Compiling zerovec v0.10.1
[INFO] [stderr]    Compiling tinystr v0.7.5
[INFO] [stderr]    Compiling icu_locid v1.4.0
[INFO] [stderr]    Compiling icu_provider v1.4.0
[INFO] [stderr]    Compiling icu_locid_transform v1.4.0
[INFO] [stderr]    Compiling icu_provider_adapters v1.4.0 (/opt/rustwide/workdir)
[INFO] [stdout] warning: unused import: `impls::*`
[INFO] [stdout]   --> src/filter/mod.rs:39:9
[INFO] [stdout]    |
[INFO] [stdout] 39 | pub use impls::*;
[INFO] [stdout]    |         ^^^^^^^^
[INFO] [stdout]    |
[INFO] [stdout]    = note: `#[warn(unused_imports)]` on by default
[INFO] [stdout] 
[INFO] [stdout] 
[INFO] [stdout] warning: 1 warning emitted
[INFO] [stdout] 
[INFO] [stdout] 
[INFO] [stderr]     Finished dev [unoptimized + debuginfo] target(s) in 15.36s
[INFO] running `Command { std: "docker" "inspect" "ea345052f0d554cedda952146ce215190375afa795c0a02243c10af4c347315e", kill_on_drop: false }`
[INFO] running `Command { std: "docker" "rm" "-f" "ea345052f0d554cedda952146ce215190375afa795c0a02243c10af4c347315e", kill_on_drop: false }`
[INFO] [stdout] ea345052f0d554cedda952146ce215190375afa795c0a02243c10af4c347315e
[INFO] running `Command { std: "docker" "create" "-v" "/var/lib/crater-agent-workspace/builds/worker-5-tc1/target:/opt/rustwide/target:rw,Z" "-v" "/var/lib/crater-agent-workspace/builds/worker-5-tc1/source:/opt/rustwide/workdir:ro,Z" "-v" "/var/lib/crater-agent-workspace/cargo-home:/opt/rustwide/cargo-home:ro,Z" "-v" "/var/lib/crater-agent-workspace/rustup-home:/opt/rustwide/rustup-home:ro,Z" "-e" "SOURCE_DIR=/opt/rustwide/workdir" "-e" "CARGO_TARGET_DIR=/opt/rustwide/target" "-e" "CARGO_INCREMENTAL=0" "-e" "RUST_BACKTRACE=full" "-e" "RUSTFLAGS=--cap-lints=warn" "-e" "RUSTDOCFLAGS=--cap-lints=warn" "-e" "CARGO_HOME=/opt/rustwide/cargo-home" "-e" "RUSTUP_HOME=/opt/rustwide/rustup-home" "-w" "/opt/rustwide/workdir" "-m" "1610612736" "--user" "0:0" "--network" "none" "ghcr.io/rust-lang/crates-build-env/linux@sha256:2788e3201cd34a07e3172128adcd8b3090168a8e3bcc40d7c032b9dda1df7d1c" "/opt/rustwide/cargo-home/bin/cargo" "+1.75.0" "test" "--frozen" "--no-run" "--message-format=json", kill_on_drop: false }`
[INFO] [stdout] c48cf1eed420324aea1808782137d3c77ee4b5585c710a12353bfab392be0deb
[INFO] running `Command { std: "docker" "start" "-a" "c48cf1eed420324aea1808782137d3c77ee4b5585c710a12353bfab392be0deb", kill_on_drop: false }`
[INFO] [stderr]    Compiling icu_provider_adapters v1.4.0 (/opt/rustwide/workdir)
[INFO] [stdout] warning: unused import: `impls::*`
[INFO] [stdout]   --> src/filter/mod.rs:39:9
[INFO] [stdout]    |
[INFO] [stdout] 39 | pub use impls::*;
[INFO] [stdout]    |         ^^^^^^^^
[INFO] [stdout]    |
[INFO] [stdout]    = note: `#[warn(unused_imports)]` on by default
[INFO] [stdout] 
[INFO] [stdout] 
[INFO] [stdout] warning: 1 warning emitted
[INFO] [stdout] 
[INFO] [stdout] 
[INFO] [stdout] warning: unused import: `impls::*`
[INFO] [stdout]   --> src/filter/mod.rs:39:9
[INFO] [stdout]    |
[INFO] [stdout] 39 | pub use impls::*;
[INFO] [stdout]    |         ^^^^^^^^
[INFO] [stdout]    |
[INFO] [stdout]    = note: `#[warn(unused_imports)]` on by default
[INFO] [stdout] 
[INFO] [stdout] 
[INFO] [stdout] warning: 1 warning emitted
[INFO] [stdout] 
[INFO] [stdout] 
[INFO] [stderr]     Finished test [unoptimized + debuginfo] target(s) in 0.59s
[INFO] running `Command { std: "docker" "inspect" "c48cf1eed420324aea1808782137d3c77ee4b5585c710a12353bfab392be0deb", kill_on_drop: false }`
[INFO] running `Command { std: "docker" "rm" "-f" "c48cf1eed420324aea1808782137d3c77ee4b5585c710a12353bfab392be0deb", kill_on_drop: false }`
[INFO] [stdout] c48cf1eed420324aea1808782137d3c77ee4b5585c710a12353bfab392be0deb
[INFO] running `Command { std: "docker" "create" "-v" "/var/lib/crater-agent-workspace/builds/worker-5-tc1/target:/opt/rustwide/target:rw,Z" "-v" "/var/lib/crater-agent-workspace/builds/worker-5-tc1/source:/opt/rustwide/workdir:ro,Z" "-v" "/var/lib/crater-agent-workspace/cargo-home:/opt/rustwide/cargo-home:ro,Z" "-v" "/var/lib/crater-agent-workspace/rustup-home:/opt/rustwide/rustup-home:ro,Z" "-e" "SOURCE_DIR=/opt/rustwide/workdir" "-e" "CARGO_TARGET_DIR=/opt/rustwide/target" "-e" "CARGO_INCREMENTAL=0" "-e" "RUST_BACKTRACE=full" "-e" "RUSTFLAGS=--cap-lints=warn" "-e" "RUSTDOCFLAGS=--cap-lints=warn" "-e" "CARGO_HOME=/opt/rustwide/cargo-home" "-e" "RUSTUP_HOME=/opt/rustwide/rustup-home" "-w" "/opt/rustwide/workdir" "-m" "1610612736" "--user" "0:0" "--network" "none" "ghcr.io/rust-lang/crates-build-env/linux@sha256:2788e3201cd34a07e3172128adcd8b3090168a8e3bcc40d7c032b9dda1df7d1c" "/opt/rustwide/cargo-home/bin/cargo" "+1.75.0" "test" "--frozen", kill_on_drop: false }`
[INFO] [stdout] 6ea7abd8656fbe66390e252e0c37740354ed1b101fefd98235a36d84167c193e
[INFO] running `Command { std: "docker" "start" "-a" "6ea7abd8656fbe66390e252e0c37740354ed1b101fefd98235a36d84167c193e", kill_on_drop: false }`
[INFO] [stderr] warning: unused import: `impls::*`
[INFO] [stderr]   --> src/filter/mod.rs:39:9
[INFO] [stderr]    |
[INFO] [stderr] 39 | pub use impls::*;
[INFO] [stderr]    |         ^^^^^^^^
[INFO] [stderr]    |
[INFO] [stderr]    = note: `#[warn(unused_imports)]` on by default
[INFO] [stderr] 
[INFO] [stderr] warning: `icu_provider_adapters` (lib) generated 1 warning (run `cargo fix --lib -p icu_provider_adapters` to apply 1 suggestion)
[INFO] [stderr] warning: `icu_provider_adapters` (lib test) generated 1 warning (1 duplicate)
[INFO] [stderr]     Finished test [unoptimized + debuginfo] target(s) in 0.03s
[INFO] [stderr]      Running unittests src/lib.rs (/opt/rustwide/target/debug/deps/icu_provider_adapters-f829203f21e070f1)
[INFO] [stdout] 
[INFO] [stdout] running 1 test
[INFO] [stderr]    Doc-tests icu_provider_adapters
[INFO] [stdout] test fork::macros::test::test_make_forking_provider ... ok
[INFO] [stdout] 
[INFO] [stdout] test result: ok. 1 passed; 0 failed; 0 ignored; 0 measured; 0 filtered out; finished in 0.00s
[INFO] [stdout] 
[INFO] [stdout] 
[INFO] [stdout] running 14 tests
[INFO] [stdout] test src/any_payload.rs - any_payload::AnyPayloadProvider (line 19) ... FAILED
[INFO] [stdout] test src/fallback/mod.rs - fallback::LocaleFallbackProvider<P>::new_with_fallbacker (line 127) ... FAILED
[INFO] [stdout] test src/filter/impls.rs - filter::impls::RequestFilterDataProvider<D,F>::filter_by_langid (line 26) ... FAILED
[INFO] [stdout] test src/fallback/mod.rs - fallback::LocaleFallbackProvider (line 23) ... FAILED
[INFO] [stdout] test src/fork/mod.rs - fork::ForkByKeyProvider (line 99) ... FAILED
[INFO] [stdout] test src/fork/mod.rs - fork::ForkByKeyProvider (line 61) ... FAILED
[INFO] [stdout] test src/filter/mod.rs - filter (line 15) ... ok
[INFO] [stdout] test src/fork/predicates.rs - fork::predicates::MissingLocalePredicate (line 70) ... FAILED
[INFO] [stdout] test src/fork/mod.rs - fork::MultiForkByKeyProvider (line 168) ... FAILED
[INFO] [stdout] test src/empty.rs - empty::EmptyDataProvider (line 17) ... ok
[INFO] [stdout] test src/filter/impls.rs - filter::impls::RequestFilterDataProvider<D,F>::filter_by_langid_allowlist_strict (line 103) ... ok
[INFO] [stdout] test src/fork/macros.rs - fork::macros::make_forking_provider (line 10) ... ok
[INFO] [stdout] test src/filter/impls.rs - filter::impls::RequestFilterDataProvider<D,F>::require_langid (line 166) ... ok
[INFO] [stderr] error: doctest failed, to rerun pass `--doc`
[INFO] [stdout] test src/filter/mod.rs - filter (line 23) ... ok
[INFO] [stdout] 
[INFO] [stdout] failures:
[INFO] [stdout] 
[INFO] [stdout] ---- src/any_payload.rs - any_payload::AnyPayloadProvider (line 19) stdout ----
[INFO] [stdout] error[E0432]: unresolved import `writeable`
[INFO] [stdout]  --> src/any_payload.rs:25:5
[INFO] [stdout]   |
[INFO] [stdout] 9 | use writeable::assert_writeable_eq;
[INFO] [stdout]   |     ^^^^^^^^^ use of undeclared crate or module `writeable`
[INFO] [stdout] 
[INFO] [stdout] error: cannot determine resolution for the macro `assert_writeable_eq`
[INFO] [stdout]   --> src/any_payload.rs:38:1
[INFO] [stdout]    |
[INFO] [stdout] 22 | assert_writeable_eq!(formatter.format(), "custom hello world");
[INFO] [stdout]    | ^^^^^^^^^^^^^^^^^^^
[INFO] [stdout]    |
[INFO] [stdout]    = note: import resolution is stuck, try simplifying macro imports
[INFO] [stdout] 
[INFO] [stdout] error: aborting due to 2 previous errors
[INFO] [stdout] 
[INFO] [stdout] For more information about this error, try `rustc --explain E0432`.
[INFO] [stdout] Couldn't compile the test.
[INFO] [stdout] ---- src/fallback/mod.rs - fallback::LocaleFallbackProvider<P>::new_with_fallbacker (line 127) stdout ----
[INFO] [stdout] error[E0599]: no function or associated item named `new` found for struct `LocaleFallbacker` in the current scope
[INFO] [stdout]    --> src/fallback/mod.rs:151:23
[INFO] [stdout]     |
[INFO] [stdout] 27  |     LocaleFallbacker::new().static_to_owned(),
[INFO] [stdout]     |                       ^^^ function or associated item not found in `LocaleFallbacker`
[INFO] [stdout]     |
[INFO] [stdout] note: if you're trying to build a new `LocaleFallbacker` consider using one of the following associated functions:
[INFO] [stdout]       LocaleFallbacker::try_new_with_any_provider
[INFO] [stdout]       LocaleFallbacker::try_new_unstable
[INFO] [stdout]       LocaleFallbacker::new_without_data
[INFO] [stdout]    --> /opt/rustwide/cargo-home/registry/src/index.crates.io-6f17d22bba15001f/icu_locid_transform-1.4.0/src/fallback/mod.rs:159:5
[INFO] [stdout]     |
[INFO] [stdout] 159 | /     icu_provider::gen_any_buffer_data_constructors!(locale: skip, options: skip, error: DataError,
[INFO] [stdout] 160 | |         #[cfg(skip)]
[INFO] [stdout] 161 | |         functions: [
[INFO] [stdout] 162 | |             new,
[INFO] [stdout] ...   |
[INFO] [stdout] 166 | |             Self
[INFO] [stdout] 167 | |     ]);
[INFO] [stdout]     | |______^
[INFO] [stdout] ...
[INFO] [stdout] 170 | /     pub fn try_new_unstable<P>(provider: &P) -> Result<Self, DataError>
[INFO] [stdout] 171 | |     where
[INFO] [stdout] 172 | |         P: DataProvider<LocaleFallbackLikelySubtagsV1Marker>
[INFO] [stdout] 173 | |             + DataProvider<LocaleFallbackParentsV1Marker>
[INFO] [stdout] 174 | |             + DataProvider<CollationFallbackSupplementV1Marker>
[INFO] [stdout] 175 | |             + ?Sized,
[INFO] [stdout]     | |_____________________^
[INFO] [stdout] ...
[INFO] [stdout] 200 |       pub fn new_without_data() -> Self {
[INFO] [stdout]     |       ^^^^^^^^^^^^^^^^^^^^^^^^^^^^^^^^^
[INFO] [stdout]     = note: this error originates in the macro `icu_provider::gen_any_buffer_data_constructors` (in Nightly builds, run with -Z macro-backtrace for more info)
[INFO] [stdout] 
[INFO] [stdout] error: aborting due to previous error
[INFO] [stdout] 
[INFO] [stdout] For more information about this error, try `rustc --explain E0599`.
[INFO] [stdout] Couldn't compile the test.
[INFO] [stdout] ---- src/filter/impls.rs - filter::impls::RequestFilterDataProvider<D,F>::filter_by_langid (line 26) stdout ----
[INFO] [stdout] error[E0432]: unresolved import `icu_provider::datagen`
[INFO] [stdout]  --> src/filter/impls.rs:30:19
[INFO] [stdout]   |
[INFO] [stdout] 7 | use icu_provider::datagen::*;
[INFO] [stdout]   |                   ^^^^^^^ could not find `datagen` in `icu_provider`
[INFO] [stdout] 
[INFO] [stdout] error[E0599]: no method named `supported_locales` found for struct `RequestFilterDataProvider` in the current scope
[INFO] [stdout]   --> src/filter/impls.rs:65:6
[INFO] [stdout]    |
[INFO] [stdout] 41 |   let supported_langids = provider
[INFO] [stdout]    |  _________________________-
[INFO] [stdout] 42 | |     .supported_locales()
[INFO] [stdout]    | |     -^^^^^^^^^^^^^^^^^ method not found in `RequestFilterDataProvider<HelloWorldProvider, Box<dyn Fn(DataRequest<'a>) -> bool + Sync>>`
[INFO] [stdout]    | |_____|
[INFO] [stdout]    | 
[INFO] [stdout] 
[INFO] [stdout] error: aborting due to 2 previous errors
[INFO] [stdout] 
[INFO] [stdout] Some errors have detailed explanations: E0432, E0599.
[INFO] [stdout] For more information about an error, try `rustc --explain E0432`.
[INFO] [stdout] Couldn't compile the test.
[INFO] [stdout] ---- src/fallback/mod.rs - fallback::LocaleFallbackProvider (line 23) stdout ----
[INFO] [stdout] error[E0433]: failed to resolve: use of undeclared crate or module `icu_provider_blob`
[INFO] [stdout]   --> src/fallback/mod.rs:30:16
[INFO] [stdout]    |
[INFO] [stdout] 10 | let provider = icu_provider_blob::BlobDataProvider::try_new_from_static_blob(include_bytes!("../../tests/data/blob.postcard")).unwrap();
[INFO] [stdout]    |                ^^^^^^^^^^^^^^^^^ use of undeclared crate or module `icu_provider_blob`
[INFO] [stdout]    |
[INFO] [stdout] help: there is a crate or module with a similar name
[INFO] [stdout]    |
[INFO] [stdout] 10 | let provider = icu_provider::BlobDataProvider::try_new_from_static_blob(include_bytes!("../../tests/data/blob.postcard")).unwrap();
[INFO] [stdout]    |                ~~~~~~~~~~~~
[INFO] [stdout] 
[INFO] [stdout] error: aborting due to previous error
[INFO] [stdout] 
[INFO] [stdout] For more information about this error, try `rustc --explain E0433`.
[INFO] [stdout] Couldn't compile the test.
[INFO] [stdout] ---- src/fork/mod.rs - fork::ForkByKeyProvider (line 99) stdout ----
[INFO] [stdout] error[E0599]: no method named `into_json_provider` found for struct `icu_provider::hello_world::HelloWorldProvider` in the current scope
[INFO] [stdout]   --> src/fork/mod.rs:109:10
[INFO] [stdout]    |
[INFO] [stdout] 12 | /     HelloWorldProvider
[INFO] [stdout] 13 | |         .into_json_provider()
[INFO] [stdout]    | |         -^^^^^^^^^^^^^^^^^^ method not found in `HelloWorldProvider`
[INFO] [stdout]    | |_________|
[INFO] [stdout]    | 
[INFO] [stdout] 
[INFO] [stdout] error[E0599]: no method named `into_json_provider` found for struct `icu_provider::hello_world::HelloWorldProvider` in the current scope
[INFO] [stdout]   --> src/fork/mod.rs:113:10
[INFO] [stdout]    |
[INFO] [stdout] 16 | /     HelloWorldProvider
[INFO] [stdout] 17 | |         .into_json_provider()
[INFO] [stdout]    | |         -^^^^^^^^^^^^^^^^^^ method not found in `HelloWorldProvider`
[INFO] [stdout]    | |_________|
[INFO] [stdout]    | 
[INFO] [stdout] 
[INFO] [stdout] error: aborting due to 2 previous errors
[INFO] [stdout] 
[INFO] [stdout] For more information about this error, try `rustc --explain E0599`.
[INFO] [stdout] Couldn't compile the test.
[INFO] [stdout] ---- src/fork/mod.rs - fork::ForkByKeyProvider (line 61) stdout ----
[INFO] [stdout] error[E0599]: no method named `into_json_provider` found for struct `icu_provider::hello_world::HelloWorldProvider` in the current scope
[INFO] [stdout]   --> src/fork/mod.rs:81:24
[INFO] [stdout]    |
[INFO] [stdout] 23 |     HelloWorldProvider.into_json_provider(),
[INFO] [stdout]    |                        ^^^^^^^^^^^^^^^^^^ method not found in `HelloWorldProvider`
[INFO] [stdout] 
[INFO] [stdout] error: aborting due to previous error
[INFO] [stdout] 
[INFO] [stdout] For more information about this error, try `rustc --explain E0599`.
[INFO] [stdout] Couldn't compile the test.
[INFO] [stdout] ---- src/fork/predicates.rs - fork::predicates::MissingLocalePredicate (line 70) stdout ----
[INFO] [stdout] error[E0432]: unresolved import `icu_provider_fs`
[INFO] [stdout]  --> src/fork/predicates.rs:74:5
[INFO] [stdout]   |
[INFO] [stdout] 7 | use icu_provider_fs::FsDataProvider;
[INFO] [stdout]   |     ^^^^^^^^^^^^^^^ use of undeclared crate or module `icu_provider_fs`
[INFO] [stdout]   |
[INFO] [stdout] help: there is a crate or module with a similar name
[INFO] [stdout]   |
[INFO] [stdout] 7 | use icu_provider::FsDataProvider;
[INFO] [stdout]   |     ~~~~~~~~~~~~
[INFO] [stdout] 
[INFO] [stdout] error: aborting due to previous error
[INFO] [stdout] 
[INFO] [stdout] For more information about this error, try `rustc --explain E0432`.
[INFO] [stdout] Couldn't compile the test.
[INFO] [stdout] ---- src/fork/mod.rs - fork::MultiForkByKeyProvider (line 168) stdout ----
[INFO] [stdout] error[E0599]: no method named `into_json_provider` found for struct `icu_provider::hello_world::HelloWorldProvider` in the current scope
[INFO] [stdout]   --> src/fork/mod.rs:179:14
[INFO] [stdout]    |
[INFO] [stdout] 13 | /         HelloWorldProvider
[INFO] [stdout] 14 | |             .into_json_provider()
[INFO] [stdout]    | |             -^^^^^^^^^^^^^^^^^^ method not found in `HelloWorldProvider`
[INFO] [stdout]    | |_____________|
[INFO] [stdout]    | 
[INFO] [stdout] 
[INFO] [stdout] error[E0599]: no method named `into_json_provider` found for struct `icu_provider::hello_world::HelloWorldProvider` in the current scope
[INFO] [stdout]   --> src/fork/mod.rs:183:14
[INFO] [stdout]    |
[INFO] [stdout] 17 | /         HelloWorldProvider
[INFO] [stdout] 18 | |             .into_json_provider()
[INFO] [stdout]    | |             -^^^^^^^^^^^^^^^^^^ method not found in `HelloWorldProvider`
[INFO] [stdout]    | |_____________|
[INFO] [stdout]    | 
[INFO] [stdout] 
[INFO] [stdout] error[E0599]: no method named `as_deserializing` found for struct `MultiForkByErrorProvider` in the current scope
[INFO] [stdout]   --> src/fork/mod.rs:190:23
[INFO] [stdout]    |
[INFO] [stdout] 25 |     &forking_provider.as_deserializing();
[INFO] [stdout]    |                       ^^^^^^^^^^^^^^^^ method not found in `MultiForkByErrorProvider<_, MissingDataKeyPredicate>`
[INFO] [stdout] 
[INFO] [stdout] error: aborting due to 3 previous errors
[INFO] [stdout] 
[INFO] [stdout] For more information about this error, try `rustc --explain E0599`.
[INFO] [stdout] Couldn't compile the test.
[INFO] [stdout] 
[INFO] [stdout] failures:
[INFO] [stdout]     src/any_payload.rs - any_payload::AnyPayloadProvider (line 19)
[INFO] [stdout]     src/fallback/mod.rs - fallback::LocaleFallbackProvider (line 23)
[INFO] [stdout]     src/fallback/mod.rs - fallback::LocaleFallbackProvider<P>::new_with_fallbacker (line 127)
[INFO] [stdout]     src/filter/impls.rs - filter::impls::RequestFilterDataProvider<D,F>::filter_by_langid (line 26)
[INFO] [stdout]     src/fork/mod.rs - fork::ForkByKeyProvider (line 61)
[INFO] [stdout]     src/fork/mod.rs - fork::ForkByKeyProvider (line 99)
[INFO] [stdout]     src/fork/mod.rs - fork::MultiForkByKeyProvider (line 168)
[INFO] [stdout]     src/fork/predicates.rs - fork::predicates::MissingLocalePredicate (line 70)
[INFO] [stdout] 
[INFO] [stdout] test result: FAILED. 6 passed; 8 failed; 0 ignored; 0 measured; 0 filtered out; finished in 1.51s
[INFO] [stdout] 
[INFO] running `Command { std: "docker" "inspect" "6ea7abd8656fbe66390e252e0c37740354ed1b101fefd98235a36d84167c193e", kill_on_drop: false }`
[INFO] running `Command { std: "docker" "rm" "-f" "6ea7abd8656fbe66390e252e0c37740354ed1b101fefd98235a36d84167c193e", kill_on_drop: false }`
[INFO] [stdout] 6ea7abd8656fbe66390e252e0c37740354ed1b101fefd98235a36d84167c193e
[INFO] testing icu_provider_adapters-1.4.0 against beta-2023-12-22 for beta-1.76-1
[INFO] extracting crate icu_provider_adapters 1.4.0 into /workspace/builds/worker-5-tc2/source
[INFO] validating manifest of crates.io crate icu_provider_adapters 1.4.0 on toolchain beta-2023-12-22
[INFO] running `Command { std: CARGO_HOME="/workspace/cargo-home" RUSTUP_HOME="/workspace/rustup-home" "/workspace/cargo-home/bin/cargo" "+beta-2023-12-22" "metadata" "--manifest-path" "Cargo.toml" "--no-deps", kill_on_drop: false }`
[INFO] started tweaking crates.io crate icu_provider_adapters 1.4.0
[INFO] finished tweaking crates.io crate icu_provider_adapters 1.4.0
[INFO] tweaked toml for crates.io crate icu_provider_adapters 1.4.0 written to /workspace/builds/worker-5-tc2/source/Cargo.toml
[INFO] running `Command { std: CARGO_HOME="/workspace/cargo-home" RUSTUP_HOME="/workspace/rustup-home" "/workspace/cargo-home/bin/cargo" "+beta-2023-12-22" "generate-lockfile" "--manifest-path" "Cargo.toml", kill_on_drop: false }`
[INFO] [stderr]     Updating crates.io index
[INFO] running `Command { std: CARGO_HOME="/workspace/cargo-home" RUSTUP_HOME="/workspace/rustup-home" "/workspace/cargo-home/bin/cargo" "+beta-2023-12-22" "fetch" "--manifest-path" "Cargo.toml", kill_on_drop: false }`
[INFO] running `Command { std: "docker" "create" "-v" "/var/lib/crater-agent-workspace/builds/worker-5-tc2/target:/opt/rustwide/target:rw,Z" "-v" "/var/lib/crater-agent-workspace/builds/worker-5-tc2/source:/opt/rustwide/workdir:ro,Z" "-v" "/var/lib/crater-agent-workspace/cargo-home:/opt/rustwide/cargo-home:ro,Z" "-v" "/var/lib/crater-agent-workspace/rustup-home:/opt/rustwide/rustup-home:ro,Z" "-e" "SOURCE_DIR=/opt/rustwide/workdir" "-e" "CARGO_TARGET_DIR=/opt/rustwide/target" "-e" "CARGO_HOME=/opt/rustwide/cargo-home" "-e" "RUSTUP_HOME=/opt/rustwide/rustup-home" "-w" "/opt/rustwide/workdir" "-m" "1610612736" "--user" "0:0" "--network" "none" "ghcr.io/rust-lang/crates-build-env/linux@sha256:2788e3201cd34a07e3172128adcd8b3090168a8e3bcc40d7c032b9dda1df7d1c" "/opt/rustwide/cargo-home/bin/cargo" "+beta-2023-12-22" "metadata" "--no-deps" "--format-version=1", kill_on_drop: false }`
[INFO] [stdout] 49536bdf03f9f44b89f905dbaef8d8b0b01634f4e64e5cb5c1c30f59461b7613
[INFO] running `Command { std: "docker" "start" "-a" "49536bdf03f9f44b89f905dbaef8d8b0b01634f4e64e5cb5c1c30f59461b7613", kill_on_drop: false }`
[INFO] running `Command { std: "docker" "inspect" "49536bdf03f9f44b89f905dbaef8d8b0b01634f4e64e5cb5c1c30f59461b7613", kill_on_drop: false }`
[INFO] running `Command { std: "docker" "rm" "-f" "49536bdf03f9f44b89f905dbaef8d8b0b01634f4e64e5cb5c1c30f59461b7613", kill_on_drop: false }`
[INFO] [stdout] 49536bdf03f9f44b89f905dbaef8d8b0b01634f4e64e5cb5c1c30f59461b7613
[INFO] running `Command { std: "docker" "create" "-v" "/var/lib/crater-agent-workspace/builds/worker-5-tc2/target:/opt/rustwide/target:rw,Z" "-v" "/var/lib/crater-agent-workspace/builds/worker-5-tc2/source:/opt/rustwide/workdir:ro,Z" "-v" "/var/lib/crater-agent-workspace/cargo-home:/opt/rustwide/cargo-home:ro,Z" "-v" "/var/lib/crater-agent-workspace/rustup-home:/opt/rustwide/rustup-home:ro,Z" "-e" "SOURCE_DIR=/opt/rustwide/workdir" "-e" "CARGO_TARGET_DIR=/opt/rustwide/target" "-e" "CARGO_INCREMENTAL=0" "-e" "RUST_BACKTRACE=full" "-e" "RUSTFLAGS=--cap-lints=warn" "-e" "RUSTDOCFLAGS=--cap-lints=warn" "-e" "CARGO_HOME=/opt/rustwide/cargo-home" "-e" "RUSTUP_HOME=/opt/rustwide/rustup-home" "-w" "/opt/rustwide/workdir" "-m" "1610612736" "--user" "0:0" "--network" "none" "ghcr.io/rust-lang/crates-build-env/linux@sha256:2788e3201cd34a07e3172128adcd8b3090168a8e3bcc40d7c032b9dda1df7d1c" "/opt/rustwide/cargo-home/bin/cargo" "+beta-2023-12-22" "build" "--frozen" "--message-format=json", kill_on_drop: false }`
[INFO] [stdout] 09b2a6846c307ef6c9999b04adf15ca2fbaee867844656cfe61e6ddca7902ca3
[INFO] running `Command { std: "docker" "start" "-a" "09b2a6846c307ef6c9999b04adf15ca2fbaee867844656cfe61e6ddca7902ca3", kill_on_drop: false }`
[INFO] [stderr]    Compiling unicode-xid v0.2.4
[INFO] [stderr]    Compiling stable_deref_trait v1.2.0
[INFO] [stderr]    Compiling writeable v0.5.4
[INFO] [stderr]    Compiling litemap v0.7.2
[INFO] [stderr]    Compiling syn v2.0.48
[INFO] [stderr]    Compiling synstructure v0.13.0
[INFO] [stderr]    Compiling zerofrom-derive v0.1.3
[INFO] [stderr]    Compiling yoke-derive v0.7.3
[INFO] [stderr]    Compiling zerovec-derive v0.10.1
[INFO] [stderr]    Compiling displaydoc v0.2.4
[INFO] [stderr]    Compiling icu_provider_macros v1.4.0
[INFO] [stderr]    Compiling zerofrom v0.1.3
[INFO] [stderr]    Compiling yoke v0.7.3
[INFO] [stderr]    Compiling zerovec v0.10.1
[INFO] [stderr]    Compiling tinystr v0.7.5
[INFO] [stderr]    Compiling icu_locid v1.4.0
[INFO] [stderr]    Compiling icu_provider v1.4.0
[INFO] [stderr]    Compiling icu_locid_transform v1.4.0
[INFO] [stderr]    Compiling icu_provider_adapters v1.4.0 (/opt/rustwide/workdir)
[INFO] [stdout] warning: unused import: `impls::*`
[INFO] [stdout]   --> src/filter/mod.rs:39:9
[INFO] [stdout]    |
[INFO] [stdout] 39 | pub use impls::*;
[INFO] [stdout]    |         ^^^^^^^^
[INFO] [stdout]    |
[INFO] [stdout]    = note: `#[warn(unused_imports)]` on by default
[INFO] [stdout] 
[INFO] [stdout] 
[INFO] [stdout] warning: 1 warning emitted
[INFO] [stdout] 
[INFO] [stdout] 
[INFO] [stderr]     Finished dev [unoptimized + debuginfo] target(s) in 15.53s
[INFO] running `Command { std: "docker" "inspect" "09b2a6846c307ef6c9999b04adf15ca2fbaee867844656cfe61e6ddca7902ca3", kill_on_drop: false }`
[INFO] running `Command { std: "docker" "rm" "-f" "09b2a6846c307ef6c9999b04adf15ca2fbaee867844656cfe61e6ddca7902ca3", kill_on_drop: false }`
[INFO] [stdout] 09b2a6846c307ef6c9999b04adf15ca2fbaee867844656cfe61e6ddca7902ca3
[INFO] running `Command { std: "docker" "create" "-v" "/var/lib/crater-agent-workspace/builds/worker-5-tc2/target:/opt/rustwide/target:rw,Z" "-v" "/var/lib/crater-agent-workspace/builds/worker-5-tc2/source:/opt/rustwide/workdir:ro,Z" "-v" "/var/lib/crater-agent-workspace/cargo-home:/opt/rustwide/cargo-home:ro,Z" "-v" "/var/lib/crater-agent-workspace/rustup-home:/opt/rustwide/rustup-home:ro,Z" "-e" "SOURCE_DIR=/opt/rustwide/workdir" "-e" "CARGO_TARGET_DIR=/opt/rustwide/target" "-e" "CARGO_INCREMENTAL=0" "-e" "RUST_BACKTRACE=full" "-e" "RUSTFLAGS=--cap-lints=warn" "-e" "RUSTDOCFLAGS=--cap-lints=warn" "-e" "CARGO_HOME=/opt/rustwide/cargo-home" "-e" "RUSTUP_HOME=/opt/rustwide/rustup-home" "-w" "/opt/rustwide/workdir" "-m" "1610612736" "--user" "0:0" "--network" "none" "ghcr.io/rust-lang/crates-build-env/linux@sha256:2788e3201cd34a07e3172128adcd8b3090168a8e3bcc40d7c032b9dda1df7d1c" "/opt/rustwide/cargo-home/bin/cargo" "+beta-2023-12-22" "test" "--frozen" "--no-run" "--message-format=json", kill_on_drop: false }`
[INFO] [stdout] af9fca6e512cf6cc7eaca7b2053e1a990fc276ab58b6061ec3a68756774f0ac0
[INFO] running `Command { std: "docker" "start" "-a" "af9fca6e512cf6cc7eaca7b2053e1a990fc276ab58b6061ec3a68756774f0ac0", kill_on_drop: false }`
[INFO] [stderr]    Compiling icu_provider_adapters v1.4.0 (/opt/rustwide/workdir)
[INFO] [stdout] warning: unused import: `impls::*`
[INFO] [stdout]   --> src/filter/mod.rs:39:9
[INFO] [stdout]    |
[INFO] [stdout] 39 | pub use impls::*;
[INFO] [stdout]    |         ^^^^^^^^
[INFO] [stdout]    |
[INFO] [stdout]    = note: `#[warn(unused_imports)]` on by default
[INFO] [stdout] 
[INFO] [stdout] 
[INFO] [stdout] warning: 1 warning emitted
[INFO] [stdout] 
[INFO] [stdout] 
[INFO] [stdout] warning: unused import: `impls::*`
[INFO] [stdout]   --> src/filter/mod.rs:39:9
[INFO] [stdout]    |
[INFO] [stdout] 39 | pub use impls::*;
[INFO] [stdout]    |         ^^^^^^^^
[INFO] [stdout]    |
[INFO] [stdout]    = note: `#[warn(unused_imports)]` on by default
[INFO] [stdout] 
[INFO] [stdout] 
[INFO] [stdout] warning: 1 warning emitted
[INFO] [stdout] 
[INFO] [stdout] 
[INFO] [stderr]     Finished test [unoptimized + debuginfo] target(s) in 0.51s
[INFO] running `Command { std: "docker" "inspect" "af9fca6e512cf6cc7eaca7b2053e1a990fc276ab58b6061ec3a68756774f0ac0", kill_on_drop: false }`
[INFO] running `Command { std: "docker" "rm" "-f" "af9fca6e512cf6cc7eaca7b2053e1a990fc276ab58b6061ec3a68756774f0ac0", kill_on_drop: false }`
[INFO] [stdout] af9fca6e512cf6cc7eaca7b2053e1a990fc276ab58b6061ec3a68756774f0ac0
[INFO] running `Command { std: "docker" "create" "-v" "/var/lib/crater-agent-workspace/builds/worker-5-tc2/target:/opt/rustwide/target:rw,Z" "-v" "/var/lib/crater-agent-workspace/builds/worker-5-tc2/source:/opt/rustwide/workdir:ro,Z" "-v" "/var/lib/crater-agent-workspace/cargo-home:/opt/rustwide/cargo-home:ro,Z" "-v" "/var/lib/crater-agent-workspace/rustup-home:/opt/rustwide/rustup-home:ro,Z" "-e" "SOURCE_DIR=/opt/rustwide/workdir" "-e" "CARGO_TARGET_DIR=/opt/rustwide/target" "-e" "CARGO_INCREMENTAL=0" "-e" "RUST_BACKTRACE=full" "-e" "RUSTFLAGS=--cap-lints=warn" "-e" "RUSTDOCFLAGS=--cap-lints=warn" "-e" "CARGO_HOME=/opt/rustwide/cargo-home" "-e" "RUSTUP_HOME=/opt/rustwide/rustup-home" "-w" "/opt/rustwide/workdir" "-m" "1610612736" "--user" "0:0" "--network" "none" "ghcr.io/rust-lang/crates-build-env/linux@sha256:2788e3201cd34a07e3172128adcd8b3090168a8e3bcc40d7c032b9dda1df7d1c" "/opt/rustwide/cargo-home/bin/cargo" "+beta-2023-12-22" "test" "--frozen", kill_on_drop: false }`
[INFO] [stdout] cad25eb7fcc79edc31e759f30b0dc2ba5aaa909cfd9686010ce2f88158b9fe30
[INFO] running `Command { std: "docker" "start" "-a" "cad25eb7fcc79edc31e759f30b0dc2ba5aaa909cfd9686010ce2f88158b9fe30", kill_on_drop: false }`
[INFO] [stderr] warning: unused import: `impls::*`
[INFO] [stderr]   --> src/filter/mod.rs:39:9
[INFO] [stderr]    |
[INFO] [stderr] 39 | pub use impls::*;
[INFO] [stderr]    |         ^^^^^^^^
[INFO] [stderr]    |
[INFO] [stderr]    = note: `#[warn(unused_imports)]` on by default
[INFO] [stderr] 
[INFO] [stderr] warning: `icu_provider_adapters` (lib) generated 1 warning (run `cargo fix --lib -p icu_provider_adapters` to apply 1 suggestion)
[INFO] [stderr] warning: `icu_provider_adapters` (lib test) generated 1 warning (1 duplicate)
[INFO] [stderr]     Finished test [unoptimized + debuginfo] target(s) in 0.04s
[INFO] [stderr]      Running unittests src/lib.rs (/opt/rustwide/target/debug/deps/icu_provider_adapters-27b3383ff3ffbfe7)
[INFO] [stdout] 
[INFO] [stdout] running 1 test
[INFO] [stdout] test fork::macros::test::test_make_forking_provider ... ok
[INFO] [stdout] 
[INFO] [stdout] test result: ok. 1 passed; 0 failed; 0 ignored; 0 measured; 0 filtered out; finished in 0.01s
[INFO] [stdout] 
[INFO] [stderr]    Doc-tests icu_provider_adapters
[INFO] [stdout] 
[INFO] [stdout] running 14 tests
[INFO] [stdout] test src/any_payload.rs - any_payload::AnyPayloadProvider (line 19) ... FAILED
[INFO] [stdout] test src/fallback/mod.rs - fallback::LocaleFallbackProvider (line 23) ... FAILED
[INFO] [stdout] test src/fallback/mod.rs - fallback::LocaleFallbackProvider<P>::new_with_fallbacker (line 127) ... FAILED
[INFO] [stdout] test src/filter/impls.rs - filter::impls::RequestFilterDataProvider<D,F>::filter_by_langid (line 26) ... FAILED
[INFO] [stdout] test src/fork/mod.rs - fork::ForkByKeyProvider (line 99) ... FAILED
[INFO] [stdout] test src/fork/mod.rs - fork::ForkByKeyProvider (line 61) ... FAILED
[INFO] [stdout] test src/empty.rs - empty::EmptyDataProvider (line 17) ... ok
[INFO] [stdout] test src/fork/mod.rs - fork::MultiForkByKeyProvider (line 168) ... FAILED
[INFO] [stdout] test src/fork/predicates.rs - fork::predicates::MissingLocalePredicate (line 70) ... FAILED
[INFO] [stdout] test src/filter/mod.rs - filter (line 15) ... ok
[INFO] [stdout] test src/filter/impls.rs - filter::impls::RequestFilterDataProvider<D,F>::require_langid (line 166) ... ok
[INFO] [stdout] test src/fork/macros.rs - fork::macros::make_forking_provider (line 10) ... ok
[INFO] [stdout] test src/filter/mod.rs - filter (line 23) ... ok
[INFO] [stdout] test src/filter/impls.rs - filter::impls::RequestFilterDataProvider<D,F>::filter_by_langid_allowlist_strict (line 103) ... ok
[INFO] [stdout] 
[INFO] [stdout] failures:
[INFO] [stdout] 
[INFO] [stdout] ---- src/any_payload.rs - any_payload::AnyPayloadProvider (line 19) stdout ----
[INFO] [stdout] error[E0432]: unresolved import `writeable`
[INFO] [stdout]  --> src/any_payload.rs:25:5
[INFO] [stdout]   |
[INFO] [stdout] 9 | use writeable::assert_writeable_eq;
[INFO] [stdout]   |     ^^^^^^^^^ use of undeclared crate or module `writeable`
[INFO] [stdout] 
[INFO] [stdout] error: cannot determine resolution for the macro `assert_writeable_eq`
[INFO] [stdout]   --> src/any_payload.rs:38:1
[INFO] [stdout]    |
[INFO] [stdout] 22 | assert_writeable_eq!(formatter.format(), "custom hello world");
[INFO] [stdout]    | ^^^^^^^^^^^^^^^^^^^
[INFO] [stdout]    |
[INFO] [stdout]    = note: import resolution is stuck, try simplifying macro imports
[INFO] [stdout] 
[INFO] [stdout] error: aborting due to 2 previous errors
[INFO] [stdout] 
[INFO] [stdout] For more information about this error, try `rustc --explain E0432`.
[INFO] [stdout] Couldn't compile the test.
[INFO] [stdout] ---- src/fallback/mod.rs - fallback::LocaleFallbackProvider (line 23) stdout ----
[INFO] [stdout] error[E0433]: failed to resolve: use of undeclared crate or module `icu_provider_blob`
[INFO] [stdout]   --> src/fallback/mod.rs:30:16
[INFO] [stdout]    |
[INFO] [stdout] 10 | let provider = icu_provider_blob::BlobDataProvider::try_new_from_static_blob(include_bytes!("../../tests/data/blob.postcard")).unwrap();
[INFO] [stdout]    |                ^^^^^^^^^^^^^^^^^ use of undeclared crate or module `icu_provider_blob`
[INFO] [stdout]    |
[INFO] [stdout] help: there is a crate or module with a similar name
[INFO] [stdout]    |
[INFO] [stdout] 10 | let provider = icu_provider::BlobDataProvider::try_new_from_static_blob(include_bytes!("../../tests/data/blob.postcard")).unwrap();
[INFO] [stdout]    |                ~~~~~~~~~~~~
[INFO] [stdout] 
[INFO] [stdout] error: aborting due to 1 previous error
[INFO] [stdout] 
[INFO] [stdout] For more information about this error, try `rustc --explain E0433`.
[INFO] [stdout] Couldn't compile the test.
[INFO] [stdout] ---- src/fallback/mod.rs - fallback::LocaleFallbackProvider<P>::new_with_fallbacker (line 127) stdout ----
[INFO] [stdout] error[E0599]: no function or associated item named `new` found for struct `LocaleFallbacker` in the current scope
[INFO] [stdout]    --> src/fallback/mod.rs:151:23
[INFO] [stdout]     |
[INFO] [stdout] 27  |     LocaleFallbacker::new().static_to_owned(),
[INFO] [stdout]     |                       ^^^ function or associated item not found in `LocaleFallbacker`
[INFO] [stdout]     |
[INFO] [stdout] note: if you're trying to build a new `LocaleFallbacker` consider using one of the following associated functions:
[INFO] [stdout]       LocaleFallbacker::try_new_with_any_provider
[INFO] [stdout]       LocaleFallbacker::try_new_unstable
[INFO] [stdout]       LocaleFallbacker::new_without_data
[INFO] [stdout]    --> /opt/rustwide/cargo-home/registry/src/index.crates.io-6f17d22bba15001f/icu_locid_transform-1.4.0/src/fallback/mod.rs:159:5
[INFO] [stdout]     |
[INFO] [stdout] 159 | /     icu_provider::gen_any_buffer_data_constructors!(locale: skip, options: skip, error: DataError,
[INFO] [stdout] 160 | |         #[cfg(skip)]
[INFO] [stdout] 161 | |         functions: [
[INFO] [stdout] 162 | |             new,
[INFO] [stdout] ...   |
[INFO] [stdout] 166 | |             Self
[INFO] [stdout] 167 | |     ]);
[INFO] [stdout]     | |______^
[INFO] [stdout] ...
[INFO] [stdout] 170 | /     pub fn try_new_unstable<P>(provider: &P) -> Result<Self, DataError>
[INFO] [stdout] 171 | |     where
[INFO] [stdout] 172 | |         P: DataProvider<LocaleFallbackLikelySubtagsV1Marker>
[INFO] [stdout] 173 | |             + DataProvider<LocaleFallbackParentsV1Marker>
[INFO] [stdout] 174 | |             + DataProvider<CollationFallbackSupplementV1Marker>
[INFO] [stdout] 175 | |             + ?Sized,
[INFO] [stdout]     | |_____________________^
[INFO] [stdout] ...
[INFO] [stdout] 200 |       pub fn new_without_data() -> Self {
[INFO] [stdout]     |       ^^^^^^^^^^^^^^^^^^^^^^^^^^^^^^^^^
[INFO] [stdout]     = note: this error originates in the macro `icu_provider::gen_any_buffer_data_constructors` (in Nightly builds, run with -Z macro-backtrace for more info)
[INFO] [stdout] 
[INFO] [stdout] error: aborting due to 1 previous error
[INFO] [stdout] 
[INFO] [stdout] For more information about this error, try `rustc --explain E0599`.
[INFO] [stdout] Couldn't compile the test.
[INFO] [stdout] ---- src/filter/impls.rs - filter::impls::RequestFilterDataProvider<D,F>::filter_by_langid (line 26) stdout ----
[INFO] [stdout] error[E0432]: unresolved import `icu_provider::datagen`
[INFO] [stdout]  --> src/filter/impls.rs:30:19
[INFO] [stdout]   |
[INFO] [stdout] 7 | use icu_provider::datagen::*;
[INFO] [stdout]   |                   ^^^^^^^ could not find `datagen` in `icu_provider`
[INFO] [stdout] 
[INFO] [stdout] error[E0599]: no method named `supported_locales` found for struct `RequestFilterDataProvider` in the current scope
[INFO] [stdout]   --> src/filter/impls.rs:65:6
[INFO] [stdout]    |
[INFO] [stdout] 41 |   let supported_langids = provider
[INFO] [stdout]    |  _________________________-
[INFO] [stdout] 42 | |     .supported_locales()
[INFO] [stdout]    | |     -^^^^^^^^^^^^^^^^^ method not found in `RequestFilterDataProvider<HelloWorldProvider, Box<dyn Fn(DataRequest<'a>) -> bool + Sync>>`
[INFO] [stdout]    | |_____|
[INFO] [stdout]    | 
[INFO] [stdout] 
[INFO] [stdout] error: aborting due to 2 previous errors
[INFO] [stdout] 
[INFO] [stdout] Some errors have detailed explanations: E0432, E0599.
[INFO] [stdout] For more information about an error, try `rustc --explain E0432`.
[INFO] [stdout] Couldn't compile the test.
[INFO] [stdout] ---- src/fork/mod.rs - fork::ForkByKeyProvider (line 99) stdout ----
[INFO] [stdout] error[E0599]: no method named `into_json_provider` found for struct `icu_provider::hello_world::HelloWorldProvider` in the current scope
[INFO] [stdout]   --> src/fork/mod.rs:109:10
[INFO] [stdout]    |
[INFO] [stdout] 12 | /     HelloWorldProvider
[INFO] [stdout] 13 | |         .into_json_provider()
[INFO] [stdout]    | |         -^^^^^^^^^^^^^^^^^^ method not found in `HelloWorldProvider`
[INFO] [stdout]    | |_________|
[INFO] [stdout]    | 
[INFO] [stdout] 
[INFO] [stdout] error[E0599]: no method named `into_json_provider` found for struct `icu_provider::hello_world::HelloWorldProvider` in the current scope
[INFO] [stdout]   --> src/fork/mod.rs:113:10
[INFO] [stdout]    |
[INFO] [stdout] 16 | /     HelloWorldProvider
[INFO] [stdout] 17 | |         .into_json_provider()
[INFO] [stdout]    | |         -^^^^^^^^^^^^^^^^^^ method not found in `HelloWorldProvider`
[INFO] [stdout]    | |_________|
[INFO] [stdout]    | 
[INFO] [stdout] 
[INFO] [stdout] error: aborting due to 2 previous errors
[INFO] [stdout] 
[INFO] [stdout] For more information about this error, try `rustc --explain E0599`.
[INFO] [stdout] Couldn't compile the test.
[INFO] [stdout] ---- src/fork/mod.rs - fork::ForkByKeyProvider (line 61) stdout ----
[INFO] [stdout] error[E0599]: no method named `into_json_provider` found for struct `icu_provider::hello_world::HelloWorldProvider` in the current scope
[INFO] [stdout]   --> src/fork/mod.rs:81:24
[INFO] [stdout]    |
[INFO] [stdout] 23 |     HelloWorldProvider.into_json_provider(),
[INFO] [stdout]    |                        ^^^^^^^^^^^^^^^^^^ method not found in `HelloWorldProvider`
[INFO] [stdout] 
[INFO] [stdout] error: aborting due to 1 previous error
[INFO] [stdout] 
[INFO] [stdout] For more information about this error, try `rustc --explain E0599`.
[INFO] [stdout] Couldn't compile the test.
[INFO] [stdout] ---- src/fork/mod.rs - fork::MultiForkByKeyProvider (line 168) stdout ----
[INFO] [stdout] error[E0599]: no method named `into_json_provider` found for struct `icu_provider::hello_world::HelloWorldProvider` in the current scope
[INFO] [stdout]   --> src/fork/mod.rs:179:14
[INFO] [stdout]    |
[INFO] [stdout] 13 | /         HelloWorldProvider
[INFO] [stdout] 14 | |             .into_json_provider()
[INFO] [stdout]    | |             -^^^^^^^^^^^^^^^^^^ method not found in `HelloWorldProvider`
[INFO] [stdout]    | |_____________|
[INFO] [stdout]    | 
[INFO] [stdout] 
[INFO] [stdout] error[E0599]: no method named `into_json_provider` found for struct `icu_provider::hello_world::HelloWorldProvider` in the current scope
[INFO] [stdout]   --> src/fork/mod.rs:183:14
[INFO] [stdout]    |
[INFO] [stdout] 17 | /         HelloWorldProvider
[INFO] [stdout] 18 | |             .into_json_provider()
[INFO] [stdout]    | |             -^^^^^^^^^^^^^^^^^^ method not found in `HelloWorldProvider`
[INFO] [stdout]    | |_____________|
[INFO] [stdout]    | 
[INFO] [stdout] 
[INFO] [stdout] error[E0599]: no method named `as_deserializing` found for struct `MultiForkByErrorProvider` in the current scope
[INFO] [stdout]   --> src/fork/mod.rs:190:23
[INFO] [stdout]    |
[INFO] [stdout] 25 |     &forking_provider.as_deserializing();
[INFO] [stdout]    |                       ^^^^^^^^^^^^^^^^ method not found in `MultiForkByErrorProvider<_, MissingDataKeyPredicate>`
[INFO] [stdout] 
[INFO] [stdout] error: aborting due to 3 previous errors
[INFO] [stdout] 
[INFO] [stdout] For more information about this error, try `rustc --explain E0599`.
[INFO] [stdout] Couldn't compile the test.
[INFO] [stdout] ---- src/fork/predicates.rs - fork::predicates::MissingLocalePredicate (line 70) stdout ----
[INFO] [stdout] error[E0432]: unresolved import `icu_provider_fs`
[INFO] [stdout]  --> src/fork/predicates.rs:74:5
[INFO] [stdout]   |
[INFO] [stdout] 7 | use icu_provider_fs::FsDataProvider;
[INFO] [stdout]   |     ^^^^^^^^^^^^^^^ use of undeclared crate or module `icu_provider_fs`
[INFO] [stdout]   |
[INFO] [stdout] help: there is a crate or module with a similar name
[INFO] [stdout]   |
[INFO] [stdout] 7 | use icu_provider::FsDataProvider;
[INFO] [stdout]   |     ~~~~~~~~~~~~
[INFO] [stdout] 
[INFO] [stdout] error: aborting due to 1 previous error
[INFO] [stdout] 
[INFO] [stdout] For more information about this error, try `rustc --explain E0432`.
[INFO] [stdout] Couldn't compile the test.
[INFO] [stdout] 
[INFO] [stdout] failures:
[INFO] [stdout]     src/any_payload.rs - any_payload::AnyPayloadProvider (line 19)
[INFO] [stdout]     src/fallback/mod.rs - fallback::LocaleFallbackProvider (line 23)
[INFO] [stdout]     src/fallback/mod.rs - fallback::LocaleFallbackProvider<P>::new_with_fallbacker (line 127)
[INFO] [stdout]     src/filter/impls.rs - filter::impls::RequestFilterDataProvider<D,F>::filter_by_langid (line 26)
[INFO] [stdout]     src/fork/mod.rs - fork::ForkByKeyProvider (line 61)
[INFO] [stdout]     src/fork/mod.rs - fork::ForkByKeyProvider (line 99)
[INFO] [stdout]     src/fork/mod.rs - fork::MultiForkByKeyProvider (line 168)
[INFO] [stdout]     src/fork/predicates.rs - fork::predicates::MissingLocalePredicate (line 70)
[INFO] [stdout] 
[INFO] [stdout] test result: FAILED. 6 passed; 8 failed; 0 ignored; 0 measured; 0 filtered out; finished in 1.07s
[INFO] [stdout] 
[INFO] [stderr] error: doctest failed, to rerun pass `--doc`
[INFO] running `Command { std: "docker" "inspect" "cad25eb7fcc79edc31e759f30b0dc2ba5aaa909cfd9686010ce2f88158b9fe30", kill_on_drop: false }`
[INFO] running `Command { std: "docker" "rm" "-f" "cad25eb7fcc79edc31e759f30b0dc2ba5aaa909cfd9686010ce2f88158b9fe30", kill_on_drop: false }`
[INFO] [stdout] cad25eb7fcc79edc31e759f30b0dc2ba5aaa909cfd9686010ce2f88158b9fe30
