[INFO] fetching crate icu_harfbuzz 0.1.2...
[INFO] testing icu_harfbuzz-0.1.2 against 1.75.0 for beta-1.76-1
[INFO] extracting crate icu_harfbuzz 0.1.2 into /workspace/builds/worker-2-tc1/source
[INFO] validating manifest of crates.io crate icu_harfbuzz 0.1.2 on toolchain 1.75.0
[INFO] running `Command { std: CARGO_HOME="/workspace/cargo-home" RUSTUP_HOME="/workspace/rustup-home" "/workspace/cargo-home/bin/cargo" "+1.75.0" "metadata" "--manifest-path" "Cargo.toml" "--no-deps", kill_on_drop: false }`
[INFO] started tweaking crates.io crate icu_harfbuzz 0.1.2
[INFO] finished tweaking crates.io crate icu_harfbuzz 0.1.2
[INFO] tweaked toml for crates.io crate icu_harfbuzz 0.1.2 written to /workspace/builds/worker-2-tc1/source/Cargo.toml
[INFO] running `Command { std: CARGO_HOME="/workspace/cargo-home" RUSTUP_HOME="/workspace/rustup-home" "/workspace/cargo-home/bin/cargo" "+1.75.0" "generate-lockfile" "--manifest-path" "Cargo.toml", kill_on_drop: false }`
[INFO] [stderr]     Updating crates.io index
[INFO] running `Command { std: CARGO_HOME="/workspace/cargo-home" RUSTUP_HOME="/workspace/rustup-home" "/workspace/cargo-home/bin/cargo" "+1.75.0" "fetch" "--manifest-path" "Cargo.toml", kill_on_drop: false }`
[INFO] [stderr]  Downloading crates ...
[INFO] [stderr]   Downloaded icu_provider v1.4.0
[INFO] [stderr]   Downloaded utf16_iter v1.0.5
[INFO] [stderr]   Downloaded utf8_iter v1.0.4
[INFO] [stderr]   Downloaded icu_normalizer v1.4.0
[INFO] [stderr]   Downloaded icu_provider_macros v1.4.0
[INFO] [stderr]   Downloaded harfbuzz v0.4.0
[INFO] [stderr]   Downloaded writeable v0.5.4
[INFO] [stderr]   Downloaded icu_locid v1.4.0
[INFO] [stderr]   Downloaded icu_properties_data v1.4.0
[INFO] [stderr]   Downloaded zerovec v0.10.1
[INFO] [stderr]   Downloaded icu_locid_transform_data v1.4.0
[INFO] [stderr]   Downloaded icu_properties v1.4.0
[INFO] [stderr]   Downloaded icu_collections v1.4.0
[INFO] [stderr]   Downloaded harfbuzz-sys v0.5.0
[INFO] [stderr]   Downloaded zerovec-derive v0.10.1
[INFO] [stderr]   Downloaded icu_normalizer_data v1.4.0
[INFO] [stderr]   Downloaded icu_locid_transform v1.4.0
[INFO] [stderr]   Downloaded litemap v0.7.2
[INFO] running `Command { std: "docker" "create" "-v" "/var/lib/crater-agent-workspace/builds/worker-2-tc1/target:/opt/rustwide/target:rw,Z" "-v" "/var/lib/crater-agent-workspace/builds/worker-2-tc1/source:/opt/rustwide/workdir:ro,Z" "-v" "/var/lib/crater-agent-workspace/cargo-home:/opt/rustwide/cargo-home:ro,Z" "-v" "/var/lib/crater-agent-workspace/rustup-home:/opt/rustwide/rustup-home:ro,Z" "-e" "SOURCE_DIR=/opt/rustwide/workdir" "-e" "CARGO_TARGET_DIR=/opt/rustwide/target" "-e" "CARGO_HOME=/opt/rustwide/cargo-home" "-e" "RUSTUP_HOME=/opt/rustwide/rustup-home" "-w" "/opt/rustwide/workdir" "-m" "1610612736" "--user" "0:0" "--network" "none" "ghcr.io/rust-lang/crates-build-env/linux@sha256:2788e3201cd34a07e3172128adcd8b3090168a8e3bcc40d7c032b9dda1df7d1c" "/opt/rustwide/cargo-home/bin/cargo" "+1.75.0" "metadata" "--no-deps" "--format-version=1", kill_on_drop: false }`
[INFO] [stdout] 75a659a22658db2f91145966cd3a04509f6a77be985c04ec697f871dd42e958c
[INFO] running `Command { std: "docker" "start" "-a" "75a659a22658db2f91145966cd3a04509f6a77be985c04ec697f871dd42e958c", kill_on_drop: false }`
[INFO] running `Command { std: "docker" "inspect" "75a659a22658db2f91145966cd3a04509f6a77be985c04ec697f871dd42e958c", kill_on_drop: false }`
[INFO] running `Command { std: "docker" "rm" "-f" "75a659a22658db2f91145966cd3a04509f6a77be985c04ec697f871dd42e958c", kill_on_drop: false }`
[INFO] [stdout] 75a659a22658db2f91145966cd3a04509f6a77be985c04ec697f871dd42e958c
[INFO] running `Command { std: "docker" "create" "-v" "/var/lib/crater-agent-workspace/builds/worker-2-tc1/target:/opt/rustwide/target:rw,Z" "-v" "/var/lib/crater-agent-workspace/builds/worker-2-tc1/source:/opt/rustwide/workdir:ro,Z" "-v" "/var/lib/crater-agent-workspace/cargo-home:/opt/rustwide/cargo-home:ro,Z" "-v" "/var/lib/crater-agent-workspace/rustup-home:/opt/rustwide/rustup-home:ro,Z" "-e" "SOURCE_DIR=/opt/rustwide/workdir" "-e" "CARGO_TARGET_DIR=/opt/rustwide/target" "-e" "CARGO_INCREMENTAL=0" "-e" "RUST_BACKTRACE=full" "-e" "RUSTFLAGS=--cap-lints=warn" "-e" "RUSTDOCFLAGS=--cap-lints=warn" "-e" "CARGO_HOME=/opt/rustwide/cargo-home" "-e" "RUSTUP_HOME=/opt/rustwide/rustup-home" "-w" "/opt/rustwide/workdir" "-m" "1610612736" "--user" "0:0" "--network" "none" "ghcr.io/rust-lang/crates-build-env/linux@sha256:2788e3201cd34a07e3172128adcd8b3090168a8e3bcc40d7c032b9dda1df7d1c" "/opt/rustwide/cargo-home/bin/cargo" "+1.75.0" "build" "--frozen" "--message-format=json", kill_on_drop: false }`
[INFO] [stdout] 4fefe3e4ee2c896db9162a745b7da1189f5d078caf3291982a49aca59c2b90ec
[INFO] running `Command { std: "docker" "start" "-a" "4fefe3e4ee2c896db9162a745b7da1189f5d078caf3291982a49aca59c2b90ec", kill_on_drop: false }`
[INFO] [stderr]    Compiling stable_deref_trait v1.2.0
[INFO] [stderr]    Compiling litemap v0.7.2
[INFO] [stderr]    Compiling writeable v0.5.4
[INFO] [stderr]    Compiling utf16_iter v1.0.5
[INFO] [stderr]    Compiling utf8_iter v1.0.4
[INFO] [stderr]    Compiling syn v2.0.48
[INFO] [stderr]    Compiling cmake v0.1.50
[INFO] [stderr]    Compiling harfbuzz-sys v0.5.0
[INFO] [stderr]    Compiling write16 v1.0.0
[INFO] [stderr]    Compiling freetype-sys v0.13.1
[INFO] [stderr]    Compiling freetype v0.7.0
[INFO] [stderr]    Compiling synstructure v0.13.0
[INFO] [stderr]    Compiling zerofrom-derive v0.1.3
[INFO] [stderr]    Compiling yoke-derive v0.7.3
[INFO] [stderr]    Compiling zerovec-derive v0.10.1
[INFO] [stderr]    Compiling displaydoc v0.2.4
[INFO] [stderr]    Compiling icu_provider_macros v1.4.0
[INFO] [stderr]    Compiling zerofrom v0.1.3
[INFO] [stderr]    Compiling yoke v0.7.3
[INFO] [stderr]    Compiling zerovec v0.10.1
[INFO] [stderr]    Compiling tinystr v0.7.5
[INFO] [stderr]    Compiling icu_collections v1.4.0
[INFO] [stderr]    Compiling icu_locid v1.4.0
[INFO] [stderr]    Compiling icu_provider v1.4.0
[INFO] [stderr]    Compiling icu_properties v1.4.0
[INFO] [stderr]    Compiling icu_normalizer v1.4.0
[INFO] [stderr]    Compiling icu_harfbuzz v0.1.2 (/opt/rustwide/workdir)
[INFO] [stderr]     Finished dev [unoptimized + debuginfo] target(s) in 20.59s
[INFO] running `Command { std: "docker" "inspect" "4fefe3e4ee2c896db9162a745b7da1189f5d078caf3291982a49aca59c2b90ec", kill_on_drop: false }`
[INFO] running `Command { std: "docker" "rm" "-f" "4fefe3e4ee2c896db9162a745b7da1189f5d078caf3291982a49aca59c2b90ec", kill_on_drop: false }`
[INFO] [stdout] 4fefe3e4ee2c896db9162a745b7da1189f5d078caf3291982a49aca59c2b90ec
[INFO] running `Command { std: "docker" "create" "-v" "/var/lib/crater-agent-workspace/builds/worker-2-tc1/target:/opt/rustwide/target:rw,Z" "-v" "/var/lib/crater-agent-workspace/builds/worker-2-tc1/source:/opt/rustwide/workdir:ro,Z" "-v" "/var/lib/crater-agent-workspace/cargo-home:/opt/rustwide/cargo-home:ro,Z" "-v" "/var/lib/crater-agent-workspace/rustup-home:/opt/rustwide/rustup-home:ro,Z" "-e" "SOURCE_DIR=/opt/rustwide/workdir" "-e" "CARGO_TARGET_DIR=/opt/rustwide/target" "-e" "CARGO_INCREMENTAL=0" "-e" "RUST_BACKTRACE=full" "-e" "RUSTFLAGS=--cap-lints=warn" "-e" "RUSTDOCFLAGS=--cap-lints=warn" "-e" "CARGO_HOME=/opt/rustwide/cargo-home" "-e" "RUSTUP_HOME=/opt/rustwide/rustup-home" "-w" "/opt/rustwide/workdir" "-m" "1610612736" "--user" "0:0" "--network" "none" "ghcr.io/rust-lang/crates-build-env/linux@sha256:2788e3201cd34a07e3172128adcd8b3090168a8e3bcc40d7c032b9dda1df7d1c" "/opt/rustwide/cargo-home/bin/cargo" "+1.75.0" "test" "--frozen" "--no-run" "--message-format=json", kill_on_drop: false }`
[INFO] [stdout] 6cc50da0707e7871bde7153591b8f85127c46bb155209ea3b477a8da6ec3a6f7
[INFO] running `Command { std: "docker" "start" "-a" "6cc50da0707e7871bde7153591b8f85127c46bb155209ea3b477a8da6ec3a6f7", kill_on_drop: false }`
[INFO] [stderr]    Compiling harfbuzz v0.4.0
[INFO] [stderr]    Compiling icu_harfbuzz v0.1.2 (/opt/rustwide/workdir)
[INFO] [stderr]     Finished test [unoptimized + debuginfo] target(s) in 0.70s
[INFO] running `Command { std: "docker" "inspect" "6cc50da0707e7871bde7153591b8f85127c46bb155209ea3b477a8da6ec3a6f7", kill_on_drop: false }`
[INFO] running `Command { std: "docker" "rm" "-f" "6cc50da0707e7871bde7153591b8f85127c46bb155209ea3b477a8da6ec3a6f7", kill_on_drop: false }`
[INFO] [stdout] 6cc50da0707e7871bde7153591b8f85127c46bb155209ea3b477a8da6ec3a6f7
[INFO] running `Command { std: "docker" "create" "-v" "/var/lib/crater-agent-workspace/builds/worker-2-tc1/target:/opt/rustwide/target:rw,Z" "-v" "/var/lib/crater-agent-workspace/builds/worker-2-tc1/source:/opt/rustwide/workdir:ro,Z" "-v" "/var/lib/crater-agent-workspace/cargo-home:/opt/rustwide/cargo-home:ro,Z" "-v" "/var/lib/crater-agent-workspace/rustup-home:/opt/rustwide/rustup-home:ro,Z" "-e" "SOURCE_DIR=/opt/rustwide/workdir" "-e" "CARGO_TARGET_DIR=/opt/rustwide/target" "-e" "CARGO_INCREMENTAL=0" "-e" "RUST_BACKTRACE=full" "-e" "RUSTFLAGS=--cap-lints=warn" "-e" "RUSTDOCFLAGS=--cap-lints=warn" "-e" "CARGO_HOME=/opt/rustwide/cargo-home" "-e" "RUSTUP_HOME=/opt/rustwide/rustup-home" "-w" "/opt/rustwide/workdir" "-m" "1610612736" "--user" "0:0" "--network" "none" "ghcr.io/rust-lang/crates-build-env/linux@sha256:2788e3201cd34a07e3172128adcd8b3090168a8e3bcc40d7c032b9dda1df7d1c" "/opt/rustwide/cargo-home/bin/cargo" "+1.75.0" "test" "--frozen", kill_on_drop: false }`
[INFO] [stdout] 0b576bc7b2c2a4ef6b2babb579e9e891836a86bd5fa047936dbf8fc0f6c56d19
[INFO] running `Command { std: "docker" "start" "-a" "0b576bc7b2c2a4ef6b2babb579e9e891836a86bd5fa047936dbf8fc0f6c56d19", kill_on_drop: false }`
[INFO] [stderr]     Finished test [unoptimized + debuginfo] target(s) in 0.04s
[INFO] [stderr]      Running unittests src/lib.rs (/opt/rustwide/target/debug/deps/icu_harfbuzz-b7eb90e2442c0752)
[INFO] [stdout] 
[INFO] [stderr]    Doc-tests icu_harfbuzz
[INFO] [stdout] running 0 tests
[INFO] [stdout] 
[INFO] [stdout] test result: ok. 0 passed; 0 failed; 0 ignored; 0 measured; 0 filtered out; finished in 0.00s
[INFO] [stdout] 
[INFO] [stdout] 
[INFO] [stdout] running 1 test
[INFO] [stdout] test src/lib.rs - (line 26) ... FAILED
[INFO] [stderr] error: doctest failed, to rerun pass `--doc`
[INFO] [stdout] 
[INFO] [stdout] failures:
[INFO] [stdout] 
[INFO] [stdout] ---- src/lib.rs - (line 26) stdout ----
[INFO] [stdout] error[E0425]: cannot find function `new_hb_unicode_funcs` in crate `icu_harfbuzz`
[INFO] [stdout]    --> src/lib.rs:32:35
[INFO] [stdout]     |
[INFO] [stdout] 9   | let unicode_funcs = icu_harfbuzz::new_hb_unicode_funcs().unwrap();
[INFO] [stdout]     |                                   ^^^^^^^^^^^^^^^^^^^^ not found in `icu_harfbuzz`
[INFO] [stdout]     |
[INFO] [stdout] note: found an item that was configured out
[INFO] [stdout]    --> /opt/rustwide/workdir/src/lib.rs:336:8
[INFO] [stdout]     |
[INFO] [stdout] 336 | pub fn new_hb_unicode_funcs() -> Result<UnicodeFuncs, HarfBuzzError> {
[INFO] [stdout]     |        ^^^^^^^^^^^^^^^^^^^^
[INFO] [stdout]     = note: the item is gated behind the `compiled_data` feature
[INFO] [stdout] 
[INFO] [stdout] error: aborting due to previous error
[INFO] [stdout] 
[INFO] [stdout] For more information about this error, try `rustc --explain E0425`.
[INFO] [stdout] Couldn't compile the test.
[INFO] [stdout] 
[INFO] [stdout] failures:
[INFO] [stdout]     src/lib.rs - (line 26)
[INFO] [stdout] 
[INFO] [stdout] test result: FAILED. 0 passed; 1 failed; 0 ignored; 0 measured; 0 filtered out; finished in 0.12s
[INFO] [stdout] 
[INFO] running `Command { std: "docker" "inspect" "0b576bc7b2c2a4ef6b2babb579e9e891836a86bd5fa047936dbf8fc0f6c56d19", kill_on_drop: false }`
[INFO] running `Command { std: "docker" "rm" "-f" "0b576bc7b2c2a4ef6b2babb579e9e891836a86bd5fa047936dbf8fc0f6c56d19", kill_on_drop: false }`
[INFO] [stdout] 0b576bc7b2c2a4ef6b2babb579e9e891836a86bd5fa047936dbf8fc0f6c56d19
