[INFO] fetching crate ics 0.5.8...
[INFO] testing ics-0.5.8 against 1.75.0 for beta-1.76-1
[INFO] extracting crate ics 0.5.8 into /workspace/builds/worker-3-tc1/source
[INFO] validating manifest of crates.io crate ics 0.5.8 on toolchain 1.75.0
[INFO] running `Command { std: CARGO_HOME="/workspace/cargo-home" RUSTUP_HOME="/workspace/rustup-home" "/workspace/cargo-home/bin/cargo" "+1.75.0" "metadata" "--manifest-path" "Cargo.toml" "--no-deps", kill_on_drop: false }`
[INFO] started tweaking crates.io crate ics 0.5.8
[INFO] finished tweaking crates.io crate ics 0.5.8
[INFO] tweaked toml for crates.io crate ics 0.5.8 written to /workspace/builds/worker-3-tc1/source/Cargo.toml
[INFO] crate crates.io crate ics 0.5.8 already has a lockfile, it will not be regenerated
[INFO] running `Command { std: CARGO_HOME="/workspace/cargo-home" RUSTUP_HOME="/workspace/rustup-home" "/workspace/cargo-home/bin/cargo" "+1.75.0" "fetch" "--manifest-path" "Cargo.toml", kill_on_drop: false }`
[INFO] [stderr]     Blocking waiting for file lock on package cache
[INFO] running `Command { std: "docker" "create" "-v" "/var/lib/crater-agent-workspace/builds/worker-3-tc1/target:/opt/rustwide/target:rw,Z" "-v" "/var/lib/crater-agent-workspace/builds/worker-3-tc1/source:/opt/rustwide/workdir:ro,Z" "-v" "/var/lib/crater-agent-workspace/cargo-home:/opt/rustwide/cargo-home:ro,Z" "-v" "/var/lib/crater-agent-workspace/rustup-home:/opt/rustwide/rustup-home:ro,Z" "-e" "SOURCE_DIR=/opt/rustwide/workdir" "-e" "CARGO_TARGET_DIR=/opt/rustwide/target" "-e" "CARGO_HOME=/opt/rustwide/cargo-home" "-e" "RUSTUP_HOME=/opt/rustwide/rustup-home" "-w" "/opt/rustwide/workdir" "-m" "1610612736" "--user" "0:0" "--network" "none" "ghcr.io/rust-lang/crates-build-env/linux@sha256:2788e3201cd34a07e3172128adcd8b3090168a8e3bcc40d7c032b9dda1df7d1c" "/opt/rustwide/cargo-home/bin/cargo" "+1.75.0" "metadata" "--no-deps" "--format-version=1", kill_on_drop: false }`
[INFO] [stdout] 3306759feaaf5e272291aa4395718079c6844c7bf31e7e13579ff484308d234b
[INFO] running `Command { std: "docker" "start" "-a" "3306759feaaf5e272291aa4395718079c6844c7bf31e7e13579ff484308d234b", kill_on_drop: false }`
[INFO] running `Command { std: "docker" "inspect" "3306759feaaf5e272291aa4395718079c6844c7bf31e7e13579ff484308d234b", kill_on_drop: false }`
[INFO] running `Command { std: "docker" "rm" "-f" "3306759feaaf5e272291aa4395718079c6844c7bf31e7e13579ff484308d234b", kill_on_drop: false }`
[INFO] [stdout] 3306759feaaf5e272291aa4395718079c6844c7bf31e7e13579ff484308d234b
[INFO] running `Command { std: "docker" "create" "-v" "/var/lib/crater-agent-workspace/builds/worker-3-tc1/target:/opt/rustwide/target:rw,Z" "-v" "/var/lib/crater-agent-workspace/builds/worker-3-tc1/source:/opt/rustwide/workdir:ro,Z" "-v" "/var/lib/crater-agent-workspace/cargo-home:/opt/rustwide/cargo-home:ro,Z" "-v" "/var/lib/crater-agent-workspace/rustup-home:/opt/rustwide/rustup-home:ro,Z" "-e" "SOURCE_DIR=/opt/rustwide/workdir" "-e" "CARGO_TARGET_DIR=/opt/rustwide/target" "-e" "CARGO_INCREMENTAL=0" "-e" "RUST_BACKTRACE=full" "-e" "RUSTFLAGS=--cap-lints=warn" "-e" "RUSTDOCFLAGS=--cap-lints=warn" "-e" "CARGO_HOME=/opt/rustwide/cargo-home" "-e" "RUSTUP_HOME=/opt/rustwide/rustup-home" "-w" "/opt/rustwide/workdir" "-m" "1610612736" "--user" "0:0" "--network" "none" "ghcr.io/rust-lang/crates-build-env/linux@sha256:2788e3201cd34a07e3172128adcd8b3090168a8e3bcc40d7c032b9dda1df7d1c" "/opt/rustwide/cargo-home/bin/cargo" "+1.75.0" "build" "--frozen" "--message-format=json", kill_on_drop: false }`
[INFO] [stdout] ae1fb0d5ff4d02af5c05fddbbd83f69389b3ebbdb55ff7da0852981d61fd8925
[INFO] running `Command { std: "docker" "start" "-a" "ae1fb0d5ff4d02af5c05fddbbd83f69389b3ebbdb55ff7da0852981d61fd8925", kill_on_drop: false }`
[INFO] [stderr]    Compiling ics v0.5.8 (/opt/rustwide/workdir)
[INFO] [stderr]     Finished dev [unoptimized + debuginfo] target(s) in 0.95s
[INFO] running `Command { std: "docker" "inspect" "ae1fb0d5ff4d02af5c05fddbbd83f69389b3ebbdb55ff7da0852981d61fd8925", kill_on_drop: false }`
[INFO] running `Command { std: "docker" "rm" "-f" "ae1fb0d5ff4d02af5c05fddbbd83f69389b3ebbdb55ff7da0852981d61fd8925", kill_on_drop: false }`
[INFO] [stdout] ae1fb0d5ff4d02af5c05fddbbd83f69389b3ebbdb55ff7da0852981d61fd8925
[INFO] running `Command { std: "docker" "create" "-v" "/var/lib/crater-agent-workspace/builds/worker-3-tc1/target:/opt/rustwide/target:rw,Z" "-v" "/var/lib/crater-agent-workspace/builds/worker-3-tc1/source:/opt/rustwide/workdir:ro,Z" "-v" "/var/lib/crater-agent-workspace/cargo-home:/opt/rustwide/cargo-home:ro,Z" "-v" "/var/lib/crater-agent-workspace/rustup-home:/opt/rustwide/rustup-home:ro,Z" "-e" "SOURCE_DIR=/opt/rustwide/workdir" "-e" "CARGO_TARGET_DIR=/opt/rustwide/target" "-e" "CARGO_INCREMENTAL=0" "-e" "RUST_BACKTRACE=full" "-e" "RUSTFLAGS=--cap-lints=warn" "-e" "RUSTDOCFLAGS=--cap-lints=warn" "-e" "CARGO_HOME=/opt/rustwide/cargo-home" "-e" "RUSTUP_HOME=/opt/rustwide/rustup-home" "-w" "/opt/rustwide/workdir" "-m" "1610612736" "--user" "0:0" "--network" "none" "ghcr.io/rust-lang/crates-build-env/linux@sha256:2788e3201cd34a07e3172128adcd8b3090168a8e3bcc40d7c032b9dda1df7d1c" "/opt/rustwide/cargo-home/bin/cargo" "+1.75.0" "test" "--frozen" "--no-run" "--message-format=json", kill_on_drop: false }`
[INFO] [stdout] 42caccc3631c8443e8396021cf8bd4a51391f8bec1ad46d95de3d9d8c3daa80e
[INFO] running `Command { std: "docker" "start" "-a" "42caccc3631c8443e8396021cf8bd4a51391f8bec1ad46d95de3d9d8c3daa80e", kill_on_drop: false }`
[INFO] [stderr]    Compiling ics v0.5.8 (/opt/rustwide/workdir)
[INFO] [stdout] warning: call to `.clone()` on a reference in this situation does nothing
[INFO] [stdout]   --> src/util.rs:76:25
[INFO] [stdout]    |
[INFO] [stdout] 76 |         let expected = s.clone();
[INFO] [stdout]    |                         ^^^^^^^^ help: remove this redundant call
[INFO] [stdout]    |
[INFO] [stdout]    = note: the type `str` does not implement `Clone`, so calling `clone` on `&str` copies the reference, which does not do anything and can be removed
[INFO] [stdout]    = note: `#[warn(noop_method_call)]` on by default
[INFO] [stdout] 
[INFO] [stdout] 
[INFO] [stdout] warning: 1 warning emitted
[INFO] [stdout] 
[INFO] [stdout] 
[INFO] [stderr]     Finished test [unoptimized + debuginfo] target(s) in 1.22s
[INFO] running `Command { std: "docker" "inspect" "42caccc3631c8443e8396021cf8bd4a51391f8bec1ad46d95de3d9d8c3daa80e", kill_on_drop: false }`
[INFO] running `Command { std: "docker" "rm" "-f" "42caccc3631c8443e8396021cf8bd4a51391f8bec1ad46d95de3d9d8c3daa80e", kill_on_drop: false }`
[INFO] [stdout] 42caccc3631c8443e8396021cf8bd4a51391f8bec1ad46d95de3d9d8c3daa80e
[INFO] running `Command { std: "docker" "create" "-v" "/var/lib/crater-agent-workspace/builds/worker-3-tc1/target:/opt/rustwide/target:rw,Z" "-v" "/var/lib/crater-agent-workspace/builds/worker-3-tc1/source:/opt/rustwide/workdir:ro,Z" "-v" "/var/lib/crater-agent-workspace/cargo-home:/opt/rustwide/cargo-home:ro,Z" "-v" "/var/lib/crater-agent-workspace/rustup-home:/opt/rustwide/rustup-home:ro,Z" "-e" "SOURCE_DIR=/opt/rustwide/workdir" "-e" "CARGO_TARGET_DIR=/opt/rustwide/target" "-e" "CARGO_INCREMENTAL=0" "-e" "RUST_BACKTRACE=full" "-e" "RUSTFLAGS=--cap-lints=warn" "-e" "RUSTDOCFLAGS=--cap-lints=warn" "-e" "CARGO_HOME=/opt/rustwide/cargo-home" "-e" "RUSTUP_HOME=/opt/rustwide/rustup-home" "-w" "/opt/rustwide/workdir" "-m" "1610612736" "--user" "0:0" "--network" "none" "ghcr.io/rust-lang/crates-build-env/linux@sha256:2788e3201cd34a07e3172128adcd8b3090168a8e3bcc40d7c032b9dda1df7d1c" "/opt/rustwide/cargo-home/bin/cargo" "+1.75.0" "test" "--frozen", kill_on_drop: false }`
[INFO] [stdout] d0b6a6ff81049487224831d2819be6cbdf7104aca20dcfa41c9b8bb08d64f0d3
[INFO] running `Command { std: "docker" "start" "-a" "d0b6a6ff81049487224831d2819be6cbdf7104aca20dcfa41c9b8bb08d64f0d3", kill_on_drop: false }`
[INFO] [stderr] warning: call to `.clone()` on a reference in this situation does nothing
[INFO] [stderr]   --> src/util.rs:76:25
[INFO] [stderr]    |
[INFO] [stderr] 76 |         let expected = s.clone();
[INFO] [stderr]    |                         ^^^^^^^^ help: remove this redundant call
[INFO] [stderr]    |
[INFO] [stderr]    = note: the type `str` does not implement `Clone`, so calling `clone` on `&str` copies the reference, which does not do anything and can be removed
[INFO] [stderr]    = note: `#[warn(noop_method_call)]` on by default
[INFO] [stderr] 
[INFO] [stderr] warning: `ics` (lib test) generated 1 warning (run `cargo fix --lib -p ics --tests` to apply 1 suggestion)
[INFO] [stderr]     Finished test [unoptimized + debuginfo] target(s) in 0.01s
[INFO] [stderr]      Running unittests src/lib.rs (/opt/rustwide/target/debug/deps/ics-677cae40b4a00fbd)
[INFO] [stdout] 
[INFO] [stdout] running 11 tests
[INFO] [stdout] test contentline::tests::multibytes_with_space ... ok
[INFO] [stdout] test contentline::tests::over_limit ... ok
[INFO] [stdout] test components::tests::simple ... ok
[INFO] [stdout] test contentline::tests::multibytes ... ok
[INFO] [stdout] test util::escape_text_tests::no_escaped_chars ... ok
[INFO] [stdout] test macros::test::parameters ... ok
[INFO] [stdout] test util::escape_text_tests::escape_property ... ok
[INFO] [stdout] test contentline::tests::multi_lines ... ok
[INFO] [stdout] test contentline::tests::no_linebreak ... ok
[INFO] [stdout] test components::tests::with_parameter ... ok
[INFO] [stdout] test util::escape_text_tests::escaped_chars ... ok
[INFO] [stdout] 
[INFO] [stdout] test result: ok. 11 passed; 0 failed; 0 ignored; 0 measured; 0 filtered out; finished in 0.04s
[INFO] [stdout] 
[INFO] [stderr]    Doc-tests ics
[INFO] [stdout] 
[INFO] [stdout] running 6 tests
[INFO] [stdout] test src/components.rs - components (line 8) ... ok
[INFO] [stdout] test src/macros.rs - macros::parameters (line 4) ... ok
[INFO] [stdout] test src/lib.rs - (line 25) ... FAILED
[INFO] [stdout] test src/properties.rs - properties (line 12) ... ok
[INFO] [stdout] test src/util.rs - util::escape_text (line 9) ... ok
[INFO] [stdout] test src/parameters.rs - parameters (line 9) ... ok
[INFO] [stdout] 
[INFO] [stdout] failures:
[INFO] [stdout] 
[INFO] [stdout] ---- src/lib.rs - (line 25) stdout ----
[INFO] [stdout] Test executable failed (exit status: 1).
[INFO] [stdout] 
[INFO] [stdout] stderr:
[INFO] [stdout] Error: Os { code: 30, kind: ReadOnlyFilesystem, message: "Read-only file system" }
[INFO] [stdout] 
[INFO] [stdout] 
[INFO] [stdout] 
[INFO] [stdout] failures:
[INFO] [stdout]     src/lib.rs - (line 25)
[INFO] [stdout] 
[INFO] [stdout] test result: FAILED. 5 passed; 1 failed; 0 ignored; 0 measured; 0 filtered out; finished in 0.66s
[INFO] [stdout] 
[INFO] [stderr] error: doctest failed, to rerun pass `--doc`
[INFO] running `Command { std: "docker" "inspect" "d0b6a6ff81049487224831d2819be6cbdf7104aca20dcfa41c9b8bb08d64f0d3", kill_on_drop: false }`
[INFO] running `Command { std: "docker" "rm" "-f" "d0b6a6ff81049487224831d2819be6cbdf7104aca20dcfa41c9b8bb08d64f0d3", kill_on_drop: false }`
[INFO] [stdout] d0b6a6ff81049487224831d2819be6cbdf7104aca20dcfa41c9b8bb08d64f0d3
[INFO] testing ics-0.5.8 against beta-2023-12-22 for beta-1.76-1
[INFO] extracting crate ics 0.5.8 into /workspace/builds/worker-3-tc2/source
[INFO] validating manifest of crates.io crate ics 0.5.8 on toolchain beta-2023-12-22
[INFO] running `Command { std: CARGO_HOME="/workspace/cargo-home" RUSTUP_HOME="/workspace/rustup-home" "/workspace/cargo-home/bin/cargo" "+beta-2023-12-22" "metadata" "--manifest-path" "Cargo.toml" "--no-deps", kill_on_drop: false }`
[INFO] started tweaking crates.io crate ics 0.5.8
[INFO] finished tweaking crates.io crate ics 0.5.8
[INFO] tweaked toml for crates.io crate ics 0.5.8 written to /workspace/builds/worker-3-tc2/source/Cargo.toml
[INFO] crate crates.io crate ics 0.5.8 already has a lockfile, it will not be regenerated
[INFO] running `Command { std: CARGO_HOME="/workspace/cargo-home" RUSTUP_HOME="/workspace/rustup-home" "/workspace/cargo-home/bin/cargo" "+beta-2023-12-22" "fetch" "--manifest-path" "Cargo.toml", kill_on_drop: false }`
[INFO] running `Command { std: "docker" "create" "-v" "/var/lib/crater-agent-workspace/builds/worker-3-tc2/target:/opt/rustwide/target:rw,Z" "-v" "/var/lib/crater-agent-workspace/builds/worker-3-tc2/source:/opt/rustwide/workdir:ro,Z" "-v" "/var/lib/crater-agent-workspace/cargo-home:/opt/rustwide/cargo-home:ro,Z" "-v" "/var/lib/crater-agent-workspace/rustup-home:/opt/rustwide/rustup-home:ro,Z" "-e" "SOURCE_DIR=/opt/rustwide/workdir" "-e" "CARGO_TARGET_DIR=/opt/rustwide/target" "-e" "CARGO_HOME=/opt/rustwide/cargo-home" "-e" "RUSTUP_HOME=/opt/rustwide/rustup-home" "-w" "/opt/rustwide/workdir" "-m" "1610612736" "--user" "0:0" "--network" "none" "ghcr.io/rust-lang/crates-build-env/linux@sha256:2788e3201cd34a07e3172128adcd8b3090168a8e3bcc40d7c032b9dda1df7d1c" "/opt/rustwide/cargo-home/bin/cargo" "+beta-2023-12-22" "metadata" "--no-deps" "--format-version=1", kill_on_drop: false }`
[INFO] [stdout] d670d64b24af8b44a9817b42b1a207e8cb9a7f068202a488078a5fbb9ce256a7
[INFO] running `Command { std: "docker" "start" "-a" "d670d64b24af8b44a9817b42b1a207e8cb9a7f068202a488078a5fbb9ce256a7", kill_on_drop: false }`
[INFO] running `Command { std: "docker" "inspect" "d670d64b24af8b44a9817b42b1a207e8cb9a7f068202a488078a5fbb9ce256a7", kill_on_drop: false }`
[INFO] running `Command { std: "docker" "rm" "-f" "d670d64b24af8b44a9817b42b1a207e8cb9a7f068202a488078a5fbb9ce256a7", kill_on_drop: false }`
[INFO] [stdout] d670d64b24af8b44a9817b42b1a207e8cb9a7f068202a488078a5fbb9ce256a7
[INFO] running `Command { std: "docker" "create" "-v" "/var/lib/crater-agent-workspace/builds/worker-3-tc2/target:/opt/rustwide/target:rw,Z" "-v" "/var/lib/crater-agent-workspace/builds/worker-3-tc2/source:/opt/rustwide/workdir:ro,Z" "-v" "/var/lib/crater-agent-workspace/cargo-home:/opt/rustwide/cargo-home:ro,Z" "-v" "/var/lib/crater-agent-workspace/rustup-home:/opt/rustwide/rustup-home:ro,Z" "-e" "SOURCE_DIR=/opt/rustwide/workdir" "-e" "CARGO_TARGET_DIR=/opt/rustwide/target" "-e" "CARGO_INCREMENTAL=0" "-e" "RUST_BACKTRACE=full" "-e" "RUSTFLAGS=--cap-lints=warn" "-e" "RUSTDOCFLAGS=--cap-lints=warn" "-e" "CARGO_HOME=/opt/rustwide/cargo-home" "-e" "RUSTUP_HOME=/opt/rustwide/rustup-home" "-w" "/opt/rustwide/workdir" "-m" "1610612736" "--user" "0:0" "--network" "none" "ghcr.io/rust-lang/crates-build-env/linux@sha256:2788e3201cd34a07e3172128adcd8b3090168a8e3bcc40d7c032b9dda1df7d1c" "/opt/rustwide/cargo-home/bin/cargo" "+beta-2023-12-22" "build" "--frozen" "--message-format=json", kill_on_drop: false }`
[INFO] [stdout] 99363405746e10452f9217317ce8f2af4e91c811c08f5bb67dd05bd63b4a0437
[INFO] running `Command { std: "docker" "start" "-a" "99363405746e10452f9217317ce8f2af4e91c811c08f5bb67dd05bd63b4a0437", kill_on_drop: false }`
[INFO] [stderr]    Compiling ics v0.5.8 (/opt/rustwide/workdir)
[INFO] [stderr]     Finished dev [unoptimized + debuginfo] target(s) in 0.64s
[INFO] running `Command { std: "docker" "inspect" "99363405746e10452f9217317ce8f2af4e91c811c08f5bb67dd05bd63b4a0437", kill_on_drop: false }`
[INFO] running `Command { std: "docker" "rm" "-f" "99363405746e10452f9217317ce8f2af4e91c811c08f5bb67dd05bd63b4a0437", kill_on_drop: false }`
[INFO] [stdout] 99363405746e10452f9217317ce8f2af4e91c811c08f5bb67dd05bd63b4a0437
[INFO] running `Command { std: "docker" "create" "-v" "/var/lib/crater-agent-workspace/builds/worker-3-tc2/target:/opt/rustwide/target:rw,Z" "-v" "/var/lib/crater-agent-workspace/builds/worker-3-tc2/source:/opt/rustwide/workdir:ro,Z" "-v" "/var/lib/crater-agent-workspace/cargo-home:/opt/rustwide/cargo-home:ro,Z" "-v" "/var/lib/crater-agent-workspace/rustup-home:/opt/rustwide/rustup-home:ro,Z" "-e" "SOURCE_DIR=/opt/rustwide/workdir" "-e" "CARGO_TARGET_DIR=/opt/rustwide/target" "-e" "CARGO_INCREMENTAL=0" "-e" "RUST_BACKTRACE=full" "-e" "RUSTFLAGS=--cap-lints=warn" "-e" "RUSTDOCFLAGS=--cap-lints=warn" "-e" "CARGO_HOME=/opt/rustwide/cargo-home" "-e" "RUSTUP_HOME=/opt/rustwide/rustup-home" "-w" "/opt/rustwide/workdir" "-m" "1610612736" "--user" "0:0" "--network" "none" "ghcr.io/rust-lang/crates-build-env/linux@sha256:2788e3201cd34a07e3172128adcd8b3090168a8e3bcc40d7c032b9dda1df7d1c" "/opt/rustwide/cargo-home/bin/cargo" "+beta-2023-12-22" "test" "--frozen" "--no-run" "--message-format=json", kill_on_drop: false }`
[INFO] [stdout] 32710170c63d39db3db7c193162314ec0d7e9ef1f480584fffb75ca595f41796
[INFO] running `Command { std: "docker" "start" "-a" "32710170c63d39db3db7c193162314ec0d7e9ef1f480584fffb75ca595f41796", kill_on_drop: false }`
[INFO] [stderr]    Compiling ics v0.5.8 (/opt/rustwide/workdir)
[INFO] [stdout] warning: call to `.clone()` on a reference in this situation does nothing
[INFO] [stdout]   --> src/util.rs:76:25
[INFO] [stdout]    |
[INFO] [stdout] 76 |         let expected = s.clone();
[INFO] [stdout]    |                         ^^^^^^^^ help: remove this redundant call
[INFO] [stdout]    |
[INFO] [stdout]    = note: the type `str` does not implement `Clone`, so calling `clone` on `&str` copies the reference, which does not do anything and can be removed
[INFO] [stdout]    = note: `#[warn(noop_method_call)]` on by default
[INFO] [stdout] 
[INFO] [stdout] 
[INFO] [stdout] warning: 1 warning emitted
[INFO] [stdout] 
[INFO] [stdout] 
[INFO] [stderr]     Finished test [unoptimized + debuginfo] target(s) in 0.98s
[INFO] running `Command { std: "docker" "inspect" "32710170c63d39db3db7c193162314ec0d7e9ef1f480584fffb75ca595f41796", kill_on_drop: false }`
[INFO] running `Command { std: "docker" "rm" "-f" "32710170c63d39db3db7c193162314ec0d7e9ef1f480584fffb75ca595f41796", kill_on_drop: false }`
[INFO] [stdout] 32710170c63d39db3db7c193162314ec0d7e9ef1f480584fffb75ca595f41796
[INFO] running `Command { std: "docker" "create" "-v" "/var/lib/crater-agent-workspace/builds/worker-3-tc2/target:/opt/rustwide/target:rw,Z" "-v" "/var/lib/crater-agent-workspace/builds/worker-3-tc2/source:/opt/rustwide/workdir:ro,Z" "-v" "/var/lib/crater-agent-workspace/cargo-home:/opt/rustwide/cargo-home:ro,Z" "-v" "/var/lib/crater-agent-workspace/rustup-home:/opt/rustwide/rustup-home:ro,Z" "-e" "SOURCE_DIR=/opt/rustwide/workdir" "-e" "CARGO_TARGET_DIR=/opt/rustwide/target" "-e" "CARGO_INCREMENTAL=0" "-e" "RUST_BACKTRACE=full" "-e" "RUSTFLAGS=--cap-lints=warn" "-e" "RUSTDOCFLAGS=--cap-lints=warn" "-e" "CARGO_HOME=/opt/rustwide/cargo-home" "-e" "RUSTUP_HOME=/opt/rustwide/rustup-home" "-w" "/opt/rustwide/workdir" "-m" "1610612736" "--user" "0:0" "--network" "none" "ghcr.io/rust-lang/crates-build-env/linux@sha256:2788e3201cd34a07e3172128adcd8b3090168a8e3bcc40d7c032b9dda1df7d1c" "/opt/rustwide/cargo-home/bin/cargo" "+beta-2023-12-22" "test" "--frozen", kill_on_drop: false }`
[INFO] [stdout] c7a1ade2498b85fa723735deb851e3a1d925941d8f10248a0ebfda8ba374a796
[INFO] running `Command { std: "docker" "start" "-a" "c7a1ade2498b85fa723735deb851e3a1d925941d8f10248a0ebfda8ba374a796", kill_on_drop: false }`
[INFO] [stderr] warning: call to `.clone()` on a reference in this situation does nothing
[INFO] [stderr]   --> src/util.rs:76:25
[INFO] [stderr]    |
[INFO] [stderr] 76 |         let expected = s.clone();
[INFO] [stderr]    |                         ^^^^^^^^ help: remove this redundant call
[INFO] [stderr]    |
[INFO] [stderr]    = note: the type `str` does not implement `Clone`, so calling `clone` on `&str` copies the reference, which does not do anything and can be removed
[INFO] [stderr]    = note: `#[warn(noop_method_call)]` on by default
[INFO] [stderr] 
[INFO] [stderr] warning: `ics` (lib test) generated 1 warning (run `cargo fix --lib -p ics --tests` to apply 1 suggestion)
[INFO] [stderr]     Finished test [unoptimized + debuginfo] target(s) in 0.00s
[INFO] [stderr]      Running unittests src/lib.rs (/opt/rustwide/target/debug/deps/ics-8f54a98322530552)
[INFO] [stdout] 
[INFO] [stdout] running 11 tests
[INFO] [stdout] test components::tests::simple ... ok
[INFO] [stdout] test components::tests::with_parameter ... ok
[INFO] [stdout] test contentline::tests::multi_lines ... ok
[INFO] [stdout] test contentline::tests::multibytes ... ok
[INFO] [stdout] test contentline::tests::multibytes_with_space ... ok
[INFO] [stdout] test contentline::tests::no_linebreak ... ok
[INFO] [stdout] test contentline::tests::over_limit ... ok
[INFO] [stdout] test macros::test::parameters ... ok
[INFO] [stdout] test util::escape_text_tests::escape_property ... ok
[INFO] [stdout] test util::escape_text_tests::escaped_chars ... ok
[INFO] [stdout] test util::escape_text_tests::no_escaped_chars ... ok
[INFO] [stdout] 
[INFO] [stdout] test result: ok. 11 passed; 0 failed; 0 ignored; 0 measured; 0 filtered out; finished in 0.00s
[INFO] [stdout] 
[INFO] [stderr]    Doc-tests ics
[INFO] [stdout] 
[INFO] [stdout] running 6 tests
[INFO] [stdout] test src/components.rs - components (line 8) ... ok
[INFO] [stdout] test src/parameters.rs - parameters (line 9) ... ok
[INFO] [stdout] test src/properties.rs - properties (line 12) ... ok
[INFO] [stdout] test src/util.rs - util::escape_text (line 9) ... ok
[INFO] [stdout] test src/lib.rs - (line 25) ... FAILED
[INFO] [stdout] test src/macros.rs - macros::parameters (line 4) ... ok
[INFO] [stdout] 
[INFO] [stdout] failures:
[INFO] [stdout] 
[INFO] [stdout] ---- src/lib.rs - (line 25) stdout ----
[INFO] [stdout] Test executable failed (exit status: 1).
[INFO] [stdout] 
[INFO] [stdout] stderr:
[INFO] [stdout] Error: Os { code: 30, kind: ReadOnlyFilesystem, message: "Read-only file system" }
[INFO] [stdout] 
[INFO] [stdout] 
[INFO] [stdout] 
[INFO] [stdout] failures:
[INFO] [stdout]     src/lib.rs - (line 25)
[INFO] [stdout] 
[INFO] [stdout] test result: FAILED. 5 passed; 1 failed; 0 ignored; 0 measured; 0 filtered out; finished in 0.28s
[INFO] [stdout] 
[INFO] [stderr] error: doctest failed, to rerun pass `--doc`
[INFO] running `Command { std: "docker" "inspect" "c7a1ade2498b85fa723735deb851e3a1d925941d8f10248a0ebfda8ba374a796", kill_on_drop: false }`
[INFO] running `Command { std: "docker" "rm" "-f" "c7a1ade2498b85fa723735deb851e3a1d925941d8f10248a0ebfda8ba374a796", kill_on_drop: false }`
[INFO] [stdout] c7a1ade2498b85fa723735deb851e3a1d925941d8f10248a0ebfda8ba374a796
