[INFO] fetching crate icondata_macros 0.1.4...
[INFO] testing icondata_macros-0.1.4 against 1.75.0 for beta-1.76-1
[INFO] extracting crate icondata_macros 0.1.4 into /workspace/builds/worker-7-tc1/source
[INFO] validating manifest of crates.io crate icondata_macros 0.1.4 on toolchain 1.75.0
[INFO] running `Command { std: CARGO_HOME="/workspace/cargo-home" RUSTUP_HOME="/workspace/rustup-home" "/workspace/cargo-home/bin/cargo" "+1.75.0" "metadata" "--manifest-path" "Cargo.toml" "--no-deps", kill_on_drop: false }`
[INFO] started tweaking crates.io crate icondata_macros 0.1.4
[INFO] finished tweaking crates.io crate icondata_macros 0.1.4
[INFO] tweaked toml for crates.io crate icondata_macros 0.1.4 written to /workspace/builds/worker-7-tc1/source/Cargo.toml
[INFO] running `Command { std: CARGO_HOME="/workspace/cargo-home" RUSTUP_HOME="/workspace/rustup-home" "/workspace/cargo-home/bin/cargo" "+1.75.0" "generate-lockfile" "--manifest-path" "Cargo.toml", kill_on_drop: false }`
[INFO] running `Command { std: CARGO_HOME="/workspace/cargo-home" RUSTUP_HOME="/workspace/rustup-home" "/workspace/cargo-home/bin/cargo" "+1.75.0" "fetch" "--manifest-path" "Cargo.toml", kill_on_drop: false }`
[INFO] running `Command { std: "docker" "create" "-v" "/var/lib/crater-agent-workspace/builds/worker-7-tc1/target:/opt/rustwide/target:rw,Z" "-v" "/var/lib/crater-agent-workspace/builds/worker-7-tc1/source:/opt/rustwide/workdir:ro,Z" "-v" "/var/lib/crater-agent-workspace/cargo-home:/opt/rustwide/cargo-home:ro,Z" "-v" "/var/lib/crater-agent-workspace/rustup-home:/opt/rustwide/rustup-home:ro,Z" "-e" "SOURCE_DIR=/opt/rustwide/workdir" "-e" "CARGO_TARGET_DIR=/opt/rustwide/target" "-e" "CARGO_HOME=/opt/rustwide/cargo-home" "-e" "RUSTUP_HOME=/opt/rustwide/rustup-home" "-w" "/opt/rustwide/workdir" "-m" "1610612736" "--user" "0:0" "--network" "none" "ghcr.io/rust-lang/crates-build-env/linux@sha256:2788e3201cd34a07e3172128adcd8b3090168a8e3bcc40d7c032b9dda1df7d1c" "/opt/rustwide/cargo-home/bin/cargo" "+1.75.0" "metadata" "--no-deps" "--format-version=1", kill_on_drop: false }`
[INFO] [stdout] 5244ddad5576dde67704258d2bd049485f71d237f8c8bac49ace63b3ca7fd1a6
[INFO] running `Command { std: "docker" "start" "-a" "5244ddad5576dde67704258d2bd049485f71d237f8c8bac49ace63b3ca7fd1a6", kill_on_drop: false }`
[INFO] running `Command { std: "docker" "inspect" "5244ddad5576dde67704258d2bd049485f71d237f8c8bac49ace63b3ca7fd1a6", kill_on_drop: false }`
[INFO] running `Command { std: "docker" "rm" "-f" "5244ddad5576dde67704258d2bd049485f71d237f8c8bac49ace63b3ca7fd1a6", kill_on_drop: false }`
[INFO] [stdout] 5244ddad5576dde67704258d2bd049485f71d237f8c8bac49ace63b3ca7fd1a6
[INFO] running `Command { std: "docker" "create" "-v" "/var/lib/crater-agent-workspace/builds/worker-7-tc1/target:/opt/rustwide/target:rw,Z" "-v" "/var/lib/crater-agent-workspace/builds/worker-7-tc1/source:/opt/rustwide/workdir:ro,Z" "-v" "/var/lib/crater-agent-workspace/cargo-home:/opt/rustwide/cargo-home:ro,Z" "-v" "/var/lib/crater-agent-workspace/rustup-home:/opt/rustwide/rustup-home:ro,Z" "-e" "SOURCE_DIR=/opt/rustwide/workdir" "-e" "CARGO_TARGET_DIR=/opt/rustwide/target" "-e" "CARGO_INCREMENTAL=0" "-e" "RUST_BACKTRACE=full" "-e" "RUSTFLAGS=--cap-lints=warn" "-e" "RUSTDOCFLAGS=--cap-lints=warn" "-e" "CARGO_HOME=/opt/rustwide/cargo-home" "-e" "RUSTUP_HOME=/opt/rustwide/rustup-home" "-w" "/opt/rustwide/workdir" "-m" "1610612736" "--user" "0:0" "--network" "none" "ghcr.io/rust-lang/crates-build-env/linux@sha256:2788e3201cd34a07e3172128adcd8b3090168a8e3bcc40d7c032b9dda1df7d1c" "/opt/rustwide/cargo-home/bin/cargo" "+1.75.0" "build" "--frozen" "--message-format=json", kill_on_drop: false }`
[INFO] [stdout] 54f02a877c501ceba13855c27d7530b001a35fba57ef35c2c4d2d45c69bdf30e
[INFO] running `Command { std: "docker" "start" "-a" "54f02a877c501ceba13855c27d7530b001a35fba57ef35c2c4d2d45c69bdf30e", kill_on_drop: false }`
[INFO] [stderr]    Compiling icondata_macros v0.1.4 (/opt/rustwide/workdir)
[INFO] [stderr]     Finished dev [unoptimized + debuginfo] target(s) in 0.55s
[INFO] running `Command { std: "docker" "inspect" "54f02a877c501ceba13855c27d7530b001a35fba57ef35c2c4d2d45c69bdf30e", kill_on_drop: false }`
[INFO] running `Command { std: "docker" "rm" "-f" "54f02a877c501ceba13855c27d7530b001a35fba57ef35c2c4d2d45c69bdf30e", kill_on_drop: false }`
[INFO] [stdout] 54f02a877c501ceba13855c27d7530b001a35fba57ef35c2c4d2d45c69bdf30e
[INFO] running `Command { std: "docker" "create" "-v" "/var/lib/crater-agent-workspace/builds/worker-7-tc1/target:/opt/rustwide/target:rw,Z" "-v" "/var/lib/crater-agent-workspace/builds/worker-7-tc1/source:/opt/rustwide/workdir:ro,Z" "-v" "/var/lib/crater-agent-workspace/cargo-home:/opt/rustwide/cargo-home:ro,Z" "-v" "/var/lib/crater-agent-workspace/rustup-home:/opt/rustwide/rustup-home:ro,Z" "-e" "SOURCE_DIR=/opt/rustwide/workdir" "-e" "CARGO_TARGET_DIR=/opt/rustwide/target" "-e" "CARGO_INCREMENTAL=0" "-e" "RUST_BACKTRACE=full" "-e" "RUSTFLAGS=--cap-lints=warn" "-e" "RUSTDOCFLAGS=--cap-lints=warn" "-e" "CARGO_HOME=/opt/rustwide/cargo-home" "-e" "RUSTUP_HOME=/opt/rustwide/rustup-home" "-w" "/opt/rustwide/workdir" "-m" "1610612736" "--user" "0:0" "--network" "none" "ghcr.io/rust-lang/crates-build-env/linux@sha256:2788e3201cd34a07e3172128adcd8b3090168a8e3bcc40d7c032b9dda1df7d1c" "/opt/rustwide/cargo-home/bin/cargo" "+1.75.0" "test" "--frozen" "--no-run" "--message-format=json", kill_on_drop: false }`
[INFO] [stdout] caac910a76d6bdc4ab520a064c3104d4c7aa39aba19893adc119d09524c46273
[INFO] running `Command { std: "docker" "start" "-a" "caac910a76d6bdc4ab520a064c3104d4c7aa39aba19893adc119d09524c46273", kill_on_drop: false }`
[INFO] [stderr]    Compiling icondata_macros v0.1.4 (/opt/rustwide/workdir)
[INFO] [stderr]     Finished test [unoptimized + debuginfo] target(s) in 0.42s
[INFO] running `Command { std: "docker" "inspect" "caac910a76d6bdc4ab520a064c3104d4c7aa39aba19893adc119d09524c46273", kill_on_drop: false }`
[INFO] running `Command { std: "docker" "rm" "-f" "caac910a76d6bdc4ab520a064c3104d4c7aa39aba19893adc119d09524c46273", kill_on_drop: false }`
[INFO] [stdout] caac910a76d6bdc4ab520a064c3104d4c7aa39aba19893adc119d09524c46273
[INFO] running `Command { std: "docker" "create" "-v" "/var/lib/crater-agent-workspace/builds/worker-7-tc1/target:/opt/rustwide/target:rw,Z" "-v" "/var/lib/crater-agent-workspace/builds/worker-7-tc1/source:/opt/rustwide/workdir:ro,Z" "-v" "/var/lib/crater-agent-workspace/cargo-home:/opt/rustwide/cargo-home:ro,Z" "-v" "/var/lib/crater-agent-workspace/rustup-home:/opt/rustwide/rustup-home:ro,Z" "-e" "SOURCE_DIR=/opt/rustwide/workdir" "-e" "CARGO_TARGET_DIR=/opt/rustwide/target" "-e" "CARGO_INCREMENTAL=0" "-e" "RUST_BACKTRACE=full" "-e" "RUSTFLAGS=--cap-lints=warn" "-e" "RUSTDOCFLAGS=--cap-lints=warn" "-e" "CARGO_HOME=/opt/rustwide/cargo-home" "-e" "RUSTUP_HOME=/opt/rustwide/rustup-home" "-w" "/opt/rustwide/workdir" "-m" "1610612736" "--user" "0:0" "--network" "none" "ghcr.io/rust-lang/crates-build-env/linux@sha256:2788e3201cd34a07e3172128adcd8b3090168a8e3bcc40d7c032b9dda1df7d1c" "/opt/rustwide/cargo-home/bin/cargo" "+1.75.0" "test" "--frozen", kill_on_drop: false }`
[INFO] [stdout] 2911e71df99ed159cd828163f65a07540ebd6876bee81b03c641d051695926b8
[INFO] running `Command { std: "docker" "start" "-a" "2911e71df99ed159cd828163f65a07540ebd6876bee81b03c641d051695926b8", kill_on_drop: false }`
[INFO] [stderr]     Finished test [unoptimized + debuginfo] target(s) in 0.00s
[INFO] [stderr]      Running unittests src/lib.rs (/opt/rustwide/target/debug/deps/icondata_macros-b80dda8205141396)
[INFO] [stdout] 
[INFO] [stdout] running 0 tests
[INFO] [stdout] 
[INFO] [stdout] test result: ok. 0 passed; 0 failed; 0 ignored; 0 measured; 0 filtered out; finished in 0.00s
[INFO] [stdout] 
[INFO] [stderr]    Doc-tests icondata_macros
[INFO] [stdout] 
[INFO] [stdout] running 1 test
[INFO] [stdout] test src/lib.rs - icon (line 9) ... FAILED
[INFO] [stdout] 
[INFO] [stdout] failures:
[INFO] [stdout] 
[INFO] [stdout] ---- src/lib.rs - icon (line 9) stdout ----
[INFO] [stdout] error[E0432]: unresolved import `icondata`
[INFO] [stdout]  --> src/lib.rs:10:5
[INFO] [stdout]   |
[INFO] [stdout] 3 | use icondata::{icon, Icon};
[INFO] [stdout]   |     ^^^^^^^^ use of undeclared crate or module `icondata`
[INFO] [stdout] 
[INFO] [stdout] error: cannot determine resolution for the macro `icon`
[INFO] [stdout]  --> src/lib.rs:13:18
[INFO] [stdout]   |
[INFO] [stdout] 6 | let icon: Icon = icon!(AiFileImageTwotone);
[INFO] [stdout]   |                  ^^^^
[INFO] [stdout]   |
[INFO] [stdout]   = note: import resolution is stuck, try simplifying macro imports
[INFO] [stdout] 
[INFO] [stdout] error[E0433]: failed to resolve: use of undeclared crate or module `icondata`
[INFO] [stdout]  --> src/lib.rs:14:29
[INFO] [stdout]   |
[INFO] [stdout] 7 | assert_eq!(icon, Icon::from(icondata::AiIcon::AiFileImageTwotone));
[INFO] [stdout]   |                             ^^^^^^^^ use of undeclared crate or module `icondata`
[INFO] [stdout] 
[INFO] [stdout] error: aborting due to 3 previous errors
[INFO] [stdout] 
[INFO] [stdout] Some errors have detailed explanations: E0432, E0433.
[INFO] [stdout] For more information about an error, try `rustc --explain E0432`.
[INFO] [stdout] Couldn't compile the test.
[INFO] [stdout] 
[INFO] [stdout] failures:
[INFO] [stdout]     src/lib.rs - icon (line 9)
[INFO] [stdout] 
[INFO] [stdout] test result: FAILED. 0 passed; 1 failed; 0 ignored; 0 measured; 0 filtered out; finished in 0.10s
[INFO] [stdout] 
[INFO] [stderr] error: doctest failed, to rerun pass `--doc`
[INFO] running `Command { std: "docker" "inspect" "2911e71df99ed159cd828163f65a07540ebd6876bee81b03c641d051695926b8", kill_on_drop: false }`
[INFO] running `Command { std: "docker" "rm" "-f" "2911e71df99ed159cd828163f65a07540ebd6876bee81b03c641d051695926b8", kill_on_drop: false }`
[INFO] [stdout] 2911e71df99ed159cd828163f65a07540ebd6876bee81b03c641d051695926b8
