[INFO] fetching crate iceyee_datetime 3.0.0...
[INFO] testing iceyee_datetime-3.0.0 against 1.75.0 for beta-1.76-1
[INFO] extracting crate iceyee_datetime 3.0.0 into /workspace/builds/worker-4-tc1/source
[INFO] validating manifest of crates.io crate iceyee_datetime 3.0.0 on toolchain 1.75.0
[INFO] running `Command { std: CARGO_HOME="/workspace/cargo-home" RUSTUP_HOME="/workspace/rustup-home" "/workspace/cargo-home/bin/cargo" "+1.75.0" "metadata" "--manifest-path" "Cargo.toml" "--no-deps", kill_on_drop: false }`
[INFO] started tweaking crates.io crate iceyee_datetime 3.0.0
[INFO] finished tweaking crates.io crate iceyee_datetime 3.0.0
[INFO] tweaked toml for crates.io crate iceyee_datetime 3.0.0 written to /workspace/builds/worker-4-tc1/source/Cargo.toml
[INFO] running `Command { std: CARGO_HOME="/workspace/cargo-home" RUSTUP_HOME="/workspace/rustup-home" "/workspace/cargo-home/bin/cargo" "+1.75.0" "generate-lockfile" "--manifest-path" "Cargo.toml", kill_on_drop: false }`
[INFO] [stderr]     Updating crates.io index
[INFO] running `Command { std: CARGO_HOME="/workspace/cargo-home" RUSTUP_HOME="/workspace/rustup-home" "/workspace/cargo-home/bin/cargo" "+1.75.0" "fetch" "--manifest-path" "Cargo.toml", kill_on_drop: false }`
[INFO] running `Command { std: "docker" "create" "-v" "/var/lib/crater-agent-workspace/builds/worker-4-tc1/target:/opt/rustwide/target:rw,Z" "-v" "/var/lib/crater-agent-workspace/builds/worker-4-tc1/source:/opt/rustwide/workdir:ro,Z" "-v" "/var/lib/crater-agent-workspace/cargo-home:/opt/rustwide/cargo-home:ro,Z" "-v" "/var/lib/crater-agent-workspace/rustup-home:/opt/rustwide/rustup-home:ro,Z" "-e" "SOURCE_DIR=/opt/rustwide/workdir" "-e" "CARGO_TARGET_DIR=/opt/rustwide/target" "-e" "CARGO_HOME=/opt/rustwide/cargo-home" "-e" "RUSTUP_HOME=/opt/rustwide/rustup-home" "-w" "/opt/rustwide/workdir" "-m" "1610612736" "--user" "0:0" "--network" "none" "ghcr.io/rust-lang/crates-build-env/linux@sha256:2788e3201cd34a07e3172128adcd8b3090168a8e3bcc40d7c032b9dda1df7d1c" "/opt/rustwide/cargo-home/bin/cargo" "+1.75.0" "metadata" "--no-deps" "--format-version=1", kill_on_drop: false }`
[INFO] [stdout] dce7bc2c856bc96ffcf046fedef3e22c38256a48ec8575582731554548b3cf49
[INFO] running `Command { std: "docker" "start" "-a" "dce7bc2c856bc96ffcf046fedef3e22c38256a48ec8575582731554548b3cf49", kill_on_drop: false }`
[INFO] running `Command { std: "docker" "inspect" "dce7bc2c856bc96ffcf046fedef3e22c38256a48ec8575582731554548b3cf49", kill_on_drop: false }`
[INFO] running `Command { std: "docker" "rm" "-f" "dce7bc2c856bc96ffcf046fedef3e22c38256a48ec8575582731554548b3cf49", kill_on_drop: false }`
[INFO] [stdout] dce7bc2c856bc96ffcf046fedef3e22c38256a48ec8575582731554548b3cf49
[INFO] running `Command { std: "docker" "create" "-v" "/var/lib/crater-agent-workspace/builds/worker-4-tc1/target:/opt/rustwide/target:rw,Z" "-v" "/var/lib/crater-agent-workspace/builds/worker-4-tc1/source:/opt/rustwide/workdir:ro,Z" "-v" "/var/lib/crater-agent-workspace/cargo-home:/opt/rustwide/cargo-home:ro,Z" "-v" "/var/lib/crater-agent-workspace/rustup-home:/opt/rustwide/rustup-home:ro,Z" "-e" "SOURCE_DIR=/opt/rustwide/workdir" "-e" "CARGO_TARGET_DIR=/opt/rustwide/target" "-e" "CARGO_INCREMENTAL=0" "-e" "RUST_BACKTRACE=full" "-e" "RUSTFLAGS=--cap-lints=warn" "-e" "RUSTDOCFLAGS=--cap-lints=warn" "-e" "CARGO_HOME=/opt/rustwide/cargo-home" "-e" "RUSTUP_HOME=/opt/rustwide/rustup-home" "-w" "/opt/rustwide/workdir" "-m" "1610612736" "--user" "0:0" "--network" "none" "ghcr.io/rust-lang/crates-build-env/linux@sha256:2788e3201cd34a07e3172128adcd8b3090168a8e3bcc40d7c032b9dda1df7d1c" "/opt/rustwide/cargo-home/bin/cargo" "+1.75.0" "build" "--frozen" "--message-format=json", kill_on_drop: false }`
[INFO] [stdout] 0a9574759dfd18a0010566e9b560855da78b2ea1a81392b829efb5cc402b1684
[INFO] running `Command { std: "docker" "start" "-a" "0a9574759dfd18a0010566e9b560855da78b2ea1a81392b829efb5cc402b1684", kill_on_drop: false }`
[INFO] [stderr]    Compiling libc v0.2.151
[INFO] [stderr]    Compiling proc-macro2 v1.0.75
[INFO] [stderr]    Compiling parking_lot_core v0.9.9
[INFO] [stderr]    Compiling smallvec v1.11.2
[INFO] [stderr]    Compiling pin-project-lite v0.2.13
[INFO] [stderr]    Compiling bytes v1.5.0
[INFO] [stderr]    Compiling lock_api v0.4.11
[INFO] [stderr]    Compiling quote v1.0.35
[INFO] [stderr]    Compiling syn v2.0.48
[INFO] [stderr]    Compiling mio v0.8.10
[INFO] [stderr]    Compiling num_cpus v1.16.0
[INFO] [stderr]    Compiling socket2 v0.5.5
[INFO] [stderr]    Compiling signal-hook-registry v1.4.1
[INFO] [stderr]    Compiling parking_lot v0.12.1
[INFO] [stderr]    Compiling tokio-macros v2.2.0
[INFO] [stderr]    Compiling ctor v0.2.6
[INFO] [stderr]    Compiling tokio v1.35.1
[INFO] [stderr]    Compiling iceyee_datetime v3.0.0 (/opt/rustwide/workdir)
[INFO] [stderr]     Finished dev [unoptimized + debuginfo] target(s) in 11.39s
[INFO] running `Command { std: "docker" "inspect" "0a9574759dfd18a0010566e9b560855da78b2ea1a81392b829efb5cc402b1684", kill_on_drop: false }`
[INFO] running `Command { std: "docker" "rm" "-f" "0a9574759dfd18a0010566e9b560855da78b2ea1a81392b829efb5cc402b1684", kill_on_drop: false }`
[INFO] [stdout] 0a9574759dfd18a0010566e9b560855da78b2ea1a81392b829efb5cc402b1684
[INFO] running `Command { std: "docker" "create" "-v" "/var/lib/crater-agent-workspace/builds/worker-4-tc1/target:/opt/rustwide/target:rw,Z" "-v" "/var/lib/crater-agent-workspace/builds/worker-4-tc1/source:/opt/rustwide/workdir:ro,Z" "-v" "/var/lib/crater-agent-workspace/cargo-home:/opt/rustwide/cargo-home:ro,Z" "-v" "/var/lib/crater-agent-workspace/rustup-home:/opt/rustwide/rustup-home:ro,Z" "-e" "SOURCE_DIR=/opt/rustwide/workdir" "-e" "CARGO_TARGET_DIR=/opt/rustwide/target" "-e" "CARGO_INCREMENTAL=0" "-e" "RUST_BACKTRACE=full" "-e" "RUSTFLAGS=--cap-lints=warn" "-e" "RUSTDOCFLAGS=--cap-lints=warn" "-e" "CARGO_HOME=/opt/rustwide/cargo-home" "-e" "RUSTUP_HOME=/opt/rustwide/rustup-home" "-w" "/opt/rustwide/workdir" "-m" "1610612736" "--user" "0:0" "--network" "none" "ghcr.io/rust-lang/crates-build-env/linux@sha256:2788e3201cd34a07e3172128adcd8b3090168a8e3bcc40d7c032b9dda1df7d1c" "/opt/rustwide/cargo-home/bin/cargo" "+1.75.0" "test" "--frozen" "--no-run" "--message-format=json", kill_on_drop: false }`
[INFO] [stdout] 31b4be12ec6430e0a4962cf8ec3770bb0907212471fd8b7a0a762dcba3311ca2
[INFO] running `Command { std: "docker" "start" "-a" "31b4be12ec6430e0a4962cf8ec3770bb0907212471fd8b7a0a762dcba3311ca2", kill_on_drop: false }`
[INFO] [stderr]    Compiling iceyee_datetime v3.0.0 (/opt/rustwide/workdir)
[INFO] [stderr]     Finished test [unoptimized + debuginfo] target(s) in 0.97s
[INFO] running `Command { std: "docker" "inspect" "31b4be12ec6430e0a4962cf8ec3770bb0907212471fd8b7a0a762dcba3311ca2", kill_on_drop: false }`
[INFO] running `Command { std: "docker" "rm" "-f" "31b4be12ec6430e0a4962cf8ec3770bb0907212471fd8b7a0a762dcba3311ca2", kill_on_drop: false }`
[INFO] [stdout] 31b4be12ec6430e0a4962cf8ec3770bb0907212471fd8b7a0a762dcba3311ca2
[INFO] running `Command { std: "docker" "create" "-v" "/var/lib/crater-agent-workspace/builds/worker-4-tc1/target:/opt/rustwide/target:rw,Z" "-v" "/var/lib/crater-agent-workspace/builds/worker-4-tc1/source:/opt/rustwide/workdir:ro,Z" "-v" "/var/lib/crater-agent-workspace/cargo-home:/opt/rustwide/cargo-home:ro,Z" "-v" "/var/lib/crater-agent-workspace/rustup-home:/opt/rustwide/rustup-home:ro,Z" "-e" "SOURCE_DIR=/opt/rustwide/workdir" "-e" "CARGO_TARGET_DIR=/opt/rustwide/target" "-e" "CARGO_INCREMENTAL=0" "-e" "RUST_BACKTRACE=full" "-e" "RUSTFLAGS=--cap-lints=warn" "-e" "RUSTDOCFLAGS=--cap-lints=warn" "-e" "CARGO_HOME=/opt/rustwide/cargo-home" "-e" "RUSTUP_HOME=/opt/rustwide/rustup-home" "-w" "/opt/rustwide/workdir" "-m" "1610612736" "--user" "0:0" "--network" "none" "ghcr.io/rust-lang/crates-build-env/linux@sha256:2788e3201cd34a07e3172128adcd8b3090168a8e3bcc40d7c032b9dda1df7d1c" "/opt/rustwide/cargo-home/bin/cargo" "+1.75.0" "test" "--frozen", kill_on_drop: false }`
[INFO] [stdout] 59371eec71819f6daeb431c9370250164c9db7210d78c95f06edf82b9bb45be9
[INFO] running `Command { std: "docker" "start" "-a" "59371eec71819f6daeb431c9370250164c9db7210d78c95f06edf82b9bb45be9", kill_on_drop: false }`
[INFO] [stderr]     Finished test [unoptimized + debuginfo] target(s) in 0.04s
[INFO] [stderr]      Running unittests src/lib.rs (/opt/rustwide/target/debug/deps/iceyee_datetime-1b0c7cc64474a58b)
[INFO] [stderr]      Running tests/test_datetime.rs (/opt/rustwide/target/debug/deps/test_datetime-b0938e3af1f8aab0)
[INFO] [stdout] 
[INFO] [stdout] running 0 tests
[INFO] [stdout] 
[INFO] [stdout] test result: ok. 0 passed; 0 failed; 0 ignored; 0 measured; 0 filtered out; finished in 0.00s
[INFO] [stdout] 
[INFO] [stdout] 
[INFO] [stdout] running 1 test
[INFO] [stderr]    Doc-tests iceyee_datetime
[INFO] [stdout] test test_datetime ... ok
[INFO] [stdout] 
[INFO] [stdout] test result: ok. 1 passed; 0 failed; 0 ignored; 0 measured; 0 filtered out; finished in 0.01s
[INFO] [stdout] 
[INFO] [stdout] 
[INFO] [stdout] running 1 test
[INFO] [stderr] error: doctest failed, to rerun pass `--doc`
[INFO] [stdout] test src/lib.rs - DateTime::new (line 64) ... FAILED
[INFO] [stdout] 
[INFO] [stdout] failures:
[INFO] [stdout] 
[INFO] [stdout] ---- src/lib.rs - DateTime::new (line 64) stdout ----
[INFO] [stdout] error[E0433]: failed to resolve: use of undeclared type `DateTime`
[INFO] [stdout]  --> src/lib.rs:65:1
[INFO] [stdout]   |
[INFO] [stdout] 3 | DateTime::from((DateTime::now(), None));
[INFO] [stdout]   | ^^^^^^^^ use of undeclared type `DateTime`
[INFO] [stdout]   |
[INFO] [stdout] help: consider importing this struct
[INFO] [stdout]   |
[INFO] [stdout] 2 + use iceyee_datetime::DateTime;
[INFO] [stdout]   |
[INFO] [stdout] 
[INFO] [stdout] error[E0433]: failed to resolve: use of undeclared type `DateTime`
[INFO] [stdout]  --> src/lib.rs:65:17
[INFO] [stdout]   |
[INFO] [stdout] 3 | DateTime::from((DateTime::now(), None));
[INFO] [stdout]   |                 ^^^^^^^^ use of undeclared type `DateTime`
[INFO] [stdout]   |
[INFO] [stdout] help: consider importing this struct
[INFO] [stdout]   |
[INFO] [stdout] 2 + use iceyee_datetime::DateTime;
[INFO] [stdout]   |
[INFO] [stdout] 
[INFO] [stdout] error: aborting due to 2 previous errors
[INFO] [stdout] 
[INFO] [stdout] For more information about this error, try `rustc --explain E0433`.
[INFO] [stdout] Couldn't compile the test.
[INFO] [stdout] 
[INFO] [stdout] failures:
[INFO] [stdout]     src/lib.rs - DateTime::new (line 64)
[INFO] [stdout] 
[INFO] [stdout] test result: FAILED. 0 passed; 1 failed; 0 ignored; 0 measured; 0 filtered out; finished in 0.09s
[INFO] [stdout] 
[INFO] running `Command { std: "docker" "inspect" "59371eec71819f6daeb431c9370250164c9db7210d78c95f06edf82b9bb45be9", kill_on_drop: false }`
[INFO] running `Command { std: "docker" "rm" "-f" "59371eec71819f6daeb431c9370250164c9db7210d78c95f06edf82b9bb45be9", kill_on_drop: false }`
[INFO] [stdout] 59371eec71819f6daeb431c9370250164c9db7210d78c95f06edf82b9bb45be9
