[INFO] fetching crate icann-rdap-common 0.0.14...
[INFO] testing icann-rdap-common-0.0.14 against 1.75.0 for beta-1.76-1
[INFO] extracting crate icann-rdap-common 0.0.14 into /workspace/builds/worker-0-tc1/source
[INFO] validating manifest of crates.io crate icann-rdap-common 0.0.14 on toolchain 1.75.0
[INFO] running `Command { std: CARGO_HOME="/workspace/cargo-home" RUSTUP_HOME="/workspace/rustup-home" "/workspace/cargo-home/bin/cargo" "+1.75.0" "metadata" "--manifest-path" "Cargo.toml" "--no-deps", kill_on_drop: false }`
[INFO] started tweaking crates.io crate icann-rdap-common 0.0.14
[INFO] finished tweaking crates.io crate icann-rdap-common 0.0.14
[INFO] tweaked toml for crates.io crate icann-rdap-common 0.0.14 written to /workspace/builds/worker-0-tc1/source/Cargo.toml
[INFO] running `Command { std: CARGO_HOME="/workspace/cargo-home" RUSTUP_HOME="/workspace/rustup-home" "/workspace/cargo-home/bin/cargo" "+1.75.0" "generate-lockfile" "--manifest-path" "Cargo.toml", kill_on_drop: false }`
[INFO] [stderr]     Updating crates.io index
[INFO] running `Command { std: CARGO_HOME="/workspace/cargo-home" RUSTUP_HOME="/workspace/rustup-home" "/workspace/cargo-home/bin/cargo" "+1.75.0" "fetch" "--manifest-path" "Cargo.toml", kill_on_drop: false }`
[INFO] [stderr]     Blocking waiting for file lock on package cache
[INFO] [stderr]     Blocking waiting for file lock on package cache
[INFO] [stderr]  Downloading crates ...
[INFO] [stderr]   Downloaded const_format_proc_macros v0.2.32
[INFO] [stderr]   Downloaded try_match v0.4.1
[INFO] [stderr]   Downloaded try_match_inner v0.5.1
[INFO] [stderr]   Downloaded buildstructor v0.5.4
[INFO] [stderr]   Downloaded const_format v0.2.32
[INFO] [stderr]   Downloaded cidr-utils v0.5.11
[INFO] running `Command { std: "docker" "create" "-v" "/var/lib/crater-agent-workspace/builds/worker-0-tc1/target:/opt/rustwide/target:rw,Z" "-v" "/var/lib/crater-agent-workspace/builds/worker-0-tc1/source:/opt/rustwide/workdir:ro,Z" "-v" "/var/lib/crater-agent-workspace/cargo-home:/opt/rustwide/cargo-home:ro,Z" "-v" "/var/lib/crater-agent-workspace/rustup-home:/opt/rustwide/rustup-home:ro,Z" "-e" "SOURCE_DIR=/opt/rustwide/workdir" "-e" "CARGO_TARGET_DIR=/opt/rustwide/target" "-e" "CARGO_HOME=/opt/rustwide/cargo-home" "-e" "RUSTUP_HOME=/opt/rustwide/rustup-home" "-w" "/opt/rustwide/workdir" "-m" "1610612736" "--user" "0:0" "--network" "none" "ghcr.io/rust-lang/crates-build-env/linux@sha256:2788e3201cd34a07e3172128adcd8b3090168a8e3bcc40d7c032b9dda1df7d1c" "/opt/rustwide/cargo-home/bin/cargo" "+1.75.0" "metadata" "--no-deps" "--format-version=1", kill_on_drop: false }`
[INFO] [stdout] 78ac99f9215f8f2d5221aaf375337acbc544111f53aaf14067d72dbb092ee313
[INFO] running `Command { std: "docker" "start" "-a" "78ac99f9215f8f2d5221aaf375337acbc544111f53aaf14067d72dbb092ee313", kill_on_drop: false }`
[INFO] running `Command { std: "docker" "inspect" "78ac99f9215f8f2d5221aaf375337acbc544111f53aaf14067d72dbb092ee313", kill_on_drop: false }`
[INFO] running `Command { std: "docker" "rm" "-f" "78ac99f9215f8f2d5221aaf375337acbc544111f53aaf14067d72dbb092ee313", kill_on_drop: false }`
[INFO] [stdout] 78ac99f9215f8f2d5221aaf375337acbc544111f53aaf14067d72dbb092ee313
[INFO] running `Command { std: "docker" "create" "-v" "/var/lib/crater-agent-workspace/builds/worker-0-tc1/target:/opt/rustwide/target:rw,Z" "-v" "/var/lib/crater-agent-workspace/builds/worker-0-tc1/source:/opt/rustwide/workdir:ro,Z" "-v" "/var/lib/crater-agent-workspace/cargo-home:/opt/rustwide/cargo-home:ro,Z" "-v" "/var/lib/crater-agent-workspace/rustup-home:/opt/rustwide/rustup-home:ro,Z" "-e" "SOURCE_DIR=/opt/rustwide/workdir" "-e" "CARGO_TARGET_DIR=/opt/rustwide/target" "-e" "CARGO_INCREMENTAL=0" "-e" "RUST_BACKTRACE=full" "-e" "RUSTFLAGS=--cap-lints=warn" "-e" "RUSTDOCFLAGS=--cap-lints=warn" "-e" "CARGO_HOME=/opt/rustwide/cargo-home" "-e" "RUSTUP_HOME=/opt/rustwide/rustup-home" "-w" "/opt/rustwide/workdir" "-m" "1610612736" "--user" "0:0" "--network" "none" "ghcr.io/rust-lang/crates-build-env/linux@sha256:2788e3201cd34a07e3172128adcd8b3090168a8e3bcc40d7c032b9dda1df7d1c" "/opt/rustwide/cargo-home/bin/cargo" "+1.75.0" "build" "--frozen" "--message-format=json", kill_on_drop: false }`
[INFO] [stdout] 5a3cd2b25c86f0d9fc331ccf2cc1a7c6a89c6fd6d84fd8dbc2f24f10735d74dd
[INFO] running `Command { std: "docker" "start" "-a" "5a3cd2b25c86f0d9fc331ccf2cc1a7c6a89c6fd6d84fd8dbc2f24f10735d74dd", kill_on_drop: false }`
[INFO] [stderr]    Compiling syn v2.0.48
[INFO] [stderr]    Compiling libc v0.2.151
[INFO] [stderr]    Compiling autocfg v1.1.0
[INFO] [stderr]    Compiling memchr v2.7.1
[INFO] [stderr]    Compiling once_cell v1.19.0
[INFO] [stderr]    Compiling pkg-config v0.3.28
[INFO] [stderr]    Compiling vcpkg v0.2.15
[INFO] [stderr]    Compiling pin-project-lite v0.2.13
[INFO] [stderr]    Compiling bytes v1.5.0
[INFO] [stderr]    Compiling slab v0.4.9
[INFO] [stderr]    Compiling futures-core v0.3.30
[INFO] [stderr]    Compiling futures-sink v0.3.30
[INFO] [stderr]    Compiling num-traits v0.2.17
[INFO] [stderr]    Compiling tracing-core v0.1.32
[INFO] [stderr]    Compiling openssl v0.10.62
[INFO] [stderr]    Compiling fnv v1.0.7
[INFO] [stderr]    Compiling foreign-types-shared v0.1.1
[INFO] [stderr]    Compiling foreign-types v0.3.2
[INFO] [stderr]    Compiling http v0.2.11
[INFO] [stderr]    Compiling tracing v0.1.40
[INFO] [stderr]    Compiling aho-corasick v1.1.2
[INFO] [stderr]    Compiling futures-channel v0.3.30
[INFO] [stderr]    Compiling httparse v1.8.0
[INFO] [stderr]    Compiling hashbrown v0.14.3
[INFO] [stderr]    Compiling bitflags v2.4.1
[INFO] [stderr]    Compiling regex-syntax v0.8.2
[INFO] [stderr]    Compiling futures-io v0.3.30
[INFO] [stderr]    Compiling futures-task v0.3.30
[INFO] [stderr]    Compiling pin-utils v0.1.0
[INFO] [stderr]    Compiling native-tls v0.2.11
[INFO] [stderr]    Compiling indexmap v2.1.0
[INFO] [stderr]    Compiling num-integer v0.1.45
[INFO] [stderr]    Compiling cc v1.0.83
[INFO] [stderr]    Compiling socket2 v0.5.5
[INFO] [stderr]    Compiling mio v0.8.10
[INFO] [stderr]    Compiling percent-encoding v2.3.1
[INFO] [stderr]    Compiling try-lock v0.2.5
[INFO] [stderr]    Compiling openssl-probe v0.1.5
[INFO] [stderr]    Compiling openssl-src v300.2.1+3.2.0
[INFO] [stderr]    Compiling tokio v1.35.1
[INFO] [stderr]    Compiling want v0.3.1
[INFO] [stderr]    Compiling form_urlencoded v1.2.1
[INFO] [stderr]    Compiling http-body v0.4.6
[INFO] [stderr]    Compiling num-bigint v0.4.4
[INFO] [stderr]    Compiling thiserror v1.0.56
[INFO] [stderr]    Compiling syn v1.0.109
[INFO] [stderr]    Compiling openssl-sys v0.9.98
[INFO] [stderr]    Compiling httpdate v1.0.3
[INFO] [stderr]    Compiling rustversion v1.0.14
[INFO] [stderr]    Compiling regex-automata v0.4.3
[INFO] [stderr]    Compiling unicode-bidi v0.3.14
[INFO] [stderr]    Compiling tower-service v0.3.2
[INFO] [stderr]    Compiling idna v0.5.0
[INFO] [stderr]    Compiling lazy_static v1.4.0
[INFO] [stderr]    Compiling unicode-xid v0.2.4
[INFO] [stderr]    Compiling const_format_proc_macros v0.2.32
[INFO] [stderr]    Compiling url v2.5.0
[INFO] [stderr]    Compiling tokio-util v0.7.10
[INFO] [stderr]    Compiling regex v1.10.2
[INFO] [stderr]    Compiling str_inflector v0.12.0
[INFO] [stderr]    Compiling encoding_rs v0.8.33
[INFO] [stderr]    Compiling futures-macro v0.3.30
[INFO] [stderr]    Compiling openssl-macros v0.1.1
[INFO] [stderr]    Compiling serde_derive v1.0.194
[INFO] [stderr]    Compiling try_match_inner v0.5.1
[INFO] [stderr]    Compiling futures-util v0.3.30
[INFO] [stderr]    Compiling thiserror-impl v1.0.56
[INFO] [stderr]    Compiling try_match v0.4.1
[INFO] [stderr]    Compiling ipnet v2.9.0
[INFO] [stderr]    Compiling base64 v0.21.5
[INFO] [stderr]    Compiling mime v0.3.17
[INFO] [stderr]    Compiling iana-time-zone v0.1.59
[INFO] [stderr]    Compiling debug-helper v0.3.13
[INFO] [stderr]    Compiling cidr-utils v0.5.11
[INFO] [stderr]    Compiling const_format v0.2.32
[INFO] [stderr]    Compiling strum v0.24.1
[INFO] [stderr]    Compiling buildstructor v0.5.4
[INFO] [stderr]    Compiling strum_macros v0.24.3
[INFO] [stderr]    Compiling h2 v0.3.22
[INFO] [stderr]    Compiling serde v1.0.194
[INFO] [stderr]    Compiling hyper v0.14.28
[INFO] [stderr]    Compiling serde_urlencoded v0.7.1
[INFO] [stderr]    Compiling serde_json v1.0.111
[INFO] [stderr]    Compiling chrono v0.4.31
[INFO] [stderr]    Compiling tokio-native-tls v0.3.1
[INFO] [stderr]    Compiling hyper-tls v0.5.0
[INFO] [stderr]    Compiling reqwest v0.11.23
[INFO] [stderr]    Compiling icann-rdap-common v0.0.14 (/opt/rustwide/workdir)
[INFO] [stderr]     Finished dev [unoptimized + debuginfo] target(s) in 3m 27s
[INFO] running `Command { std: "docker" "inspect" "5a3cd2b25c86f0d9fc331ccf2cc1a7c6a89c6fd6d84fd8dbc2f24f10735d74dd", kill_on_drop: false }`
[INFO] running `Command { std: "docker" "rm" "-f" "5a3cd2b25c86f0d9fc331ccf2cc1a7c6a89c6fd6d84fd8dbc2f24f10735d74dd", kill_on_drop: false }`
[INFO] [stdout] 5a3cd2b25c86f0d9fc331ccf2cc1a7c6a89c6fd6d84fd8dbc2f24f10735d74dd
[INFO] running `Command { std: "docker" "create" "-v" "/var/lib/crater-agent-workspace/builds/worker-0-tc1/target:/opt/rustwide/target:rw,Z" "-v" "/var/lib/crater-agent-workspace/builds/worker-0-tc1/source:/opt/rustwide/workdir:ro,Z" "-v" "/var/lib/crater-agent-workspace/cargo-home:/opt/rustwide/cargo-home:ro,Z" "-v" "/var/lib/crater-agent-workspace/rustup-home:/opt/rustwide/rustup-home:ro,Z" "-e" "SOURCE_DIR=/opt/rustwide/workdir" "-e" "CARGO_TARGET_DIR=/opt/rustwide/target" "-e" "CARGO_INCREMENTAL=0" "-e" "RUST_BACKTRACE=full" "-e" "RUSTFLAGS=--cap-lints=warn" "-e" "RUSTDOCFLAGS=--cap-lints=warn" "-e" "CARGO_HOME=/opt/rustwide/cargo-home" "-e" "RUSTUP_HOME=/opt/rustwide/rustup-home" "-w" "/opt/rustwide/workdir" "-m" "1610612736" "--user" "0:0" "--network" "none" "ghcr.io/rust-lang/crates-build-env/linux@sha256:2788e3201cd34a07e3172128adcd8b3090168a8e3bcc40d7c032b9dda1df7d1c" "/opt/rustwide/cargo-home/bin/cargo" "+1.75.0" "test" "--frozen" "--no-run" "--message-format=json", kill_on_drop: false }`
[INFO] [stdout] 187b2518bca492f56dc61d5baf8c01632d1a2c2ebe1666484ab34739f34f8326
[INFO] running `Command { std: "docker" "start" "-a" "187b2518bca492f56dc61d5baf8c01632d1a2c2ebe1666484ab34739f34f8326", kill_on_drop: false }`
[INFO] [stderr]    Compiling semver v1.0.21
[INFO] [stderr]    Compiling futures-executor v0.3.30
[INFO] [stderr]    Compiling futures-timer v3.0.2
[INFO] [stderr]    Compiling futures v0.3.30
[INFO] [stderr]    Compiling rustc_version v0.4.0
[INFO] [stderr]    Compiling rstest_macros v0.17.0
[INFO] [stderr]    Compiling rstest v0.17.0
[INFO] [stderr]    Compiling icann-rdap-common v0.0.14 (/opt/rustwide/workdir)
[INFO] [stderr]     Finished test [unoptimized + debuginfo] target(s) in 18.72s
[INFO] running `Command { std: "docker" "inspect" "187b2518bca492f56dc61d5baf8c01632d1a2c2ebe1666484ab34739f34f8326", kill_on_drop: false }`
[INFO] running `Command { std: "docker" "rm" "-f" "187b2518bca492f56dc61d5baf8c01632d1a2c2ebe1666484ab34739f34f8326", kill_on_drop: false }`
[INFO] [stdout] 187b2518bca492f56dc61d5baf8c01632d1a2c2ebe1666484ab34739f34f8326
[INFO] running `Command { std: "docker" "create" "-v" "/var/lib/crater-agent-workspace/builds/worker-0-tc1/target:/opt/rustwide/target:rw,Z" "-v" "/var/lib/crater-agent-workspace/builds/worker-0-tc1/source:/opt/rustwide/workdir:ro,Z" "-v" "/var/lib/crater-agent-workspace/cargo-home:/opt/rustwide/cargo-home:ro,Z" "-v" "/var/lib/crater-agent-workspace/rustup-home:/opt/rustwide/rustup-home:ro,Z" "-e" "SOURCE_DIR=/opt/rustwide/workdir" "-e" "CARGO_TARGET_DIR=/opt/rustwide/target" "-e" "CARGO_INCREMENTAL=0" "-e" "RUST_BACKTRACE=full" "-e" "RUSTFLAGS=--cap-lints=warn" "-e" "RUSTDOCFLAGS=--cap-lints=warn" "-e" "CARGO_HOME=/opt/rustwide/cargo-home" "-e" "RUSTUP_HOME=/opt/rustwide/rustup-home" "-w" "/opt/rustwide/workdir" "-m" "1610612736" "--user" "0:0" "--network" "none" "ghcr.io/rust-lang/crates-build-env/linux@sha256:2788e3201cd34a07e3172128adcd8b3090168a8e3bcc40d7c032b9dda1df7d1c" "/opt/rustwide/cargo-home/bin/cargo" "+1.75.0" "test" "--frozen", kill_on_drop: false }`
[INFO] [stdout] 6ca1cc507af642eaf4b25a6824719a207f3348bc425c4a125b42057a06c1b10a
[INFO] running `Command { std: "docker" "start" "-a" "6ca1cc507af642eaf4b25a6824719a207f3348bc425c4a125b42057a06c1b10a", kill_on_drop: false }`
[INFO] [stderr]     Finished test [unoptimized + debuginfo] target(s) in 0.19s
[INFO] [stderr]      Running unittests src/lib.rs (/opt/rustwide/target/debug/deps/icann_rdap_common-e2b42abf95282674)
[INFO] [stdout] 
[INFO] [stdout] running 138 tests
[INFO] [stdout] test cache::tests::GIVEN_cache_data_and_max_age_WHEN_is_expired_THEN_correct::case_03 ... ok
[INFO] [stdout] test cache::tests::GIVEN_cache_control_WHEN_should_cache_THEN_correc::case_1 ... ok
[INFO] [stdout] test cache::tests::GIVEN_cache_control_WHEN_should_cache_THEN_correc::case_3 ... ok
[INFO] [stdout] test cache::tests::GIVEN_cache_data_and_max_age_WHEN_is_expired_THEN_correct::case_02 ... ok
[INFO] [stdout] test cache::tests::GIVEN_cache_data_and_max_age_WHEN_is_expired_THEN_correct::case_01 ... ok
[INFO] [stdout] test cache::tests::GIVEN_cache_data_and_max_age_WHEN_is_expired_THEN_correct::case_05 ... ok
[INFO] [stdout] test cache::tests::GIVEN_cache_data_and_max_age_WHEN_is_expired_THEN_correct::case_06 ... ok
[INFO] [stdout] test cache::tests::GIVEN_cache_data_and_max_age_WHEN_is_expired_THEN_correct::case_04 ... ok
[INFO] [stdout] test cache::tests::GIVEN_cache_control_WHEN_should_cache_THEN_correc::case_2 ... ok
[INFO] [stdout] test cache::tests::GIVEN_cache_data_and_max_age_WHEN_is_expired_THEN_correct::case_07 ... ok
[INFO] [stdout] test cache::tests::GIVEN_cache_data_and_max_age_WHEN_is_expired_THEN_correct::case_09 ... ok
[INFO] [stdout] test cache::tests::GIVEN_cache_data_and_max_age_WHEN_is_expired_THEN_correct::case_10 ... ok
[INFO] [stdout] test cache::tests::GIVEN_lines_WHEN_from_lines_THEN_parse_correctly ... ok
[INFO] [stdout] test check::autnum::tests::GIVEN_autnum_with_empty_name_WHEN_checked_THEN_empty_name_check ... ok
[INFO] [stdout] test check::autnum::tests::GIVEN_autnum_with_empty_type_WHEN_checked_THEN_empty_type_check ... ok
[INFO] [stdout] test check::domain::tests::GIVEN_domain_with_bad_ldh_WHEN_checked_THEN_invalid_ldh::case_1 ... ok
[INFO] [stdout] test check::domain::tests::GIVEN_domain_with_bad_ldh_WHEN_checked_THEN_invalid_ldh::case_2 ... ok
[INFO] [stdout] test check::domain::tests::GIVEN_domain_with_bad_ldh_WHEN_checked_THEN_invalid_ldh::case_3 ... ok
[INFO] [stdout] test check::nameserver::tests::GIVEN_nameserver_with_bad_ldh_WHEN_checked_THEN_invalid_ldh::case_1 ... ok
[INFO] [stdout] test cache::tests::GIVEN_cache_data_and_max_age_WHEN_is_expired_THEN_correct::case_08 ... ok
[INFO] [stdout] test check::nameserver::tests::GIVEN_nameserver_with_bad_v4s_WHEN_checked_THEN_ip_list_is_empty_check ... ok
[INFO] [stdout] test check::nameserver::tests::GIVEN_nameserver_with_bad_v6s_WHEN_checked_THEN_ip_list_is_empty_check ... ok
[INFO] [stdout] test check::nameserver::tests::GIVEN_nameserver_with_empty_v4s_WHEN_checked_THEN_ip_list_is_empty_check ... ok
[INFO] [stdout] test check::nameserver::tests::GIVEN_nameserver_with_empty_v6s_WHEN_checked_THEN_ip_list_is_empty_check ... ok
[INFO] [stdout] test check::nameserver::tests::GIVEN_nameserver_with_bad_ldh_WHEN_checked_THEN_invalid_ldh::case_3 ... ok
[INFO] [stdout] test cache::tests::GIVEN_data_and_data_cache_WHEN_to_lines_THEN_format_correct ... ok
[INFO] [stdout] test check::nameserver::tests::GIVEN_nameserver_with_bad_ldh_WHEN_checked_THEN_invalid_ldh::case_2 ... ok
[INFO] [stdout] test check::network::tests::GIVEN_network_with_bad_start_WHEN_checked_THEN_malformed_ip_check ... ok
[INFO] [stdout] test check::network::tests::GIVEN_network_with_bad_end_WHEN_checked_THEN_malformed_ip_check ... ok
[INFO] [stdout] test check::network::tests::GIVEN_network_with_bad_ip_version_WHEN_checked_THEN_version_match_check::case_3 ... ok
[INFO] [stdout] test check::network::tests::GIVEN_network_with_bad_ip_version_WHEN_checked_THEN_version_match_check::case_4 ... ok
[INFO] [stdout] test check::network::tests::GIVEN_network_with_empty_type_WHEN_checked_THEN_empty_type_check ... ok
[INFO] [stdout] test check::network::tests::GIVEN_network_with_end_before_start_WHEN_checked_THEN_end_before_start_check ... ok
[INFO] [stdout] test check::network::tests::GIVEN_network_with_no_start_WHEN_checked_THEN_missing_ip_check ... ok
[INFO] [stdout] test check::network::tests::GIVEN_network_with_ip_version_WHEN_checked_THEN_version_match_check::case_2 ... ok
[INFO] [stdout] test check::network::tests::GIVEN_network_with_ip_version_WHEN_checked_THEN_version_match_check::case_1 ... ok
[INFO] [stdout] test check::network::tests::GIVEN_network_with_empty_name_WHEN_checked_THEN_empty_name_check ... ok
[INFO] [stdout] test check::network::tests::GIVEN_network_with_bad_ip_version_WHEN_checked_THEN_version_match_check::case_2 ... ok
[INFO] [stdout] test check::string::tests::GIVEN_char_WHEN_is_ldh_THEN_correct_result::case_02 ... ok
[INFO] [stdout] test check::string::tests::GIVEN_char_WHEN_is_ldh_THEN_correct_result::case_01 ... ok
[INFO] [stdout] test check::string::tests::GIVEN_char_WHEN_is_ldh_THEN_correct_result::case_03 ... ok
[INFO] [stdout] test check::string::tests::GIVEN_char_WHEN_is_ldh_THEN_correct_result::case_05 ... ok
[INFO] [stdout] test check::string::tests::GIVEN_char_WHEN_is_ldh_THEN_correct_result::case_04 ... ok
[INFO] [stdout] test check::network::tests::GIVEN_network_with_bad_ip_version_WHEN_checked_THEN_version_match_check::case_1 ... ok
[INFO] [stdout] test check::string::tests::GIVEN_char_WHEN_is_ldh_THEN_correct_result::case_07 ... ok
[INFO] [stdout] test check::string::tests::GIVEN_char_WHEN_is_ldh_THEN_correct_result::case_08 ... ok
[INFO] [stdout] test check::string::tests::GIVEN_char_WHEN_is_ldh_THEN_correct_result::case_10 ... ok
[INFO] [stdout] test check::network::tests::GIVEN_network_with_no_end_WHEN_checked_THEN_missing_ip_check ... ok
[INFO] [stdout] test check::string::tests::GIVEN_char_WHEN_is_ldh_THEN_correct_result::case_06 ... ok
[INFO] [stdout] test check::string::tests::GIVEN_char_WHEN_is_ldh_THEN_correct_result::case_09 ... ok
[INFO] [stdout] test check::string::tests::GIVEN_string_WHEN_is_ldh_domain_name_THEN_correct_result::case_1 ... ok
[INFO] [stdout] test check::string::tests::GIVEN_string_WHEN_is_ldh_domain_name_THEN_correct_result::case_2 ... ok
[INFO] [stdout] test check::string::tests::GIVEN_string_WHEN_is_ldh_domain_name_THEN_correct_result::case_4 ... ok
[INFO] [stdout] test check::string::tests::GIVEN_string_WHEN_is_ldh_domain_name_THEN_correct_result::case_5 ... ok
[INFO] [stdout] test check::string::tests::GIVEN_string_WHEN_is_ldh_string_THEN_correct_result::case_2 ... ok
[INFO] [stdout] test check::string::tests::GIVEN_string_WHEN_is_ldh_string_THEN_correct_result::case_3 ... ok
[INFO] [stdout] test check::string::tests::GIVEN_string_WHEN_is_ldh_string_THEN_correct_result::case_4 ... ok
[INFO] [stdout] test check::string::tests::GIVEN_char_WHEN_is_ldh_THEN_correct_result::case_12 ... ok
[INFO] [stdout] test check::string::tests::GIVEN_string_WHEN_is_whitespace_or_empty_THEN_correct_result::case_1 ... ok
[INFO] [stdout] test check::string::tests::GIVEN_string_WHEN_is_whitespace_or_empty_THEN_correct_result::case_4 ... ok
[INFO] [stdout] test check::string::tests::GIVEN_string_list_WHEN_is_ldh_string_list_THEN_correct_result::case_2 ... ok
[INFO] [stdout] test check::string::tests::GIVEN_string_WHEN_is_whitespace_or_empty_THEN_correct_result::case_2 ... ok
[INFO] [stdout] test check::string::tests::GIVEN_string_list_WHEN_is_ldh_string_list_THEN_correct_result::case_1 ... ok
[INFO] [stdout] test check::string::tests::GIVEN_string_WHEN_is_whitespace_or_empty_THEN_correct_result::case_3 ... ok
[INFO] [stdout] test check::string::tests::GIVEN_string_list_WHEN_is_ldh_string_list_THEN_correct_result::case_3 ... ok
[INFO] [stdout] test check::string::tests::GIVEN_string_list_WHEN_is_ldh_string_list_THEN_correct_result::case_6 ... ok
[INFO] [stdout] test check::string::tests::GIVEN_string_list_WHEN_is_ldh_string_list_THEN_correct_result::case_7 ... ok
[INFO] [stdout] test check::string::tests::GIVEN_string_list_WHEN_is_ldh_string_list_THEN_correct_result::case_5 ... ok
[INFO] [stdout] test check::string::tests::GIVEN_string_list_WHEN_is_ldh_string_list_THEN_correct_result::case_4 ... ok
[INFO] [stdout] test check::string::tests::GIVEN_string_list_WHEN_is_whitespace_or_empty_THEN_correct_result::case_2 ... ok
[INFO] [stdout] test check::string::tests::GIVEN_string_list_WHEN_is_whitespace_or_empty_THEN_correct_result::case_3 ... ok
[INFO] [stdout] test check::string::tests::GIVEN_string_list_WHEN_is_whitespace_or_empty_THEN_correct_result::case_4 ... ok
[INFO] [stdout] test check::string::tests::GIVEN_char_WHEN_is_ldh_THEN_correct_result::case_11 ... ok
[INFO] [stdout] test check::tests::GIVEN_checks_and_subchecks_WHEN_traversed_THEN_tree_structure_shows_tree ... ok
[INFO] [stdout] test check::string::tests::GIVEN_string_WHEN_is_ldh_domain_name_THEN_correct_result::case_3 ... ok
[INFO] [stdout] test check::string::tests::GIVEN_string_WHEN_is_ldh_string_THEN_correct_result::case_1 ... ok
[INFO] [stdout] test check::string::tests::GIVEN_string_list_WHEN_is_whitespace_or_empty_THEN_correct_result::case_7 ... ok
[INFO] [stdout] test check::tests::GIVEN_specwarn_checks_WHEN_traversed_for_info_THEN_not_found ... ok
[INFO] [stdout] test check::tests::GIVEN_info_checks_WHEN_traversed_for_info_THEN_found ... ok
[INFO] [stdout] test check::tests::GIVEN_specwarn_subchecks_WHEN_traversed_for_info_THEN_not_found ... ok
[INFO] [stdout] test check::types::tests::GIVEN_domain_with_no_self_link_WHEN_checked_THEN_object_classes_should_have_self_link ... ok
[INFO] [stdout] test check::types::tests::GIVEN_domain_with_no_links_WHEN_checked_THEN_object_classes_should_have_self_link ... ok
[INFO] [stdout] test check::string::tests::GIVEN_string_list_WHEN_is_whitespace_or_empty_THEN_correct_result::case_1 ... ok
[INFO] [stdout] test check::string::tests::GIVEN_string_list_WHEN_is_whitespace_or_empty_THEN_correct_result::case_5 ... ok
[INFO] [stdout] test check::string::tests::GIVEN_string_list_WHEN_is_whitespace_or_empty_THEN_correct_result::case_6 ... ok
[INFO] [stdout] test check::types::tests::GIVEN_link_with_no_rel_property_WHEN_checked_THEN_link_missing_rel_property ... ok
[INFO] [stdout] test check::types::tests::GIVEN_link_with_no_val_property_WHEN_checked_THEN_link_missing_val_property ... ok
[INFO] [stdout] test check::tests::GIVEN_info_subchecks_WHEN_traversed_for_info_THEN_found ... ok
[INFO] [stdout] test check::types::tests::GIVEN_nameserver_with_empty_status_WHEN_checked_THEN_status_is_empty::case_1 ... ok
[INFO] [stdout] test check::types::tests::GIVEN_nameserver_with_empty_status_WHEN_checked_THEN_status_is_empty::case_2 ... ok
[INFO] [stdout] test check::types::tests::GIVEN_nameserver_with_no_links_WHEN_checked_THEN_no_object_classes_should_have_self_link ... ok
[INFO] [stdout] test check::types::tests::GIVEN_nameserver_with_empty_handle_WHEN_checked_THEN_handle_is_empty::case_2 ... ok
[INFO] [stdout] test check::types::tests::GIVEN_nameserver_with_empty_status_WHEN_checked_THEN_status_is_empty::case_4 ... ok
[INFO] [stdout] test check::types::tests::GIVEN_nameserver_with_empty_handle_WHEN_checked_THEN_handle_is_empty::case_1 ... ok
[INFO] [stdout] test check::types::tests::GIVEN_nameserver_with_empty_status_WHEN_checked_THEN_status_is_empty::case_3 ... ok
[INFO] [stdout] test check::types::tests::GIVEN_rdap_conformance_not_in_root_WHEN_checked_THEN_invalid_rdap_conformance_parent ... ok
[INFO] [stdout] test check::types::tests::GIVEN_related_link_with_no_type_property_WHEN_checked_THEN_related_link_has_no_type ... ok
[INFO] [stdout] test iana::tests::GIVEN_registry_WHEN_get_file_name_THEN_correct_result::case_1 ... ok
[INFO] [stdout] test iana::tests::GIVEN_registry_WHEN_get_file_name_THEN_correct_result::case_2 ... ok
[INFO] [stdout] test iana::tests::GIVEN_registry_WHEN_get_file_name_THEN_correct_result::case_3 ... ok
[INFO] [stdout] test contact::from_vcard::tests::GIVEN_vcard_WHEN_from_vcard_THEN_properties_are_correct ... ok
[INFO] [stdout] test iana::tests::GIVEN_registry_WHEN_get_file_name_THEN_correct_result::case_4 ... ok
[INFO] [stdout] test check::types::tests::GIVEN_nameserver_with_no_self_links_WHEN_checked_THEN_no_object_classes_should_have_self_link ... ok
[INFO] [stdout] test iana::tests::GIVEN_registry_WHEN_get_file_name_THEN_correct_result::case_5 ... ok
[INFO] [stdout] test response::autnum::tests::GIVEN_autnum_WHEN_deserialize_THEN_success ... ok
[INFO] [stdout] test contact::to_vcard::tests::GIVEN_contact_WHEN_to_vcard_THEN_from_vcard_is_same ... ok
[INFO] [stdout] test response::domain::tests::GIVEN_no_self_links_WHEN_set_self_link_THEN_link_is_only_one ... ok
[INFO] [stdout] test check::types::tests::GIVEN_self_link_with_no_type_property_WHEN_checked_THEN_self_link_has_no_type ... ok
[INFO] [stdout] test check::types::tests::GIVEN_self_link_with_non_rdap_type_WHEN_checked_THEN_self_link_not_rdap ... ok
[INFO] [stdout] test check::types::tests::GIVEN_object_related_link_with_non_rdap_type_WHEN_checked_THEN_related_link_not_rdap ... ok
[INFO] [stdout] test response::error::tests::GIVEN_error_code_301_WHEN_is_redirect_THEN_true ... ok
[INFO] [stdout] test response::domain::tests::GIVEN_domain_WHEN_deserialize_THEN_success ... ok
[INFO] [stdout] test iana::tests::GIVEN_domain_bootstrap_WHEN_deserialize_THEN_success ... ok
[INFO] [stdout] test response::tests::GIVEN_entity_response_WHEN_try_from_THEN_response_is_entity ... ok
[INFO] [stdout] test response::error::tests::GIVEN_error_code_404_WHEN_is_redirect_THEN_false ... ok
[INFO] [stdout] test response::entity::tests::GIVEN_entity_WHEN_deserialize_THEN_success ... ok
[INFO] [stdout] test response::tests::GIVEN_autnum_response_WHEN_try_from_THEN_response_is_autnum ... ok
[INFO] [stdout] test response::nameserver::tests::GIVEN_nameserver_WHEN_deserialize_THEN_success ... ok
[INFO] [stdout] test response::tests::GIVEN_help_response_WHEN_try_from_THEN_response_is_help ... ok
[INFO] [stdout] test response::tests::GIVEN_error_response_WHEN_try_from_THEN_response_is_error ... ok
[INFO] [stdout] test response::types::tests::GIVEN_a_notice_or_remark_WHEN_deserialize_THEN_success ... ok
[INFO] [stdout] test response::network::tests::GIVEN_network_WHEN_deserialize_THEN_success ... ok
[INFO] [stdout] test response::tests::GIVEN_network_response_WHEN_try_from_THEN_response_is_network ... ok
[INFO] [stdout] test response::tests::GIVEN_nameserver_response_WHEN_try_from_THEN_response_is_nameserver ... ok
[INFO] [stdout] test response::types::tests::GIVEN_a_public_id_WHEN_deserialize_THEN_success ... ok
[INFO] [stdout] test response::tests::GIVEN_domain_response_WHEN_try_from_THEN_response_is_domain ... ok
[INFO] [stdout] test response::types::tests::GIVEN_an_array_of_links_WHEN_deserialize_THEN_success ... ok
[INFO] [stdout] test response::types::tests::GIVEN_no_links_WHEN_set_self_link_THEN_link_is_only_one ... ok
[INFO] [stdout] test response::types::tests::GIVEN_an_event_WHEN_deserialize_THEN_success ... ok
[INFO] [stdout] test response::types::tests::GIVEN_no_self_links_WHEN_set_self_link_THEN_link_is_only_one ... ok
[INFO] [stdout] test response::types::tests::GIVEN_notices_WHEN_serialize_THEN_array_of_notice_structs ... ok
[INFO] [stdout] test response::types::tests::GIVEN_rdap_conformance_WHEN_serialize_THEN_array_of_strings ... ok
[INFO] [stdout] test response::types::tests::GIVEN_remarks_WHEN_serialize_THEN_array_of_remark_structs ... ok
[INFO] [stdout] test response::types::tests::GIVEN_one_self_link_WHEN_set_self_link_THEN_link_is_only_one ... ok
[INFO] [stdout] test response::types::tests::GIVEN_status_array_WHEN_serialize_THEN_array_of_strings ... ok
[INFO] [stdout] test response::tests::GIVEN_entity_search_results_variant_WHEN_to_string_THEN_string_is_entity ... ok
[INFO] [stdout] test response::tests::GIVEN_entity_search_results_WHEN_try_from_THEN_response_is_entity_search_results ... ok
[INFO] [stdout] test response::tests::GIVEN_domain_search_results_WHEN_try_from_THEN_response_is_domain_search_results ... ok
[INFO] [stdout] 
[INFO] [stdout] test result: ok. 138 passed; 0 failed; 0 ignored; 0 measured; 0 filtered out; finished in 0.28s
[INFO] [stdout] 
[INFO] [stderr]    Doc-tests icann-rdap-common
[INFO] [stdout] 
[INFO] [stdout] running 14 tests
[INFO] [stdout] test src/response/entity.rs - response::entity::Entity::basic (line 48) ... FAILED
[INFO] [stdout] test src/response/domain.rs - response::domain::Domain::new_ldh (line 145) ... FAILED
[INFO] [stdout] test src/response/autnum.rs - response::autnum::Autnum::new_autnum (line 41) ... FAILED
[INFO] [stdout] test src/response/domain.rs - response::domain::Domain::basic (line 145) ... FAILED
[INFO] [stdout] test src/lib.rs - (line 48) ... FAILED
[INFO] [stdout] test src/lib.rs - (line 24) ... FAILED
[INFO] [stdout] test src/contact/mod.rs - contact::Contact (line 12) ... FAILED
[INFO] [stdout] test src/response/autnum.rs - response::autnum::Autnum::basic (line 41) ... FAILED
[INFO] [stdout] test src/response/mod.rs - response::RdapResponse (line 48) ... FAILED
[INFO] [stdout] test src/response/entity.rs - response::entity::Entity::new_handle (line 48) ... FAILED
[INFO] [stdout] test src/response/network.rs - response::network::Network::new_network (line 93) ... FAILED
[INFO] [stdout] test src/response/nameserver.rs - response::nameserver::Nameserver::basic (line 67) ... ok
[INFO] [stdout] test src/response/network.rs - response::network::Network::basic (line 93) ... ok
[INFO] [stdout] test src/response/nameserver.rs - response::nameserver::Nameserver::new_ldh (line 67) ... ok
[INFO] [stdout] 
[INFO] [stdout] failures:
[INFO] [stdout] 
[INFO] [stdout] ---- src/response/entity.rs - response::entity::Entity::basic (line 48) stdout ----
[INFO] [stdout] error: linking with `cc` failed: exit status: 1
[INFO] [stdout]   |
[INFO] [stdout]   = note: LC_ALL="C" PATH="/opt/rustwide/rustup-home/toolchains/1.75.0-x86_64-unknown-linux-gnu/lib/rustlib/x86_64-unknown-linux-gnu/bin:/opt/rustwide/cargo-home/bin:/usr/local/sbin:/usr/local/bin:/usr/sbin:/usr/bin:/sbin:/bin" VSLANG="1033" "cc" "-m64" "/tmp/rustcopebDQ/symbols.o" "/tmp/rustdoctestNPkyw8/rust_out.rust_out.263fb70ac1c95110-cgu.0.rcgu.o" "/tmp/rustdoctestNPkyw8/rust_out.2uel00cfmdh5ufit.rcgu.o" "-Wl,--as-needed" "-L" "/opt/rustwide/target/debug/deps" "-L" "/opt/rustwide/target/debug/deps" "-L" "/opt/rustwide/target/debug/build/openssl-sys-301776d963a80f71/out/openssl-build/install/lib" "-L" "/opt/rustwide/rustup-home/toolchains/1.75.0-x86_64-unknown-linux-gnu/lib/rustlib/x86_64-unknown-linux-gnu/lib" "-Wl,-Bstatic" "/opt/rustwide/target/debug/deps/libicann_rdap_common-6da253801f45d97f.rlib" "/opt/rustwide/target/debug/deps/libconst_format-eebd5ba8d6970904.rlib" "/opt/rustwide/target/debug/deps/libthiserror-16e3d23f1ae0d627.rlib" "/opt/rustwide/target/debug/deps/libreqwest-5bd06cb17f39a7d9.rlib" "/opt/rustwide/target/debug/deps/libhyper_tls-a44996d65563272c.rlib" "/opt/rustwide/target/debug/deps/libserde_urlencoded-e9eed2c751e2d5a0.rlib" "/opt/rustwide/target/debug/deps/libbase64-c757f6e1d18850a5.rlib" "/opt/rustwide/target/debug/deps/libipnet-31f1670f407a9398.rlib" "/opt/rustwide/target/debug/deps/libtokio_native_tls-f235db485c5c2977.rlib" "/opt/rustwide/target/debug/deps/libmime-7e306270d8ceb372.rlib" "/opt/rustwide/target/debug/deps/libencoding_rs-000c97fafd38c2ed.rlib" "/opt/rustwide/target/debug/deps/libserde_json-7532376ac54f1cf3.rlib" "/opt/rustwide/target/debug/deps/libryu-5f304b1b6393964f.rlib" "/opt/rustwide/target/debug/deps/libnative_tls-dfe37c756bbe7f4b.rlib" "/opt/rustwide/target/debug/deps/libopenssl_probe-d850575132083d7c.rlib" "/opt/rustwide/target/debug/deps/libopenssl-1cf002550f5d30f0.rlib" "/opt/rustwide/target/debug/deps/libbitflags-912d270082a3a4ea.rlib" "/opt/rustwide/target/debug/deps/libforeign_types-c05743815e5b8a9d.rlib" "/opt/rustwide/target/debug/deps/libforeign_types_shared-d149f5491fde2862.rlib" "/opt/rustwide/target/debug/deps/libcfg_if-61dc7a6799e72b18.rlib" "/opt/rustwide/target/debug/deps/libopenssl_sys-38d0ab267a3aefdd.rlib" "/opt/rustwide/target/debug/deps/libhyper-d137068bffdc5e89.rlib" "/opt/rustwide/target/debug/deps/libwant-0be28e71d2a5cee8.rlib" "/opt/rustwide/target/debug/deps/libtry_lock-ba0ec0947155aa20.rlib" "/opt/rustwide/target/debug/deps/libhttparse-64f1ffbeda450424.rlib" "/opt/rustwide/target/debug/deps/libh2-4e461d4815b52a86.rlib" "/opt/rustwide/target/debug/deps/libindexmap-8fc97cbaa956011a.rlib" "/opt/rustwide/target/debug/deps/libequivalent-daf5c71f5fc642dd.rlib" "/opt/rustwide/target/debug/deps/libhashbrown-3d9e58c92093ae49.rlib" "/opt/rustwide/target/debug/deps/libtower_service-104d6e83d5ce383d.rlib" "/opt/rustwide/target/debug/deps/libfutures_util-7869b8af714a4003.rlib" "/opt/rustwide/target/debug/deps/libfutures_io-06ca5b85b7f1c406.rlib" "/opt/rustwide/target/debug/deps/libslab-6eb39baadbe9101c.rlib" "/opt/rustwide/target/debug/deps/libfutures_channel-a299c85500052389.rlib" "/opt/rustwide/target/debug/deps/libfutures_task-c1403167034c79e1.rlib" "/opt/rustwide/target/debug/deps/libpin_utils-741f7d9d160e4a16.rlib" "/opt/rustwide/target/debug/deps/libtokio_util-ef1ce837e8ba3f26.rlib" "/opt/rustwide/target/debug/deps/libtracing-53b1b32365aca46d.rlib" "/opt/rustwide/target/debug/deps/libtracing_core-de9779e9c86396c9.rlib" "/opt/rustwide/target/debug/deps/libfutures_sink-8957e1e23a8e4733.rlib" "/opt/rustwide/target/debug/deps/libtokio-49ef9180273c8db1.rlib" "/opt/rustwide/target/debug/deps/libsocket2-0d88c912de52bbf6.rlib" "/opt/rustwide/target/debug/deps/libmio-8968d6dd6f9690eb.rlib" "/opt/rustwide/target/debug/deps/liblibc-4f34ddd04c373408.rlib" "/opt/rustwide/target/debug/deps/libhttp_body-3c42bd17f1cfc680.rlib" "/opt/rustwide/target/debug/deps/libpin_project_lite-e0757e0deaa2f8a0.rlib" "/opt/rustwide/target/debug/deps/liblog-4f472032e8cdd371.rlib" "/opt/rustwide/target/debug/deps/libfutures_core-9cff0d103c3b3c9e.rlib" "/opt/rustwide/target/debug/deps/liburl-e2bbdc8176814ab9.rlib" "/opt/rustwide/target/debug/deps/libidna-be495c60b826cafb.rlib" "/opt/rustwide/target/debug/deps/libunicode_normalization-e04a0b39935fba30.rlib" "/opt/rustwide/target/debug/deps/libtinyvec-cf6c9f6b792a5507.rlib" "/opt/rustwide/target/debug/deps/libtinyvec_macros-b1cb7f53f58c9f87.rlib" "/opt/rustwide/target/debug/deps/libunicode_bidi-091e6a375aa15ffb.rlib" "/opt/rustwide/target/debug/deps/libform_urlencoded-ef5eb70334031c86.rlib" "/opt/rustwide/target/debug/deps/libpercent_encoding-fe0d57427b4d92e0.rlib" "/opt/rustwide/target/debug/deps/libhttp-087a4805b82b800b.rlib" "/opt/rustwide/target/debug/deps/libitoa-5f181af53b99b92c.rlib" "/opt/rustwide/target/debug/deps/libbytes-0a052f49710012b1.rlib" "/opt/rustwide/target/debug/deps/libfnv-18bf5144d055e772.rlib" "/opt/rustwide/target/debug/deps/libcidr_utils-908de88927eb7f98.rlib" "/opt/rustwide/target/debug/deps/libdebug_helper-ba50f72e301eee1e.rlib" "/opt/rustwide/target/debug/deps/libregex-3fdc9a8f6eaf81cf.rlib" "/opt/rustwide/target/debug/deps/libregex_automata-7e239e4b359aa58c.rlib" "/opt/rustwide/target/debug/deps/libaho_corasick-c461b2416345444e.rlib" "/opt/rustwide/target/debug/deps/libmemchr-94009dd89ebb9d8d.rlib" "/opt/rustwide/target/debug/deps/libregex_syntax-e4dd3c3a3cb10e1d.rlib" "/opt/rustwide/target/debug/deps/libonce_cell-63be820ac0ed0954.rlib" "/opt/rustwide/target/debug/deps/libnum_bigint-742293d9e1747769.rlib" "/opt/rustwide/target/debug/deps/libnum_integer-72322c190b4ad37c.rlib" "/opt/rustwide/target/debug/deps/libstrum-c626f7d346e618d8.rlib" "/opt/rustwide/target/debug/deps/liblazy_static-591486ebcb9a7ead.rlib" "/opt/rustwide/target/debug/deps/libchrono-2b9a0b967e63df69.rlib" "/opt/rustwide/target/debug/deps/libnum_traits-aa75f3964f70d2b4.rlib" "/opt/rustwide/target/debug/deps/libiana_time_zone-528d9768cce5eb89.rlib" "/opt/rustwide/target/debug/deps/libserde-ed681572cf8d9de2.rlib" "/opt/rustwide/rustup-home/toolchains/1.75.0-x86_64-unknown-linux-gnu/lib/rustlib/x86_64-unknown-linux-gnu/lib/libstd-90f6ddbf82de36ec.rlib" "/opt/rustwide/rustup-home/toolchains/1.75.0-x86_64-unknown-linux-gnu/lib/rustlib/x86_64-unknown-linux-gnu/lib/libpanic_unwind-480c41e9d4e1f677.rlib" "/opt/rustwide/rustup-home/toolchains/1.75.0-x86_64-unknown-linux-gnu/lib/rustlib/x86_64-unknown-linux-gnu/lib/libobject-db744c0ca03eed1d.rlib" "/opt/rustwide/rustup-home/toolchains/1.75.0-x86_64-unknown-linux-gnu/lib/rustlib/x86_64-unknown-linux-gnu/lib/libmemchr-8ba652dc7d4b285a.rlib" "/opt/rustwide/rustup-home/toolchains/1.75.0-x86_64-unknown-linux-gnu/lib/rustlib/x86_64-unknown-linux-gnu/lib/libaddr2line-d5f4520a9ebc0d58.rlib" "/opt/rustwide/rustup-home/toolchains/1.75.0-x86_64-unknown-linux-gnu/lib/rustlib/x86_64-unknown-linux-gnu/lib/libgimli-4ad84de58f0cb463.rlib" "/opt/rustwide/rustup-home/toolchains/1.75.0-x86_64-unknown-linux-gnu/lib/rustlib/x86_64-unknown-linux-gnu/lib/librustc_demangle-0d10aae2e0f38735.rlib" "/opt/rustwide/rustup-home/toolchains/1.75.0-x86_64-unknown-linux-gnu/lib/rustlib/x86_64-unknown-linux-gnu/lib/libstd_detect-0c17cff739e6745b.rlib" "/opt/rustwide/rustup-home/toolchains/1.75.0-x86_64-unknown-linux-gnu/lib/rustlib/x86_64-unknown-linux-gnu/lib/libhashbrown-b29e17139dde1aa8.rlib" "/opt/rustwide/rustup-home/toolchains/1.75.0-x86_64-unknown-linux-gnu/lib/rustlib/x86_64-unknown-linux-gnu/lib/librustc_std_workspace_alloc-1f975299829cc7bd.rlib" "/opt/rustwide/rustup-home/toolchains/1.75.0-x86_64-unknown-linux-gnu/lib/rustlib/x86_64-unknown-linux-gnu/lib/libminiz_oxide-86bae3bc3079f89b.rlib" "/opt/rustwide/rustup-home/toolchains/1.75.0-x86_64-unknown-linux-gnu/lib/rustlib/x86_64-unknown-linux-gnu/lib/libadler-321b82c30dffdf5f.rlib" "/opt/rustwide/rustup-home/toolchains/1.75.0-x86_64-unknown-linux-gnu/lib/rustlib/x86_64-unknown-linux-gnu/lib/libunwind-3dd8a6810a0bdfef.rlib" "/opt/rustwide/rustup-home/toolchains/1.75.0-x86_64-unknown-linux-gnu/lib/rustlib/x86_64-unknown-linux-gnu/lib/libcfg_if-eb39a61c0c879984.rlib" "/opt/rustwide/rustup-home/toolchains/1.75.0-x86_64-unknown-linux-gnu/lib/rustlib/x86_64-unknown-linux-gnu/lib/liblibc-aa769569f91c3548.rlib" "/opt/rustwide/rustup-home/toolchains/1.75.0-x86_64-unknown-linux-gnu/lib/rustlib/x86_64-unknown-linux-gnu/lib/liballoc-510a192a50a983ed.rlib" "/opt/rustwide/rustup-home/toolchains/1.75.0-x86_64-unknown-linux-gnu/lib/rustlib/x86_64-unknown-linux-gnu/lib/librustc_std_workspace_core-0577018320f99037.rlib" "/opt/rustwide/rustup-home/toolchains/1.75.0-x86_64-unknown-linux-gnu/lib/rustlib/x86_64-unknown-linux-gnu/lib/libcore-193cf992125ccd4c.rlib" "/opt/rustwide/rustup-home/toolchains/1.75.0-x86_64-unknown-linux-gnu/lib/rustlib/x86_64-unknown-linux-gnu/lib/libcompiler_builtins-8e138eaf26ebb4a8.rlib" "-Wl,-Bdynamic" "-lgcc_s" "-lutil" "-lrt" "-lpthread" "-lm" "-ldl" "-lc" "-Wl,--eh-frame-hdr" "-Wl,-z,noexecstack" "-L" "/opt/rustwide/rustup-home/toolchains/1.75.0-x86_64-unknown-linux-gnu/lib/rustlib/x86_64-unknown-linux-gnu/lib" "-o" "/tmp/rustdoctestNPkyw8/rust_out" "-Wl,--gc-sections" "-pie" "-Wl,-z,relro,-z,now" "-nodefaultlibs"
[INFO] [stdout]   = note: collect2: fatal error: ld terminated with signal 9 [Killed]
[INFO] [stdout]           compilation terminated.
[INFO] [stdout]           
[INFO] [stdout] 
[INFO] [stdout] error: aborting due to previous error
[INFO] [stdout] 
[INFO] [stdout] Couldn't compile the test.
[INFO] [stdout] ---- src/response/domain.rs - response::domain::Domain::new_ldh (line 145) stdout ----
[INFO] [stdout] error: linking with `cc` failed: exit status: 1
[INFO] [stdout]   |
[INFO] [stdout]   = note: LC_ALL="C" PATH="/opt/rustwide/rustup-home/toolchains/1.75.0-x86_64-unknown-linux-gnu/lib/rustlib/x86_64-unknown-linux-gnu/bin:/opt/rustwide/cargo-home/bin:/usr/local/sbin:/usr/local/bin:/usr/sbin:/usr/bin:/sbin:/bin" VSLANG="1033" "cc" "-m64" "/tmp/rustcrE550Z/symbols.o" "/tmp/rustdoctestKGsLdJ/rust_out.rust_out.263fb70ac1c95110-cgu.0.rcgu.o" "/tmp/rustdoctestKGsLdJ/rust_out.2uel00cfmdh5ufit.rcgu.o" "-Wl,--as-needed" "-L" "/opt/rustwide/target/debug/deps" "-L" "/opt/rustwide/target/debug/deps" "-L" "/opt/rustwide/target/debug/build/openssl-sys-301776d963a80f71/out/openssl-build/install/lib" "-L" "/opt/rustwide/rustup-home/toolchains/1.75.0-x86_64-unknown-linux-gnu/lib/rustlib/x86_64-unknown-linux-gnu/lib" "-Wl,-Bstatic" "/opt/rustwide/target/debug/deps/libicann_rdap_common-6da253801f45d97f.rlib" "/opt/rustwide/target/debug/deps/libconst_format-eebd5ba8d6970904.rlib" "/opt/rustwide/target/debug/deps/libthiserror-16e3d23f1ae0d627.rlib" "/opt/rustwide/target/debug/deps/libreqwest-5bd06cb17f39a7d9.rlib" "/opt/rustwide/target/debug/deps/libhyper_tls-a44996d65563272c.rlib" "/opt/rustwide/target/debug/deps/libserde_urlencoded-e9eed2c751e2d5a0.rlib" "/opt/rustwide/target/debug/deps/libbase64-c757f6e1d18850a5.rlib" "/opt/rustwide/target/debug/deps/libipnet-31f1670f407a9398.rlib" "/opt/rustwide/target/debug/deps/libtokio_native_tls-f235db485c5c2977.rlib" "/opt/rustwide/target/debug/deps/libmime-7e306270d8ceb372.rlib" "/opt/rustwide/target/debug/deps/libencoding_rs-000c97fafd38c2ed.rlib" "/opt/rustwide/target/debug/deps/libserde_json-7532376ac54f1cf3.rlib" "/opt/rustwide/target/debug/deps/libryu-5f304b1b6393964f.rlib" "/opt/rustwide/target/debug/deps/libnative_tls-dfe37c756bbe7f4b.rlib" "/opt/rustwide/target/debug/deps/libopenssl_probe-d850575132083d7c.rlib" "/opt/rustwide/target/debug/deps/libopenssl-1cf002550f5d30f0.rlib" "/opt/rustwide/target/debug/deps/libbitflags-912d270082a3a4ea.rlib" "/opt/rustwide/target/debug/deps/libforeign_types-c05743815e5b8a9d.rlib" "/opt/rustwide/target/debug/deps/libforeign_types_shared-d149f5491fde2862.rlib" "/opt/rustwide/target/debug/deps/libcfg_if-61dc7a6799e72b18.rlib" "/opt/rustwide/target/debug/deps/libopenssl_sys-38d0ab267a3aefdd.rlib" "/opt/rustwide/target/debug/deps/libhyper-d137068bffdc5e89.rlib" "/opt/rustwide/target/debug/deps/libwant-0be28e71d2a5cee8.rlib" "/opt/rustwide/target/debug/deps/libtry_lock-ba0ec0947155aa20.rlib" "/opt/rustwide/target/debug/deps/libhttparse-64f1ffbeda450424.rlib" "/opt/rustwide/target/debug/deps/libh2-4e461d4815b52a86.rlib" "/opt/rustwide/target/debug/deps/libindexmap-8fc97cbaa956011a.rlib" "/opt/rustwide/target/debug/deps/libequivalent-daf5c71f5fc642dd.rlib" "/opt/rustwide/target/debug/deps/libhashbrown-3d9e58c92093ae49.rlib" "/opt/rustwide/target/debug/deps/libtower_service-104d6e83d5ce383d.rlib" "/opt/rustwide/target/debug/deps/libfutures_util-7869b8af714a4003.rlib" "/opt/rustwide/target/debug/deps/libfutures_io-06ca5b85b7f1c406.rlib" "/opt/rustwide/target/debug/deps/libslab-6eb39baadbe9101c.rlib" "/opt/rustwide/target/debug/deps/libfutures_channel-a299c85500052389.rlib" "/opt/rustwide/target/debug/deps/libfutures_task-c1403167034c79e1.rlib" "/opt/rustwide/target/debug/deps/libpin_utils-741f7d9d160e4a16.rlib" "/opt/rustwide/target/debug/deps/libtokio_util-ef1ce837e8ba3f26.rlib" "/opt/rustwide/target/debug/deps/libtracing-53b1b32365aca46d.rlib" "/opt/rustwide/target/debug/deps/libtracing_core-de9779e9c86396c9.rlib" "/opt/rustwide/target/debug/deps/libfutures_sink-8957e1e23a8e4733.rlib" "/opt/rustwide/target/debug/deps/libtokio-49ef9180273c8db1.rlib" "/opt/rustwide/target/debug/deps/libsocket2-0d88c912de52bbf6.rlib" "/opt/rustwide/target/debug/deps/libmio-8968d6dd6f9690eb.rlib" "/opt/rustwide/target/debug/deps/liblibc-4f34ddd04c373408.rlib" "/opt/rustwide/target/debug/deps/libhttp_body-3c42bd17f1cfc680.rlib" "/opt/rustwide/target/debug/deps/libpin_project_lite-e0757e0deaa2f8a0.rlib" "/opt/rustwide/target/debug/deps/liblog-4f472032e8cdd371.rlib" "/opt/rustwide/target/debug/deps/libfutures_core-9cff0d103c3b3c9e.rlib" "/opt/rustwide/target/debug/deps/liburl-e2bbdc8176814ab9.rlib" "/opt/rustwide/target/debug/deps/libidna-be495c60b826cafb.rlib" "/opt/rustwide/target/debug/deps/libunicode_normalization-e04a0b39935fba30.rlib" "/opt/rustwide/target/debug/deps/libtinyvec-cf6c9f6b792a5507.rlib" "/opt/rustwide/target/debug/deps/libtinyvec_macros-b1cb7f53f58c9f87.rlib" "/opt/rustwide/target/debug/deps/libunicode_bidi-091e6a375aa15ffb.rlib" "/opt/rustwide/target/debug/deps/libform_urlencoded-ef5eb70334031c86.rlib" "/opt/rustwide/target/debug/deps/libpercent_encoding-fe0d57427b4d92e0.rlib" "/opt/rustwide/target/debug/deps/libhttp-087a4805b82b800b.rlib" "/opt/rustwide/target/debug/deps/libitoa-5f181af53b99b92c.rlib" "/opt/rustwide/target/debug/deps/libbytes-0a052f49710012b1.rlib" "/opt/rustwide/target/debug/deps/libfnv-18bf5144d055e772.rlib" "/opt/rustwide/target/debug/deps/libcidr_utils-908de88927eb7f98.rlib" "/opt/rustwide/target/debug/deps/libdebug_helper-ba50f72e301eee1e.rlib" "/opt/rustwide/target/debug/deps/libregex-3fdc9a8f6eaf81cf.rlib" "/opt/rustwide/target/debug/deps/libregex_automata-7e239e4b359aa58c.rlib" "/opt/rustwide/target/debug/deps/libaho_corasick-c461b2416345444e.rlib" "/opt/rustwide/target/debug/deps/libmemchr-94009dd89ebb9d8d.rlib" "/opt/rustwide/target/debug/deps/libregex_syntax-e4dd3c3a3cb10e1d.rlib" "/opt/rustwide/target/debug/deps/libonce_cell-63be820ac0ed0954.rlib" "/opt/rustwide/target/debug/deps/libnum_bigint-742293d9e1747769.rlib" "/opt/rustwide/target/debug/deps/libnum_integer-72322c190b4ad37c.rlib" "/opt/rustwide/target/debug/deps/libstrum-c626f7d346e618d8.rlib" "/opt/rustwide/target/debug/deps/liblazy_static-591486ebcb9a7ead.rlib" "/opt/rustwide/target/debug/deps/libchrono-2b9a0b967e63df69.rlib" "/opt/rustwide/target/debug/deps/libnum_traits-aa75f3964f70d2b4.rlib" "/opt/rustwide/target/debug/deps/libiana_time_zone-528d9768cce5eb89.rlib" "/opt/rustwide/target/debug/deps/libserde-ed681572cf8d9de2.rlib" "/opt/rustwide/rustup-home/toolchains/1.75.0-x86_64-unknown-linux-gnu/lib/rustlib/x86_64-unknown-linux-gnu/lib/libstd-90f6ddbf82de36ec.rlib" "/opt/rustwide/rustup-home/toolchains/1.75.0-x86_64-unknown-linux-gnu/lib/rustlib/x86_64-unknown-linux-gnu/lib/libpanic_unwind-480c41e9d4e1f677.rlib" "/opt/rustwide/rustup-home/toolchains/1.75.0-x86_64-unknown-linux-gnu/lib/rustlib/x86_64-unknown-linux-gnu/lib/libobject-db744c0ca03eed1d.rlib" "/opt/rustwide/rustup-home/toolchains/1.75.0-x86_64-unknown-linux-gnu/lib/rustlib/x86_64-unknown-linux-gnu/lib/libmemchr-8ba652dc7d4b285a.rlib" "/opt/rustwide/rustup-home/toolchains/1.75.0-x86_64-unknown-linux-gnu/lib/rustlib/x86_64-unknown-linux-gnu/lib/libaddr2line-d5f4520a9ebc0d58.rlib" "/opt/rustwide/rustup-home/toolchains/1.75.0-x86_64-unknown-linux-gnu/lib/rustlib/x86_64-unknown-linux-gnu/lib/libgimli-4ad84de58f0cb463.rlib" "/opt/rustwide/rustup-home/toolchains/1.75.0-x86_64-unknown-linux-gnu/lib/rustlib/x86_64-unknown-linux-gnu/lib/librustc_demangle-0d10aae2e0f38735.rlib" "/opt/rustwide/rustup-home/toolchains/1.75.0-x86_64-unknown-linux-gnu/lib/rustlib/x86_64-unknown-linux-gnu/lib/libstd_detect-0c17cff739e6745b.rlib" "/opt/rustwide/rustup-home/toolchains/1.75.0-x86_64-unknown-linux-gnu/lib/rustlib/x86_64-unknown-linux-gnu/lib/libhashbrown-b29e17139dde1aa8.rlib" "/opt/rustwide/rustup-home/toolchains/1.75.0-x86_64-unknown-linux-gnu/lib/rustlib/x86_64-unknown-linux-gnu/lib/librustc_std_workspace_alloc-1f975299829cc7bd.rlib" "/opt/rustwide/rustup-home/toolchains/1.75.0-x86_64-unknown-linux-gnu/lib/rustlib/x86_64-unknown-linux-gnu/lib/libminiz_oxide-86bae3bc3079f89b.rlib" "/opt/rustwide/rustup-home/toolchains/1.75.0-x86_64-unknown-linux-gnu/lib/rustlib/x86_64-unknown-linux-gnu/lib/libadler-321b82c30dffdf5f.rlib" "/opt/rustwide/rustup-home/toolchains/1.75.0-x86_64-unknown-linux-gnu/lib/rustlib/x86_64-unknown-linux-gnu/lib/libunwind-3dd8a6810a0bdfef.rlib" "/opt/rustwide/rustup-home/toolchains/1.75.0-x86_64-unknown-linux-gnu/lib/rustlib/x86_64-unknown-linux-gnu/lib/libcfg_if-eb39a61c0c879984.rlib" "/opt/rustwide/rustup-home/toolchains/1.75.0-x86_64-unknown-linux-gnu/lib/rustlib/x86_64-unknown-linux-gnu/lib/liblibc-aa769569f91c3548.rlib" "/opt/rustwide/rustup-home/toolchains/1.75.0-x86_64-unknown-linux-gnu/lib/rustlib/x86_64-unknown-linux-gnu/lib/liballoc-510a192a50a983ed.rlib" "/opt/rustwide/rustup-home/toolchains/1.75.0-x86_64-unknown-linux-gnu/lib/rustlib/x86_64-unknown-linux-gnu/lib/librustc_std_workspace_core-0577018320f99037.rlib" "/opt/rustwide/rustup-home/toolchains/1.75.0-x86_64-unknown-linux-gnu/lib/rustlib/x86_64-unknown-linux-gnu/lib/libcore-193cf992125ccd4c.rlib" "/opt/rustwide/rustup-home/toolchains/1.75.0-x86_64-unknown-linux-gnu/lib/rustlib/x86_64-unknown-linux-gnu/lib/libcompiler_builtins-8e138eaf26ebb4a8.rlib" "-Wl,-Bdynamic" "-lgcc_s" "-lutil" "-lrt" "-lpthread" "-lm" "-ldl" "-lc" "-Wl,--eh-frame-hdr" "-Wl,-z,noexecstack" "-L" "/opt/rustwide/rustup-home/toolchains/1.75.0-x86_64-unknown-linux-gnu/lib/rustlib/x86_64-unknown-linux-gnu/lib" "-o" "/tmp/rustdoctestKGsLdJ/rust_out" "-Wl,--gc-sections" "-pie" "-Wl,-z,relro,-z,now" "-nodefaultlibs"
[INFO] [stdout]   = note: collect2: fatal error: ld terminated with signal 9 [Killed]
[INFO] [stdout]           compilation terminated.
[INFO] [stdout]           
[INFO] [stdout] 
[INFO] [stdout] error: aborting due to previous error
[INFO] [stdout] 
[INFO] [stdout] Couldn't compile the test.
[INFO] [stdout] ---- src/response/autnum.rs - response::autnum::Autnum::new_autnum (line 41) stdout ----
[INFO] [stdout] error: linking with `cc` failed: exit status: 1
[INFO] [stdout]   |
[INFO] [stdout]   = note: LC_ALL="C" PATH="/opt/rustwide/rustup-home/toolchains/1.75.0-x86_64-unknown-linux-gnu/lib/rustlib/x86_64-unknown-linux-gnu/bin:/opt/rustwide/cargo-home/bin:/usr/local/sbin:/usr/local/bin:/usr/sbin:/usr/bin:/sbin:/bin" VSLANG="1033" "cc" "-m64" "/tmp/rustc99uTUk/symbols.o" "/tmp/rustdoctestghlEAw/rust_out.rust_out.263fb70ac1c95110-cgu.0.rcgu.o" "/tmp/rustdoctestghlEAw/rust_out.2uel00cfmdh5ufit.rcgu.o" "-Wl,--as-needed" "-L" "/opt/rustwide/target/debug/deps" "-L" "/opt/rustwide/target/debug/deps" "-L" "/opt/rustwide/target/debug/build/openssl-sys-301776d963a80f71/out/openssl-build/install/lib" "-L" "/opt/rustwide/rustup-home/toolchains/1.75.0-x86_64-unknown-linux-gnu/lib/rustlib/x86_64-unknown-linux-gnu/lib" "-Wl,-Bstatic" "/opt/rustwide/target/debug/deps/libicann_rdap_common-6da253801f45d97f.rlib" "/opt/rustwide/target/debug/deps/libconst_format-eebd5ba8d6970904.rlib" "/opt/rustwide/target/debug/deps/libthiserror-16e3d23f1ae0d627.rlib" "/opt/rustwide/target/debug/deps/libreqwest-5bd06cb17f39a7d9.rlib" "/opt/rustwide/target/debug/deps/libhyper_tls-a44996d65563272c.rlib" "/opt/rustwide/target/debug/deps/libserde_urlencoded-e9eed2c751e2d5a0.rlib" "/opt/rustwide/target/debug/deps/libbase64-c757f6e1d18850a5.rlib" "/opt/rustwide/target/debug/deps/libipnet-31f1670f407a9398.rlib" "/opt/rustwide/target/debug/deps/libtokio_native_tls-f235db485c5c2977.rlib" "/opt/rustwide/target/debug/deps/libmime-7e306270d8ceb372.rlib" "/opt/rustwide/target/debug/deps/libencoding_rs-000c97fafd38c2ed.rlib" "/opt/rustwide/target/debug/deps/libserde_json-7532376ac54f1cf3.rlib" "/opt/rustwide/target/debug/deps/libryu-5f304b1b6393964f.rlib" "/opt/rustwide/target/debug/deps/libnative_tls-dfe37c756bbe7f4b.rlib" "/opt/rustwide/target/debug/deps/libopenssl_probe-d850575132083d7c.rlib" "/opt/rustwide/target/debug/deps/libopenssl-1cf002550f5d30f0.rlib" "/opt/rustwide/target/debug/deps/libbitflags-912d270082a3a4ea.rlib" "/opt/rustwide/target/debug/deps/libforeign_types-c05743815e5b8a9d.rlib" "/opt/rustwide/target/debug/deps/libforeign_types_shared-d149f5491fde2862.rlib" "/opt/rustwide/target/debug/deps/libcfg_if-61dc7a6799e72b18.rlib" "/opt/rustwide/target/debug/deps/libopenssl_sys-38d0ab267a3aefdd.rlib" "/opt/rustwide/target/debug/deps/libhyper-d137068bffdc5e89.rlib" "/opt/rustwide/target/debug/deps/libwant-0be28e71d2a5cee8.rlib" "/opt/rustwide/target/debug/deps/libtry_lock-ba0ec0947155aa20.rlib" "/opt/rustwide/target/debug/deps/libhttparse-64f1ffbeda450424.rlib" "/opt/rustwide/target/debug/deps/libh2-4e461d4815b52a86.rlib" "/opt/rustwide/target/debug/deps/libindexmap-8fc97cbaa956011a.rlib" "/opt/rustwide/target/debug/deps/libequivalent-daf5c71f5fc642dd.rlib" "/opt/rustwide/target/debug/deps/libhashbrown-3d9e58c92093ae49.rlib" "/opt/rustwide/target/debug/deps/libtower_service-104d6e83d5ce383d.rlib" "/opt/rustwide/target/debug/deps/libfutures_util-7869b8af714a4003.rlib" "/opt/rustwide/target/debug/deps/libfutures_io-06ca5b85b7f1c406.rlib" "/opt/rustwide/target/debug/deps/libslab-6eb39baadbe9101c.rlib" "/opt/rustwide/target/debug/deps/libfutures_channel-a299c85500052389.rlib" "/opt/rustwide/target/debug/deps/libfutures_task-c1403167034c79e1.rlib" "/opt/rustwide/target/debug/deps/libpin_utils-741f7d9d160e4a16.rlib" "/opt/rustwide/target/debug/deps/libtokio_util-ef1ce837e8ba3f26.rlib" "/opt/rustwide/target/debug/deps/libtracing-53b1b32365aca46d.rlib" "/opt/rustwide/target/debug/deps/libtracing_core-de9779e9c86396c9.rlib" "/opt/rustwide/target/debug/deps/libfutures_sink-8957e1e23a8e4733.rlib" "/opt/rustwide/target/debug/deps/libtokio-49ef9180273c8db1.rlib" "/opt/rustwide/target/debug/deps/libsocket2-0d88c912de52bbf6.rlib" "/opt/rustwide/target/debug/deps/libmio-8968d6dd6f9690eb.rlib" "/opt/rustwide/target/debug/deps/liblibc-4f34ddd04c373408.rlib" "/opt/rustwide/target/debug/deps/libhttp_body-3c42bd17f1cfc680.rlib" "/opt/rustwide/target/debug/deps/libpin_project_lite-e0757e0deaa2f8a0.rlib" "/opt/rustwide/target/debug/deps/liblog-4f472032e8cdd371.rlib" "/opt/rustwide/target/debug/deps/libfutures_core-9cff0d103c3b3c9e.rlib" "/opt/rustwide/target/debug/deps/liburl-e2bbdc8176814ab9.rlib" "/opt/rustwide/target/debug/deps/libidna-be495c60b826cafb.rlib" "/opt/rustwide/target/debug/deps/libunicode_normalization-e04a0b39935fba30.rlib" "/opt/rustwide/target/debug/deps/libtinyvec-cf6c9f6b792a5507.rlib" "/opt/rustwide/target/debug/deps/libtinyvec_macros-b1cb7f53f58c9f87.rlib" "/opt/rustwide/target/debug/deps/libunicode_bidi-091e6a375aa15ffb.rlib" "/opt/rustwide/target/debug/deps/libform_urlencoded-ef5eb70334031c86.rlib" "/opt/rustwide/target/debug/deps/libpercent_encoding-fe0d57427b4d92e0.rlib" "/opt/rustwide/target/debug/deps/libhttp-087a4805b82b800b.rlib" "/opt/rustwide/target/debug/deps/libitoa-5f181af53b99b92c.rlib" "/opt/rustwide/target/debug/deps/libbytes-0a052f49710012b1.rlib" "/opt/rustwide/target/debug/deps/libfnv-18bf5144d055e772.rlib" "/opt/rustwide/target/debug/deps/libcidr_utils-908de88927eb7f98.rlib" "/opt/rustwide/target/debug/deps/libdebug_helper-ba50f72e301eee1e.rlib" "/opt/rustwide/target/debug/deps/libregex-3fdc9a8f6eaf81cf.rlib" "/opt/rustwide/target/debug/deps/libregex_automata-7e239e4b359aa58c.rlib" "/opt/rustwide/target/debug/deps/libaho_corasick-c461b2416345444e.rlib" "/opt/rustwide/target/debug/deps/libmemchr-94009dd89ebb9d8d.rlib" "/opt/rustwide/target/debug/deps/libregex_syntax-e4dd3c3a3cb10e1d.rlib" "/opt/rustwide/target/debug/deps/libonce_cell-63be820ac0ed0954.rlib" "/opt/rustwide/target/debug/deps/libnum_bigint-742293d9e1747769.rlib" "/opt/rustwide/target/debug/deps/libnum_integer-72322c190b4ad37c.rlib" "/opt/rustwide/target/debug/deps/libstrum-c626f7d346e618d8.rlib" "/opt/rustwide/target/debug/deps/liblazy_static-591486ebcb9a7ead.rlib" "/opt/rustwide/target/debug/deps/libchrono-2b9a0b967e63df69.rlib" "/opt/rustwide/target/debug/deps/libnum_traits-aa75f3964f70d2b4.rlib" "/opt/rustwide/target/debug/deps/libiana_time_zone-528d9768cce5eb89.rlib" "/opt/rustwide/target/debug/deps/libserde-ed681572cf8d9de2.rlib" "/opt/rustwide/rustup-home/toolchains/1.75.0-x86_64-unknown-linux-gnu/lib/rustlib/x86_64-unknown-linux-gnu/lib/libstd-90f6ddbf82de36ec.rlib" "/opt/rustwide/rustup-home/toolchains/1.75.0-x86_64-unknown-linux-gnu/lib/rustlib/x86_64-unknown-linux-gnu/lib/libpanic_unwind-480c41e9d4e1f677.rlib" "/opt/rustwide/rustup-home/toolchains/1.75.0-x86_64-unknown-linux-gnu/lib/rustlib/x86_64-unknown-linux-gnu/lib/libobject-db744c0ca03eed1d.rlib" "/opt/rustwide/rustup-home/toolchains/1.75.0-x86_64-unknown-linux-gnu/lib/rustlib/x86_64-unknown-linux-gnu/lib/libmemchr-8ba652dc7d4b285a.rlib" "/opt/rustwide/rustup-home/toolchains/1.75.0-x86_64-unknown-linux-gnu/lib/rustlib/x86_64-unknown-linux-gnu/lib/libaddr2line-d5f4520a9ebc0d58.rlib" "/opt/rustwide/rustup-home/toolchains/1.75.0-x86_64-unknown-linux-gnu/lib/rustlib/x86_64-unknown-linux-gnu/lib/libgimli-4ad84de58f0cb463.rlib" "/opt/rustwide/rustup-home/toolchains/1.75.0-x86_64-unknown-linux-gnu/lib/rustlib/x86_64-unknown-linux-gnu/lib/librustc_demangle-0d10aae2e0f38735.rlib" "/opt/rustwide/rustup-home/toolchains/1.75.0-x86_64-unknown-linux-gnu/lib/rustlib/x86_64-unknown-linux-gnu/lib/libstd_detect-0c17cff739e6745b.rlib" "/opt/rustwide/rustup-home/toolchains/1.75.0-x86_64-unknown-linux-gnu/lib/rustlib/x86_64-unknown-linux-gnu/lib/libhashbrown-b29e17139dde1aa8.rlib" "/opt/rustwide/rustup-home/toolchains/1.75.0-x86_64-unknown-linux-gnu/lib/rustlib/x86_64-unknown-linux-gnu/lib/librustc_std_workspace_alloc-1f975299829cc7bd.rlib" "/opt/rustwide/rustup-home/toolchains/1.75.0-x86_64-unknown-linux-gnu/lib/rustlib/x86_64-unknown-linux-gnu/lib/libminiz_oxide-86bae3bc3079f89b.rlib" "/opt/rustwide/rustup-home/toolchains/1.75.0-x86_64-unknown-linux-gnu/lib/rustlib/x86_64-unknown-linux-gnu/lib/libadler-321b82c30dffdf5f.rlib" "/opt/rustwide/rustup-home/toolchains/1.75.0-x86_64-unknown-linux-gnu/lib/rustlib/x86_64-unknown-linux-gnu/lib/libunwind-3dd8a6810a0bdfef.rlib" "/opt/rustwide/rustup-home/toolchains/1.75.0-x86_64-unknown-linux-gnu/lib/rustlib/x86_64-unknown-linux-gnu/lib/libcfg_if-eb39a61c0c879984.rlib" "/opt/rustwide/rustup-home/toolchains/1.75.0-x86_64-unknown-linux-gnu/lib/rustlib/x86_64-unknown-linux-gnu/lib/liblibc-aa769569f91c3548.rlib" "/opt/rustwide/rustup-home/toolchains/1.75.0-x86_64-unknown-linux-gnu/lib/rustlib/x86_64-unknown-linux-gnu/lib/liballoc-510a192a50a983ed.rlib" "/opt/rustwide/rustup-home/toolchains/1.75.0-x86_64-unknown-linux-gnu/lib/rustlib/x86_64-unknown-linux-gnu/lib/librustc_std_workspace_core-0577018320f99037.rlib" "/opt/rustwide/rustup-home/toolchains/1.75.0-x86_64-unknown-linux-gnu/lib/rustlib/x86_64-unknown-linux-gnu/lib/libcore-193cf992125ccd4c.rlib" "/opt/rustwide/rustup-home/toolchains/1.75.0-x86_64-unknown-linux-gnu/lib/rustlib/x86_64-unknown-linux-gnu/lib/libcompiler_builtins-8e138eaf26ebb4a8.rlib" "-Wl,-Bdynamic" "-lgcc_s" "-lutil" "-lrt" "-lpthread" "-lm" "-ldl" "-lc" "-Wl,--eh-frame-hdr" "-Wl,-z,noexecstack" "-L" "/opt/rustwide/rustup-home/toolchains/1.75.0-x86_64-unknown-linux-gnu/lib/rustlib/x86_64-unknown-linux-gnu/lib" "-o" "/tmp/rustdoctestghlEAw/rust_out" "-Wl,--gc-sections" "-pie" "-Wl,-z,relro,-z,now" "-nodefaultlibs"
[INFO] [stdout]   = note: collect2: fatal error: ld terminated with signal 9 [Killed]
[INFO] [stdout]           compilation terminated.
[INFO] [stdout]           
[INFO] [stdout] 
[INFO] [stdout] error: aborting due to previous error
[INFO] [stdout] 
[INFO] [stdout] Couldn't compile the test.
[INFO] [stdout] ---- src/response/domain.rs - response::domain::Domain::basic (line 145) stdout ----
[INFO] [stdout] error: linking with `cc` failed: exit status: 1
[INFO] [stdout]   |
[INFO] [stdout]   = note: LC_ALL="C" PATH="/opt/rustwide/rustup-home/toolchains/1.75.0-x86_64-unknown-linux-gnu/lib/rustlib/x86_64-unknown-linux-gnu/bin:/opt/rustwide/cargo-home/bin:/usr/local/sbin:/usr/local/bin:/usr/sbin:/usr/bin:/sbin:/bin" VSLANG="1033" "cc" "-m64" "/tmp/rustcNQdOwE/symbols.o" "/tmp/rustdoctestMz0kRe/rust_out.rust_out.263fb70ac1c95110-cgu.0.rcgu.o" "/tmp/rustdoctestMz0kRe/rust_out.2uel00cfmdh5ufit.rcgu.o" "-Wl,--as-needed" "-L" "/opt/rustwide/target/debug/deps" "-L" "/opt/rustwide/target/debug/deps" "-L" "/opt/rustwide/target/debug/build/openssl-sys-301776d963a80f71/out/openssl-build/install/lib" "-L" "/opt/rustwide/rustup-home/toolchains/1.75.0-x86_64-unknown-linux-gnu/lib/rustlib/x86_64-unknown-linux-gnu/lib" "-Wl,-Bstatic" "/opt/rustwide/target/debug/deps/libicann_rdap_common-6da253801f45d97f.rlib" "/opt/rustwide/target/debug/deps/libconst_format-eebd5ba8d6970904.rlib" "/opt/rustwide/target/debug/deps/libthiserror-16e3d23f1ae0d627.rlib" "/opt/rustwide/target/debug/deps/libreqwest-5bd06cb17f39a7d9.rlib" "/opt/rustwide/target/debug/deps/libhyper_tls-a44996d65563272c.rlib" "/opt/rustwide/target/debug/deps/libserde_urlencoded-e9eed2c751e2d5a0.rlib" "/opt/rustwide/target/debug/deps/libbase64-c757f6e1d18850a5.rlib" "/opt/rustwide/target/debug/deps/libipnet-31f1670f407a9398.rlib" "/opt/rustwide/target/debug/deps/libtokio_native_tls-f235db485c5c2977.rlib" "/opt/rustwide/target/debug/deps/libmime-7e306270d8ceb372.rlib" "/opt/rustwide/target/debug/deps/libencoding_rs-000c97fafd38c2ed.rlib" "/opt/rustwide/target/debug/deps/libserde_json-7532376ac54f1cf3.rlib" "/opt/rustwide/target/debug/deps/libryu-5f304b1b6393964f.rlib" "/opt/rustwide/target/debug/deps/libnative_tls-dfe37c756bbe7f4b.rlib" "/opt/rustwide/target/debug/deps/libopenssl_probe-d850575132083d7c.rlib" "/opt/rustwide/target/debug/deps/libopenssl-1cf002550f5d30f0.rlib" "/opt/rustwide/target/debug/deps/libbitflags-912d270082a3a4ea.rlib" "/opt/rustwide/target/debug/deps/libforeign_types-c05743815e5b8a9d.rlib" "/opt/rustwide/target/debug/deps/libforeign_types_shared-d149f5491fde2862.rlib" "/opt/rustwide/target/debug/deps/libcfg_if-61dc7a6799e72b18.rlib" "/opt/rustwide/target/debug/deps/libopenssl_sys-38d0ab267a3aefdd.rlib" "/opt/rustwide/target/debug/deps/libhyper-d137068bffdc5e89.rlib" "/opt/rustwide/target/debug/deps/libwant-0be28e71d2a5cee8.rlib" "/opt/rustwide/target/debug/deps/libtry_lock-ba0ec0947155aa20.rlib" "/opt/rustwide/target/debug/deps/libhttparse-64f1ffbeda450424.rlib" "/opt/rustwide/target/debug/deps/libh2-4e461d4815b52a86.rlib" "/opt/rustwide/target/debug/deps/libindexmap-8fc97cbaa956011a.rlib" "/opt/rustwide/target/debug/deps/libequivalent-daf5c71f5fc642dd.rlib" "/opt/rustwide/target/debug/deps/libhashbrown-3d9e58c92093ae49.rlib" "/opt/rustwide/target/debug/deps/libtower_service-104d6e83d5ce383d.rlib" "/opt/rustwide/target/debug/deps/libfutures_util-7869b8af714a4003.rlib" "/opt/rustwide/target/debug/deps/libfutures_io-06ca5b85b7f1c406.rlib" "/opt/rustwide/target/debug/deps/libslab-6eb39baadbe9101c.rlib" "/opt/rustwide/target/debug/deps/libfutures_channel-a299c85500052389.rlib" "/opt/rustwide/target/debug/deps/libfutures_task-c1403167034c79e1.rlib" "/opt/rustwide/target/debug/deps/libpin_utils-741f7d9d160e4a16.rlib" "/opt/rustwide/target/debug/deps/libtokio_util-ef1ce837e8ba3f26.rlib" "/opt/rustwide/target/debug/deps/libtracing-53b1b32365aca46d.rlib" "/opt/rustwide/target/debug/deps/libtracing_core-de9779e9c86396c9.rlib" "/opt/rustwide/target/debug/deps/libfutures_sink-8957e1e23a8e4733.rlib" "/opt/rustwide/target/debug/deps/libtokio-49ef9180273c8db1.rlib" "/opt/rustwide/target/debug/deps/libsocket2-0d88c912de52bbf6.rlib" "/opt/rustwide/target/debug/deps/libmio-8968d6dd6f9690eb.rlib" "/opt/rustwide/target/debug/deps/liblibc-4f34ddd04c373408.rlib" "/opt/rustwide/target/debug/deps/libhttp_body-3c42bd17f1cfc680.rlib" "/opt/rustwide/target/debug/deps/libpin_project_lite-e0757e0deaa2f8a0.rlib" "/opt/rustwide/target/debug/deps/liblog-4f472032e8cdd371.rlib" "/opt/rustwide/target/debug/deps/libfutures_core-9cff0d103c3b3c9e.rlib" "/opt/rustwide/target/debug/deps/liburl-e2bbdc8176814ab9.rlib" "/opt/rustwide/target/debug/deps/libidna-be495c60b826cafb.rlib" "/opt/rustwide/target/debug/deps/libunicode_normalization-e04a0b39935fba30.rlib" "/opt/rustwide/target/debug/deps/libtinyvec-cf6c9f6b792a5507.rlib" "/opt/rustwide/target/debug/deps/libtinyvec_macros-b1cb7f53f58c9f87.rlib" "/opt/rustwide/target/debug/deps/libunicode_bidi-091e6a375aa15ffb.rlib" "/opt/rustwide/target/debug/deps/libform_urlencoded-ef5eb70334031c86.rlib" "/opt/rustwide/target/debug/deps/libpercent_encoding-fe0d57427b4d92e0.rlib" "/opt/rustwide/target/debug/deps/libhttp-087a4805b82b800b.rlib" "/opt/rustwide/target/debug/deps/libitoa-5f181af53b99b92c.rlib" "/opt/rustwide/target/debug/deps/libbytes-0a052f49710012b1.rlib" "/opt/rustwide/target/debug/deps/libfnv-18bf5144d055e772.rlib" "/opt/rustwide/target/debug/deps/libcidr_utils-908de88927eb7f98.rlib" "/opt/rustwide/target/debug/deps/libdebug_helper-ba50f72e301eee1e.rlib" "/opt/rustwide/target/debug/deps/libregex-3fdc9a8f6eaf81cf.rlib" "/opt/rustwide/target/debug/deps/libregex_automata-7e239e4b359aa58c.rlib" "/opt/rustwide/target/debug/deps/libaho_corasick-c461b2416345444e.rlib" "/opt/rustwide/target/debug/deps/libmemchr-94009dd89ebb9d8d.rlib" "/opt/rustwide/target/debug/deps/libregex_syntax-e4dd3c3a3cb10e1d.rlib" "/opt/rustwide/target/debug/deps/libonce_cell-63be820ac0ed0954.rlib" "/opt/rustwide/target/debug/deps/libnum_bigint-742293d9e1747769.rlib" "/opt/rustwide/target/debug/deps/libnum_integer-72322c190b4ad37c.rlib" "/opt/rustwide/target/debug/deps/libstrum-c626f7d346e618d8.rlib" "/opt/rustwide/target/debug/deps/liblazy_static-591486ebcb9a7ead.rlib" "/opt/rustwide/target/debug/deps/libchrono-2b9a0b967e63df69.rlib" "/opt/rustwide/target/debug/deps/libnum_traits-aa75f3964f70d2b4.rlib" "/opt/rustwide/target/debug/deps/libiana_time_zone-528d9768cce5eb89.rlib" "/opt/rustwide/target/debug/deps/libserde-ed681572cf8d9de2.rlib" "/opt/rustwide/rustup-home/toolchains/1.75.0-x86_64-unknown-linux-gnu/lib/rustlib/x86_64-unknown-linux-gnu/lib/libstd-90f6ddbf82de36ec.rlib" "/opt/rustwide/rustup-home/toolchains/1.75.0-x86_64-unknown-linux-gnu/lib/rustlib/x86_64-unknown-linux-gnu/lib/libpanic_unwind-480c41e9d4e1f677.rlib" "/opt/rustwide/rustup-home/toolchains/1.75.0-x86_64-unknown-linux-gnu/lib/rustlib/x86_64-unknown-linux-gnu/lib/libobject-db744c0ca03eed1d.rlib" "/opt/rustwide/rustup-home/toolchains/1.75.0-x86_64-unknown-linux-gnu/lib/rustlib/x86_64-unknown-linux-gnu/lib/libmemchr-8ba652dc7d4b285a.rlib" "/opt/rustwide/rustup-home/toolchains/1.75.0-x86_64-unknown-linux-gnu/lib/rustlib/x86_64-unknown-linux-gnu/lib/libaddr2line-d5f4520a9ebc0d58.rlib" "/opt/rustwide/rustup-home/toolchains/1.75.0-x86_64-unknown-linux-gnu/lib/rustlib/x86_64-unknown-linux-gnu/lib/libgimli-4ad84de58f0cb463.rlib" "/opt/rustwide/rustup-home/toolchains/1.75.0-x86_64-unknown-linux-gnu/lib/rustlib/x86_64-unknown-linux-gnu/lib/librustc_demangle-0d10aae2e0f38735.rlib" "/opt/rustwide/rustup-home/toolchains/1.75.0-x86_64-unknown-linux-gnu/lib/rustlib/x86_64-unknown-linux-gnu/lib/libstd_detect-0c17cff739e6745b.rlib" "/opt/rustwide/rustup-home/toolchains/1.75.0-x86_64-unknown-linux-gnu/lib/rustlib/x86_64-unknown-linux-gnu/lib/libhashbrown-b29e17139dde1aa8.rlib" "/opt/rustwide/rustup-home/toolchains/1.75.0-x86_64-unknown-linux-gnu/lib/rustlib/x86_64-unknown-linux-gnu/lib/librustc_std_workspace_alloc-1f975299829cc7bd.rlib" "/opt/rustwide/rustup-home/toolchains/1.75.0-x86_64-unknown-linux-gnu/lib/rustlib/x86_64-unknown-linux-gnu/lib/libminiz_oxide-86bae3bc3079f89b.rlib" "/opt/rustwide/rustup-home/toolchains/1.75.0-x86_64-unknown-linux-gnu/lib/rustlib/x86_64-unknown-linux-gnu/lib/libadler-321b82c30dffdf5f.rlib" "/opt/rustwide/rustup-home/toolchains/1.75.0-x86_64-unknown-linux-gnu/lib/rustlib/x86_64-unknown-linux-gnu/lib/libunwind-3dd8a6810a0bdfef.rlib" "/opt/rustwide/rustup-home/toolchains/1.75.0-x86_64-unknown-linux-gnu/lib/rustlib/x86_64-unknown-linux-gnu/lib/libcfg_if-eb39a61c0c879984.rlib" "/opt/rustwide/rustup-home/toolchains/1.75.0-x86_64-unknown-linux-gnu/lib/rustlib/x86_64-unknown-linux-gnu/lib/liblibc-aa769569f91c3548.rlib" "/opt/rustwide/rustup-home/toolchains/1.75.0-x86_64-unknown-linux-gnu/lib/rustlib/x86_64-unknown-linux-gnu/lib/liballoc-510a192a50a983ed.rlib" "/opt/rustwide/rustup-home/toolchains/1.75.0-x86_64-unknown-linux-gnu/lib/rustlib/x86_64-unknown-linux-gnu/lib/librustc_std_workspace_core-0577018320f99037.rlib" "/opt/rustwide/rustup-home/toolchains/1.75.0-x86_64-unknown-linux-gnu/lib/rustlib/x86_64-unknown-linux-gnu/lib/libcore-193cf992125ccd4c.rlib" "/opt/rustwide/rustup-home/toolchains/1.75.0-x86_64-unknown-linux-gnu/lib/rustlib/x86_64-unknown-linux-gnu/lib/libcompiler_builtins-8e138eaf26ebb4a8.rlib" "-Wl,-Bdynamic" "-lgcc_s" "-lutil" "-lrt" "-lpthread" "-lm" "-ldl" "-lc" "-Wl,--eh-frame-hdr" "-Wl,-z,noexecstack" "-L" "/opt/rustwide/rustup-home/toolchains/1.75.0-x86_64-unknown-linux-gnu/lib/rustlib/x86_64-unknown-linux-gnu/lib" "-o" "/tmp/rustdoctestMz0kRe/rust_out" "-Wl,--gc-sections" "-pie" "-Wl,-z,relro,-z,now" "-nodefaultlibs"
[INFO] [stdout]   = note: collect2: fatal error: ld terminated with signal 9 [Killed]
[INFO] [stdout]           compilation terminated.
[INFO] [stdout]           
[INFO] [stdout] 
[INFO] [stdout] error: aborting due to previous error
[INFO] [stdout] 
[INFO] [stdout] Couldn't compile the test.
[INFO] [stdout] ---- src/lib.rs - (line 48) stdout ----
[INFO] [stdout] error: linking with `cc` failed: exit status: 1
[INFO] [stdout]   |
[INFO] [stdout]   = note: LC_ALL="C" PATH="/opt/rustwide/rustup-home/toolchains/1.75.0-x86_64-unknown-linux-gnu/lib/rustlib/x86_64-unknown-linux-gnu/bin:/opt/rustwide/cargo-home/bin:/usr/local/sbin:/usr/local/bin:/usr/sbin:/usr/bin:/sbin:/bin" VSLANG="1033" "cc" "-m64" "/tmp/rustcvSeqO6/symbols.o" "/tmp/rustdoctestbWnhzv/rust_out.rust_out.263fb70ac1c95110-cgu.0.rcgu.o" "/tmp/rustdoctestbWnhzv/rust_out.2uel00cfmdh5ufit.rcgu.o" "-Wl,--as-needed" "-L" "/opt/rustwide/target/debug/deps" "-L" "/opt/rustwide/target/debug/deps" "-L" "/opt/rustwide/target/debug/build/openssl-sys-301776d963a80f71/out/openssl-build/install/lib" "-L" "/opt/rustwide/rustup-home/toolchains/1.75.0-x86_64-unknown-linux-gnu/lib/rustlib/x86_64-unknown-linux-gnu/lib" "-Wl,-Bstatic" "/opt/rustwide/target/debug/deps/libicann_rdap_common-6da253801f45d97f.rlib" "/opt/rustwide/target/debug/deps/libconst_format-eebd5ba8d6970904.rlib" "/opt/rustwide/target/debug/deps/libthiserror-16e3d23f1ae0d627.rlib" "/opt/rustwide/target/debug/deps/libreqwest-5bd06cb17f39a7d9.rlib" "/opt/rustwide/target/debug/deps/libhyper_tls-a44996d65563272c.rlib" "/opt/rustwide/target/debug/deps/libserde_urlencoded-e9eed2c751e2d5a0.rlib" "/opt/rustwide/target/debug/deps/libbase64-c757f6e1d18850a5.rlib" "/opt/rustwide/target/debug/deps/libipnet-31f1670f407a9398.rlib" "/opt/rustwide/target/debug/deps/libtokio_native_tls-f235db485c5c2977.rlib" "/opt/rustwide/target/debug/deps/libmime-7e306270d8ceb372.rlib" "/opt/rustwide/target/debug/deps/libencoding_rs-000c97fafd38c2ed.rlib" "/opt/rustwide/target/debug/deps/libserde_json-7532376ac54f1cf3.rlib" "/opt/rustwide/target/debug/deps/libryu-5f304b1b6393964f.rlib" "/opt/rustwide/target/debug/deps/libnative_tls-dfe37c756bbe7f4b.rlib" "/opt/rustwide/target/debug/deps/libopenssl_probe-d850575132083d7c.rlib" "/opt/rustwide/target/debug/deps/libopenssl-1cf002550f5d30f0.rlib" "/opt/rustwide/target/debug/deps/libbitflags-912d270082a3a4ea.rlib" "/opt/rustwide/target/debug/deps/libforeign_types-c05743815e5b8a9d.rlib" "/opt/rustwide/target/debug/deps/libforeign_types_shared-d149f5491fde2862.rlib" "/opt/rustwide/target/debug/deps/libcfg_if-61dc7a6799e72b18.rlib" "/opt/rustwide/target/debug/deps/libopenssl_sys-38d0ab267a3aefdd.rlib" "/opt/rustwide/target/debug/deps/libhyper-d137068bffdc5e89.rlib" "/opt/rustwide/target/debug/deps/libwant-0be28e71d2a5cee8.rlib" "/opt/rustwide/target/debug/deps/libtry_lock-ba0ec0947155aa20.rlib" "/opt/rustwide/target/debug/deps/libhttparse-64f1ffbeda450424.rlib" "/opt/rustwide/target/debug/deps/libh2-4e461d4815b52a86.rlib" "/opt/rustwide/target/debug/deps/libindexmap-8fc97cbaa956011a.rlib" "/opt/rustwide/target/debug/deps/libequivalent-daf5c71f5fc642dd.rlib" "/opt/rustwide/target/debug/deps/libhashbrown-3d9e58c92093ae49.rlib" "/opt/rustwide/target/debug/deps/libtower_service-104d6e83d5ce383d.rlib" "/opt/rustwide/target/debug/deps/libfutures_util-7869b8af714a4003.rlib" "/opt/rustwide/target/debug/deps/libfutures_io-06ca5b85b7f1c406.rlib" "/opt/rustwide/target/debug/deps/libslab-6eb39baadbe9101c.rlib" "/opt/rustwide/target/debug/deps/libfutures_channel-a299c85500052389.rlib" "/opt/rustwide/target/debug/deps/libfutures_task-c1403167034c79e1.rlib" "/opt/rustwide/target/debug/deps/libpin_utils-741f7d9d160e4a16.rlib" "/opt/rustwide/target/debug/deps/libtokio_util-ef1ce837e8ba3f26.rlib" "/opt/rustwide/target/debug/deps/libtracing-53b1b32365aca46d.rlib" "/opt/rustwide/target/debug/deps/libtracing_core-de9779e9c86396c9.rlib" "/opt/rustwide/target/debug/deps/libfutures_sink-8957e1e23a8e4733.rlib" "/opt/rustwide/target/debug/deps/libtokio-49ef9180273c8db1.rlib" "/opt/rustwide/target/debug/deps/libsocket2-0d88c912de52bbf6.rlib" "/opt/rustwide/target/debug/deps/libmio-8968d6dd6f9690eb.rlib" "/opt/rustwide/target/debug/deps/liblibc-4f34ddd04c373408.rlib" "/opt/rustwide/target/debug/deps/libhttp_body-3c42bd17f1cfc680.rlib" "/opt/rustwide/target/debug/deps/libpin_project_lite-e0757e0deaa2f8a0.rlib" "/opt/rustwide/target/debug/deps/liblog-4f472032e8cdd371.rlib" "/opt/rustwide/target/debug/deps/libfutures_core-9cff0d103c3b3c9e.rlib" "/opt/rustwide/target/debug/deps/liburl-e2bbdc8176814ab9.rlib" "/opt/rustwide/target/debug/deps/libidna-be495c60b826cafb.rlib" "/opt/rustwide/target/debug/deps/libunicode_normalization-e04a0b39935fba30.rlib" "/opt/rustwide/target/debug/deps/libtinyvec-cf6c9f6b792a5507.rlib" "/opt/rustwide/target/debug/deps/libtinyvec_macros-b1cb7f53f58c9f87.rlib" "/opt/rustwide/target/debug/deps/libunicode_bidi-091e6a375aa15ffb.rlib" "/opt/rustwide/target/debug/deps/libform_urlencoded-ef5eb70334031c86.rlib" "/opt/rustwide/target/debug/deps/libpercent_encoding-fe0d57427b4d92e0.rlib" "/opt/rustwide/target/debug/deps/libhttp-087a4805b82b800b.rlib" "/opt/rustwide/target/debug/deps/libitoa-5f181af53b99b92c.rlib" "/opt/rustwide/target/debug/deps/libbytes-0a052f49710012b1.rlib" "/opt/rustwide/target/debug/deps/libfnv-18bf5144d055e772.rlib" "/opt/rustwide/target/debug/deps/libcidr_utils-908de88927eb7f98.rlib" "/opt/rustwide/target/debug/deps/libdebug_helper-ba50f72e301eee1e.rlib" "/opt/rustwide/target/debug/deps/libregex-3fdc9a8f6eaf81cf.rlib" "/opt/rustwide/target/debug/deps/libregex_automata-7e239e4b359aa58c.rlib" "/opt/rustwide/target/debug/deps/libaho_corasick-c461b2416345444e.rlib" "/opt/rustwide/target/debug/deps/libmemchr-94009dd89ebb9d8d.rlib" "/opt/rustwide/target/debug/deps/libregex_syntax-e4dd3c3a3cb10e1d.rlib" "/opt/rustwide/target/debug/deps/libonce_cell-63be820ac0ed0954.rlib" "/opt/rustwide/target/debug/deps/libnum_bigint-742293d9e1747769.rlib" "/opt/rustwide/target/debug/deps/libnum_integer-72322c190b4ad37c.rlib" "/opt/rustwide/target/debug/deps/libstrum-c626f7d346e618d8.rlib" "/opt/rustwide/target/debug/deps/liblazy_static-591486ebcb9a7ead.rlib" "/opt/rustwide/target/debug/deps/libchrono-2b9a0b967e63df69.rlib" "/opt/rustwide/target/debug/deps/libnum_traits-aa75f3964f70d2b4.rlib" "/opt/rustwide/target/debug/deps/libiana_time_zone-528d9768cce5eb89.rlib" "/opt/rustwide/target/debug/deps/libserde-ed681572cf8d9de2.rlib" "/opt/rustwide/rustup-home/toolchains/1.75.0-x86_64-unknown-linux-gnu/lib/rustlib/x86_64-unknown-linux-gnu/lib/libstd-90f6ddbf82de36ec.rlib" "/opt/rustwide/rustup-home/toolchains/1.75.0-x86_64-unknown-linux-gnu/lib/rustlib/x86_64-unknown-linux-gnu/lib/libpanic_unwind-480c41e9d4e1f677.rlib" "/opt/rustwide/rustup-home/toolchains/1.75.0-x86_64-unknown-linux-gnu/lib/rustlib/x86_64-unknown-linux-gnu/lib/libobject-db744c0ca03eed1d.rlib" "/opt/rustwide/rustup-home/toolchains/1.75.0-x86_64-unknown-linux-gnu/lib/rustlib/x86_64-unknown-linux-gnu/lib/libmemchr-8ba652dc7d4b285a.rlib" "/opt/rustwide/rustup-home/toolchains/1.75.0-x86_64-unknown-linux-gnu/lib/rustlib/x86_64-unknown-linux-gnu/lib/libaddr2line-d5f4520a9ebc0d58.rlib" "/opt/rustwide/rustup-home/toolchains/1.75.0-x86_64-unknown-linux-gnu/lib/rustlib/x86_64-unknown-linux-gnu/lib/libgimli-4ad84de58f0cb463.rlib" "/opt/rustwide/rustup-home/toolchains/1.75.0-x86_64-unknown-linux-gnu/lib/rustlib/x86_64-unknown-linux-gnu/lib/librustc_demangle-0d10aae2e0f38735.rlib" "/opt/rustwide/rustup-home/toolchains/1.75.0-x86_64-unknown-linux-gnu/lib/rustlib/x86_64-unknown-linux-gnu/lib/libstd_detect-0c17cff739e6745b.rlib" "/opt/rustwide/rustup-home/toolchains/1.75.0-x86_64-unknown-linux-gnu/lib/rustlib/x86_64-unknown-linux-gnu/lib/libhashbrown-b29e17139dde1aa8.rlib" "/opt/rustwide/rustup-home/toolchains/1.75.0-x86_64-unknown-linux-gnu/lib/rustlib/x86_64-unknown-linux-gnu/lib/librustc_std_workspace_alloc-1f975299829cc7bd.rlib" "/opt/rustwide/rustup-home/toolchains/1.75.0-x86_64-unknown-linux-gnu/lib/rustlib/x86_64-unknown-linux-gnu/lib/libminiz_oxide-86bae3bc3079f89b.rlib" "/opt/rustwide/rustup-home/toolchains/1.75.0-x86_64-unknown-linux-gnu/lib/rustlib/x86_64-unknown-linux-gnu/lib/libadler-321b82c30dffdf5f.rlib" "/opt/rustwide/rustup-home/toolchains/1.75.0-x86_64-unknown-linux-gnu/lib/rustlib/x86_64-unknown-linux-gnu/lib/libunwind-3dd8a6810a0bdfef.rlib" "/opt/rustwide/rustup-home/toolchains/1.75.0-x86_64-unknown-linux-gnu/lib/rustlib/x86_64-unknown-linux-gnu/lib/libcfg_if-eb39a61c0c879984.rlib" "/opt/rustwide/rustup-home/toolchains/1.75.0-x86_64-unknown-linux-gnu/lib/rustlib/x86_64-unknown-linux-gnu/lib/liblibc-aa769569f91c3548.rlib" "/opt/rustwide/rustup-home/toolchains/1.75.0-x86_64-unknown-linux-gnu/lib/rustlib/x86_64-unknown-linux-gnu/lib/liballoc-510a192a50a983ed.rlib" "/opt/rustwide/rustup-home/toolchains/1.75.0-x86_64-unknown-linux-gnu/lib/rustlib/x86_64-unknown-linux-gnu/lib/librustc_std_workspace_core-0577018320f99037.rlib" "/opt/rustwide/rustup-home/toolchains/1.75.0-x86_64-unknown-linux-gnu/lib/rustlib/x86_64-unknown-linux-gnu/lib/libcore-193cf992125ccd4c.rlib" "/opt/rustwide/rustup-home/toolchains/1.75.0-x86_64-unknown-linux-gnu/lib/rustlib/x86_64-unknown-linux-gnu/lib/libcompiler_builtins-8e138eaf26ebb4a8.rlib" "-Wl,-Bdynamic" "-lgcc_s" "-lutil" "-lrt" "-lpthread" "-lm" "-ldl" "-lc" "-Wl,--eh-frame-hdr" "-Wl,-z,noexecstack" "-L" "/opt/rustwide/rustup-home/toolchains/1.75.0-x86_64-unknown-linux-gnu/lib/rustlib/x86_64-unknown-linux-gnu/lib" "-o" "/tmp/rustdoctestbWnhzv/rust_out" "-Wl,--gc-sections" "-pie" "-Wl,-z,relro,-z,now" "-nodefaultlibs"
[INFO] [stdout]   = note: collect2: fatal error: ld terminated with signal 9 [Killed]
[INFO] [stdout]           compilation terminated.
[INFO] [stdout]           
[INFO] [stdout] 
[INFO] [stdout] error: aborting due to previous error
[INFO] [stdout] 
[INFO] [stdout] Couldn't compile the test.
[INFO] [stdout] ---- src/lib.rs - (line 24) stdout ----
[INFO] [stdout] error: linking with `cc` failed: exit status: 1
[INFO] [stdout]   |
[INFO] [stdout]   = note: LC_ALL="C" PATH="/opt/rustwide/rustup-home/toolchains/1.75.0-x86_64-unknown-linux-gnu/lib/rustlib/x86_64-unknown-linux-gnu/bin:/opt/rustwide/cargo-home/bin:/usr/local/sbin:/usr/local/bin:/usr/sbin:/usr/bin:/sbin:/bin" VSLANG="1033" "cc" "-m64" "/tmp/rustcQCkDU5/symbols.o" "/tmp/rustdoctestZKO8vb/rust_out.rust_out.263fb70ac1c95110-cgu.0.rcgu.o" "/tmp/rustdoctestZKO8vb/rust_out.2uel00cfmdh5ufit.rcgu.o" "-Wl,--as-needed" "-L" "/opt/rustwide/target/debug/deps" "-L" "/opt/rustwide/target/debug/deps" "-L" "/opt/rustwide/target/debug/build/openssl-sys-301776d963a80f71/out/openssl-build/install/lib" "-L" "/opt/rustwide/rustup-home/toolchains/1.75.0-x86_64-unknown-linux-gnu/lib/rustlib/x86_64-unknown-linux-gnu/lib" "-Wl,-Bstatic" "/opt/rustwide/target/debug/deps/libicann_rdap_common-6da253801f45d97f.rlib" "/opt/rustwide/target/debug/deps/libconst_format-eebd5ba8d6970904.rlib" "/opt/rustwide/target/debug/deps/libthiserror-16e3d23f1ae0d627.rlib" "/opt/rustwide/target/debug/deps/libreqwest-5bd06cb17f39a7d9.rlib" "/opt/rustwide/target/debug/deps/libhyper_tls-a44996d65563272c.rlib" "/opt/rustwide/target/debug/deps/libserde_urlencoded-e9eed2c751e2d5a0.rlib" "/opt/rustwide/target/debug/deps/libbase64-c757f6e1d18850a5.rlib" "/opt/rustwide/target/debug/deps/libipnet-31f1670f407a9398.rlib" "/opt/rustwide/target/debug/deps/libtokio_native_tls-f235db485c5c2977.rlib" "/opt/rustwide/target/debug/deps/libmime-7e306270d8ceb372.rlib" "/opt/rustwide/target/debug/deps/libencoding_rs-000c97fafd38c2ed.rlib" "/opt/rustwide/target/debug/deps/libserde_json-7532376ac54f1cf3.rlib" "/opt/rustwide/target/debug/deps/libryu-5f304b1b6393964f.rlib" "/opt/rustwide/target/debug/deps/libnative_tls-dfe37c756bbe7f4b.rlib" "/opt/rustwide/target/debug/deps/libopenssl_probe-d850575132083d7c.rlib" "/opt/rustwide/target/debug/deps/libopenssl-1cf002550f5d30f0.rlib" "/opt/rustwide/target/debug/deps/libbitflags-912d270082a3a4ea.rlib" "/opt/rustwide/target/debug/deps/libforeign_types-c05743815e5b8a9d.rlib" "/opt/rustwide/target/debug/deps/libforeign_types_shared-d149f5491fde2862.rlib" "/opt/rustwide/target/debug/deps/libcfg_if-61dc7a6799e72b18.rlib" "/opt/rustwide/target/debug/deps/libopenssl_sys-38d0ab267a3aefdd.rlib" "/opt/rustwide/target/debug/deps/libhyper-d137068bffdc5e89.rlib" "/opt/rustwide/target/debug/deps/libwant-0be28e71d2a5cee8.rlib" "/opt/rustwide/target/debug/deps/libtry_lock-ba0ec0947155aa20.rlib" "/opt/rustwide/target/debug/deps/libhttparse-64f1ffbeda450424.rlib" "/opt/rustwide/target/debug/deps/libh2-4e461d4815b52a86.rlib" "/opt/rustwide/target/debug/deps/libindexmap-8fc97cbaa956011a.rlib" "/opt/rustwide/target/debug/deps/libequivalent-daf5c71f5fc642dd.rlib" "/opt/rustwide/target/debug/deps/libhashbrown-3d9e58c92093ae49.rlib" "/opt/rustwide/target/debug/deps/libtower_service-104d6e83d5ce383d.rlib" "/opt/rustwide/target/debug/deps/libfutures_util-7869b8af714a4003.rlib" "/opt/rustwide/target/debug/deps/libfutures_io-06ca5b85b7f1c406.rlib" "/opt/rustwide/target/debug/deps/libslab-6eb39baadbe9101c.rlib" "/opt/rustwide/target/debug/deps/libfutures_channel-a299c85500052389.rlib" "/opt/rustwide/target/debug/deps/libfutures_task-c1403167034c79e1.rlib" "/opt/rustwide/target/debug/deps/libpin_utils-741f7d9d160e4a16.rlib" "/opt/rustwide/target/debug/deps/libtokio_util-ef1ce837e8ba3f26.rlib" "/opt/rustwide/target/debug/deps/libtracing-53b1b32365aca46d.rlib" "/opt/rustwide/target/debug/deps/libtracing_core-de9779e9c86396c9.rlib" "/opt/rustwide/target/debug/deps/libfutures_sink-8957e1e23a8e4733.rlib" "/opt/rustwide/target/debug/deps/libtokio-49ef9180273c8db1.rlib" "/opt/rustwide/target/debug/deps/libsocket2-0d88c912de52bbf6.rlib" "/opt/rustwide/target/debug/deps/libmio-8968d6dd6f9690eb.rlib" "/opt/rustwide/target/debug/deps/liblibc-4f34ddd04c373408.rlib" "/opt/rustwide/target/debug/deps/libhttp_body-3c42bd17f1cfc680.rlib" "/opt/rustwide/target/debug/deps/libpin_project_lite-e0757e0deaa2f8a0.rlib" "/opt/rustwide/target/debug/deps/liblog-4f472032e8cdd371.rlib" "/opt/rustwide/target/debug/deps/libfutures_core-9cff0d103c3b3c9e.rlib" "/opt/rustwide/target/debug/deps/liburl-e2bbdc8176814ab9.rlib" "/opt/rustwide/target/debug/deps/libidna-be495c60b826cafb.rlib" "/opt/rustwide/target/debug/deps/libunicode_normalization-e04a0b39935fba30.rlib" "/opt/rustwide/target/debug/deps/libtinyvec-cf6c9f6b792a5507.rlib" "/opt/rustwide/target/debug/deps/libtinyvec_macros-b1cb7f53f58c9f87.rlib" "/opt/rustwide/target/debug/deps/libunicode_bidi-091e6a375aa15ffb.rlib" "/opt/rustwide/target/debug/deps/libform_urlencoded-ef5eb70334031c86.rlib" "/opt/rustwide/target/debug/deps/libpercent_encoding-fe0d57427b4d92e0.rlib" "/opt/rustwide/target/debug/deps/libhttp-087a4805b82b800b.rlib" "/opt/rustwide/target/debug/deps/libitoa-5f181af53b99b92c.rlib" "/opt/rustwide/target/debug/deps/libbytes-0a052f49710012b1.rlib" "/opt/rustwide/target/debug/deps/libfnv-18bf5144d055e772.rlib" "/opt/rustwide/target/debug/deps/libcidr_utils-908de88927eb7f98.rlib" "/opt/rustwide/target/debug/deps/libdebug_helper-ba50f72e301eee1e.rlib" "/opt/rustwide/target/debug/deps/libregex-3fdc9a8f6eaf81cf.rlib" "/opt/rustwide/target/debug/deps/libregex_automata-7e239e4b359aa58c.rlib" "/opt/rustwide/target/debug/deps/libaho_corasick-c461b2416345444e.rlib" "/opt/rustwide/target/debug/deps/libmemchr-94009dd89ebb9d8d.rlib" "/opt/rustwide/target/debug/deps/libregex_syntax-e4dd3c3a3cb10e1d.rlib" "/opt/rustwide/target/debug/deps/libonce_cell-63be820ac0ed0954.rlib" "/opt/rustwide/target/debug/deps/libnum_bigint-742293d9e1747769.rlib" "/opt/rustwide/target/debug/deps/libnum_integer-72322c190b4ad37c.rlib" "/opt/rustwide/target/debug/deps/libstrum-c626f7d346e618d8.rlib" "/opt/rustwide/target/debug/deps/liblazy_static-591486ebcb9a7ead.rlib" "/opt/rustwide/target/debug/deps/libchrono-2b9a0b967e63df69.rlib" "/opt/rustwide/target/debug/deps/libnum_traits-aa75f3964f70d2b4.rlib" "/opt/rustwide/target/debug/deps/libiana_time_zone-528d9768cce5eb89.rlib" "/opt/rustwide/target/debug/deps/libserde-ed681572cf8d9de2.rlib" "/opt/rustwide/rustup-home/toolchains/1.75.0-x86_64-unknown-linux-gnu/lib/rustlib/x86_64-unknown-linux-gnu/lib/libstd-90f6ddbf82de36ec.rlib" "/opt/rustwide/rustup-home/toolchains/1.75.0-x86_64-unknown-linux-gnu/lib/rustlib/x86_64-unknown-linux-gnu/lib/libpanic_unwind-480c41e9d4e1f677.rlib" "/opt/rustwide/rustup-home/toolchains/1.75.0-x86_64-unknown-linux-gnu/lib/rustlib/x86_64-unknown-linux-gnu/lib/libobject-db744c0ca03eed1d.rlib" "/opt/rustwide/rustup-home/toolchains/1.75.0-x86_64-unknown-linux-gnu/lib/rustlib/x86_64-unknown-linux-gnu/lib/libmemchr-8ba652dc7d4b285a.rlib" "/opt/rustwide/rustup-home/toolchains/1.75.0-x86_64-unknown-linux-gnu/lib/rustlib/x86_64-unknown-linux-gnu/lib/libaddr2line-d5f4520a9ebc0d58.rlib" "/opt/rustwide/rustup-home/toolchains/1.75.0-x86_64-unknown-linux-gnu/lib/rustlib/x86_64-unknown-linux-gnu/lib/libgimli-4ad84de58f0cb463.rlib" "/opt/rustwide/rustup-home/toolchains/1.75.0-x86_64-unknown-linux-gnu/lib/rustlib/x86_64-unknown-linux-gnu/lib/librustc_demangle-0d10aae2e0f38735.rlib" "/opt/rustwide/rustup-home/toolchains/1.75.0-x86_64-unknown-linux-gnu/lib/rustlib/x86_64-unknown-linux-gnu/lib/libstd_detect-0c17cff739e6745b.rlib" "/opt/rustwide/rustup-home/toolchains/1.75.0-x86_64-unknown-linux-gnu/lib/rustlib/x86_64-unknown-linux-gnu/lib/libhashbrown-b29e17139dde1aa8.rlib" "/opt/rustwide/rustup-home/toolchains/1.75.0-x86_64-unknown-linux-gnu/lib/rustlib/x86_64-unknown-linux-gnu/lib/librustc_std_workspace_alloc-1f975299829cc7bd.rlib" "/opt/rustwide/rustup-home/toolchains/1.75.0-x86_64-unknown-linux-gnu/lib/rustlib/x86_64-unknown-linux-gnu/lib/libminiz_oxide-86bae3bc3079f89b.rlib" "/opt/rustwide/rustup-home/toolchains/1.75.0-x86_64-unknown-linux-gnu/lib/rustlib/x86_64-unknown-linux-gnu/lib/libadler-321b82c30dffdf5f.rlib" "/opt/rustwide/rustup-home/toolchains/1.75.0-x86_64-unknown-linux-gnu/lib/rustlib/x86_64-unknown-linux-gnu/lib/libunwind-3dd8a6810a0bdfef.rlib" "/opt/rustwide/rustup-home/toolchains/1.75.0-x86_64-unknown-linux-gnu/lib/rustlib/x86_64-unknown-linux-gnu/lib/libcfg_if-eb39a61c0c879984.rlib" "/opt/rustwide/rustup-home/toolchains/1.75.0-x86_64-unknown-linux-gnu/lib/rustlib/x86_64-unknown-linux-gnu/lib/liblibc-aa769569f91c3548.rlib" "/opt/rustwide/rustup-home/toolchains/1.75.0-x86_64-unknown-linux-gnu/lib/rustlib/x86_64-unknown-linux-gnu/lib/liballoc-510a192a50a983ed.rlib" "/opt/rustwide/rustup-home/toolchains/1.75.0-x86_64-unknown-linux-gnu/lib/rustlib/x86_64-unknown-linux-gnu/lib/librustc_std_workspace_core-0577018320f99037.rlib" "/opt/rustwide/rustup-home/toolchains/1.75.0-x86_64-unknown-linux-gnu/lib/rustlib/x86_64-unknown-linux-gnu/lib/libcore-193cf992125ccd4c.rlib" "/opt/rustwide/rustup-home/toolchains/1.75.0-x86_64-unknown-linux-gnu/lib/rustlib/x86_64-unknown-linux-gnu/lib/libcompiler_builtins-8e138eaf26ebb4a8.rlib" "-Wl,-Bdynamic" "-lgcc_s" "-lutil" "-lrt" "-lpthread" "-lm" "-ldl" "-lc" "-Wl,--eh-frame-hdr" "-Wl,-z,noexecstack" "-L" "/opt/rustwide/rustup-home/toolchains/1.75.0-x86_64-unknown-linux-gnu/lib/rustlib/x86_64-unknown-linux-gnu/lib" "-o" "/tmp/rustdoctestZKO8vb/rust_out" "-Wl,--gc-sections" "-pie" "-Wl,-z,relro,-z,now" "-nodefaultlibs"
[INFO] [stdout]   = note: collect2: fatal error: ld terminated with signal 9 [Killed]
[INFO] [stdout]           compilation terminated.
[INFO] [stdout]           
[INFO] [stdout] 
[INFO] [stdout] error: aborting due to previous error
[INFO] [stdout] 
[INFO] [stdout] Couldn't compile the test.
[INFO] [stdout] ---- src/contact/mod.rs - contact::Contact (line 12) stdout ----
[INFO] [stdout] error: linking with `cc` failed: exit status: 1
[INFO] [stdout]   |
[INFO] [stdout]   = note: LC_ALL="C" PATH="/opt/rustwide/rustup-home/toolchains/1.75.0-x86_64-unknown-linux-gnu/lib/rustlib/x86_64-unknown-linux-gnu/bin:/opt/rustwide/cargo-home/bin:/usr/local/sbin:/usr/local/bin:/usr/sbin:/usr/bin:/sbin:/bin" VSLANG="1033" "cc" "-m64" "/tmp/rustceHsRTY/symbols.o" "/tmp/rustdoctestkTM3yE/rust_out.rust_out.263fb70ac1c95110-cgu.0.rcgu.o" "/tmp/rustdoctestkTM3yE/rust_out.2uel00cfmdh5ufit.rcgu.o" "-Wl,--as-needed" "-L" "/opt/rustwide/target/debug/deps" "-L" "/opt/rustwide/target/debug/deps" "-L" "/opt/rustwide/target/debug/build/openssl-sys-301776d963a80f71/out/openssl-build/install/lib" "-L" "/opt/rustwide/rustup-home/toolchains/1.75.0-x86_64-unknown-linux-gnu/lib/rustlib/x86_64-unknown-linux-gnu/lib" "-Wl,-Bstatic" "/opt/rustwide/target/debug/deps/libicann_rdap_common-6da253801f45d97f.rlib" "/opt/rustwide/target/debug/deps/libconst_format-eebd5ba8d6970904.rlib" "/opt/rustwide/target/debug/deps/libthiserror-16e3d23f1ae0d627.rlib" "/opt/rustwide/target/debug/deps/libreqwest-5bd06cb17f39a7d9.rlib" "/opt/rustwide/target/debug/deps/libhyper_tls-a44996d65563272c.rlib" "/opt/rustwide/target/debug/deps/libserde_urlencoded-e9eed2c751e2d5a0.rlib" "/opt/rustwide/target/debug/deps/libbase64-c757f6e1d18850a5.rlib" "/opt/rustwide/target/debug/deps/libipnet-31f1670f407a9398.rlib" "/opt/rustwide/target/debug/deps/libtokio_native_tls-f235db485c5c2977.rlib" "/opt/rustwide/target/debug/deps/libmime-7e306270d8ceb372.rlib" "/opt/rustwide/target/debug/deps/libencoding_rs-000c97fafd38c2ed.rlib" "/opt/rustwide/target/debug/deps/libserde_json-7532376ac54f1cf3.rlib" "/opt/rustwide/target/debug/deps/libryu-5f304b1b6393964f.rlib" "/opt/rustwide/target/debug/deps/libnative_tls-dfe37c756bbe7f4b.rlib" "/opt/rustwide/target/debug/deps/libopenssl_probe-d850575132083d7c.rlib" "/opt/rustwide/target/debug/deps/libopenssl-1cf002550f5d30f0.rlib" "/opt/rustwide/target/debug/deps/libbitflags-912d270082a3a4ea.rlib" "/opt/rustwide/target/debug/deps/libforeign_types-c05743815e5b8a9d.rlib" "/opt/rustwide/target/debug/deps/libforeign_types_shared-d149f5491fde2862.rlib" "/opt/rustwide/target/debug/deps/libcfg_if-61dc7a6799e72b18.rlib" "/opt/rustwide/target/debug/deps/libopenssl_sys-38d0ab267a3aefdd.rlib" "/opt/rustwide/target/debug/deps/libhyper-d137068bffdc5e89.rlib" "/opt/rustwide/target/debug/deps/libwant-0be28e71d2a5cee8.rlib" "/opt/rustwide/target/debug/deps/libtry_lock-ba0ec0947155aa20.rlib" "/opt/rustwide/target/debug/deps/libhttparse-64f1ffbeda450424.rlib" "/opt/rustwide/target/debug/deps/libh2-4e461d4815b52a86.rlib" "/opt/rustwide/target/debug/deps/libindexmap-8fc97cbaa956011a.rlib" "/opt/rustwide/target/debug/deps/libequivalent-daf5c71f5fc642dd.rlib" "/opt/rustwide/target/debug/deps/libhashbrown-3d9e58c92093ae49.rlib" "/opt/rustwide/target/debug/deps/libtower_service-104d6e83d5ce383d.rlib" "/opt/rustwide/target/debug/deps/libfutures_util-7869b8af714a4003.rlib" "/opt/rustwide/target/debug/deps/libfutures_io-06ca5b85b7f1c406.rlib" "/opt/rustwide/target/debug/deps/libslab-6eb39baadbe9101c.rlib" "/opt/rustwide/target/debug/deps/libfutures_channel-a299c85500052389.rlib" "/opt/rustwide/target/debug/deps/libfutures_task-c1403167034c79e1.rlib" "/opt/rustwide/target/debug/deps/libpin_utils-741f7d9d160e4a16.rlib" "/opt/rustwide/target/debug/deps/libtokio_util-ef1ce837e8ba3f26.rlib" "/opt/rustwide/target/debug/deps/libtracing-53b1b32365aca46d.rlib" "/opt/rustwide/target/debug/deps/libtracing_core-de9779e9c86396c9.rlib" "/opt/rustwide/target/debug/deps/libfutures_sink-8957e1e23a8e4733.rlib" "/opt/rustwide/target/debug/deps/libtokio-49ef9180273c8db1.rlib" "/opt/rustwide/target/debug/deps/libsocket2-0d88c912de52bbf6.rlib" "/opt/rustwide/target/debug/deps/libmio-8968d6dd6f9690eb.rlib" "/opt/rustwide/target/debug/deps/liblibc-4f34ddd04c373408.rlib" "/opt/rustwide/target/debug/deps/libhttp_body-3c42bd17f1cfc680.rlib" "/opt/rustwide/target/debug/deps/libpin_project_lite-e0757e0deaa2f8a0.rlib" "/opt/rustwide/target/debug/deps/liblog-4f472032e8cdd371.rlib" "/opt/rustwide/target/debug/deps/libfutures_core-9cff0d103c3b3c9e.rlib" "/opt/rustwide/target/debug/deps/liburl-e2bbdc8176814ab9.rlib" "/opt/rustwide/target/debug/deps/libidna-be495c60b826cafb.rlib" "/opt/rustwide/target/debug/deps/libunicode_normalization-e04a0b39935fba30.rlib" "/opt/rustwide/target/debug/deps/libtinyvec-cf6c9f6b792a5507.rlib" "/opt/rustwide/target/debug/deps/libtinyvec_macros-b1cb7f53f58c9f87.rlib" "/opt/rustwide/target/debug/deps/libunicode_bidi-091e6a375aa15ffb.rlib" "/opt/rustwide/target/debug/deps/libform_urlencoded-ef5eb70334031c86.rlib" "/opt/rustwide/target/debug/deps/libpercent_encoding-fe0d57427b4d92e0.rlib" "/opt/rustwide/target/debug/deps/libhttp-087a4805b82b800b.rlib" "/opt/rustwide/target/debug/deps/libitoa-5f181af53b99b92c.rlib" "/opt/rustwide/target/debug/deps/libbytes-0a052f49710012b1.rlib" "/opt/rustwide/target/debug/deps/libfnv-18bf5144d055e772.rlib" "/opt/rustwide/target/debug/deps/libcidr_utils-908de88927eb7f98.rlib" "/opt/rustwide/target/debug/deps/libdebug_helper-ba50f72e301eee1e.rlib" "/opt/rustwide/target/debug/deps/libregex-3fdc9a8f6eaf81cf.rlib" "/opt/rustwide/target/debug/deps/libregex_automata-7e239e4b359aa58c.rlib" "/opt/rustwide/target/debug/deps/libaho_corasick-c461b2416345444e.rlib" "/opt/rustwide/target/debug/deps/libmemchr-94009dd89ebb9d8d.rlib" "/opt/rustwide/target/debug/deps/libregex_syntax-e4dd3c3a3cb10e1d.rlib" "/opt/rustwide/target/debug/deps/libonce_cell-63be820ac0ed0954.rlib" "/opt/rustwide/target/debug/deps/libnum_bigint-742293d9e1747769.rlib" "/opt/rustwide/target/debug/deps/libnum_integer-72322c190b4ad37c.rlib" "/opt/rustwide/target/debug/deps/libstrum-c626f7d346e618d8.rlib" "/opt/rustwide/target/debug/deps/liblazy_static-591486ebcb9a7ead.rlib" "/opt/rustwide/target/debug/deps/libchrono-2b9a0b967e63df69.rlib" "/opt/rustwide/target/debug/deps/libnum_traits-aa75f3964f70d2b4.rlib" "/opt/rustwide/target/debug/deps/libiana_time_zone-528d9768cce5eb89.rlib" "/opt/rustwide/target/debug/deps/libserde-ed681572cf8d9de2.rlib" "/opt/rustwide/rustup-home/toolchains/1.75.0-x86_64-unknown-linux-gnu/lib/rustlib/x86_64-unknown-linux-gnu/lib/libstd-90f6ddbf82de36ec.rlib" "/opt/rustwide/rustup-home/toolchains/1.75.0-x86_64-unknown-linux-gnu/lib/rustlib/x86_64-unknown-linux-gnu/lib/libpanic_unwind-480c41e9d4e1f677.rlib" "/opt/rustwide/rustup-home/toolchains/1.75.0-x86_64-unknown-linux-gnu/lib/rustlib/x86_64-unknown-linux-gnu/lib/libobject-db744c0ca03eed1d.rlib" "/opt/rustwide/rustup-home/toolchains/1.75.0-x86_64-unknown-linux-gnu/lib/rustlib/x86_64-unknown-linux-gnu/lib/libmemchr-8ba652dc7d4b285a.rlib" "/opt/rustwide/rustup-home/toolchains/1.75.0-x86_64-unknown-linux-gnu/lib/rustlib/x86_64-unknown-linux-gnu/lib/libaddr2line-d5f4520a9ebc0d58.rlib" "/opt/rustwide/rustup-home/toolchains/1.75.0-x86_64-unknown-linux-gnu/lib/rustlib/x86_64-unknown-linux-gnu/lib/libgimli-4ad84de58f0cb463.rlib" "/opt/rustwide/rustup-home/toolchains/1.75.0-x86_64-unknown-linux-gnu/lib/rustlib/x86_64-unknown-linux-gnu/lib/librustc_demangle-0d10aae2e0f38735.rlib" "/opt/rustwide/rustup-home/toolchains/1.75.0-x86_64-unknown-linux-gnu/lib/rustlib/x86_64-unknown-linux-gnu/lib/libstd_detect-0c17cff739e6745b.rlib" "/opt/rustwide/rustup-home/toolchains/1.75.0-x86_64-unknown-linux-gnu/lib/rustlib/x86_64-unknown-linux-gnu/lib/libhashbrown-b29e17139dde1aa8.rlib" "/opt/rustwide/rustup-home/toolchains/1.75.0-x86_64-unknown-linux-gnu/lib/rustlib/x86_64-unknown-linux-gnu/lib/librustc_std_workspace_alloc-1f975299829cc7bd.rlib" "/opt/rustwide/rustup-home/toolchains/1.75.0-x86_64-unknown-linux-gnu/lib/rustlib/x86_64-unknown-linux-gnu/lib/libminiz_oxide-86bae3bc3079f89b.rlib" "/opt/rustwide/rustup-home/toolchains/1.75.0-x86_64-unknown-linux-gnu/lib/rustlib/x86_64-unknown-linux-gnu/lib/libadler-321b82c30dffdf5f.rlib" "/opt/rustwide/rustup-home/toolchains/1.75.0-x86_64-unknown-linux-gnu/lib/rustlib/x86_64-unknown-linux-gnu/lib/libunwind-3dd8a6810a0bdfef.rlib" "/opt/rustwide/rustup-home/toolchains/1.75.0-x86_64-unknown-linux-gnu/lib/rustlib/x86_64-unknown-linux-gnu/lib/libcfg_if-eb39a61c0c879984.rlib" "/opt/rustwide/rustup-home/toolchains/1.75.0-x86_64-unknown-linux-gnu/lib/rustlib/x86_64-unknown-linux-gnu/lib/liblibc-aa769569f91c3548.rlib" "/opt/rustwide/rustup-home/toolchains/1.75.0-x86_64-unknown-linux-gnu/lib/rustlib/x86_64-unknown-linux-gnu/lib/liballoc-510a192a50a983ed.rlib" "/opt/rustwide/rustup-home/toolchains/1.75.0-x86_64-unknown-linux-gnu/lib/rustlib/x86_64-unknown-linux-gnu/lib/librustc_std_workspace_core-0577018320f99037.rlib" "/opt/rustwide/rustup-home/toolchains/1.75.0-x86_64-unknown-linux-gnu/lib/rustlib/x86_64-unknown-linux-gnu/lib/libcore-193cf992125ccd4c.rlib" "/opt/rustwide/rustup-home/toolchains/1.75.0-x86_64-unknown-linux-gnu/lib/rustlib/x86_64-unknown-linux-gnu/lib/libcompiler_builtins-8e138eaf26ebb4a8.rlib" "-Wl,-Bdynamic" "-lgcc_s" "-lutil" "-lrt" "-lpthread" "-lm" "-ldl" "-lc" "-Wl,--eh-frame-hdr" "-Wl,-z,noexecstack" "-L" "/opt/rustwide/rustup-home/toolchains/1.75.0-x86_64-unknown-linux-gnu/lib/rustlib/x86_64-unknown-linux-gnu/lib" "-o" "/tmp/rustdoctestkTM3yE/rust_out" "-Wl,--gc-sections" "-pie" "-Wl,-z,relro,-z,now" "-nodefaultlibs"
[INFO] [stdout]   = note: collect2: fatal error: ld terminated with signal 9 [Killed]
[INFO] [stdout]           compilation terminated.
[INFO] [stdout]           
[INFO] [stdout] 
[INFO] [stdout] error: aborting due to previous error
[INFO] [stdout] 
[INFO] [stdout] Couldn't compile the test.
[INFO] [stdout] ---- src/response/autnum.rs - response::autnum::Autnum::basic (line 41) stdout ----
[INFO] [stdout] error: linking with `cc` failed: exit status: 1
[INFO] [stdout]   |
[INFO] [stdout]   = note: LC_ALL="C" PATH="/opt/rustwide/rustup-home/toolchains/1.75.0-x86_64-unknown-linux-gnu/lib/rustlib/x86_64-unknown-linux-gnu/bin:/opt/rustwide/cargo-home/bin:/usr/local/sbin:/usr/local/bin:/usr/sbin:/usr/bin:/sbin:/bin" VSLANG="1033" "cc" "-m64" "/tmp/rustcivoemU/symbols.o" "/tmp/rustdoctestxbxx4f/rust_out.rust_out.263fb70ac1c95110-cgu.0.rcgu.o" "/tmp/rustdoctestxbxx4f/rust_out.2uel00cfmdh5ufit.rcgu.o" "-Wl,--as-needed" "-L" "/opt/rustwide/target/debug/deps" "-L" "/opt/rustwide/target/debug/deps" "-L" "/opt/rustwide/target/debug/build/openssl-sys-301776d963a80f71/out/openssl-build/install/lib" "-L" "/opt/rustwide/rustup-home/toolchains/1.75.0-x86_64-unknown-linux-gnu/lib/rustlib/x86_64-unknown-linux-gnu/lib" "-Wl,-Bstatic" "/opt/rustwide/target/debug/deps/libicann_rdap_common-6da253801f45d97f.rlib" "/opt/rustwide/target/debug/deps/libconst_format-eebd5ba8d6970904.rlib" "/opt/rustwide/target/debug/deps/libthiserror-16e3d23f1ae0d627.rlib" "/opt/rustwide/target/debug/deps/libreqwest-5bd06cb17f39a7d9.rlib" "/opt/rustwide/target/debug/deps/libhyper_tls-a44996d65563272c.rlib" "/opt/rustwide/target/debug/deps/libserde_urlencoded-e9eed2c751e2d5a0.rlib" "/opt/rustwide/target/debug/deps/libbase64-c757f6e1d18850a5.rlib" "/opt/rustwide/target/debug/deps/libipnet-31f1670f407a9398.rlib" "/opt/rustwide/target/debug/deps/libtokio_native_tls-f235db485c5c2977.rlib" "/opt/rustwide/target/debug/deps/libmime-7e306270d8ceb372.rlib" "/opt/rustwide/target/debug/deps/libencoding_rs-000c97fafd38c2ed.rlib" "/opt/rustwide/target/debug/deps/libserde_json-7532376ac54f1cf3.rlib" "/opt/rustwide/target/debug/deps/libryu-5f304b1b6393964f.rlib" "/opt/rustwide/target/debug/deps/libnative_tls-dfe37c756bbe7f4b.rlib" "/opt/rustwide/target/debug/deps/libopenssl_probe-d850575132083d7c.rlib" "/opt/rustwide/target/debug/deps/libopenssl-1cf002550f5d30f0.rlib" "/opt/rustwide/target/debug/deps/libbitflags-912d270082a3a4ea.rlib" "/opt/rustwide/target/debug/deps/libforeign_types-c05743815e5b8a9d.rlib" "/opt/rustwide/target/debug/deps/libforeign_types_shared-d149f5491fde2862.rlib" "/opt/rustwide/target/debug/deps/libcfg_if-61dc7a6799e72b18.rlib" "/opt/rustwide/target/debug/deps/libopenssl_sys-38d0ab267a3aefdd.rlib" "/opt/rustwide/target/debug/deps/libhyper-d137068bffdc5e89.rlib" "/opt/rustwide/target/debug/deps/libwant-0be28e71d2a5cee8.rlib" "/opt/rustwide/target/debug/deps/libtry_lock-ba0ec0947155aa20.rlib" "/opt/rustwide/target/debug/deps/libhttparse-64f1ffbeda450424.rlib" "/opt/rustwide/target/debug/deps/libh2-4e461d4815b52a86.rlib" "/opt/rustwide/target/debug/deps/libindexmap-8fc97cbaa956011a.rlib" "/opt/rustwide/target/debug/deps/libequivalent-daf5c71f5fc642dd.rlib" "/opt/rustwide/target/debug/deps/libhashbrown-3d9e58c92093ae49.rlib" "/opt/rustwide/target/debug/deps/libtower_service-104d6e83d5ce383d.rlib" "/opt/rustwide/target/debug/deps/libfutures_util-7869b8af714a4003.rlib" "/opt/rustwide/target/debug/deps/libfutures_io-06ca5b85b7f1c406.rlib" "/opt/rustwide/target/debug/deps/libslab-6eb39baadbe9101c.rlib" "/opt/rustwide/target/debug/deps/libfutures_channel-a299c85500052389.rlib" "/opt/rustwide/target/debug/deps/libfutures_task-c1403167034c79e1.rlib" "/opt/rustwide/target/debug/deps/libpin_utils-741f7d9d160e4a16.rlib" "/opt/rustwide/target/debug/deps/libtokio_util-ef1ce837e8ba3f26.rlib" "/opt/rustwide/target/debug/deps/libtracing-53b1b32365aca46d.rlib" "/opt/rustwide/target/debug/deps/libtracing_core-de9779e9c86396c9.rlib" "/opt/rustwide/target/debug/deps/libfutures_sink-8957e1e23a8e4733.rlib" "/opt/rustwide/target/debug/deps/libtokio-49ef9180273c8db1.rlib" "/opt/rustwide/target/debug/deps/libsocket2-0d88c912de52bbf6.rlib" "/opt/rustwide/target/debug/deps/libmio-8968d6dd6f9690eb.rlib" "/opt/rustwide/target/debug/deps/liblibc-4f34ddd04c373408.rlib" "/opt/rustwide/target/debug/deps/libhttp_body-3c42bd17f1cfc680.rlib" "/opt/rustwide/target/debug/deps/libpin_project_lite-e0757e0deaa2f8a0.rlib" "/opt/rustwide/target/debug/deps/liblog-4f472032e8cdd371.rlib" "/opt/rustwide/target/debug/deps/libfutures_core-9cff0d103c3b3c9e.rlib" "/opt/rustwide/target/debug/deps/liburl-e2bbdc8176814ab9.rlib" "/opt/rustwide/target/debug/deps/libidna-be495c60b826cafb.rlib" "/opt/rustwide/target/debug/deps/libunicode_normalization-e04a0b39935fba30.rlib" "/opt/rustwide/target/debug/deps/libtinyvec-cf6c9f6b792a5507.rlib" "/opt/rustwide/target/debug/deps/libtinyvec_macros-b1cb7f53f58c9f87.rlib" "/opt/rustwide/target/debug/deps/libunicode_bidi-091e6a375aa15ffb.rlib" "/opt/rustwide/target/debug/deps/libform_urlencoded-ef5eb70334031c86.rlib" "/opt/rustwide/target/debug/deps/libpercent_encoding-fe0d57427b4d92e0.rlib" "/opt/rustwide/target/debug/deps/libhttp-087a4805b82b800b.rlib" "/opt/rustwide/target/debug/deps/libitoa-5f181af53b99b92c.rlib" "/opt/rustwide/target/debug/deps/libbytes-0a052f49710012b1.rlib" "/opt/rustwide/target/debug/deps/libfnv-18bf5144d055e772.rlib" "/opt/rustwide/target/debug/deps/libcidr_utils-908de88927eb7f98.rlib" "/opt/rustwide/target/debug/deps/libdebug_helper-ba50f72e301eee1e.rlib" "/opt/rustwide/target/debug/deps/libregex-3fdc9a8f6eaf81cf.rlib" "/opt/rustwide/target/debug/deps/libregex_automata-7e239e4b359aa58c.rlib" "/opt/rustwide/target/debug/deps/libaho_corasick-c461b2416345444e.rlib" "/opt/rustwide/target/debug/deps/libmemchr-94009dd89ebb9d8d.rlib" "/opt/rustwide/target/debug/deps/libregex_syntax-e4dd3c3a3cb10e1d.rlib" "/opt/rustwide/target/debug/deps/libonce_cell-63be820ac0ed0954.rlib" "/opt/rustwide/target/debug/deps/libnum_bigint-742293d9e1747769.rlib" "/opt/rustwide/target/debug/deps/libnum_integer-72322c190b4ad37c.rlib" "/opt/rustwide/target/debug/deps/libstrum-c626f7d346e618d8.rlib" "/opt/rustwide/target/debug/deps/liblazy_static-591486ebcb9a7ead.rlib" "/opt/rustwide/target/debug/deps/libchrono-2b9a0b967e63df69.rlib" "/opt/rustwide/target/debug/deps/libnum_traits-aa75f3964f70d2b4.rlib" "/opt/rustwide/target/debug/deps/libiana_time_zone-528d9768cce5eb89.rlib" "/opt/rustwide/target/debug/deps/libserde-ed681572cf8d9de2.rlib" "/opt/rustwide/rustup-home/toolchains/1.75.0-x86_64-unknown-linux-gnu/lib/rustlib/x86_64-unknown-linux-gnu/lib/libstd-90f6ddbf82de36ec.rlib" "/opt/rustwide/rustup-home/toolchains/1.75.0-x86_64-unknown-linux-gnu/lib/rustlib/x86_64-unknown-linux-gnu/lib/libpanic_unwind-480c41e9d4e1f677.rlib" "/opt/rustwide/rustup-home/toolchains/1.75.0-x86_64-unknown-linux-gnu/lib/rustlib/x86_64-unknown-linux-gnu/lib/libobject-db744c0ca03eed1d.rlib" "/opt/rustwide/rustup-home/toolchains/1.75.0-x86_64-unknown-linux-gnu/lib/rustlib/x86_64-unknown-linux-gnu/lib/libmemchr-8ba652dc7d4b285a.rlib" "/opt/rustwide/rustup-home/toolchains/1.75.0-x86_64-unknown-linux-gnu/lib/rustlib/x86_64-unknown-linux-gnu/lib/libaddr2line-d5f4520a9ebc0d58.rlib" "/opt/rustwide/rustup-home/toolchains/1.75.0-x86_64-unknown-linux-gnu/lib/rustlib/x86_64-unknown-linux-gnu/lib/libgimli-4ad84de58f0cb463.rlib" "/opt/rustwide/rustup-home/toolchains/1.75.0-x86_64-unknown-linux-gnu/lib/rustlib/x86_64-unknown-linux-gnu/lib/librustc_demangle-0d10aae2e0f38735.rlib" "/opt/rustwide/rustup-home/toolchains/1.75.0-x86_64-unknown-linux-gnu/lib/rustlib/x86_64-unknown-linux-gnu/lib/libstd_detect-0c17cff739e6745b.rlib" "/opt/rustwide/rustup-home/toolchains/1.75.0-x86_64-unknown-linux-gnu/lib/rustlib/x86_64-unknown-linux-gnu/lib/libhashbrown-b29e17139dde1aa8.rlib" "/opt/rustwide/rustup-home/toolchains/1.75.0-x86_64-unknown-linux-gnu/lib/rustlib/x86_64-unknown-linux-gnu/lib/librustc_std_workspace_alloc-1f975299829cc7bd.rlib" "/opt/rustwide/rustup-home/toolchains/1.75.0-x86_64-unknown-linux-gnu/lib/rustlib/x86_64-unknown-linux-gnu/lib/libminiz_oxide-86bae3bc3079f89b.rlib" "/opt/rustwide/rustup-home/toolchains/1.75.0-x86_64-unknown-linux-gnu/lib/rustlib/x86_64-unknown-linux-gnu/lib/libadler-321b82c30dffdf5f.rlib" "/opt/rustwide/rustup-home/toolchains/1.75.0-x86_64-unknown-linux-gnu/lib/rustlib/x86_64-unknown-linux-gnu/lib/libunwind-3dd8a6810a0bdfef.rlib" "/opt/rustwide/rustup-home/toolchains/1.75.0-x86_64-unknown-linux-gnu/lib/rustlib/x86_64-unknown-linux-gnu/lib/libcfg_if-eb39a61c0c879984.rlib" "/opt/rustwide/rustup-home/toolchains/1.75.0-x86_64-unknown-linux-gnu/lib/rustlib/x86_64-unknown-linux-gnu/lib/liblibc-aa769569f91c3548.rlib" "/opt/rustwide/rustup-home/toolchains/1.75.0-x86_64-unknown-linux-gnu/lib/rustlib/x86_64-unknown-linux-gnu/lib/liballoc-510a192a50a983ed.rlib" "/opt/rustwide/rustup-home/toolchains/1.75.0-x86_64-unknown-linux-gnu/lib/rustlib/x86_64-unknown-linux-gnu/lib/librustc_std_workspace_core-0577018320f99037.rlib" "/opt/rustwide/rustup-home/toolchains/1.75.0-x86_64-unknown-linux-gnu/lib/rustlib/x86_64-unknown-linux-gnu/lib/libcore-193cf992125ccd4c.rlib" "/opt/rustwide/rustup-home/toolchains/1.75.0-x86_64-unknown-linux-gnu/lib/rustlib/x86_64-unknown-linux-gnu/lib/libcompiler_builtins-8e138eaf26ebb4a8.rlib" "-Wl,-Bdynamic" "-lgcc_s" "-lutil" "-lrt" "-lpthread" "-lm" "-ldl" "-lc" "-Wl,--eh-frame-hdr" "-Wl,-z,noexecstack" "-L" "/opt/rustwide/rustup-home/toolchains/1.75.0-x86_64-unknown-linux-gnu/lib/rustlib/x86_64-unknown-linux-gnu/lib" "-o" "/tmp/rustdoctestxbxx4f/rust_out" "-Wl,--gc-sections" "-pie" "-Wl,-z,relro,-z,now" "-nodefaultlibs"
[INFO] [stdout]   = note: collect2: fatal error: ld terminated with signal 9 [Killed]
[INFO] [stdout]           compilation terminated.
[INFO] [stdout]           
[INFO] [stdout] 
[INFO] [stdout] error: aborting due to previous error
[INFO] [stdout] 
[INFO] [stdout] Couldn't compile the test.
[INFO] [stdout] ---- src/response/mod.rs - response::RdapResponse (line 48) stdout ----
[INFO] [stdout] error: linking with `cc` failed: exit status: 1
[INFO] [stdout]   |
[INFO] [stdout]   = note: LC_ALL="C" PATH="/opt/rustwide/rustup-home/toolchains/1.75.0-x86_64-unknown-linux-gnu/lib/rustlib/x86_64-unknown-linux-gnu/bin:/opt/rustwide/cargo-home/bin:/usr/local/sbin:/usr/local/bin:/usr/sbin:/usr/bin:/sbin:/bin" VSLANG="1033" "cc" "-m64" "/tmp/rustc659Bys/symbols.o" "/tmp/rustdoctestjOWXmo/rust_out.rust_out.263fb70ac1c95110-cgu.0.rcgu.o" "/tmp/rustdoctestjOWXmo/rust_out.2uel00cfmdh5ufit.rcgu.o" "-Wl,--as-needed" "-L" "/opt/rustwide/target/debug/deps" "-L" "/opt/rustwide/target/debug/deps" "-L" "/opt/rustwide/target/debug/build/openssl-sys-301776d963a80f71/out/openssl-build/install/lib" "-L" "/opt/rustwide/rustup-home/toolchains/1.75.0-x86_64-unknown-linux-gnu/lib/rustlib/x86_64-unknown-linux-gnu/lib" "-Wl,-Bstatic" "/opt/rustwide/target/debug/deps/libicann_rdap_common-6da253801f45d97f.rlib" "/opt/rustwide/target/debug/deps/libconst_format-eebd5ba8d6970904.rlib" "/opt/rustwide/target/debug/deps/libthiserror-16e3d23f1ae0d627.rlib" "/opt/rustwide/target/debug/deps/libreqwest-5bd06cb17f39a7d9.rlib" "/opt/rustwide/target/debug/deps/libhyper_tls-a44996d65563272c.rlib" "/opt/rustwide/target/debug/deps/libserde_urlencoded-e9eed2c751e2d5a0.rlib" "/opt/rustwide/target/debug/deps/libbase64-c757f6e1d18850a5.rlib" "/opt/rustwide/target/debug/deps/libipnet-31f1670f407a9398.rlib" "/opt/rustwide/target/debug/deps/libtokio_native_tls-f235db485c5c2977.rlib" "/opt/rustwide/target/debug/deps/libmime-7e306270d8ceb372.rlib" "/opt/rustwide/target/debug/deps/libencoding_rs-000c97fafd38c2ed.rlib" "/opt/rustwide/target/debug/deps/libserde_json-7532376ac54f1cf3.rlib" "/opt/rustwide/target/debug/deps/libryu-5f304b1b6393964f.rlib" "/opt/rustwide/target/debug/deps/libnative_tls-dfe37c756bbe7f4b.rlib" "/opt/rustwide/target/debug/deps/libopenssl_probe-d850575132083d7c.rlib" "/opt/rustwide/target/debug/deps/libopenssl-1cf002550f5d30f0.rlib" "/opt/rustwide/target/debug/deps/libbitflags-912d270082a3a4ea.rlib" "/opt/rustwide/target/debug/deps/libforeign_types-c05743815e5b8a9d.rlib" "/opt/rustwide/target/debug/deps/libforeign_types_shared-d149f5491fde2862.rlib" "/opt/rustwide/target/debug/deps/libcfg_if-61dc7a6799e72b18.rlib" "/opt/rustwide/target/debug/deps/libopenssl_sys-38d0ab267a3aefdd.rlib" "/opt/rustwide/target/debug/deps/libhyper-d137068bffdc5e89.rlib" "/opt/rustwide/target/debug/deps/libwant-0be28e71d2a5cee8.rlib" "/opt/rustwide/target/debug/deps/libtry_lock-ba0ec0947155aa20.rlib" "/opt/rustwide/target/debug/deps/libhttparse-64f1ffbeda450424.rlib" "/opt/rustwide/target/debug/deps/libh2-4e461d4815b52a86.rlib" "/opt/rustwide/target/debug/deps/libindexmap-8fc97cbaa956011a.rlib" "/opt/rustwide/target/debug/deps/libequivalent-daf5c71f5fc642dd.rlib" "/opt/rustwide/target/debug/deps/libhashbrown-3d9e58c92093ae49.rlib" "/opt/rustwide/target/debug/deps/libtower_service-104d6e83d5ce383d.rlib" "/opt/rustwide/target/debug/deps/libfutures_util-7869b8af714a4003.rlib" "/opt/rustwide/target/debug/deps/libfutures_io-06ca5b85b7f1c406.rlib" "/opt/rustwide/target/debug/deps/libslab-6eb39baadbe9101c.rlib" "/opt/rustwide/target/debug/deps/libfutures_channel-a299c85500052389.rlib" "/opt/rustwide/target/debug/deps/libfutures_task-c1403167034c79e1.rlib" "/opt/rustwide/target/debug/deps/libpin_utils-741f7d9d160e4a16.rlib" "/opt/rustwide/target/debug/deps/libtokio_util-ef1ce837e8ba3f26.rlib" "/opt/rustwide/target/debug/deps/libtracing-53b1b32365aca46d.rlib" "/opt/rustwide/target/debug/deps/libtracing_core-de9779e9c86396c9.rlib" "/opt/rustwide/target/debug/deps/libfutures_sink-8957e1e23a8e4733.rlib" "/opt/rustwide/target/debug/deps/libtokio-49ef9180273c8db1.rlib" "/opt/rustwide/target/debug/deps/libsocket2-0d88c912de52bbf6.rlib" "/opt/rustwide/target/debug/deps/libmio-8968d6dd6f9690eb.rlib" "/opt/rustwide/target/debug/deps/liblibc-4f34ddd04c373408.rlib" "/opt/rustwide/target/debug/deps/libhttp_body-3c42bd17f1cfc680.rlib" "/opt/rustwide/target/debug/deps/libpin_project_lite-e0757e0deaa2f8a0.rlib" "/opt/rustwide/target/debug/deps/liblog-4f472032e8cdd371.rlib" "/opt/rustwide/target/debug/deps/libfutures_core-9cff0d103c3b3c9e.rlib" "/opt/rustwide/target/debug/deps/liburl-e2bbdc8176814ab9.rlib" "/opt/rustwide/target/debug/deps/libidna-be495c60b826cafb.rlib" "/opt/rustwide/target/debug/deps/libunicode_normalization-e04a0b39935fba30.rlib" "/opt/rustwide/target/debug/deps/libtinyvec-cf6c9f6b792a5507.rlib" "/opt/rustwide/target/debug/deps/libtinyvec_macros-b1cb7f53f58c9f87.rlib" "/opt/rustwide/target/debug/deps/libunicode_bidi-091e6a375aa15ffb.rlib" "/opt/rustwide/target/debug/deps/libform_urlencoded-ef5eb70334031c86.rlib" "/opt/rustwide/target/debug/deps/libpercent_encoding-fe0d57427b4d92e0.rlib" "/opt/rustwide/target/debug/deps/libhttp-087a4805b82b800b.rlib" "/opt/rustwide/target/debug/deps/libitoa-5f181af53b99b92c.rlib" "/opt/rustwide/target/debug/deps/libbytes-0a052f49710012b1.rlib" "/opt/rustwide/target/debug/deps/libfnv-18bf5144d055e772.rlib" "/opt/rustwide/target/debug/deps/libcidr_utils-908de88927eb7f98.rlib" "/opt/rustwide/target/debug/deps/libdebug_helper-ba50f72e301eee1e.rlib" "/opt/rustwide/target/debug/deps/libregex-3fdc9a8f6eaf81cf.rlib" "/opt/rustwide/target/debug/deps/libregex_automata-7e239e4b359aa58c.rlib" "/opt/rustwide/target/debug/deps/libaho_corasick-c461b2416345444e.rlib" "/opt/rustwide/target/debug/deps/libmemchr-94009dd89ebb9d8d.rlib" "/opt/rustwide/target/debug/deps/libregex_syntax-e4dd3c3a3cb10e1d.rlib" "/opt/rustwide/target/debug/deps/libonce_cell-63be820ac0ed0954.rlib" "/opt/rustwide/target/debug/deps/libnum_bigint-742293d9e1747769.rlib" "/opt/rustwide/target/debug/deps/libnum_integer-72322c190b4ad37c.rlib" "/opt/rustwide/target/debug/deps/libstrum-c626f7d346e618d8.rlib" "/opt/rustwide/target/debug/deps/liblazy_static-591486ebcb9a7ead.rlib" "/opt/rustwide/target/debug/deps/libchrono-2b9a0b967e63df69.rlib" "/opt/rustwide/target/debug/deps/libnum_traits-aa75f3964f70d2b4.rlib" "/opt/rustwide/target/debug/deps/libiana_time_zone-528d9768cce5eb89.rlib" "/opt/rustwide/target/debug/deps/libserde-ed681572cf8d9de2.rlib" "/opt/rustwide/rustup-home/toolchains/1.75.0-x86_64-unknown-linux-gnu/lib/rustlib/x86_64-unknown-linux-gnu/lib/libstd-90f6ddbf82de36ec.rlib" "/opt/rustwide/rustup-home/toolchains/1.75.0-x86_64-unknown-linux-gnu/lib/rustlib/x86_64-unknown-linux-gnu/lib/libpanic_unwind-480c41e9d4e1f677.rlib" "/opt/rustwide/rustup-home/toolchains/1.75.0-x86_64-unknown-linux-gnu/lib/rustlib/x86_64-unknown-linux-gnu/lib/libobject-db744c0ca03eed1d.rlib" "/opt/rustwide/rustup-home/toolchains/1.75.0-x86_64-unknown-linux-gnu/lib/rustlib/x86_64-unknown-linux-gnu/lib/libmemchr-8ba652dc7d4b285a.rlib" "/opt/rustwide/rustup-home/toolchains/1.75.0-x86_64-unknown-linux-gnu/lib/rustlib/x86_64-unknown-linux-gnu/lib/libaddr2line-d5f4520a9ebc0d58.rlib" "/opt/rustwide/rustup-home/toolchains/1.75.0-x86_64-unknown-linux-gnu/lib/rustlib/x86_64-unknown-linux-gnu/lib/libgimli-4ad84de58f0cb463.rlib" "/opt/rustwide/rustup-home/toolchains/1.75.0-x86_64-unknown-linux-gnu/lib/rustlib/x86_64-unknown-linux-gnu/lib/librustc_demangle-0d10aae2e0f38735.rlib" "/opt/rustwide/rustup-home/toolchains/1.75.0-x86_64-unknown-linux-gnu/lib/rustlib/x86_64-unknown-linux-gnu/lib/libstd_detect-0c17cff739e6745b.rlib" "/opt/rustwide/rustup-home/toolchains/1.75.0-x86_64-unknown-linux-gnu/lib/rustlib/x86_64-unknown-linux-gnu/lib/libhashbrown-b29e17139dde1aa8.rlib" "/opt/rustwide/rustup-home/toolchains/1.75.0-x86_64-unknown-linux-gnu/lib/rustlib/x86_64-unknown-linux-gnu/lib/librustc_std_workspace_alloc-1f975299829cc7bd.rlib" "/opt/rustwide/rustup-home/toolchains/1.75.0-x86_64-unknown-linux-gnu/lib/rustlib/x86_64-unknown-linux-gnu/lib/libminiz_oxide-86bae3bc3079f89b.rlib" "/opt/rustwide/rustup-home/toolchains/1.75.0-x86_64-unknown-linux-gnu/lib/rustlib/x86_64-unknown-linux-gnu/lib/libadler-321b82c30dffdf5f.rlib" "/opt/rustwide/rustup-home/toolchains/1.75.0-x86_64-unknown-linux-gnu/lib/rustlib/x86_64-unknown-linux-gnu/lib/libunwind-3dd8a6810a0bdfef.rlib" "/opt/rustwide/rustup-home/toolchains/1.75.0-x86_64-unknown-linux-gnu/lib/rustlib/x86_64-unknown-linux-gnu/lib/libcfg_if-eb39a61c0c879984.rlib" "/opt/rustwide/rustup-home/toolchains/1.75.0-x86_64-unknown-linux-gnu/lib/rustlib/x86_64-unknown-linux-gnu/lib/liblibc-aa769569f91c3548.rlib" "/opt/rustwide/rustup-home/toolchains/1.75.0-x86_64-unknown-linux-gnu/lib/rustlib/x86_64-unknown-linux-gnu/lib/liballoc-510a192a50a983ed.rlib" "/opt/rustwide/rustup-home/toolchains/1.75.0-x86_64-unknown-linux-gnu/lib/rustlib/x86_64-unknown-linux-gnu/lib/librustc_std_workspace_core-0577018320f99037.rlib" "/opt/rustwide/rustup-home/toolchains/1.75.0-x86_64-unknown-linux-gnu/lib/rustlib/x86_64-unknown-linux-gnu/lib/libcore-193cf992125ccd4c.rlib" "/opt/rustwide/rustup-home/toolchains/1.75.0-x86_64-unknown-linux-gnu/lib/rustlib/x86_64-unknown-linux-gnu/lib/libcompiler_builtins-8e138eaf26ebb4a8.rlib" "-Wl,-Bdynamic" "-lgcc_s" "-lutil" "-lrt" "-lpthread" "-lm" "-ldl" "-lc" "-Wl,--eh-frame-hdr" "-Wl,-z,noexecstack" "-L" "/opt/rustwide/rustup-home/toolchains/1.75.0-x86_64-unknown-linux-gnu/lib/rustlib/x86_64-unknown-linux-gnu/lib" "-o" "/tmp/rustdoctestjOWXmo/rust_out" "-Wl,--gc-sections" "-pie" "-Wl,-z,relro,-z,now" "-nodefaultlibs"
[INFO] [stdout]   = note: collect2: fatal error: ld terminated with signal 9 [Killed]
[INFO] [stdout]           compilation terminated.
[INFO] [stdout]           
[INFO] [stdout] 
[INFO] [stdout] error: aborting due to previous error
[INFO] [stdout] 
[INFO] [stdout] Couldn't compile the test.
[INFO] [stdout] ---- src/response/entity.rs - response::entity::Entity::new_handle (line 48) stdout ----
[INFO] [stdout] error: linking with `cc` failed: exit status: 1
[INFO] [stdout]   |
[INFO] [stdout]   = note: LC_ALL="C" PATH="/opt/rustwide/rustup-home/toolchains/1.75.0-x86_64-unknown-linux-gnu/lib/rustlib/x86_64-unknown-linux-gnu/bin:/opt/rustwide/cargo-home/bin:/usr/local/sbin:/usr/local/bin:/usr/sbin:/usr/bin:/sbin:/bin" VSLANG="1033" "cc" "-m64" "/tmp/rustcnsX6YL/symbols.o" "/tmp/rustdoctest9q9tJc/rust_out.rust_out.263fb70ac1c95110-cgu.0.rcgu.o" "/tmp/rustdoctest9q9tJc/rust_out.2uel00cfmdh5ufit.rcgu.o" "-Wl,--as-needed" "-L" "/opt/rustwide/target/debug/deps" "-L" "/opt/rustwide/target/debug/deps" "-L" "/opt/rustwide/target/debug/build/openssl-sys-301776d963a80f71/out/openssl-build/install/lib" "-L" "/opt/rustwide/rustup-home/toolchains/1.75.0-x86_64-unknown-linux-gnu/lib/rustlib/x86_64-unknown-linux-gnu/lib" "-Wl,-Bstatic" "/opt/rustwide/target/debug/deps/libicann_rdap_common-6da253801f45d97f.rlib" "/opt/rustwide/target/debug/deps/libconst_format-eebd5ba8d6970904.rlib" "/opt/rustwide/target/debug/deps/libthiserror-16e3d23f1ae0d627.rlib" "/opt/rustwide/target/debug/deps/libreqwest-5bd06cb17f39a7d9.rlib" "/opt/rustwide/target/debug/deps/libhyper_tls-a44996d65563272c.rlib" "/opt/rustwide/target/debug/deps/libserde_urlencoded-e9eed2c751e2d5a0.rlib" "/opt/rustwide/target/debug/deps/libbase64-c757f6e1d18850a5.rlib" "/opt/rustwide/target/debug/deps/libipnet-31f1670f407a9398.rlib" "/opt/rustwide/target/debug/deps/libtokio_native_tls-f235db485c5c2977.rlib" "/opt/rustwide/target/debug/deps/libmime-7e306270d8ceb372.rlib" "/opt/rustwide/target/debug/deps/libencoding_rs-000c97fafd38c2ed.rlib" "/opt/rustwide/target/debug/deps/libserde_json-7532376ac54f1cf3.rlib" "/opt/rustwide/target/debug/deps/libryu-5f304b1b6393964f.rlib" "/opt/rustwide/target/debug/deps/libnative_tls-dfe37c756bbe7f4b.rlib" "/opt/rustwide/target/debug/deps/libopenssl_probe-d850575132083d7c.rlib" "/opt/rustwide/target/debug/deps/libopenssl-1cf002550f5d30f0.rlib" "/opt/rustwide/target/debug/deps/libbitflags-912d270082a3a4ea.rlib" "/opt/rustwide/target/debug/deps/libforeign_types-c05743815e5b8a9d.rlib" "/opt/rustwide/target/debug/deps/libforeign_types_shared-d149f5491fde2862.rlib" "/opt/rustwide/target/debug/deps/libcfg_if-61dc7a6799e72b18.rlib" "/opt/rustwide/target/debug/deps/libopenssl_sys-38d0ab267a3aefdd.rlib" "/opt/rustwide/target/debug/deps/libhyper-d137068bffdc5e89.rlib" "/opt/rustwide/target/debug/deps/libwant-0be28e71d2a5cee8.rlib" "/opt/rustwide/target/debug/deps/libtry_lock-ba0ec0947155aa20.rlib" "/opt/rustwide/target/debug/deps/libhttparse-64f1ffbeda450424.rlib" "/opt/rustwide/target/debug/deps/libh2-4e461d4815b52a86.rlib" "/opt/rustwide/target/debug/deps/libindexmap-8fc97cbaa956011a.rlib" "/opt/rustwide/target/debug/deps/libequivalent-daf5c71f5fc642dd.rlib" "/opt/rustwide/target/debug/deps/libhashbrown-3d9e58c92093ae49.rlib" "/opt/rustwide/target/debug/deps/libtower_service-104d6e83d5ce383d.rlib" "/opt/rustwide/target/debug/deps/libfutures_util-7869b8af714a4003.rlib" "/opt/rustwide/target/debug/deps/libfutures_io-06ca5b85b7f1c406.rlib" "/opt/rustwide/target/debug/deps/libslab-6eb39baadbe9101c.rlib" "/opt/rustwide/target/debug/deps/libfutures_channel-a299c85500052389.rlib" "/opt/rustwide/target/debug/deps/libfutures_task-c1403167034c79e1.rlib" "/opt/rustwide/target/debug/deps/libpin_utils-741f7d9d160e4a16.rlib" "/opt/rustwide/target/debug/deps/libtokio_util-ef1ce837e8ba3f26.rlib" "/opt/rustwide/target/debug/deps/libtracing-53b1b32365aca46d.rlib" "/opt/rustwide/target/debug/deps/libtracing_core-de9779e9c86396c9.rlib" "/opt/rustwide/target/debug/deps/libfutures_sink-8957e1e23a8e4733.rlib" "/opt/rustwide/target/debug/deps/libtokio-49ef9180273c8db1.rlib" "/opt/rustwide/target/debug/deps/libsocket2-0d88c912de52bbf6.rlib" "/opt/rustwide/target/debug/deps/libmio-8968d6dd6f9690eb.rlib" "/opt/rustwide/target/debug/deps/liblibc-4f34ddd04c373408.rlib" "/opt/rustwide/target/debug/deps/libhttp_body-3c42bd17f1cfc680.rlib" "/opt/rustwide/target/debug/deps/libpin_project_lite-e0757e0deaa2f8a0.rlib" "/opt/rustwide/target/debug/deps/liblog-4f472032e8cdd371.rlib" "/opt/rustwide/target/debug/deps/libfutures_core-9cff0d103c3b3c9e.rlib" "/opt/rustwide/target/debug/deps/liburl-e2bbdc8176814ab9.rlib" "/opt/rustwide/target/debug/deps/libidna-be495c60b826cafb.rlib" "/opt/rustwide/target/debug/deps/libunicode_normalization-e04a0b39935fba30.rlib" "/opt/rustwide/target/debug/deps/libtinyvec-cf6c9f6b792a5507.rlib" "/opt/rustwide/target/debug/deps/libtinyvec_macros-b1cb7f53f58c9f87.rlib" "/opt/rustwide/target/debug/deps/libunicode_bidi-091e6a375aa15ffb.rlib" "/opt/rustwide/target/debug/deps/libform_urlencoded-ef5eb70334031c86.rlib" "/opt/rustwide/target/debug/deps/libpercent_encoding-fe0d57427b4d92e0.rlib" "/opt/rustwide/target/debug/deps/libhttp-087a4805b82b800b.rlib" "/opt/rustwide/target/debug/deps/libitoa-5f181af53b99b92c.rlib" "/opt/rustwide/target/debug/deps/libbytes-0a052f49710012b1.rlib" "/opt/rustwide/target/debug/deps/libfnv-18bf5144d055e772.rlib" "/opt/rustwide/target/debug/deps/libcidr_utils-908de88927eb7f98.rlib" "/opt/rustwide/target/debug/deps/libdebug_helper-ba50f72e301eee1e.rlib" "/opt/rustwide/target/debug/deps/libregex-3fdc9a8f6eaf81cf.rlib" "/opt/rustwide/target/debug/deps/libregex_automata-7e239e4b359aa58c.rlib" "/opt/rustwide/target/debug/deps/libaho_corasick-c461b2416345444e.rlib" "/opt/rustwide/target/debug/deps/libmemchr-94009dd89ebb9d8d.rlib" "/opt/rustwide/target/debug/deps/libregex_syntax-e4dd3c3a3cb10e1d.rlib" "/opt/rustwide/target/debug/deps/libonce_cell-63be820ac0ed0954.rlib" "/opt/rustwide/target/debug/deps/libnum_bigint-742293d9e1747769.rlib" "/opt/rustwide/target/debug/deps/libnum_integer-72322c190b4ad37c.rlib" "/opt/rustwide/target/debug/deps/libstrum-c626f7d346e618d8.rlib" "/opt/rustwide/target/debug/deps/liblazy_static-591486ebcb9a7ead.rlib" "/opt/rustwide/target/debug/deps/libchrono-2b9a0b967e63df69.rlib" "/opt/rustwide/target/debug/deps/libnum_traits-aa75f3964f70d2b4.rlib" "/opt/rustwide/target/debug/deps/libiana_time_zone-528d9768cce5eb89.rlib" "/opt/rustwide/target/debug/deps/libserde-ed681572cf8d9de2.rlib" "/opt/rustwide/rustup-home/toolchains/1.75.0-x86_64-unknown-linux-gnu/lib/rustlib/x86_64-unknown-linux-gnu/lib/libstd-90f6ddbf82de36ec.rlib" "/opt/rustwide/rustup-home/toolchains/1.75.0-x86_64-unknown-linux-gnu/lib/rustlib/x86_64-unknown-linux-gnu/lib/libpanic_unwind-480c41e9d4e1f677.rlib" "/opt/rustwide/rustup-home/toolchains/1.75.0-x86_64-unknown-linux-gnu/lib/rustlib/x86_64-unknown-linux-gnu/lib/libobject-db744c0ca03eed1d.rlib" "/opt/rustwide/rustup-home/toolchains/1.75.0-x86_64-unknown-linux-gnu/lib/rustlib/x86_64-unknown-linux-gnu/lib/libmemchr-8ba652dc7d4b285a.rlib" "/opt/rustwide/rustup-home/toolchains/1.75.0-x86_64-unknown-linux-gnu/lib/rustlib/x86_64-unknown-linux-gnu/lib/libaddr2line-d5f4520a9ebc0d58.rlib" "/opt/rustwide/rustup-home/toolchains/1.75.0-x86_64-unknown-linux-gnu/lib/rustlib/x86_64-unknown-linux-gnu/lib/libgimli-4ad84de58f0cb463.rlib" "/opt/rustwide/rustup-home/toolchains/1.75.0-x86_64-unknown-linux-gnu/lib/rustlib/x86_64-unknown-linux-gnu/lib/librustc_demangle-0d10aae2e0f38735.rlib" "/opt/rustwide/rustup-home/toolchains/1.75.0-x86_64-unknown-linux-gnu/lib/rustlib/x86_64-unknown-linux-gnu/lib/libstd_detect-0c17cff739e6745b.rlib" "/opt/rustwide/rustup-home/toolchains/1.75.0-x86_64-unknown-linux-gnu/lib/rustlib/x86_64-unknown-linux-gnu/lib/libhashbrown-b29e17139dde1aa8.rlib" "/opt/rustwide/rustup-home/toolchains/1.75.0-x86_64-unknown-linux-gnu/lib/rustlib/x86_64-unknown-linux-gnu/lib/librustc_std_workspace_alloc-1f975299829cc7bd.rlib" "/opt/rustwide/rustup-home/toolchains/1.75.0-x86_64-unknown-linux-gnu/lib/rustlib/x86_64-unknown-linux-gnu/lib/libminiz_oxide-86bae3bc3079f89b.rlib" "/opt/rustwide/rustup-home/toolchains/1.75.0-x86_64-unknown-linux-gnu/lib/rustlib/x86_64-unknown-linux-gnu/lib/libadler-321b82c30dffdf5f.rlib" "/opt/rustwide/rustup-home/toolchains/1.75.0-x86_64-unknown-linux-gnu/lib/rustlib/x86_64-unknown-linux-gnu/lib/libunwind-3dd8a6810a0bdfef.rlib" "/opt/rustwide/rustup-home/toolchains/1.75.0-x86_64-unknown-linux-gnu/lib/rustlib/x86_64-unknown-linux-gnu/lib/libcfg_if-eb39a61c0c879984.rlib" "/opt/rustwide/rustup-home/toolchains/1.75.0-x86_64-unknown-linux-gnu/lib/rustlib/x86_64-unknown-linux-gnu/lib/liblibc-aa769569f91c3548.rlib" "/opt/rustwide/rustup-home/toolchains/1.75.0-x86_64-unknown-linux-gnu/lib/rustlib/x86_64-unknown-linux-gnu/lib/liballoc-510a192a50a983ed.rlib" "/opt/rustwide/rustup-home/toolchains/1.75.0-x86_64-unknown-linux-gnu/lib/rustlib/x86_64-unknown-linux-gnu/lib/librustc_std_workspace_core-0577018320f99037.rlib" "/opt/rustwide/rustup-home/toolchains/1.75.0-x86_64-unknown-linux-gnu/lib/rustlib/x86_64-unknown-linux-gnu/lib/libcore-193cf992125ccd4c.rlib" "/opt/rustwide/rustup-home/toolchains/1.75.0-x86_64-unknown-linux-gnu/lib/rustlib/x86_64-unknown-linux-gnu/lib/libcompiler_builtins-8e138eaf26ebb4a8.rlib" "-Wl,-Bdynamic" "-lgcc_s" "-lutil" "-lrt" "-lpthread" "-lm" "-ldl" "-lc" "-Wl,--eh-frame-hdr" "-Wl,-z,noexecstack" "-L" "/opt/rustwide/rustup-home/toolchains/1.75.0-x86_64-unknown-linux-gnu/lib/rustlib/x86_64-unknown-linux-gnu/lib" "-o" "/tmp/rustdoctest9q9tJc/rust_out" "-Wl,--gc-sections" "-pie" "-Wl,-z,relro,-z,now" "-nodefaultlibs"
[INFO] [stdout]   = note: collect2: fatal error: ld terminated with signal 9 [Killed]
[INFO] [stdout]           compilation terminated.
[INFO] [stdout]           
[INFO] [stdout] 
[INFO] [stdout] error: aborting due to previous error
[INFO] [stdout] 
[INFO] [stdout] Couldn't compile the test.
[INFO] [stdout] ---- src/response/network.rs - response::network::Network::new_network (line 93) stdout ----
[INFO] [stdout] error: linking with `cc` failed: exit status: 1
[INFO] [stdout]   |
[INFO] [stdout]   = note: LC_ALL="C" PATH="/opt/rustwide/rustup-home/toolchains/1.75.0-x86_64-unknown-linux-gnu/lib/rustlib/x86_64-unknown-linux-gnu/bin:/opt/rustwide/cargo-home/bin:/usr/local/sbin:/usr/local/bin:/usr/sbin:/usr/bin:/sbin:/bin" VSLANG="1033" "cc" "-m64" "/tmp/rustcejeYqq/symbols.o" "/tmp/rustdoctestpSUeqg/rust_out.rust_out.263fb70ac1c95110-cgu.0.rcgu.o" "/tmp/rustdoctestpSUeqg/rust_out.2uel00cfmdh5ufit.rcgu.o" "-Wl,--as-needed" "-L" "/opt/rustwide/target/debug/deps" "-L" "/opt/rustwide/target/debug/deps" "-L" "/opt/rustwide/target/debug/build/openssl-sys-301776d963a80f71/out/openssl-build/install/lib" "-L" "/opt/rustwide/rustup-home/toolchains/1.75.0-x86_64-unknown-linux-gnu/lib/rustlib/x86_64-unknown-linux-gnu/lib" "-Wl,-Bstatic" "/opt/rustwide/target/debug/deps/libicann_rdap_common-6da253801f45d97f.rlib" "/opt/rustwide/target/debug/deps/libconst_format-eebd5ba8d6970904.rlib" "/opt/rustwide/target/debug/deps/libthiserror-16e3d23f1ae0d627.rlib" "/opt/rustwide/target/debug/deps/libreqwest-5bd06cb17f39a7d9.rlib" "/opt/rustwide/target/debug/deps/libhyper_tls-a44996d65563272c.rlib" "/opt/rustwide/target/debug/deps/libserde_urlencoded-e9eed2c751e2d5a0.rlib" "/opt/rustwide/target/debug/deps/libbase64-c757f6e1d18850a5.rlib" "/opt/rustwide/target/debug/deps/libipnet-31f1670f407a9398.rlib" "/opt/rustwide/target/debug/deps/libtokio_native_tls-f235db485c5c2977.rlib" "/opt/rustwide/target/debug/deps/libmime-7e306270d8ceb372.rlib" "/opt/rustwide/target/debug/deps/libencoding_rs-000c97fafd38c2ed.rlib" "/opt/rustwide/target/debug/deps/libserde_json-7532376ac54f1cf3.rlib" "/opt/rustwide/target/debug/deps/libryu-5f304b1b6393964f.rlib" "/opt/rustwide/target/debug/deps/libnative_tls-dfe37c756bbe7f4b.rlib" "/opt/rustwide/target/debug/deps/libopenssl_probe-d850575132083d7c.rlib" "/opt/rustwide/target/debug/deps/libopenssl-1cf002550f5d30f0.rlib" "/opt/rustwide/target/debug/deps/libbitflags-912d270082a3a4ea.rlib" "/opt/rustwide/target/debug/deps/libforeign_types-c05743815e5b8a9d.rlib" "/opt/rustwide/target/debug/deps/libforeign_types_shared-d149f5491fde2862.rlib" "/opt/rustwide/target/debug/deps/libcfg_if-61dc7a6799e72b18.rlib" "/opt/rustwide/target/debug/deps/libopenssl_sys-38d0ab267a3aefdd.rlib" "/opt/rustwide/target/debug/deps/libhyper-d137068bffdc5e89.rlib" "/opt/rustwide/target/debug/deps/libwant-0be28e71d2a5cee8.rlib" "/opt/rustwide/target/debug/deps/libtry_lock-ba0ec0947155aa20.rlib" "/opt/rustwide/target/debug/deps/libhttparse-64f1ffbeda450424.rlib" "/opt/rustwide/target/debug/deps/libh2-4e461d4815b52a86.rlib" "/opt/rustwide/target/debug/deps/libindexmap-8fc97cbaa956011a.rlib" "/opt/rustwide/target/debug/deps/libequivalent-daf5c71f5fc642dd.rlib" "/opt/rustwide/target/debug/deps/libhashbrown-3d9e58c92093ae49.rlib" "/opt/rustwide/target/debug/deps/libtower_service-104d6e83d5ce383d.rlib" "/opt/rustwide/target/debug/deps/libfutures_util-7869b8af714a4003.rlib" "/opt/rustwide/target/debug/deps/libfutures_io-06ca5b85b7f1c406.rlib" "/opt/rustwide/target/debug/deps/libslab-6eb39baadbe9101c.rlib" "/opt/rustwide/target/debug/deps/libfutures_channel-a299c85500052389.rlib" "/opt/rustwide/target/debug/deps/libfutures_task-c1403167034c79e1.rlib" "/opt/rustwide/target/debug/deps/libpin_utils-741f7d9d160e4a16.rlib" "/opt/rustwide/target/debug/deps/libtokio_util-ef1ce837e8ba3f26.rlib" "/opt/rustwide/target/debug/deps/libtracing-53b1b32365aca46d.rlib" "/opt/rustwide/target/debug/deps/libtracing_core-de9779e9c86396c9.rlib" "/opt/rustwide/target/debug/deps/libfutures_sink-8957e1e23a8e4733.rlib" "/opt/rustwide/target/debug/deps/libtokio-49ef9180273c8db1.rlib" "/opt/rustwide/target/debug/deps/libsocket2-0d88c912de52bbf6.rlib" "/opt/rustwide/target/debug/deps/libmio-8968d6dd6f9690eb.rlib" "/opt/rustwide/target/debug/deps/liblibc-4f34ddd04c373408.rlib" "/opt/rustwide/target/debug/deps/libhttp_body-3c42bd17f1cfc680.rlib" "/opt/rustwide/target/debug/deps/libpin_project_lite-e0757e0deaa2f8a0.rlib" "/opt/rustwide/target/debug/deps/liblog-4f472032e8cdd371.rlib" "/opt/rustwide/target/debug/deps/libfutures_core-9cff0d103c3b3c9e.rlib" "/opt/rustwide/target/debug/deps/liburl-e2bbdc8176814ab9.rlib" "/opt/rustwide/target/debug/deps/libidna-be495c60b826cafb.rlib" "/opt/rustwide/target/debug/deps/libunicode_normalization-e04a0b39935fba30.rlib" "/opt/rustwide/target/debug/deps/libtinyvec-cf6c9f6b792a5507.rlib" "/opt/rustwide/target/debug/deps/libtinyvec_macros-b1cb7f53f58c9f87.rlib" "/opt/rustwide/target/debug/deps/libunicode_bidi-091e6a375aa15ffb.rlib" "/opt/rustwide/target/debug/deps/libform_urlencoded-ef5eb70334031c86.rlib" "/opt/rustwide/target/debug/deps/libpercent_encoding-fe0d57427b4d92e0.rlib" "/opt/rustwide/target/debug/deps/libhttp-087a4805b82b800b.rlib" "/opt/rustwide/target/debug/deps/libitoa-5f181af53b99b92c.rlib" "/opt/rustwide/target/debug/deps/libbytes-0a052f49710012b1.rlib" "/opt/rustwide/target/debug/deps/libfnv-18bf5144d055e772.rlib" "/opt/rustwide/target/debug/deps/libcidr_utils-908de88927eb7f98.rlib" "/opt/rustwide/target/debug/deps/libdebug_helper-ba50f72e301eee1e.rlib" "/opt/rustwide/target/debug/deps/libregex-3fdc9a8f6eaf81cf.rlib" "/opt/rustwide/target/debug/deps/libregex_automata-7e239e4b359aa58c.rlib" "/opt/rustwide/target/debug/deps/libaho_corasick-c461b2416345444e.rlib" "/opt/rustwide/target/debug/deps/libmemchr-94009dd89ebb9d8d.rlib" "/opt/rustwide/target/debug/deps/libregex_syntax-e4dd3c3a3cb10e1d.rlib" "/opt/rustwide/target/debug/deps/libonce_cell-63be820ac0ed0954.rlib" "/opt/rustwide/target/debug/deps/libnum_bigint-742293d9e1747769.rlib" "/opt/rustwide/target/debug/deps/libnum_integer-72322c190b4ad37c.rlib" "/opt/rustwide/target/debug/deps/libstrum-c626f7d346e618d8.rlib" "/opt/rustwide/target/debug/deps/liblazy_static-591486ebcb9a7ead.rlib" "/opt/rustwide/target/debug/deps/libchrono-2b9a0b967e63df69.rlib" "/opt/rustwide/target/debug/deps/libnum_traits-aa75f3964f70d2b4.rlib" "/opt/rustwide/target/debug/deps/libiana_time_zone-528d9768cce5eb89.rlib" "/opt/rustwide/target/debug/deps/libserde-ed681572cf8d9de2.rlib" "/opt/rustwide/rustup-home/toolchains/1.75.0-x86_64-unknown-linux-gnu/lib/rustlib/x86_64-unknown-linux-gnu/lib/libstd-90f6ddbf82de36ec.rlib" "/opt/rustwide/rustup-home/toolchains/1.75.0-x86_64-unknown-linux-gnu/lib/rustlib/x86_64-unknown-linux-gnu/lib/libpanic_unwind-480c41e9d4e1f677.rlib" "/opt/rustwide/rustup-home/toolchains/1.75.0-x86_64-unknown-linux-gnu/lib/rustlib/x86_64-unknown-linux-gnu/lib/libobject-db744c0ca03eed1d.rlib" "/opt/rustwide/rustup-home/toolchains/1.75.0-x86_64-unknown-linux-gnu/lib/rustlib/x86_64-unknown-linux-gnu/lib/libmemchr-8ba652dc7d4b285a.rlib" "/opt/rustwide/rustup-home/toolchains/1.75.0-x86_64-unknown-linux-gnu/lib/rustlib/x86_64-unknown-linux-gnu/lib/libaddr2line-d5f4520a9ebc0d58.rlib" "/opt/rustwide/rustup-home/toolchains/1.75.0-x86_64-unknown-linux-gnu/lib/rustlib/x86_64-unknown-linux-gnu/lib/libgimli-4ad84de58f0cb463.rlib" "/opt/rustwide/rustup-home/toolchains/1.75.0-x86_64-unknown-linux-gnu/lib/rustlib/x86_64-unknown-linux-gnu/lib/librustc_demangle-0d10aae2e0f38735.rlib" "/opt/rustwide/rustup-home/toolchains/1.75.0-x86_64-unknown-linux-gnu/lib/rustlib/x86_64-unknown-linux-gnu/lib/libstd_detect-0c17cff739e6745b.rlib" "/opt/rustwide/rustup-home/toolchains/1.75.0-x86_64-unknown-linux-gnu/lib/rustlib/x86_64-unknown-linux-gnu/lib/libhashbrown-b29e17139dde1aa8.rlib" "/opt/rustwide/rustup-home/toolchains/1.75.0-x86_64-unknown-linux-gnu/lib/rustlib/x86_64-unknown-linux-gnu/lib/librustc_std_workspace_alloc-1f975299829cc7bd.rlib" "/opt/rustwide/rustup-home/toolchains/1.75.0-x86_64-unknown-linux-gnu/lib/rustlib/x86_64-unknown-linux-gnu/lib/libminiz_oxide-86bae3bc3079f89b.rlib" "/opt/rustwide/rustup-home/toolchains/1.75.0-x86_64-unknown-linux-gnu/lib/rustlib/x86_64-unknown-linux-gnu/lib/libadler-321b82c30dffdf5f.rlib" "/opt/rustwide/rustup-home/toolchains/1.75.0-x86_64-unknown-linux-gnu/lib/rustlib/x86_64-unknown-linux-gnu/lib/libunwind-3dd8a6810a0bdfef.rlib" "/opt/rustwide/rustup-home/toolchains/1.75.0-x86_64-unknown-linux-gnu/lib/rustlib/x86_64-unknown-linux-gnu/lib/libcfg_if-eb39a61c0c879984.rlib" "/opt/rustwide/rustup-home/toolchains/1.75.0-x86_64-unknown-linux-gnu/lib/rustlib/x86_64-unknown-linux-gnu/lib/liblibc-aa769569f91c3548.rlib" "/opt/rustwide/rustup-home/toolchains/1.75.0-x86_64-unknown-linux-gnu/lib/rustlib/x86_64-unknown-linux-gnu/lib/liballoc-510a192a50a983ed.rlib" "/opt/rustwide/rustup-home/toolchains/1.75.0-x86_64-unknown-linux-gnu/lib/rustlib/x86_64-unknown-linux-gnu/lib/librustc_std_workspace_core-0577018320f99037.rlib" "/opt/rustwide/rustup-home/toolchains/1.75.0-x86_64-unknown-linux-gnu/lib/rustlib/x86_64-unknown-linux-gnu/lib/libcore-193cf992125ccd4c.rlib" "/opt/rustwide/rustup-home/toolchains/1.75.0-x86_64-unknown-linux-gnu/lib/rustlib/x86_64-unknown-linux-gnu/lib/libcompiler_builtins-8e138eaf26ebb4a8.rlib" "-Wl,-Bdynamic" "-lgcc_s" "-lutil" "-lrt" "-lpthread" "-lm" "-ldl" "-lc" "-Wl,--eh-frame-hdr" "-Wl,-z,noexecstack" "-L" "/opt/rustwide/rustup-home/toolchains/1.75.0-x86_64-unknown-linux-gnu/lib/rustlib/x86_64-unknown-linux-gnu/lib" "-o" "/tmp/rustdoctestpSUeqg/rust_out" "-Wl,--gc-sections" "-pie" "-Wl,-z,relro,-z,now" "-nodefaultlibs"
[INFO] [stdout]   = note: collect2: fatal error: ld terminated with signal 9 [Killed]
[INFO] [stdout]           compilation terminated.
[INFO] [stdout]           
[INFO] [stdout] 
[INFO] [stdout] error: aborting due to previous error
[INFO] [stdout] 
[INFO] [stdout] Couldn't compile the test.
[INFO] [stdout] 
[INFO] [stdout] failures:
[INFO] [stdout]     src/contact/mod.rs - contact::Contact (line 12)
[INFO] [stdout]     src/lib.rs - (line 24)
[INFO] [stdout]     src/lib.rs - (line 48)
[INFO] [stdout]     src/response/autnum.rs - response::autnum::Autnum::basic (line 41)
[INFO] [stdout]     src/response/autnum.rs - response::autnum::Autnum::new_autnum (line 41)
[INFO] [stdout]     src/response/domain.rs - response::domain::Domain::basic (line 145)
[INFO] [stdout]     src/response/domain.rs - response::domain::Domain::new_ldh (line 145)
[INFO] [stdout]     src/response/entity.rs - response::entity::Entity::basic (line 48)
[INFO] [stdout]     src/response/entity.rs - response::entity::Entity::new_handle (line 48)
[INFO] [stdout]     src/response/mod.rs - response::RdapResponse (line 48)
[INFO] [stdout]     src/response/network.rs - response::network::Network::new_network (line 93)
[INFO] [stdout] 
[INFO] [stdout] test result: FAILED. 3 passed; 11 failed; 0 ignored; 0 measured; 0 filtered out; finished in 17.17s
[INFO] [stdout] 
[INFO] [stderr] error: doctest failed, to rerun pass `--doc`
[INFO] running `Command { std: "docker" "inspect" "6ca1cc507af642eaf4b25a6824719a207f3348bc425c4a125b42057a06c1b10a", kill_on_drop: false }`
[INFO] running `Command { std: "docker" "rm" "-f" "6ca1cc507af642eaf4b25a6824719a207f3348bc425c4a125b42057a06c1b10a", kill_on_drop: false }`
[INFO] [stdout] 6ca1cc507af642eaf4b25a6824719a207f3348bc425c4a125b42057a06c1b10a
