[INFO] fetching crate icacher 0.1.4...
[INFO] testing icacher-0.1.4 against 1.75.0 for beta-1.76-1
[INFO] extracting crate icacher 0.1.4 into /workspace/builds/worker-4-tc1/source
[INFO] validating manifest of crates.io crate icacher 0.1.4 on toolchain 1.75.0
[INFO] running `Command { std: CARGO_HOME="/workspace/cargo-home" RUSTUP_HOME="/workspace/rustup-home" "/workspace/cargo-home/bin/cargo" "+1.75.0" "metadata" "--manifest-path" "Cargo.toml" "--no-deps", kill_on_drop: false }`
[INFO] started tweaking crates.io crate icacher 0.1.4
[INFO] finished tweaking crates.io crate icacher 0.1.4
[INFO] tweaked toml for crates.io crate icacher 0.1.4 written to /workspace/builds/worker-4-tc1/source/Cargo.toml
[INFO] running `Command { std: CARGO_HOME="/workspace/cargo-home" RUSTUP_HOME="/workspace/rustup-home" "/workspace/cargo-home/bin/cargo" "+1.75.0" "generate-lockfile" "--manifest-path" "Cargo.toml", kill_on_drop: false }`
[INFO] running `Command { std: CARGO_HOME="/workspace/cargo-home" RUSTUP_HOME="/workspace/rustup-home" "/workspace/cargo-home/bin/cargo" "+1.75.0" "fetch" "--manifest-path" "Cargo.toml", kill_on_drop: false }`
[INFO] running `Command { std: "docker" "create" "-v" "/var/lib/crater-agent-workspace/builds/worker-4-tc1/target:/opt/rustwide/target:rw,Z" "-v" "/var/lib/crater-agent-workspace/builds/worker-4-tc1/source:/opt/rustwide/workdir:ro,Z" "-v" "/var/lib/crater-agent-workspace/cargo-home:/opt/rustwide/cargo-home:ro,Z" "-v" "/var/lib/crater-agent-workspace/rustup-home:/opt/rustwide/rustup-home:ro,Z" "-e" "SOURCE_DIR=/opt/rustwide/workdir" "-e" "CARGO_TARGET_DIR=/opt/rustwide/target" "-e" "CARGO_HOME=/opt/rustwide/cargo-home" "-e" "RUSTUP_HOME=/opt/rustwide/rustup-home" "-w" "/opt/rustwide/workdir" "-m" "1610612736" "--user" "0:0" "--network" "none" "ghcr.io/rust-lang/crates-build-env/linux@sha256:2788e3201cd34a07e3172128adcd8b3090168a8e3bcc40d7c032b9dda1df7d1c" "/opt/rustwide/cargo-home/bin/cargo" "+1.75.0" "metadata" "--no-deps" "--format-version=1", kill_on_drop: false }`
[INFO] [stdout] f95165e7583e84a6b6e3ba97d6af5d5cec8b2822fdcd9cfeaef8d684f34bc08d
[INFO] running `Command { std: "docker" "start" "-a" "f95165e7583e84a6b6e3ba97d6af5d5cec8b2822fdcd9cfeaef8d684f34bc08d", kill_on_drop: false }`
[INFO] running `Command { std: "docker" "inspect" "f95165e7583e84a6b6e3ba97d6af5d5cec8b2822fdcd9cfeaef8d684f34bc08d", kill_on_drop: false }`
[INFO] running `Command { std: "docker" "rm" "-f" "f95165e7583e84a6b6e3ba97d6af5d5cec8b2822fdcd9cfeaef8d684f34bc08d", kill_on_drop: false }`
[INFO] [stdout] f95165e7583e84a6b6e3ba97d6af5d5cec8b2822fdcd9cfeaef8d684f34bc08d
[INFO] running `Command { std: "docker" "create" "-v" "/var/lib/crater-agent-workspace/builds/worker-4-tc1/target:/opt/rustwide/target:rw,Z" "-v" "/var/lib/crater-agent-workspace/builds/worker-4-tc1/source:/opt/rustwide/workdir:ro,Z" "-v" "/var/lib/crater-agent-workspace/cargo-home:/opt/rustwide/cargo-home:ro,Z" "-v" "/var/lib/crater-agent-workspace/rustup-home:/opt/rustwide/rustup-home:ro,Z" "-e" "SOURCE_DIR=/opt/rustwide/workdir" "-e" "CARGO_TARGET_DIR=/opt/rustwide/target" "-e" "CARGO_INCREMENTAL=0" "-e" "RUST_BACKTRACE=full" "-e" "RUSTFLAGS=--cap-lints=warn" "-e" "RUSTDOCFLAGS=--cap-lints=warn" "-e" "CARGO_HOME=/opt/rustwide/cargo-home" "-e" "RUSTUP_HOME=/opt/rustwide/rustup-home" "-w" "/opt/rustwide/workdir" "-m" "1610612736" "--user" "0:0" "--network" "none" "ghcr.io/rust-lang/crates-build-env/linux@sha256:2788e3201cd34a07e3172128adcd8b3090168a8e3bcc40d7c032b9dda1df7d1c" "/opt/rustwide/cargo-home/bin/cargo" "+1.75.0" "build" "--frozen" "--message-format=json", kill_on_drop: false }`
[INFO] [stdout] 50d3fc135d665a7cf2db9f3a4a83801e3b7ccb1f5c4956a6c7359db35dd08538
[INFO] running `Command { std: "docker" "start" "-a" "50d3fc135d665a7cf2db9f3a4a83801e3b7ccb1f5c4956a6c7359db35dd08538", kill_on_drop: false }`
[INFO] [stderr]    Compiling icacher v0.1.4 (/opt/rustwide/workdir)
[INFO] [stderr]     Finished dev [unoptimized + debuginfo] target(s) in 0.10s
[INFO] running `Command { std: "docker" "inspect" "50d3fc135d665a7cf2db9f3a4a83801e3b7ccb1f5c4956a6c7359db35dd08538", kill_on_drop: false }`
[INFO] running `Command { std: "docker" "rm" "-f" "50d3fc135d665a7cf2db9f3a4a83801e3b7ccb1f5c4956a6c7359db35dd08538", kill_on_drop: false }`
[INFO] [stdout] 50d3fc135d665a7cf2db9f3a4a83801e3b7ccb1f5c4956a6c7359db35dd08538
[INFO] running `Command { std: "docker" "create" "-v" "/var/lib/crater-agent-workspace/builds/worker-4-tc1/target:/opt/rustwide/target:rw,Z" "-v" "/var/lib/crater-agent-workspace/builds/worker-4-tc1/source:/opt/rustwide/workdir:ro,Z" "-v" "/var/lib/crater-agent-workspace/cargo-home:/opt/rustwide/cargo-home:ro,Z" "-v" "/var/lib/crater-agent-workspace/rustup-home:/opt/rustwide/rustup-home:ro,Z" "-e" "SOURCE_DIR=/opt/rustwide/workdir" "-e" "CARGO_TARGET_DIR=/opt/rustwide/target" "-e" "CARGO_INCREMENTAL=0" "-e" "RUST_BACKTRACE=full" "-e" "RUSTFLAGS=--cap-lints=warn" "-e" "RUSTDOCFLAGS=--cap-lints=warn" "-e" "CARGO_HOME=/opt/rustwide/cargo-home" "-e" "RUSTUP_HOME=/opt/rustwide/rustup-home" "-w" "/opt/rustwide/workdir" "-m" "1610612736" "--user" "0:0" "--network" "none" "ghcr.io/rust-lang/crates-build-env/linux@sha256:2788e3201cd34a07e3172128adcd8b3090168a8e3bcc40d7c032b9dda1df7d1c" "/opt/rustwide/cargo-home/bin/cargo" "+1.75.0" "test" "--frozen" "--no-run" "--message-format=json", kill_on_drop: false }`
[INFO] [stdout] f369d75f2d8a1c63352b48195bd9074547f539fd3430d4a818f0cdffedd1388a
[INFO] running `Command { std: "docker" "start" "-a" "f369d75f2d8a1c63352b48195bd9074547f539fd3430d4a818f0cdffedd1388a", kill_on_drop: false }`
[INFO] [stderr]    Compiling icacher v0.1.4 (/opt/rustwide/workdir)
[INFO] [stderr]     Finished test [unoptimized + debuginfo] target(s) in 0.22s
[INFO] running `Command { std: "docker" "inspect" "f369d75f2d8a1c63352b48195bd9074547f539fd3430d4a818f0cdffedd1388a", kill_on_drop: false }`
[INFO] running `Command { std: "docker" "rm" "-f" "f369d75f2d8a1c63352b48195bd9074547f539fd3430d4a818f0cdffedd1388a", kill_on_drop: false }`
[INFO] [stdout] f369d75f2d8a1c63352b48195bd9074547f539fd3430d4a818f0cdffedd1388a
[INFO] running `Command { std: "docker" "create" "-v" "/var/lib/crater-agent-workspace/builds/worker-4-tc1/target:/opt/rustwide/target:rw,Z" "-v" "/var/lib/crater-agent-workspace/builds/worker-4-tc1/source:/opt/rustwide/workdir:ro,Z" "-v" "/var/lib/crater-agent-workspace/cargo-home:/opt/rustwide/cargo-home:ro,Z" "-v" "/var/lib/crater-agent-workspace/rustup-home:/opt/rustwide/rustup-home:ro,Z" "-e" "SOURCE_DIR=/opt/rustwide/workdir" "-e" "CARGO_TARGET_DIR=/opt/rustwide/target" "-e" "CARGO_INCREMENTAL=0" "-e" "RUST_BACKTRACE=full" "-e" "RUSTFLAGS=--cap-lints=warn" "-e" "RUSTDOCFLAGS=--cap-lints=warn" "-e" "CARGO_HOME=/opt/rustwide/cargo-home" "-e" "RUSTUP_HOME=/opt/rustwide/rustup-home" "-w" "/opt/rustwide/workdir" "-m" "1610612736" "--user" "0:0" "--network" "none" "ghcr.io/rust-lang/crates-build-env/linux@sha256:2788e3201cd34a07e3172128adcd8b3090168a8e3bcc40d7c032b9dda1df7d1c" "/opt/rustwide/cargo-home/bin/cargo" "+1.75.0" "test" "--frozen", kill_on_drop: false }`
[INFO] [stdout] 3f7fa725137d731960bdb73c3c72d70914ff598ae7950e7a1706c4910184c786
[INFO] running `Command { std: "docker" "start" "-a" "3f7fa725137d731960bdb73c3c72d70914ff598ae7950e7a1706c4910184c786", kill_on_drop: false }`
[INFO] [stderr]     Finished test [unoptimized + debuginfo] target(s) in 0.00s
[INFO] [stderr]      Running unittests src/lib.rs (/opt/rustwide/target/debug/deps/icacher-46145249460a5b7e)
[INFO] [stdout] 
[INFO] [stdout] running 0 tests
[INFO] [stdout] 
[INFO] [stdout] test result: ok. 0 passed; 0 failed; 0 ignored; 0 measured; 0 filtered out; finished in 0.00s
[INFO] [stdout] 
[INFO] [stderr]    Doc-tests icacher
[INFO] [stdout] 
[INFO] [stdout] running 4 tests
[INFO] [stdout] test src/lib.rs - ICacher<IFunc,IType,IReturn>::cache_if (line 230) ... FAILED
[INFO] [stdout] test src/lib.rs - ICacher<IFunc,IType,IReturn>::with_arg (line 141) ... FAILED
[INFO] [stdout] test src/lib.rs - ICacher<IFunc,IType,IReturn>::new (line 122) ... ok
[INFO] [stdout] test src/lib.rs - ICacher<IFunc,IType,IReturn>::remove_cache (line 195) ... ok
[INFO] [stdout] 
[INFO] [stdout] failures:
[INFO] [stdout] 
[INFO] [stdout] ---- src/lib.rs - ICacher<IFunc,IType,IReturn>::cache_if (line 230) stdout ----
[INFO] [stdout] error[E0308]: mismatched types
[INFO] [stdout]    --> src/lib.rs:233:58
[INFO] [stdout]     |
[INFO] [stdout] 6   | let mut adder = ICacher::new(|(a, b): (i32, i32)| a + b, 1);
[INFO] [stdout]     |                 ------------                             ^ expected `Option<usize>`, found integer
[INFO] [stdout]     |                 |
[INFO] [stdout]     |                 arguments to this function are incorrect
[INFO] [stdout]     |
[INFO] [stdout]     = note: expected enum `Option<usize>`
[INFO] [stdout]                found type `{integer}`
[INFO] [stdout] note: associated function defined here
[INFO] [stdout]    --> /opt/rustwide/workdir/src/lib.rs:128:12
[INFO] [stdout]     |
[INFO] [stdout] 128 |     pub fn new(func: IFunc, capacity: Option<usize>) -> Self {
[INFO] [stdout]     |            ^^^
[INFO] [stdout] help: try wrapping the expression in `Some`
[INFO] [stdout]     |
[INFO] [stdout] 6   | let mut adder = ICacher::new(|(a, b): (i32, i32)| a + b, Some(1));
[INFO] [stdout]     |                                                          +++++ +
[INFO] [stdout] 
[INFO] [stdout] error: aborting due to previous error
[INFO] [stdout] 
[INFO] [stdout] For more information about this error, try `rustc --explain E0308`.
[INFO] [stdout] Couldn't compile the test.
[INFO] [stdout] ---- src/lib.rs - ICacher<IFunc,IType,IReturn>::with_arg (line 141) stdout ----
[INFO] [stdout] error[E0308]: mismatched types
[INFO] [stdout]    --> src/lib.rs:145:46
[INFO] [stdout]     |
[INFO] [stdout] 7   | let mut adder = ICacher::new(|(a, b)| a + b, 1);
[INFO] [stdout]     |                 ------------                 ^ expected `Option<usize>`, found integer
[INFO] [stdout]     |                 |
[INFO] [stdout]     |                 arguments to this function are incorrect
[INFO] [stdout]     |
[INFO] [stdout]     = note: expected enum `Option<usize>`
[INFO] [stdout]                found type `{integer}`
[INFO] [stdout] note: associated function defined here
[INFO] [stdout]    --> /opt/rustwide/workdir/src/lib.rs:128:12
[INFO] [stdout]     |
[INFO] [stdout] 128 |     pub fn new(func: IFunc, capacity: Option<usize>) -> Self {
[INFO] [stdout]     |            ^^^
[INFO] [stdout] help: try wrapping the expression in `Some`
[INFO] [stdout]     |
[INFO] [stdout] 7   | let mut adder = ICacher::new(|(a, b)| a + b, Some(1));
[INFO] [stdout]     |                                              +++++ +
[INFO] [stdout] 
[INFO] [stdout] error: aborting due to previous error
[INFO] [stdout] 
[INFO] [stdout] For more information about this error, try `rustc --explain E0308`.
[INFO] [stdout] Couldn't compile the test.
[INFO] [stdout] 
[INFO] [stdout] failures:
[INFO] [stdout]     src/lib.rs - ICacher<IFunc,IType,IReturn>::cache_if (line 230)
[INFO] [stdout]     src/lib.rs - ICacher<IFunc,IType,IReturn>::with_arg (line 141)
[INFO] [stdout] 
[INFO] [stdout] test result: FAILED. 2 passed; 2 failed; 0 ignored; 0 measured; 0 filtered out; finished in 0.26s
[INFO] [stdout] 
[INFO] [stderr] error: doctest failed, to rerun pass `--doc`
[INFO] running `Command { std: "docker" "inspect" "3f7fa725137d731960bdb73c3c72d70914ff598ae7950e7a1706c4910184c786", kill_on_drop: false }`
[INFO] running `Command { std: "docker" "rm" "-f" "3f7fa725137d731960bdb73c3c72d70914ff598ae7950e7a1706c4910184c786", kill_on_drop: false }`
[INFO] [stdout] 3f7fa725137d731960bdb73c3c72d70914ff598ae7950e7a1706c4910184c786
[INFO] testing icacher-0.1.4 against beta-2023-12-22 for beta-1.76-1
[INFO] extracting crate icacher 0.1.4 into /workspace/builds/worker-4-tc2/source
[INFO] validating manifest of crates.io crate icacher 0.1.4 on toolchain beta-2023-12-22
[INFO] running `Command { std: CARGO_HOME="/workspace/cargo-home" RUSTUP_HOME="/workspace/rustup-home" "/workspace/cargo-home/bin/cargo" "+beta-2023-12-22" "metadata" "--manifest-path" "Cargo.toml" "--no-deps", kill_on_drop: false }`
[INFO] started tweaking crates.io crate icacher 0.1.4
[INFO] finished tweaking crates.io crate icacher 0.1.4
[INFO] tweaked toml for crates.io crate icacher 0.1.4 written to /workspace/builds/worker-4-tc2/source/Cargo.toml
[INFO] running `Command { std: CARGO_HOME="/workspace/cargo-home" RUSTUP_HOME="/workspace/rustup-home" "/workspace/cargo-home/bin/cargo" "+beta-2023-12-22" "generate-lockfile" "--manifest-path" "Cargo.toml", kill_on_drop: false }`
[INFO] running `Command { std: CARGO_HOME="/workspace/cargo-home" RUSTUP_HOME="/workspace/rustup-home" "/workspace/cargo-home/bin/cargo" "+beta-2023-12-22" "fetch" "--manifest-path" "Cargo.toml", kill_on_drop: false }`
[INFO] running `Command { std: "docker" "create" "-v" "/var/lib/crater-agent-workspace/builds/worker-4-tc2/target:/opt/rustwide/target:rw,Z" "-v" "/var/lib/crater-agent-workspace/builds/worker-4-tc2/source:/opt/rustwide/workdir:ro,Z" "-v" "/var/lib/crater-agent-workspace/cargo-home:/opt/rustwide/cargo-home:ro,Z" "-v" "/var/lib/crater-agent-workspace/rustup-home:/opt/rustwide/rustup-home:ro,Z" "-e" "SOURCE_DIR=/opt/rustwide/workdir" "-e" "CARGO_TARGET_DIR=/opt/rustwide/target" "-e" "CARGO_HOME=/opt/rustwide/cargo-home" "-e" "RUSTUP_HOME=/opt/rustwide/rustup-home" "-w" "/opt/rustwide/workdir" "-m" "1610612736" "--user" "0:0" "--network" "none" "ghcr.io/rust-lang/crates-build-env/linux@sha256:2788e3201cd34a07e3172128adcd8b3090168a8e3bcc40d7c032b9dda1df7d1c" "/opt/rustwide/cargo-home/bin/cargo" "+beta-2023-12-22" "metadata" "--no-deps" "--format-version=1", kill_on_drop: false }`
[INFO] [stdout] 328410806a0aaa9e0a485e746a7c1b2d5647f2e7d52d89f923e0fb2ad1be8260
[INFO] running `Command { std: "docker" "start" "-a" "328410806a0aaa9e0a485e746a7c1b2d5647f2e7d52d89f923e0fb2ad1be8260", kill_on_drop: false }`
[INFO] running `Command { std: "docker" "inspect" "328410806a0aaa9e0a485e746a7c1b2d5647f2e7d52d89f923e0fb2ad1be8260", kill_on_drop: false }`
[INFO] running `Command { std: "docker" "rm" "-f" "328410806a0aaa9e0a485e746a7c1b2d5647f2e7d52d89f923e0fb2ad1be8260", kill_on_drop: false }`
[INFO] [stdout] 328410806a0aaa9e0a485e746a7c1b2d5647f2e7d52d89f923e0fb2ad1be8260
[INFO] running `Command { std: "docker" "create" "-v" "/var/lib/crater-agent-workspace/builds/worker-4-tc2/target:/opt/rustwide/target:rw,Z" "-v" "/var/lib/crater-agent-workspace/builds/worker-4-tc2/source:/opt/rustwide/workdir:ro,Z" "-v" "/var/lib/crater-agent-workspace/cargo-home:/opt/rustwide/cargo-home:ro,Z" "-v" "/var/lib/crater-agent-workspace/rustup-home:/opt/rustwide/rustup-home:ro,Z" "-e" "SOURCE_DIR=/opt/rustwide/workdir" "-e" "CARGO_TARGET_DIR=/opt/rustwide/target" "-e" "CARGO_INCREMENTAL=0" "-e" "RUST_BACKTRACE=full" "-e" "RUSTFLAGS=--cap-lints=warn" "-e" "RUSTDOCFLAGS=--cap-lints=warn" "-e" "CARGO_HOME=/opt/rustwide/cargo-home" "-e" "RUSTUP_HOME=/opt/rustwide/rustup-home" "-w" "/opt/rustwide/workdir" "-m" "1610612736" "--user" "0:0" "--network" "none" "ghcr.io/rust-lang/crates-build-env/linux@sha256:2788e3201cd34a07e3172128adcd8b3090168a8e3bcc40d7c032b9dda1df7d1c" "/opt/rustwide/cargo-home/bin/cargo" "+beta-2023-12-22" "build" "--frozen" "--message-format=json", kill_on_drop: false }`
[INFO] [stdout] e5d2b6bd9b0176adf3901054ccfeea04ef578a64dc705e08e302e8e3088767cc
[INFO] running `Command { std: "docker" "start" "-a" "e5d2b6bd9b0176adf3901054ccfeea04ef578a64dc705e08e302e8e3088767cc", kill_on_drop: false }`
[INFO] [stderr]    Compiling icacher v0.1.4 (/opt/rustwide/workdir)
[INFO] [stderr]     Finished dev [unoptimized + debuginfo] target(s) in 0.04s
[INFO] running `Command { std: "docker" "inspect" "e5d2b6bd9b0176adf3901054ccfeea04ef578a64dc705e08e302e8e3088767cc", kill_on_drop: false }`
[INFO] running `Command { std: "docker" "rm" "-f" "e5d2b6bd9b0176adf3901054ccfeea04ef578a64dc705e08e302e8e3088767cc", kill_on_drop: false }`
[INFO] [stdout] e5d2b6bd9b0176adf3901054ccfeea04ef578a64dc705e08e302e8e3088767cc
[INFO] running `Command { std: "docker" "create" "-v" "/var/lib/crater-agent-workspace/builds/worker-4-tc2/target:/opt/rustwide/target:rw,Z" "-v" "/var/lib/crater-agent-workspace/builds/worker-4-tc2/source:/opt/rustwide/workdir:ro,Z" "-v" "/var/lib/crater-agent-workspace/cargo-home:/opt/rustwide/cargo-home:ro,Z" "-v" "/var/lib/crater-agent-workspace/rustup-home:/opt/rustwide/rustup-home:ro,Z" "-e" "SOURCE_DIR=/opt/rustwide/workdir" "-e" "CARGO_TARGET_DIR=/opt/rustwide/target" "-e" "CARGO_INCREMENTAL=0" "-e" "RUST_BACKTRACE=full" "-e" "RUSTFLAGS=--cap-lints=warn" "-e" "RUSTDOCFLAGS=--cap-lints=warn" "-e" "CARGO_HOME=/opt/rustwide/cargo-home" "-e" "RUSTUP_HOME=/opt/rustwide/rustup-home" "-w" "/opt/rustwide/workdir" "-m" "1610612736" "--user" "0:0" "--network" "none" "ghcr.io/rust-lang/crates-build-env/linux@sha256:2788e3201cd34a07e3172128adcd8b3090168a8e3bcc40d7c032b9dda1df7d1c" "/opt/rustwide/cargo-home/bin/cargo" "+beta-2023-12-22" "test" "--frozen" "--no-run" "--message-format=json", kill_on_drop: false }`
[INFO] [stdout] 6856b85d391dcdb2920a8962e5478c0f3b6c730ee3edc0c769b33b7febcd79d8
[INFO] running `Command { std: "docker" "start" "-a" "6856b85d391dcdb2920a8962e5478c0f3b6c730ee3edc0c769b33b7febcd79d8", kill_on_drop: false }`
[INFO] [stderr]    Compiling icacher v0.1.4 (/opt/rustwide/workdir)
[INFO] [stderr]     Finished test [unoptimized + debuginfo] target(s) in 0.19s
[INFO] running `Command { std: "docker" "inspect" "6856b85d391dcdb2920a8962e5478c0f3b6c730ee3edc0c769b33b7febcd79d8", kill_on_drop: false }`
[INFO] running `Command { std: "docker" "rm" "-f" "6856b85d391dcdb2920a8962e5478c0f3b6c730ee3edc0c769b33b7febcd79d8", kill_on_drop: false }`
[INFO] [stdout] 6856b85d391dcdb2920a8962e5478c0f3b6c730ee3edc0c769b33b7febcd79d8
[INFO] running `Command { std: "docker" "create" "-v" "/var/lib/crater-agent-workspace/builds/worker-4-tc2/target:/opt/rustwide/target:rw,Z" "-v" "/var/lib/crater-agent-workspace/builds/worker-4-tc2/source:/opt/rustwide/workdir:ro,Z" "-v" "/var/lib/crater-agent-workspace/cargo-home:/opt/rustwide/cargo-home:ro,Z" "-v" "/var/lib/crater-agent-workspace/rustup-home:/opt/rustwide/rustup-home:ro,Z" "-e" "SOURCE_DIR=/opt/rustwide/workdir" "-e" "CARGO_TARGET_DIR=/opt/rustwide/target" "-e" "CARGO_INCREMENTAL=0" "-e" "RUST_BACKTRACE=full" "-e" "RUSTFLAGS=--cap-lints=warn" "-e" "RUSTDOCFLAGS=--cap-lints=warn" "-e" "CARGO_HOME=/opt/rustwide/cargo-home" "-e" "RUSTUP_HOME=/opt/rustwide/rustup-home" "-w" "/opt/rustwide/workdir" "-m" "1610612736" "--user" "0:0" "--network" "none" "ghcr.io/rust-lang/crates-build-env/linux@sha256:2788e3201cd34a07e3172128adcd8b3090168a8e3bcc40d7c032b9dda1df7d1c" "/opt/rustwide/cargo-home/bin/cargo" "+beta-2023-12-22" "test" "--frozen", kill_on_drop: false }`
[INFO] [stdout] ddc4c0635520e34db9d904707d57fded6e49722c6ae625d94d040ce3e38a1de9
[INFO] running `Command { std: "docker" "start" "-a" "ddc4c0635520e34db9d904707d57fded6e49722c6ae625d94d040ce3e38a1de9", kill_on_drop: false }`
[INFO] [stderr]     Finished test [unoptimized + debuginfo] target(s) in 0.00s
[INFO] [stderr]      Running unittests src/lib.rs (/opt/rustwide/target/debug/deps/icacher-7b1e9f2adfd5314c)
[INFO] [stdout] 
[INFO] [stdout] running 0 tests
[INFO] [stdout] 
[INFO] [stdout] test result: ok. 0 passed; 0 failed; 0 ignored; 0 measured; 0 filtered out; finished in 0.00s
[INFO] [stdout] 
[INFO] [stderr]    Doc-tests icacher
[INFO] [stdout] 
[INFO] [stdout] running 4 tests
[INFO] [stdout] test src/lib.rs - ICacher<IFunc,IType,IReturn>::cache_if (line 230) ... FAILED
[INFO] [stdout] test src/lib.rs - ICacher<IFunc,IType,IReturn>::with_arg (line 141) ... FAILED
[INFO] [stdout] test src/lib.rs - ICacher<IFunc,IType,IReturn>::new (line 122) ... ok
[INFO] [stdout] test src/lib.rs - ICacher<IFunc,IType,IReturn>::remove_cache (line 195) ... ok
[INFO] [stdout] 
[INFO] [stdout] failures:
[INFO] [stdout] 
[INFO] [stdout] ---- src/lib.rs - ICacher<IFunc,IType,IReturn>::cache_if (line 230) stdout ----
[INFO] [stdout] error[E0308]: mismatched types
[INFO] [stdout]    --> src/lib.rs:233:58
[INFO] [stdout]     |
[INFO] [stdout] 6   | let mut adder = ICacher::new(|(a, b): (i32, i32)| a + b, 1);
[INFO] [stdout]     |                 ------------                             ^ expected `Option<usize>`, found integer
[INFO] [stdout]     |                 |
[INFO] [stdout]     |                 arguments to this function are incorrect
[INFO] [stdout]     |
[INFO] [stdout]     = note: expected enum `Option<usize>`
[INFO] [stdout]                found type `{integer}`
[INFO] [stdout] note: associated function defined here
[INFO] [stdout]    --> /opt/rustwide/workdir/src/lib.rs:128:12
[INFO] [stdout]     |
[INFO] [stdout] 128 |     pub fn new(func: IFunc, capacity: Option<usize>) -> Self {
[INFO] [stdout]     |            ^^^
[INFO] [stdout] help: try wrapping the expression in `Some`
[INFO] [stdout]     |
[INFO] [stdout] 6   | let mut adder = ICacher::new(|(a, b): (i32, i32)| a + b, Some(1));
[INFO] [stdout]     |                                                          +++++ +
[INFO] [stdout] 
[INFO] [stdout] error: aborting due to 1 previous error
[INFO] [stdout] 
[INFO] [stdout] For more information about this error, try `rustc --explain E0308`.
[INFO] [stdout] Couldn't compile the test.
[INFO] [stdout] ---- src/lib.rs - ICacher<IFunc,IType,IReturn>::with_arg (line 141) stdout ----
[INFO] [stdout] error[E0308]: mismatched types
[INFO] [stdout]    --> src/lib.rs:145:46
[INFO] [stdout]     |
[INFO] [stdout] 7   | let mut adder = ICacher::new(|(a, b)| a + b, 1);
[INFO] [stdout]     |                 ------------                 ^ expected `Option<usize>`, found integer
[INFO] [stdout]     |                 |
[INFO] [stdout]     |                 arguments to this function are incorrect
[INFO] [stdout]     |
[INFO] [stdout]     = note: expected enum `Option<usize>`
[INFO] [stdout]                found type `{integer}`
[INFO] [stdout] note: associated function defined here
[INFO] [stdout]    --> /opt/rustwide/workdir/src/lib.rs:128:12
[INFO] [stdout]     |
[INFO] [stdout] 128 |     pub fn new(func: IFunc, capacity: Option<usize>) -> Self {
[INFO] [stdout]     |            ^^^
[INFO] [stdout] help: try wrapping the expression in `Some`
[INFO] [stdout]     |
[INFO] [stdout] 7   | let mut adder = ICacher::new(|(a, b)| a + b, Some(1));
[INFO] [stdout]     |                                              +++++ +
[INFO] [stdout] 
[INFO] [stdout] error: aborting due to 1 previous error
[INFO] [stdout] 
[INFO] [stdout] For more information about this error, try `rustc --explain E0308`.
[INFO] [stdout] Couldn't compile the test.
[INFO] [stdout] 
[INFO] [stdout] failures:
[INFO] [stdout]     src/lib.rs - ICacher<IFunc,IType,IReturn>::cache_if (line 230)
[INFO] [stdout]     src/lib.rs - ICacher<IFunc,IType,IReturn>::with_arg (line 141)
[INFO] [stdout] 
[INFO] [stdout] test result: FAILED. 2 passed; 2 failed; 0 ignored; 0 measured; 0 filtered out; finished in 0.23s
[INFO] [stdout] 
[INFO] [stderr] error: doctest failed, to rerun pass `--doc`
[INFO] running `Command { std: "docker" "inspect" "ddc4c0635520e34db9d904707d57fded6e49722c6ae625d94d040ce3e38a1de9", kill_on_drop: false }`
[INFO] running `Command { std: "docker" "rm" "-f" "ddc4c0635520e34db9d904707d57fded6e49722c6ae625d94d040ce3e38a1de9", kill_on_drop: false }`
[INFO] [stdout] ddc4c0635520e34db9d904707d57fded6e49722c6ae625d94d040ce3e38a1de9
