[INFO] fetching crate ic-cdk-macros 0.8.2...
[INFO] testing ic-cdk-macros-0.8.2 against 1.75.0 for beta-1.76-1
[INFO] extracting crate ic-cdk-macros 0.8.2 into /workspace/builds/worker-6-tc1/source
[INFO] validating manifest of crates.io crate ic-cdk-macros 0.8.2 on toolchain 1.75.0
[INFO] running `Command { std: CARGO_HOME="/workspace/cargo-home" RUSTUP_HOME="/workspace/rustup-home" "/workspace/cargo-home/bin/cargo" "+1.75.0" "metadata" "--manifest-path" "Cargo.toml" "--no-deps", kill_on_drop: false }`
[INFO] started tweaking crates.io crate ic-cdk-macros 0.8.2
[INFO] finished tweaking crates.io crate ic-cdk-macros 0.8.2
[INFO] tweaked toml for crates.io crate ic-cdk-macros 0.8.2 written to /workspace/builds/worker-6-tc1/source/Cargo.toml
[INFO] running `Command { std: CARGO_HOME="/workspace/cargo-home" RUSTUP_HOME="/workspace/rustup-home" "/workspace/cargo-home/bin/cargo" "+1.75.0" "generate-lockfile" "--manifest-path" "Cargo.toml", kill_on_drop: false }`
[INFO] [stderr]     Updating crates.io index
[INFO] running `Command { std: CARGO_HOME="/workspace/cargo-home" RUSTUP_HOME="/workspace/rustup-home" "/workspace/cargo-home/bin/cargo" "+1.75.0" "fetch" "--manifest-path" "Cargo.toml", kill_on_drop: false }`
[INFO] running `Command { std: "docker" "create" "-v" "/var/lib/crater-agent-workspace/builds/worker-6-tc1/target:/opt/rustwide/target:rw,Z" "-v" "/var/lib/crater-agent-workspace/builds/worker-6-tc1/source:/opt/rustwide/workdir:ro,Z" "-v" "/var/lib/crater-agent-workspace/cargo-home:/opt/rustwide/cargo-home:ro,Z" "-v" "/var/lib/crater-agent-workspace/rustup-home:/opt/rustwide/rustup-home:ro,Z" "-e" "SOURCE_DIR=/opt/rustwide/workdir" "-e" "CARGO_TARGET_DIR=/opt/rustwide/target" "-e" "CARGO_HOME=/opt/rustwide/cargo-home" "-e" "RUSTUP_HOME=/opt/rustwide/rustup-home" "-w" "/opt/rustwide/workdir" "-m" "1610612736" "--user" "0:0" "--network" "none" "ghcr.io/rust-lang/crates-build-env/linux@sha256:2788e3201cd34a07e3172128adcd8b3090168a8e3bcc40d7c032b9dda1df7d1c" "/opt/rustwide/cargo-home/bin/cargo" "+1.75.0" "metadata" "--no-deps" "--format-version=1", kill_on_drop: false }`
[INFO] [stdout] ada2eabd2365ddbdf0bc67010c4db30351bb9177bfd1ce46a04c05ed694bd300
[INFO] running `Command { std: "docker" "start" "-a" "ada2eabd2365ddbdf0bc67010c4db30351bb9177bfd1ce46a04c05ed694bd300", kill_on_drop: false }`
[INFO] running `Command { std: "docker" "inspect" "ada2eabd2365ddbdf0bc67010c4db30351bb9177bfd1ce46a04c05ed694bd300", kill_on_drop: false }`
[INFO] running `Command { std: "docker" "rm" "-f" "ada2eabd2365ddbdf0bc67010c4db30351bb9177bfd1ce46a04c05ed694bd300", kill_on_drop: false }`
[INFO] [stdout] ada2eabd2365ddbdf0bc67010c4db30351bb9177bfd1ce46a04c05ed694bd300
[INFO] running `Command { std: "docker" "create" "-v" "/var/lib/crater-agent-workspace/builds/worker-6-tc1/target:/opt/rustwide/target:rw,Z" "-v" "/var/lib/crater-agent-workspace/builds/worker-6-tc1/source:/opt/rustwide/workdir:ro,Z" "-v" "/var/lib/crater-agent-workspace/cargo-home:/opt/rustwide/cargo-home:ro,Z" "-v" "/var/lib/crater-agent-workspace/rustup-home:/opt/rustwide/rustup-home:ro,Z" "-e" "SOURCE_DIR=/opt/rustwide/workdir" "-e" "CARGO_TARGET_DIR=/opt/rustwide/target" "-e" "CARGO_INCREMENTAL=0" "-e" "RUST_BACKTRACE=full" "-e" "RUSTFLAGS=--cap-lints=warn" "-e" "RUSTDOCFLAGS=--cap-lints=warn" "-e" "CARGO_HOME=/opt/rustwide/cargo-home" "-e" "RUSTUP_HOME=/opt/rustwide/rustup-home" "-w" "/opt/rustwide/workdir" "-m" "1610612736" "--user" "0:0" "--network" "none" "ghcr.io/rust-lang/crates-build-env/linux@sha256:2788e3201cd34a07e3172128adcd8b3090168a8e3bcc40d7c032b9dda1df7d1c" "/opt/rustwide/cargo-home/bin/cargo" "+1.75.0" "build" "--frozen" "--message-format=json", kill_on_drop: false }`
[INFO] [stdout] b05a5a2ff21ad86028f67d797f15e61e4faca58b4fc367d4895da380d6b30242
[INFO] running `Command { std: "docker" "start" "-a" "b05a5a2ff21ad86028f67d797f15e61e4faca58b4fc367d4895da380d6b30242", kill_on_drop: false }`
[INFO] [stderr]    Compiling libc v0.2.151
[INFO] [stderr]    Compiling version_check v0.9.4
[INFO] [stderr]    Compiling typenum v1.17.0
[INFO] [stderr]    Compiling serde v1.0.194
[INFO] [stderr]    Compiling syn v1.0.109
[INFO] [stderr]    Compiling cfg-if v1.0.0
[INFO] [stderr]    Compiling crc32fast v1.3.2
[INFO] [stderr]    Compiling rustversion v1.0.14
[INFO] [stderr]    Compiling lazy_static v1.4.0
[INFO] [stderr]    Compiling num-traits v0.2.17
[INFO] [stderr]    Compiling num-integer v0.1.45
[INFO] [stderr]    Compiling num-bigint v0.4.4
[INFO] [stderr]    Compiling thiserror v1.0.56
[INFO] [stderr]    Compiling paste v1.0.14
[INFO] [stderr]    Compiling either v1.9.0
[INFO] [stderr]    Compiling syn v2.0.48
[INFO] [stderr]    Compiling cpufeatures v0.2.12
[INFO] [stderr]    Compiling anyhow v1.0.79
[INFO] [stderr]    Compiling typed-arena v2.0.2
[INFO] [stderr]    Compiling data-encoding v2.5.0
[INFO] [stderr]    Compiling arrayvec v0.5.2
[INFO] [stderr]    Compiling unicode-width v0.1.11
[INFO] [stderr]    Compiling leb128 v0.2.5
[INFO] [stderr]    Compiling byteorder v1.5.0
[INFO] [stderr]    Compiling pretty v0.12.3
[INFO] [stderr]    Compiling hex v0.4.3
[INFO] [stderr]    Compiling generic-array v0.14.7
[INFO] [stderr]    Compiling cc v1.0.83
[INFO] [stderr]    Compiling block-buffer v0.10.4
[INFO] [stderr]    Compiling crypto-common v0.1.6
[INFO] [stderr]    Compiling digest v0.10.7
[INFO] [stderr]    Compiling sha2 v0.10.8
[INFO] [stderr]    Compiling psm v0.1.21
[INFO] [stderr]    Compiling stacker v0.1.15
[INFO] [stderr]    Compiling serde_derive v1.0.194
[INFO] [stderr]    Compiling thiserror-impl v1.0.56
[INFO] [stderr]    Compiling candid_derive v0.6.5
[INFO] [stderr]    Compiling binread_derive v2.1.0
[INFO] [stderr]    Compiling binread v2.2.0
[INFO] [stderr]    Compiling ic_principal v0.1.1
[INFO] [stderr]    Compiling serde_bytes v0.11.14
[INFO] [stderr]    Compiling serde_tokenstream v0.1.7
[INFO] [stderr]    Compiling candid v0.10.2
[INFO] [stderr]    Compiling ic-cdk-macros v0.8.2 (/opt/rustwide/workdir)
[INFO] [stderr]     Finished dev [unoptimized + debuginfo] target(s) in 23.55s
[INFO] running `Command { std: "docker" "inspect" "b05a5a2ff21ad86028f67d797f15e61e4faca58b4fc367d4895da380d6b30242", kill_on_drop: false }`
[INFO] running `Command { std: "docker" "rm" "-f" "b05a5a2ff21ad86028f67d797f15e61e4faca58b4fc367d4895da380d6b30242", kill_on_drop: false }`
[INFO] [stdout] b05a5a2ff21ad86028f67d797f15e61e4faca58b4fc367d4895da380d6b30242
[INFO] running `Command { std: "docker" "create" "-v" "/var/lib/crater-agent-workspace/builds/worker-6-tc1/target:/opt/rustwide/target:rw,Z" "-v" "/var/lib/crater-agent-workspace/builds/worker-6-tc1/source:/opt/rustwide/workdir:ro,Z" "-v" "/var/lib/crater-agent-workspace/cargo-home:/opt/rustwide/cargo-home:ro,Z" "-v" "/var/lib/crater-agent-workspace/rustup-home:/opt/rustwide/rustup-home:ro,Z" "-e" "SOURCE_DIR=/opt/rustwide/workdir" "-e" "CARGO_TARGET_DIR=/opt/rustwide/target" "-e" "CARGO_INCREMENTAL=0" "-e" "RUST_BACKTRACE=full" "-e" "RUSTFLAGS=--cap-lints=warn" "-e" "RUSTDOCFLAGS=--cap-lints=warn" "-e" "CARGO_HOME=/opt/rustwide/cargo-home" "-e" "RUSTUP_HOME=/opt/rustwide/rustup-home" "-w" "/opt/rustwide/workdir" "-m" "1610612736" "--user" "0:0" "--network" "none" "ghcr.io/rust-lang/crates-build-env/linux@sha256:2788e3201cd34a07e3172128adcd8b3090168a8e3bcc40d7c032b9dda1df7d1c" "/opt/rustwide/cargo-home/bin/cargo" "+1.75.0" "test" "--frozen" "--no-run" "--message-format=json", kill_on_drop: false }`
[INFO] [stdout] 7030ea9be4a9582073b4a5dc03b3bb9f081f8f4f5e8ce06519bd9329ff3b9f72
[INFO] running `Command { std: "docker" "start" "-a" "7030ea9be4a9582073b4a5dc03b3bb9f081f8f4f5e8ce06519bd9329ff3b9f72", kill_on_drop: false }`
[INFO] [stderr]    Compiling ic-cdk-macros v0.8.2 (/opt/rustwide/workdir)
[INFO] [stderr]     Finished test [unoptimized + debuginfo] target(s) in 1.09s
[INFO] running `Command { std: "docker" "inspect" "7030ea9be4a9582073b4a5dc03b3bb9f081f8f4f5e8ce06519bd9329ff3b9f72", kill_on_drop: false }`
[INFO] running `Command { std: "docker" "rm" "-f" "7030ea9be4a9582073b4a5dc03b3bb9f081f8f4f5e8ce06519bd9329ff3b9f72", kill_on_drop: false }`
[INFO] [stdout] 7030ea9be4a9582073b4a5dc03b3bb9f081f8f4f5e8ce06519bd9329ff3b9f72
[INFO] running `Command { std: "docker" "create" "-v" "/var/lib/crater-agent-workspace/builds/worker-6-tc1/target:/opt/rustwide/target:rw,Z" "-v" "/var/lib/crater-agent-workspace/builds/worker-6-tc1/source:/opt/rustwide/workdir:ro,Z" "-v" "/var/lib/crater-agent-workspace/cargo-home:/opt/rustwide/cargo-home:ro,Z" "-v" "/var/lib/crater-agent-workspace/rustup-home:/opt/rustwide/rustup-home:ro,Z" "-e" "SOURCE_DIR=/opt/rustwide/workdir" "-e" "CARGO_TARGET_DIR=/opt/rustwide/target" "-e" "CARGO_INCREMENTAL=0" "-e" "RUST_BACKTRACE=full" "-e" "RUSTFLAGS=--cap-lints=warn" "-e" "RUSTDOCFLAGS=--cap-lints=warn" "-e" "CARGO_HOME=/opt/rustwide/cargo-home" "-e" "RUSTUP_HOME=/opt/rustwide/rustup-home" "-w" "/opt/rustwide/workdir" "-m" "1610612736" "--user" "0:0" "--network" "none" "ghcr.io/rust-lang/crates-build-env/linux@sha256:2788e3201cd34a07e3172128adcd8b3090168a8e3bcc40d7c032b9dda1df7d1c" "/opt/rustwide/cargo-home/bin/cargo" "+1.75.0" "test" "--frozen", kill_on_drop: false }`
[INFO] [stdout] 871eadd5c45a1ae3a40301beed50aea61f439a76cfdfcb2165d2f1bf8d803e49
[INFO] running `Command { std: "docker" "start" "-a" "871eadd5c45a1ae3a40301beed50aea61f439a76cfdfcb2165d2f1bf8d803e49", kill_on_drop: false }`
[INFO] [stderr]     Finished test [unoptimized + debuginfo] target(s) in 0.05s
[INFO] [stderr]      Running unittests src/lib.rs (/opt/rustwide/target/debug/deps/ic_cdk_macros-d6ed8aa3143b3f04)
[INFO] [stdout] 
[INFO] [stdout] running 7 tests
[INFO] [stdout] test export::test::ic_query_two_args_return_value ... ok
[INFO] [stdout] test export::test::ic_query_return_tuple ... ok
[INFO] [stdout] test export::test::ic_query_return_one_value ... ok
[INFO] [stdout] test export::test::ic_query_one_arg ... ok
[INFO] [stdout] test export::test::ic_query_export_name ... ok
[INFO] [stdout] test export::test::ic_query_empty ... ok
[INFO] [stdout] test export::test::ic_query_two_args ... ok
[INFO] [stdout] 
[INFO] [stdout] test result: ok. 7 passed; 0 failed; 0 ignored; 0 measured; 0 filtered out; finished in 0.03s
[INFO] [stdout] 
[INFO] [stderr]    Doc-tests ic-cdk-macros
[INFO] [stdout] 
[INFO] [stdout] running 15 tests
[INFO] [stdout] test src/lib.rs - init (line 238) ... FAILED
[INFO] [stdout] test src/lib.rs - post_upgrade (line 308) ... FAILED
[INFO] [stdout] test src/lib.rs - heartbeat (line 332) ... FAILED
[INFO] [stdout] test src/lib.rs - init (line 249) ... FAILED
[INFO] [stdout] test src/lib.rs - query (line 116) ... FAILED
[INFO] [stdout] test src/lib.rs - query (line 104) ... FAILED
[INFO] [stdout] test src/lib.rs - update (line 209) ... FAILED
[INFO] [stdout] test src/lib.rs - query (line 93) ... FAILED
[INFO] [stdout] test src/lib.rs - inspect_message (line 356) ... FAILED
[INFO] [stdout] test src/lib.rs - query (line 131) ... FAILED
[INFO] [stdout] test src/lib.rs - pre_upgrade (line 284) ... FAILED
[INFO] [stdout] test src/lib.rs - update (line 180) ... FAILED
[INFO] [stdout] test src/lib.rs - update (line 192) ... FAILED
[INFO] [stdout] test src/lib.rs - query (line 144) ... FAILED
[INFO] [stdout] test src/lib.rs - update (line 169) ... FAILED
[INFO] [stdout] 
[INFO] [stdout] failures:
[INFO] [stdout] 
[INFO] [stdout] ---- src/lib.rs - init (line 238) stdout ----
[INFO] [stdout] error[E0432]: unresolved import `ic_cdk`
[INFO] [stdout]  --> src/lib.rs:239:5
[INFO] [stdout]   |
[INFO] [stdout] 3 | use ic_cdk::init;
[INFO] [stdout]   |     ^^^^^^ use of undeclared crate or module `ic_cdk`
[INFO] [stdout] 
[INFO] [stdout] error: cannot determine resolution for the attribute macro `init`
[INFO] [stdout]  --> src/lib.rs:240:3
[INFO] [stdout]   |
[INFO] [stdout] 4 | #[init]
[INFO] [stdout]   |   ^^^^
[INFO] [stdout]   |
[INFO] [stdout]   = note: import resolution is stuck, try simplifying macro imports
[INFO] [stdout] 
[INFO] [stdout] error: aborting due to 2 previous errors
[INFO] [stdout] 
[INFO] [stdout] For more information about this error, try `rustc --explain E0432`.
[INFO] [stdout] Couldn't compile the test.
[INFO] [stdout] ---- src/lib.rs - post_upgrade (line 308) stdout ----
[INFO] [stdout] error[E0432]: unresolved import `ic_cdk`
[INFO] [stdout]  --> src/lib.rs:309:5
[INFO] [stdout]   |
[INFO] [stdout] 3 | use ic_cdk::post_upgrade;
[INFO] [stdout]   |     ^^^^^^ use of undeclared crate or module `ic_cdk`
[INFO] [stdout] 
[INFO] [stdout] error: cannot determine resolution for the attribute macro `post_upgrade`
[INFO] [stdout]  --> src/lib.rs:310:3
[INFO] [stdout]   |
[INFO] [stdout] 4 | #[post_upgrade]
[INFO] [stdout]   |   ^^^^^^^^^^^^
[INFO] [stdout]   |
[INFO] [stdout]   = note: import resolution is stuck, try simplifying macro imports
[INFO] [stdout] 
[INFO] [stdout] error: aborting due to 2 previous errors
[INFO] [stdout] 
[INFO] [stdout] For more information about this error, try `rustc --explain E0432`.
[INFO] [stdout] Couldn't compile the test.
[INFO] [stdout] ---- src/lib.rs - heartbeat (line 332) stdout ----
[INFO] [stdout] error[E0432]: unresolved import `ic_cdk`
[INFO] [stdout]  --> src/lib.rs:333:5
[INFO] [stdout]   |
[INFO] [stdout] 3 | use ic_cdk::heartbeat;
[INFO] [stdout]   |     ^^^^^^ use of undeclared crate or module `ic_cdk`
[INFO] [stdout] 
[INFO] [stdout] error: cannot determine resolution for the attribute macro `heartbeat`
[INFO] [stdout]  --> src/lib.rs:334:3
[INFO] [stdout]   |
[INFO] [stdout] 4 | #[heartbeat]
[INFO] [stdout]   |   ^^^^^^^^^
[INFO] [stdout]   |
[INFO] [stdout]   = note: import resolution is stuck, try simplifying macro imports
[INFO] [stdout] 
[INFO] [stdout] error: aborting due to 2 previous errors
[INFO] [stdout] 
[INFO] [stdout] For more information about this error, try `rustc --explain E0432`.
[INFO] [stdout] Couldn't compile the test.
[INFO] [stdout] ---- src/lib.rs - init (line 249) stdout ----
[INFO] [stdout] error[E0432]: unresolved import `ic_cdk`
[INFO] [stdout]  --> src/lib.rs:250:5
[INFO] [stdout]   |
[INFO] [stdout] 3 | use ic_cdk::init;
[INFO] [stdout]   |     ^^^^^^ use of undeclared crate or module `ic_cdk`
[INFO] [stdout] 
[INFO] [stdout] error: cannot determine resolution for the attribute macro `init`
[INFO] [stdout]   --> src/lib.rs:258:3
[INFO] [stdout]    |
[INFO] [stdout] 11 | #[init]
[INFO] [stdout]    |   ^^^^
[INFO] [stdout]    |
[INFO] [stdout]    = note: import resolution is stuck, try simplifying macro imports
[INFO] [stdout] 
[INFO] [stdout] error: aborting due to 2 previous errors
[INFO] [stdout] 
[INFO] [stdout] For more information about this error, try `rustc --explain E0432`.
[INFO] [stdout] Couldn't compile the test.
[INFO] [stdout] ---- src/lib.rs - query (line 116) stdout ----
[INFO] [stdout] error[E0432]: unresolved import `ic_cdk`
[INFO] [stdout]  --> src/lib.rs:117:5
[INFO] [stdout]   |
[INFO] [stdout] 3 | use ic_cdk::query;
[INFO] [stdout]   |     ^^^^^^ use of undeclared crate or module `ic_cdk`
[INFO] [stdout] 
[INFO] [stdout] error: cannot determine resolution for the attribute macro `query`
[INFO] [stdout]  --> src/lib.rs:122:3
[INFO] [stdout]   |
[INFO] [stdout] 8 | #[query(guard = "guard_function")]
[INFO] [stdout]   |   ^^^^^
[INFO] [stdout]   |
[INFO] [stdout]   = note: import resolution is stuck, try simplifying macro imports
[INFO] [stdout] 
[INFO] [stdout] error: aborting due to 2 previous errors
[INFO] [stdout] 
[INFO] [stdout] For more information about this error, try `rustc --explain E0432`.
[INFO] [stdout] Couldn't compile the test.
[INFO] [stdout] ---- src/lib.rs - query (line 104) stdout ----
[INFO] [stdout] error[E0432]: unresolved import `ic_cdk`
[INFO] [stdout]  --> src/lib.rs:105:5
[INFO] [stdout]   |
[INFO] [stdout] 3 | use ic_cdk::query;
[INFO] [stdout]   |     ^^^^^^ use of undeclared crate or module `ic_cdk`
[INFO] [stdout] 
[INFO] [stdout] error: cannot determine resolution for the attribute macro `query`
[INFO] [stdout]  --> src/lib.rs:106:3
[INFO] [stdout]   |
[INFO] [stdout] 4 | #[query(name = "some_name")]
[INFO] [stdout]   |   ^^^^^
[INFO] [stdout]   |
[INFO] [stdout]   = note: import resolution is stuck, try simplifying macro imports
[INFO] [stdout] 
[INFO] [stdout] error: aborting due to 2 previous errors
[INFO] [stdout] 
[INFO] [stdout] For more information about this error, try `rustc --explain E0432`.
[INFO] [stdout] Couldn't compile the test.
[INFO] [stdout] ---- src/lib.rs - update (line 209) stdout ----
[INFO] [stdout] error[E0433]: failed to resolve: use of undeclared crate or module `ic_cdk`
[INFO] [stdout]  --> src/lib.rs:213:5
[INFO] [stdout]   |
[INFO] [stdout] 6 | use ic_cdk::api::call::{self, ManualReply};
[INFO] [stdout]   |     ^^^^^^ use of undeclared crate or module `ic_cdk`
[INFO] [stdout] 
[INFO] [stdout] error[E0432]: unresolved import `ic_cdk`
[INFO] [stdout]  --> src/lib.rs:212:5
[INFO] [stdout]   |
[INFO] [stdout] 5 | use ic_cdk::update;
[INFO] [stdout]   |     ^^^^^^ use of undeclared crate or module `ic_cdk`
[INFO] [stdout] 
[INFO] [stdout] error: cannot determine resolution for the attribute macro `update`
[INFO] [stdout]  --> src/lib.rs:214:3
[INFO] [stdout]   |
[INFO] [stdout] 7 | #[update(manual_reply = true)]
[INFO] [stdout]   |   ^^^^^^
[INFO] [stdout]   |
[INFO] [stdout]   = note: import resolution is stuck, try simplifying macro imports
[INFO] [stdout] 
[INFO] [stdout] error: aborting due to 3 previous errors
[INFO] [stdout] 
[INFO] [stdout] Some errors have detailed explanations: E0432, E0433.
[INFO] [stdout] For more information about an error, try `rustc --explain E0432`.
[INFO] [stdout] Couldn't compile the test.
[INFO] [stdout] ---- src/lib.rs - query (line 93) stdout ----
[INFO] [stdout] error[E0432]: unresolved import `ic_cdk`
[INFO] [stdout]  --> src/lib.rs:94:5
[INFO] [stdout]   |
[INFO] [stdout] 3 | use ic_cdk::query;
[INFO] [stdout]   |     ^^^^^^ use of undeclared crate or module `ic_cdk`
[INFO] [stdout] 
[INFO] [stdout] error: cannot determine resolution for the attribute macro `query`
[INFO] [stdout]  --> src/lib.rs:95:3
[INFO] [stdout]   |
[INFO] [stdout] 4 | #[query]
[INFO] [stdout]   |   ^^^^^
[INFO] [stdout]   |
[INFO] [stdout]   = note: import resolution is stuck, try simplifying macro imports
[INFO] [stdout] 
[INFO] [stdout] error: aborting due to 2 previous errors
[INFO] [stdout] 
[INFO] [stdout] For more information about this error, try `rustc --explain E0432`.
[INFO] [stdout] Couldn't compile the test.
[INFO] [stdout] ---- src/lib.rs - inspect_message (line 356) stdout ----
[INFO] [stdout] error[E0432]: unresolved import `ic_cdk`
[INFO] [stdout]  --> src/lib.rs:357:5
[INFO] [stdout]   |
[INFO] [stdout] 3 | use ic_cdk::inspect_message;
[INFO] [stdout]   |     ^^^^^^ use of undeclared crate or module `ic_cdk`
[INFO] [stdout] 
[INFO] [stdout] error: cannot determine resolution for the attribute macro `inspect_message`
[INFO] [stdout]  --> src/lib.rs:358:3
[INFO] [stdout]   |
[INFO] [stdout] 4 | #[inspect_message]
[INFO] [stdout]   |   ^^^^^^^^^^^^^^^
[INFO] [stdout]   |
[INFO] [stdout]   = note: import resolution is stuck, try simplifying macro imports
[INFO] [stdout] 
[INFO] [stdout] error: aborting due to 2 previous errors
[INFO] [stdout] 
[INFO] [stdout] For more information about this error, try `rustc --explain E0432`.
[INFO] [stdout] Couldn't compile the test.
[INFO] [stdout] ---- src/lib.rs - query (line 131) stdout ----
[INFO] [stdout] error[E0432]: unresolved import `ic_cdk`
[INFO] [stdout]  --> src/lib.rs:132:5
[INFO] [stdout]   |
[INFO] [stdout] 3 | use ic_cdk::query;
[INFO] [stdout]   |     ^^^^^^ use of undeclared crate or module `ic_cdk`
[INFO] [stdout] 
[INFO] [stdout] error: cannot determine resolution for the attribute macro `query`
[INFO] [stdout]  --> src/lib.rs:134:3
[INFO] [stdout]   |
[INFO] [stdout] 5 | #[query(composite = true)]
[INFO] [stdout]   |   ^^^^^
[INFO] [stdout]   |
[INFO] [stdout]   = note: import resolution is stuck, try simplifying macro imports
[INFO] [stdout] 
[INFO] [stdout] error[E0433]: failed to resolve: use of undeclared crate or module `ic_cdk`
[INFO] [stdout]  --> src/lib.rs:136:44
[INFO] [stdout]   |
[INFO] [stdout] 7 |    let (wallet_name,): (Option<String>,) = ic_cdk::call(wallet_canister_principal(), "name", ()).await.unwrap();
[INFO] [stdout]   |                                            ^^^^^^ use of undeclared crate or module `ic_cdk`
[INFO] [stdout] 
[INFO] [stdout] error: aborting due to 3 previous errors
[INFO] [stdout] 
[INFO] [stdout] Some errors have detailed explanations: E0432, E0433.
[INFO] [stdout] For more information about an error, try `rustc --explain E0432`.
[INFO] [stdout] Couldn't compile the test.
[INFO] [stdout] ---- src/lib.rs - pre_upgrade (line 284) stdout ----
[INFO] [stdout] error[E0432]: unresolved import `ic_cdk`
[INFO] [stdout]  --> src/lib.rs:285:5
[INFO] [stdout]   |
[INFO] [stdout] 3 | use ic_cdk::pre_upgrade;
[INFO] [stdout]   |     ^^^^^^ use of undeclared crate or module `ic_cdk`
[INFO] [stdout] 
[INFO] [stdout] error: cannot determine resolution for the attribute macro `pre_upgrade`
[INFO] [stdout]  --> src/lib.rs:286:3
[INFO] [stdout]   |
[INFO] [stdout] 4 | #[pre_upgrade]
[INFO] [stdout]   |   ^^^^^^^^^^^
[INFO] [stdout]   |
[INFO] [stdout]   = note: import resolution is stuck, try simplifying macro imports
[INFO] [stdout] 
[INFO] [stdout] error: aborting due to 2 previous errors
[INFO] [stdout] 
[INFO] [stdout] For more information about this error, try `rustc --explain E0432`.
[INFO] [stdout] Couldn't compile the test.
[INFO] [stdout] ---- src/lib.rs - update (line 180) stdout ----
[INFO] [stdout] error[E0432]: unresolved import `ic_cdk`
[INFO] [stdout]  --> src/lib.rs:181:5
[INFO] [stdout]   |
[INFO] [stdout] 3 | use ic_cdk::update;
[INFO] [stdout]   |     ^^^^^^ use of undeclared crate or module `ic_cdk`
[INFO] [stdout] 
[INFO] [stdout] error: cannot determine resolution for the attribute macro `update`
[INFO] [stdout]  --> src/lib.rs:182:3
[INFO] [stdout]   |
[INFO] [stdout] 4 | #[update(name = "some_name")]
[INFO] [stdout]   |   ^^^^^^
[INFO] [stdout]   |
[INFO] [stdout]   = note: import resolution is stuck, try simplifying macro imports
[INFO] [stdout] 
[INFO] [stdout] error: aborting due to 2 previous errors
[INFO] [stdout] 
[INFO] [stdout] For more information about this error, try `rustc --explain E0432`.
[INFO] [stdout] Couldn't compile the test.
[INFO] [stdout] ---- src/lib.rs - update (line 192) stdout ----
[INFO] [stdout] error[E0432]: unresolved import `ic_cdk`
[INFO] [stdout]  --> src/lib.rs:193:5
[INFO] [stdout]   |
[INFO] [stdout] 3 | use ic_cdk::update;
[INFO] [stdout]   |     ^^^^^^ use of undeclared crate or module `ic_cdk`
[INFO] [stdout] 
[INFO] [stdout] error: cannot determine resolution for the attribute macro `update`
[INFO] [stdout]  --> src/lib.rs:198:3
[INFO] [stdout]   |
[INFO] [stdout] 8 | #[update(guard = "guard_function")]
[INFO] [stdout]   |   ^^^^^^
[INFO] [stdout]   |
[INFO] [stdout]   = note: import resolution is stuck, try simplifying macro imports
[INFO] [stdout] 
[INFO] [stdout] error: aborting due to 2 previous errors
[INFO] [stdout] 
[INFO] [stdout] For more information about this error, try `rustc --explain E0432`.
[INFO] [stdout] Couldn't compile the test.
[INFO] [stdout] ---- src/lib.rs - query (line 144) stdout ----
[INFO] [stdout] error[E0433]: failed to resolve: use of undeclared crate or module `ic_cdk`
[INFO] [stdout]  --> src/lib.rs:148:5
[INFO] [stdout]   |
[INFO] [stdout] 6 | use ic_cdk::api::call::{self, ManualReply};
[INFO] [stdout]   |     ^^^^^^ use of undeclared crate or module `ic_cdk`
[INFO] [stdout] 
[INFO] [stdout] error[E0432]: unresolved import `ic_cdk`
[INFO] [stdout]  --> src/lib.rs:147:5
[INFO] [stdout]   |
[INFO] [stdout] 5 | use ic_cdk::query;
[INFO] [stdout]   |     ^^^^^^ use of undeclared crate or module `ic_cdk`
[INFO] [stdout] 
[INFO] [stdout] error: cannot determine resolution for the attribute macro `query`
[INFO] [stdout]  --> src/lib.rs:149:3
[INFO] [stdout]   |
[INFO] [stdout] 7 | #[query(manual_reply = true)]
[INFO] [stdout]   |   ^^^^^
[INFO] [stdout]   |
[INFO] [stdout]   = note: import resolution is stuck, try simplifying macro imports
[INFO] [stdout] 
[INFO] [stdout] error: aborting due to 3 previous errors
[INFO] [stdout] 
[INFO] [stdout] Some errors have detailed explanations: E0432, E0433.
[INFO] [stdout] For more information about an error, try `rustc --explain E0432`.
[INFO] [stdout] Couldn't compile the test.
[INFO] [stdout] ---- src/lib.rs - update (line 169) stdout ----
[INFO] [stdout] error[E0432]: unresolved import `ic_cdk`
[INFO] [stdout]  --> src/lib.rs:170:5
[INFO] [stdout]   |
[INFO] [stdout] 3 | use ic_cdk::update;
[INFO] [stdout]   |     ^^^^^^ use of undeclared crate or module `ic_cdk`
[INFO] [stdout] 
[INFO] [stdout] error: cannot determine resolution for the attribute macro `update`
[INFO] [stdout]  --> src/lib.rs:171:3
[INFO] [stdout]   |
[INFO] [stdout] 4 | #[update]
[INFO] [stdout]   |   ^^^^^^
[INFO] [stdout]   |
[INFO] [stdout]   = note: import resolution is stuck, try simplifying macro imports
[INFO] [stdout] 
[INFO] [stdout] error: aborting due to 2 previous errors
[INFO] [stdout] 
[INFO] [stdout] For more information about this error, try `rustc --explain E0432`.
[INFO] [stdout] Couldn't compile the test.
[INFO] [stdout] 
[INFO] [stdout] failures:
[INFO] [stdout]     src/lib.rs - heartbeat (line 332)
[INFO] [stdout]     src/lib.rs - init (line 238)
[INFO] [stdout]     src/lib.rs - init (line 249)
[INFO] [stdout]     src/lib.rs - inspect_message (line 356)
[INFO] [stdout]     src/lib.rs - post_upgrade (line 308)
[INFO] [stdout]     src/lib.rs - pre_upgrade (line 284)
[INFO] [stdout]     src/lib.rs - query (line 104)
[INFO] [stdout]     src/lib.rs - query (line 116)
[INFO] [stdout]     src/lib.rs - query (line 131)
[INFO] [stdout]     src/lib.rs - query (line 144)
[INFO] [stdout]     src/lib.rs - query (line 93)
[INFO] [stdout]     src/lib.rs - update (line 169)
[INFO] [stdout]     src/lib.rs - update (line 180)
[INFO] [stdout]     src/lib.rs - update (line 192)
[INFO] [stdout]     src/lib.rs - update (line 209)
[INFO] [stdout] 
[INFO] [stdout] test result: FAILED. 0 passed; 15 failed; 0 ignored; 0 measured; 0 filtered out; finished in 0.26s
[INFO] [stdout] 
[INFO] [stderr] error: doctest failed, to rerun pass `--doc`
[INFO] running `Command { std: "docker" "inspect" "871eadd5c45a1ae3a40301beed50aea61f439a76cfdfcb2165d2f1bf8d803e49", kill_on_drop: false }`
[INFO] running `Command { std: "docker" "rm" "-f" "871eadd5c45a1ae3a40301beed50aea61f439a76cfdfcb2165d2f1bf8d803e49", kill_on_drop: false }`
[INFO] [stdout] 871eadd5c45a1ae3a40301beed50aea61f439a76cfdfcb2165d2f1bf8d803e49
