[INFO] fetching crate ibus-dl 0.1.0...
[INFO] testing ibus-dl-0.1.0 against 1.75.0 for beta-1.76-1
[INFO] extracting crate ibus-dl 0.1.0 into /workspace/builds/worker-6-tc1/source
[INFO] validating manifest of crates.io crate ibus-dl 0.1.0 on toolchain 1.75.0
[INFO] running `Command { std: CARGO_HOME="/workspace/cargo-home" RUSTUP_HOME="/workspace/rustup-home" "/workspace/cargo-home/bin/cargo" "+1.75.0" "metadata" "--manifest-path" "Cargo.toml" "--no-deps", kill_on_drop: false }`
[INFO] started tweaking crates.io crate ibus-dl 0.1.0
[INFO] finished tweaking crates.io crate ibus-dl 0.1.0
[INFO] tweaked toml for crates.io crate ibus-dl 0.1.0 written to /workspace/builds/worker-6-tc1/source/Cargo.toml
[INFO] crate crates.io crate ibus-dl 0.1.0 already has a lockfile, it will not be regenerated
[INFO] running `Command { std: CARGO_HOME="/workspace/cargo-home" RUSTUP_HOME="/workspace/rustup-home" "/workspace/cargo-home/bin/cargo" "+1.75.0" "fetch" "--manifest-path" "Cargo.toml", kill_on_drop: false }`
[INFO] [stderr]     Blocking waiting for file lock on package cache
[INFO] running `Command { std: "docker" "create" "-v" "/var/lib/crater-agent-workspace/builds/worker-6-tc1/target:/opt/rustwide/target:rw,Z" "-v" "/var/lib/crater-agent-workspace/builds/worker-6-tc1/source:/opt/rustwide/workdir:ro,Z" "-v" "/var/lib/crater-agent-workspace/cargo-home:/opt/rustwide/cargo-home:ro,Z" "-v" "/var/lib/crater-agent-workspace/rustup-home:/opt/rustwide/rustup-home:ro,Z" "-e" "SOURCE_DIR=/opt/rustwide/workdir" "-e" "CARGO_TARGET_DIR=/opt/rustwide/target" "-e" "CARGO_HOME=/opt/rustwide/cargo-home" "-e" "RUSTUP_HOME=/opt/rustwide/rustup-home" "-w" "/opt/rustwide/workdir" "-m" "1610612736" "--user" "0:0" "--network" "none" "ghcr.io/rust-lang/crates-build-env/linux@sha256:2788e3201cd34a07e3172128adcd8b3090168a8e3bcc40d7c032b9dda1df7d1c" "/opt/rustwide/cargo-home/bin/cargo" "+1.75.0" "metadata" "--no-deps" "--format-version=1", kill_on_drop: false }`
[INFO] [stdout] aac2ddc92572fc4df2aec78a86e382192f916e5c0b60f497e17b38d1cc84d8cc
[INFO] running `Command { std: "docker" "start" "-a" "aac2ddc92572fc4df2aec78a86e382192f916e5c0b60f497e17b38d1cc84d8cc", kill_on_drop: false }`
[INFO] running `Command { std: "docker" "inspect" "aac2ddc92572fc4df2aec78a86e382192f916e5c0b60f497e17b38d1cc84d8cc", kill_on_drop: false }`
[INFO] running `Command { std: "docker" "rm" "-f" "aac2ddc92572fc4df2aec78a86e382192f916e5c0b60f497e17b38d1cc84d8cc", kill_on_drop: false }`
[INFO] [stdout] aac2ddc92572fc4df2aec78a86e382192f916e5c0b60f497e17b38d1cc84d8cc
[INFO] running `Command { std: "docker" "create" "-v" "/var/lib/crater-agent-workspace/builds/worker-6-tc1/target:/opt/rustwide/target:rw,Z" "-v" "/var/lib/crater-agent-workspace/builds/worker-6-tc1/source:/opt/rustwide/workdir:ro,Z" "-v" "/var/lib/crater-agent-workspace/cargo-home:/opt/rustwide/cargo-home:ro,Z" "-v" "/var/lib/crater-agent-workspace/rustup-home:/opt/rustwide/rustup-home:ro,Z" "-e" "SOURCE_DIR=/opt/rustwide/workdir" "-e" "CARGO_TARGET_DIR=/opt/rustwide/target" "-e" "CARGO_INCREMENTAL=0" "-e" "RUST_BACKTRACE=full" "-e" "RUSTFLAGS=--cap-lints=warn" "-e" "RUSTDOCFLAGS=--cap-lints=warn" "-e" "CARGO_HOME=/opt/rustwide/cargo-home" "-e" "RUSTUP_HOME=/opt/rustwide/rustup-home" "-w" "/opt/rustwide/workdir" "-m" "1610612736" "--user" "0:0" "--network" "none" "ghcr.io/rust-lang/crates-build-env/linux@sha256:2788e3201cd34a07e3172128adcd8b3090168a8e3bcc40d7c032b9dda1df7d1c" "/opt/rustwide/cargo-home/bin/cargo" "+1.75.0" "build" "--frozen" "--message-format=json", kill_on_drop: false }`
[INFO] [stdout] 4b207aede722c0866e3c0222735e00a350a9bf6c6a75b1130833c4016e9a41ff
[INFO] running `Command { std: "docker" "start" "-a" "4b207aede722c0866e3c0222735e00a350a9bf6c6a75b1130833c4016e9a41ff", kill_on_drop: false }`
[INFO] [stderr]    Compiling libloading v0.7.2
[INFO] [stderr]    Compiling once_cell v1.9.0
[INFO] [stderr]    Compiling dlib v0.5.0
[INFO] [stderr]    Compiling ibus-dl v0.1.0 (/opt/rustwide/workdir)
[INFO] [stderr]     Finished dev [unoptimized + debuginfo] target(s) in 0.56s
[INFO] running `Command { std: "docker" "inspect" "4b207aede722c0866e3c0222735e00a350a9bf6c6a75b1130833c4016e9a41ff", kill_on_drop: false }`
[INFO] running `Command { std: "docker" "rm" "-f" "4b207aede722c0866e3c0222735e00a350a9bf6c6a75b1130833c4016e9a41ff", kill_on_drop: false }`
[INFO] [stdout] 4b207aede722c0866e3c0222735e00a350a9bf6c6a75b1130833c4016e9a41ff
[INFO] running `Command { std: "docker" "create" "-v" "/var/lib/crater-agent-workspace/builds/worker-6-tc1/target:/opt/rustwide/target:rw,Z" "-v" "/var/lib/crater-agent-workspace/builds/worker-6-tc1/source:/opt/rustwide/workdir:ro,Z" "-v" "/var/lib/crater-agent-workspace/cargo-home:/opt/rustwide/cargo-home:ro,Z" "-v" "/var/lib/crater-agent-workspace/rustup-home:/opt/rustwide/rustup-home:ro,Z" "-e" "SOURCE_DIR=/opt/rustwide/workdir" "-e" "CARGO_TARGET_DIR=/opt/rustwide/target" "-e" "CARGO_INCREMENTAL=0" "-e" "RUST_BACKTRACE=full" "-e" "RUSTFLAGS=--cap-lints=warn" "-e" "RUSTDOCFLAGS=--cap-lints=warn" "-e" "CARGO_HOME=/opt/rustwide/cargo-home" "-e" "RUSTUP_HOME=/opt/rustwide/rustup-home" "-w" "/opt/rustwide/workdir" "-m" "1610612736" "--user" "0:0" "--network" "none" "ghcr.io/rust-lang/crates-build-env/linux@sha256:2788e3201cd34a07e3172128adcd8b3090168a8e3bcc40d7c032b9dda1df7d1c" "/opt/rustwide/cargo-home/bin/cargo" "+1.75.0" "test" "--frozen" "--no-run" "--message-format=json", kill_on_drop: false }`
[INFO] [stdout] bfe59dde78ddb11c38f07b6e37f80bf996d468a0ac2630d8868c2889117ee4e5
[INFO] running `Command { std: "docker" "start" "-a" "bfe59dde78ddb11c38f07b6e37f80bf996d468a0ac2630d8868c2889117ee4e5", kill_on_drop: false }`
[INFO] [stderr]    Compiling ibus-dl v0.1.0 (/opt/rustwide/workdir)
[INFO] [stderr]     Finished test [unoptimized + debuginfo] target(s) in 0.50s
[INFO] running `Command { std: "docker" "inspect" "bfe59dde78ddb11c38f07b6e37f80bf996d468a0ac2630d8868c2889117ee4e5", kill_on_drop: false }`
[INFO] running `Command { std: "docker" "rm" "-f" "bfe59dde78ddb11c38f07b6e37f80bf996d468a0ac2630d8868c2889117ee4e5", kill_on_drop: false }`
[INFO] [stdout] bfe59dde78ddb11c38f07b6e37f80bf996d468a0ac2630d8868c2889117ee4e5
[INFO] running `Command { std: "docker" "create" "-v" "/var/lib/crater-agent-workspace/builds/worker-6-tc1/target:/opt/rustwide/target:rw,Z" "-v" "/var/lib/crater-agent-workspace/builds/worker-6-tc1/source:/opt/rustwide/workdir:ro,Z" "-v" "/var/lib/crater-agent-workspace/cargo-home:/opt/rustwide/cargo-home:ro,Z" "-v" "/var/lib/crater-agent-workspace/rustup-home:/opt/rustwide/rustup-home:ro,Z" "-e" "SOURCE_DIR=/opt/rustwide/workdir" "-e" "CARGO_TARGET_DIR=/opt/rustwide/target" "-e" "CARGO_INCREMENTAL=0" "-e" "RUST_BACKTRACE=full" "-e" "RUSTFLAGS=--cap-lints=warn" "-e" "RUSTDOCFLAGS=--cap-lints=warn" "-e" "CARGO_HOME=/opt/rustwide/cargo-home" "-e" "RUSTUP_HOME=/opt/rustwide/rustup-home" "-w" "/opt/rustwide/workdir" "-m" "1610612736" "--user" "0:0" "--network" "none" "ghcr.io/rust-lang/crates-build-env/linux@sha256:2788e3201cd34a07e3172128adcd8b3090168a8e3bcc40d7c032b9dda1df7d1c" "/opt/rustwide/cargo-home/bin/cargo" "+1.75.0" "test" "--frozen", kill_on_drop: false }`
[INFO] [stdout] a24710c8c59296e3ff84ed6cd01c5637a182dfaa7b3f10b2eda649a19a9df8e4
[INFO] running `Command { std: "docker" "start" "-a" "a24710c8c59296e3ff84ed6cd01c5637a182dfaa7b3f10b2eda649a19a9df8e4", kill_on_drop: false }`
[INFO] [stderr]     Finished test [unoptimized + debuginfo] target(s) in 0.01s
[INFO] [stderr]      Running unittests src/lib.rs (/opt/rustwide/target/debug/deps/ibus_dl-f7724b49fade2441)
[INFO] [stdout] 
[INFO] [stdout] running 0 tests
[INFO] [stdout] 
[INFO] [stdout] test result: ok. 0 passed; 0 failed; 0 ignored; 0 measured; 0 filtered out; finished in 0.00s
[INFO] [stdout] 
[INFO] [stderr]    Doc-tests ibus-dl
[INFO] [stdout] 
[INFO] [stdout] running 1 test
[INFO] [stderr] error: doctest failed, to rerun pass `--doc`
[INFO] [stdout] test src/lib.rs - gunichar (line 75) ... FAILED
[INFO] [stdout] 
[INFO] [stdout] failures:
[INFO] [stdout] 
[INFO] [stdout] ---- src/lib.rs - gunichar (line 75) stdout ----
[INFO] [stdout] error: expected one of `!`, `.`, `::`, `;`, `?`, `{`, `}`, or an operator, found `c`
[INFO] [stdout]  --> src/lib.rs:76:10
[INFO] [stdout]   |
[INFO] [stdout] 3 | gunichar c;
[INFO] [stdout]   |          ^ expected one of 8 possible tokens
[INFO] [stdout] 
[INFO] [stdout] error: aborting due to previous error
[INFO] [stdout] 
[INFO] [stdout] Couldn't compile the test.
[INFO] [stdout] 
[INFO] [stdout] failures:
[INFO] [stdout]     src/lib.rs - gunichar (line 75)
[INFO] [stdout] 
[INFO] [stdout] test result: FAILED. 0 passed; 1 failed; 0 ignored; 0 measured; 0 filtered out; finished in 0.04s
[INFO] [stdout] 
[INFO] running `Command { std: "docker" "inspect" "a24710c8c59296e3ff84ed6cd01c5637a182dfaa7b3f10b2eda649a19a9df8e4", kill_on_drop: false }`
[INFO] running `Command { std: "docker" "rm" "-f" "a24710c8c59296e3ff84ed6cd01c5637a182dfaa7b3f10b2eda649a19a9df8e4", kill_on_drop: false }`
[INFO] [stdout] a24710c8c59296e3ff84ed6cd01c5637a182dfaa7b3f10b2eda649a19a9df8e4
[INFO] testing ibus-dl-0.1.0 against beta-2023-12-22 for beta-1.76-1
[INFO] extracting crate ibus-dl 0.1.0 into /workspace/builds/worker-6-tc2/source
[INFO] validating manifest of crates.io crate ibus-dl 0.1.0 on toolchain beta-2023-12-22
[INFO] running `Command { std: CARGO_HOME="/workspace/cargo-home" RUSTUP_HOME="/workspace/rustup-home" "/workspace/cargo-home/bin/cargo" "+beta-2023-12-22" "metadata" "--manifest-path" "Cargo.toml" "--no-deps", kill_on_drop: false }`
[INFO] started tweaking crates.io crate ibus-dl 0.1.0
[INFO] finished tweaking crates.io crate ibus-dl 0.1.0
[INFO] tweaked toml for crates.io crate ibus-dl 0.1.0 written to /workspace/builds/worker-6-tc2/source/Cargo.toml
[INFO] crate crates.io crate ibus-dl 0.1.0 already has a lockfile, it will not be regenerated
[INFO] running `Command { std: CARGO_HOME="/workspace/cargo-home" RUSTUP_HOME="/workspace/rustup-home" "/workspace/cargo-home/bin/cargo" "+beta-2023-12-22" "fetch" "--manifest-path" "Cargo.toml", kill_on_drop: false }`
[INFO] running `Command { std: "docker" "create" "-v" "/var/lib/crater-agent-workspace/builds/worker-6-tc2/target:/opt/rustwide/target:rw,Z" "-v" "/var/lib/crater-agent-workspace/builds/worker-6-tc2/source:/opt/rustwide/workdir:ro,Z" "-v" "/var/lib/crater-agent-workspace/cargo-home:/opt/rustwide/cargo-home:ro,Z" "-v" "/var/lib/crater-agent-workspace/rustup-home:/opt/rustwide/rustup-home:ro,Z" "-e" "SOURCE_DIR=/opt/rustwide/workdir" "-e" "CARGO_TARGET_DIR=/opt/rustwide/target" "-e" "CARGO_HOME=/opt/rustwide/cargo-home" "-e" "RUSTUP_HOME=/opt/rustwide/rustup-home" "-w" "/opt/rustwide/workdir" "-m" "1610612736" "--user" "0:0" "--network" "none" "ghcr.io/rust-lang/crates-build-env/linux@sha256:2788e3201cd34a07e3172128adcd8b3090168a8e3bcc40d7c032b9dda1df7d1c" "/opt/rustwide/cargo-home/bin/cargo" "+beta-2023-12-22" "metadata" "--no-deps" "--format-version=1", kill_on_drop: false }`
[INFO] [stdout] 0f98c14c906f1d2fbc774fc1b15e5e75044ad202aac2460e01cfe5af80aae459
[INFO] running `Command { std: "docker" "start" "-a" "0f98c14c906f1d2fbc774fc1b15e5e75044ad202aac2460e01cfe5af80aae459", kill_on_drop: false }`
[INFO] running `Command { std: "docker" "inspect" "0f98c14c906f1d2fbc774fc1b15e5e75044ad202aac2460e01cfe5af80aae459", kill_on_drop: false }`
[INFO] running `Command { std: "docker" "rm" "-f" "0f98c14c906f1d2fbc774fc1b15e5e75044ad202aac2460e01cfe5af80aae459", kill_on_drop: false }`
[INFO] [stdout] 0f98c14c906f1d2fbc774fc1b15e5e75044ad202aac2460e01cfe5af80aae459
[INFO] running `Command { std: "docker" "create" "-v" "/var/lib/crater-agent-workspace/builds/worker-6-tc2/target:/opt/rustwide/target:rw,Z" "-v" "/var/lib/crater-agent-workspace/builds/worker-6-tc2/source:/opt/rustwide/workdir:ro,Z" "-v" "/var/lib/crater-agent-workspace/cargo-home:/opt/rustwide/cargo-home:ro,Z" "-v" "/var/lib/crater-agent-workspace/rustup-home:/opt/rustwide/rustup-home:ro,Z" "-e" "SOURCE_DIR=/opt/rustwide/workdir" "-e" "CARGO_TARGET_DIR=/opt/rustwide/target" "-e" "CARGO_INCREMENTAL=0" "-e" "RUST_BACKTRACE=full" "-e" "RUSTFLAGS=--cap-lints=warn" "-e" "RUSTDOCFLAGS=--cap-lints=warn" "-e" "CARGO_HOME=/opt/rustwide/cargo-home" "-e" "RUSTUP_HOME=/opt/rustwide/rustup-home" "-w" "/opt/rustwide/workdir" "-m" "1610612736" "--user" "0:0" "--network" "none" "ghcr.io/rust-lang/crates-build-env/linux@sha256:2788e3201cd34a07e3172128adcd8b3090168a8e3bcc40d7c032b9dda1df7d1c" "/opt/rustwide/cargo-home/bin/cargo" "+beta-2023-12-22" "build" "--frozen" "--message-format=json", kill_on_drop: false }`
[INFO] [stdout] 2925a3c67406659a7e745da7d6920e5aa5dc94aed14b70d8f975a748c2e8736e
[INFO] running `Command { std: "docker" "start" "-a" "2925a3c67406659a7e745da7d6920e5aa5dc94aed14b70d8f975a748c2e8736e", kill_on_drop: false }`
[INFO] [stderr]    Compiling libloading v0.7.2
[INFO] [stderr]    Compiling once_cell v1.9.0
[INFO] [stderr]    Compiling dlib v0.5.0
[INFO] [stderr]    Compiling ibus-dl v0.1.0 (/opt/rustwide/workdir)
[INFO] [stderr]     Finished dev [unoptimized + debuginfo] target(s) in 0.44s
[INFO] running `Command { std: "docker" "inspect" "2925a3c67406659a7e745da7d6920e5aa5dc94aed14b70d8f975a748c2e8736e", kill_on_drop: false }`
[INFO] running `Command { std: "docker" "rm" "-f" "2925a3c67406659a7e745da7d6920e5aa5dc94aed14b70d8f975a748c2e8736e", kill_on_drop: false }`
[INFO] [stdout] 2925a3c67406659a7e745da7d6920e5aa5dc94aed14b70d8f975a748c2e8736e
[INFO] running `Command { std: "docker" "create" "-v" "/var/lib/crater-agent-workspace/builds/worker-6-tc2/target:/opt/rustwide/target:rw,Z" "-v" "/var/lib/crater-agent-workspace/builds/worker-6-tc2/source:/opt/rustwide/workdir:ro,Z" "-v" "/var/lib/crater-agent-workspace/cargo-home:/opt/rustwide/cargo-home:ro,Z" "-v" "/var/lib/crater-agent-workspace/rustup-home:/opt/rustwide/rustup-home:ro,Z" "-e" "SOURCE_DIR=/opt/rustwide/workdir" "-e" "CARGO_TARGET_DIR=/opt/rustwide/target" "-e" "CARGO_INCREMENTAL=0" "-e" "RUST_BACKTRACE=full" "-e" "RUSTFLAGS=--cap-lints=warn" "-e" "RUSTDOCFLAGS=--cap-lints=warn" "-e" "CARGO_HOME=/opt/rustwide/cargo-home" "-e" "RUSTUP_HOME=/opt/rustwide/rustup-home" "-w" "/opt/rustwide/workdir" "-m" "1610612736" "--user" "0:0" "--network" "none" "ghcr.io/rust-lang/crates-build-env/linux@sha256:2788e3201cd34a07e3172128adcd8b3090168a8e3bcc40d7c032b9dda1df7d1c" "/opt/rustwide/cargo-home/bin/cargo" "+beta-2023-12-22" "test" "--frozen" "--no-run" "--message-format=json", kill_on_drop: false }`
[INFO] [stdout] e2e153c3ecdf5987840b77fdcc19875fff54a07ffc0446f2be16b1e37f3cb2a0
[INFO] running `Command { std: "docker" "start" "-a" "e2e153c3ecdf5987840b77fdcc19875fff54a07ffc0446f2be16b1e37f3cb2a0", kill_on_drop: false }`
[INFO] [stderr]    Compiling ibus-dl v0.1.0 (/opt/rustwide/workdir)
[INFO] [stderr]     Finished test [unoptimized + debuginfo] target(s) in 0.43s
[INFO] running `Command { std: "docker" "inspect" "e2e153c3ecdf5987840b77fdcc19875fff54a07ffc0446f2be16b1e37f3cb2a0", kill_on_drop: false }`
[INFO] running `Command { std: "docker" "rm" "-f" "e2e153c3ecdf5987840b77fdcc19875fff54a07ffc0446f2be16b1e37f3cb2a0", kill_on_drop: false }`
[INFO] [stdout] e2e153c3ecdf5987840b77fdcc19875fff54a07ffc0446f2be16b1e37f3cb2a0
[INFO] running `Command { std: "docker" "create" "-v" "/var/lib/crater-agent-workspace/builds/worker-6-tc2/target:/opt/rustwide/target:rw,Z" "-v" "/var/lib/crater-agent-workspace/builds/worker-6-tc2/source:/opt/rustwide/workdir:ro,Z" "-v" "/var/lib/crater-agent-workspace/cargo-home:/opt/rustwide/cargo-home:ro,Z" "-v" "/var/lib/crater-agent-workspace/rustup-home:/opt/rustwide/rustup-home:ro,Z" "-e" "SOURCE_DIR=/opt/rustwide/workdir" "-e" "CARGO_TARGET_DIR=/opt/rustwide/target" "-e" "CARGO_INCREMENTAL=0" "-e" "RUST_BACKTRACE=full" "-e" "RUSTFLAGS=--cap-lints=warn" "-e" "RUSTDOCFLAGS=--cap-lints=warn" "-e" "CARGO_HOME=/opt/rustwide/cargo-home" "-e" "RUSTUP_HOME=/opt/rustwide/rustup-home" "-w" "/opt/rustwide/workdir" "-m" "1610612736" "--user" "0:0" "--network" "none" "ghcr.io/rust-lang/crates-build-env/linux@sha256:2788e3201cd34a07e3172128adcd8b3090168a8e3bcc40d7c032b9dda1df7d1c" "/opt/rustwide/cargo-home/bin/cargo" "+beta-2023-12-22" "test" "--frozen", kill_on_drop: false }`
[INFO] [stdout] 1e3a73684e7890d6ab7c865e10cc0e3641bda8cf2e5804323cd1f024b2fc3c77
[INFO] running `Command { std: "docker" "start" "-a" "1e3a73684e7890d6ab7c865e10cc0e3641bda8cf2e5804323cd1f024b2fc3c77", kill_on_drop: false }`
[INFO] [stderr]     Finished test [unoptimized + debuginfo] target(s) in 0.01s
[INFO] [stderr]      Running unittests src/lib.rs (/opt/rustwide/target/debug/deps/ibus_dl-6f29d842fbfdb87e)
[INFO] [stdout] 
[INFO] [stdout] running 0 tests
[INFO] [stdout] 
[INFO] [stdout] test result: ok. 0 passed; 0 failed; 0 ignored; 0 measured; 0 filtered out; finished in 0.00s
[INFO] [stdout] 
[INFO] [stderr]    Doc-tests ibus-dl
[INFO] [stdout] 
[INFO] [stdout] running 1 test
[INFO] [stdout] test src/lib.rs - gunichar (line 75) ... FAILED
[INFO] [stdout] 
[INFO] [stdout] failures:
[INFO] [stdout] 
[INFO] [stdout] ---- src/lib.rs - gunichar (line 75) stdout ----
[INFO] [stdout] error: expected one of `!`, `.`, `::`, `;`, `?`, `{`, `}`, or an operator, found `c`
[INFO] [stdout]  --> src/lib.rs:76:10
[INFO] [stdout]   |
[INFO] [stdout] 3 | gunichar c;
[INFO] [stdout]   |          ^ expected one of 8 possible tokens
[INFO] [stdout] 
[INFO] [stdout] error: aborting due to 1 previous error
[INFO] [stdout] 
[INFO] [stdout] Couldn't compile the test.
[INFO] [stdout] 
[INFO] [stdout] failures:
[INFO] [stdout]     src/lib.rs - gunichar (line 75)
[INFO] [stdout] 
[INFO] [stdout] test result: FAILED. 0 passed; 1 failed; 0 ignored; 0 measured; 0 filtered out; finished in 0.03s
[INFO] [stdout] 
[INFO] [stderr] error: doctest failed, to rerun pass `--doc`
[INFO] running `Command { std: "docker" "inspect" "1e3a73684e7890d6ab7c865e10cc0e3641bda8cf2e5804323cd1f024b2fc3c77", kill_on_drop: false }`
[INFO] running `Command { std: "docker" "rm" "-f" "1e3a73684e7890d6ab7c865e10cc0e3641bda8cf2e5804323cd1f024b2fc3c77", kill_on_drop: false }`
[INFO] [stdout] 1e3a73684e7890d6ab7c865e10cc0e3641bda8cf2e5804323cd1f024b2fc3c77
