[INFO] fetching crate i18n_codegen 0.1.1...
[INFO] testing i18n_codegen-0.1.1 against 1.75.0 for beta-1.76-1
[INFO] extracting crate i18n_codegen 0.1.1 into /workspace/builds/worker-4-tc1/source
[INFO] validating manifest of crates.io crate i18n_codegen 0.1.1 on toolchain 1.75.0
[INFO] running `Command { std: CARGO_HOME="/workspace/cargo-home" RUSTUP_HOME="/workspace/rustup-home" "/workspace/cargo-home/bin/cargo" "+1.75.0" "metadata" "--manifest-path" "Cargo.toml" "--no-deps", kill_on_drop: false }`
[INFO] started tweaking crates.io crate i18n_codegen 0.1.1
[INFO] finished tweaking crates.io crate i18n_codegen 0.1.1
[INFO] tweaked toml for crates.io crate i18n_codegen 0.1.1 written to /workspace/builds/worker-4-tc1/source/Cargo.toml
[INFO] running `Command { std: CARGO_HOME="/workspace/cargo-home" RUSTUP_HOME="/workspace/rustup-home" "/workspace/cargo-home/bin/cargo" "+1.75.0" "generate-lockfile" "--manifest-path" "Cargo.toml", kill_on_drop: false }`
[INFO] [stderr]     Updating crates.io index
[INFO] running `Command { std: CARGO_HOME="/workspace/cargo-home" RUSTUP_HOME="/workspace/rustup-home" "/workspace/cargo-home/bin/cargo" "+1.75.0" "fetch" "--manifest-path" "Cargo.toml", kill_on_drop: false }`
[INFO] [stderr]  Downloading crates ...
[INFO] [stderr]   Downloaded version-sync v0.8.1
[INFO] [stderr]   Downloaded semver-parser v0.9.0
[INFO] [stderr]   Downloaded pulldown-cmark v0.4.1
[INFO] running `Command { std: "docker" "create" "-v" "/var/lib/crater-agent-workspace/builds/worker-4-tc1/target:/opt/rustwide/target:rw,Z" "-v" "/var/lib/crater-agent-workspace/builds/worker-4-tc1/source:/opt/rustwide/workdir:ro,Z" "-v" "/var/lib/crater-agent-workspace/cargo-home:/opt/rustwide/cargo-home:ro,Z" "-v" "/var/lib/crater-agent-workspace/rustup-home:/opt/rustwide/rustup-home:ro,Z" "-e" "SOURCE_DIR=/opt/rustwide/workdir" "-e" "CARGO_TARGET_DIR=/opt/rustwide/target" "-e" "CARGO_HOME=/opt/rustwide/cargo-home" "-e" "RUSTUP_HOME=/opt/rustwide/rustup-home" "-w" "/opt/rustwide/workdir" "-m" "1610612736" "--user" "0:0" "--network" "none" "ghcr.io/rust-lang/crates-build-env/linux@sha256:2788e3201cd34a07e3172128adcd8b3090168a8e3bcc40d7c032b9dda1df7d1c" "/opt/rustwide/cargo-home/bin/cargo" "+1.75.0" "metadata" "--no-deps" "--format-version=1", kill_on_drop: false }`
[INFO] [stdout] 8d1cab5878ceb4fc41d7ef2879f816f08b4b94c821edad2fe4979d0f51dcb5a9
[INFO] running `Command { std: "docker" "start" "-a" "8d1cab5878ceb4fc41d7ef2879f816f08b4b94c821edad2fe4979d0f51dcb5a9", kill_on_drop: false }`
[INFO] running `Command { std: "docker" "inspect" "8d1cab5878ceb4fc41d7ef2879f816f08b4b94c821edad2fe4979d0f51dcb5a9", kill_on_drop: false }`
[INFO] running `Command { std: "docker" "rm" "-f" "8d1cab5878ceb4fc41d7ef2879f816f08b4b94c821edad2fe4979d0f51dcb5a9", kill_on_drop: false }`
[INFO] [stdout] 8d1cab5878ceb4fc41d7ef2879f816f08b4b94c821edad2fe4979d0f51dcb5a9
[INFO] running `Command { std: "docker" "create" "-v" "/var/lib/crater-agent-workspace/builds/worker-4-tc1/target:/opt/rustwide/target:rw,Z" "-v" "/var/lib/crater-agent-workspace/builds/worker-4-tc1/source:/opt/rustwide/workdir:ro,Z" "-v" "/var/lib/crater-agent-workspace/cargo-home:/opt/rustwide/cargo-home:ro,Z" "-v" "/var/lib/crater-agent-workspace/rustup-home:/opt/rustwide/rustup-home:ro,Z" "-e" "SOURCE_DIR=/opt/rustwide/workdir" "-e" "CARGO_TARGET_DIR=/opt/rustwide/target" "-e" "CARGO_INCREMENTAL=0" "-e" "RUST_BACKTRACE=full" "-e" "RUSTFLAGS=--cap-lints=warn" "-e" "RUSTDOCFLAGS=--cap-lints=warn" "-e" "CARGO_HOME=/opt/rustwide/cargo-home" "-e" "RUSTUP_HOME=/opt/rustwide/rustup-home" "-w" "/opt/rustwide/workdir" "-m" "1610612736" "--user" "0:0" "--network" "none" "ghcr.io/rust-lang/crates-build-env/linux@sha256:2788e3201cd34a07e3172128adcd8b3090168a8e3bcc40d7c032b9dda1df7d1c" "/opt/rustwide/cargo-home/bin/cargo" "+1.75.0" "build" "--frozen" "--message-format=json", kill_on_drop: false }`
[INFO] [stdout] f140a7950ad3e1bc02f229fe53e83a65df33e4b1587be5e30148430ee2f48416
[INFO] running `Command { std: "docker" "start" "-a" "f140a7950ad3e1bc02f229fe53e83a65df33e4b1587be5e30148430ee2f48416", kill_on_drop: false }`
[INFO] [stderr]    Compiling crossbeam-utils v0.8.18
[INFO] [stderr]    Compiling cfg-if v1.0.0
[INFO] [stderr]    Compiling proc-macro2 v0.4.30
[INFO] [stderr]    Compiling serde v1.0.194
[INFO] [stderr]    Compiling itoa v1.0.10
[INFO] [stderr]    Compiling either v1.9.0
[INFO] [stderr]    Compiling ryu v1.0.16
[INFO] [stderr]    Compiling rayon-core v1.12.0
[INFO] [stderr]    Compiling serde_json v1.0.111
[INFO] [stderr]    Compiling crossbeam-epoch v0.9.17
[INFO] [stderr]    Compiling crossbeam-deque v0.8.4
[INFO] [stderr]    Compiling quote v0.6.13
[INFO] [stderr]    Compiling syn v0.15.44
[INFO] [stderr]    Compiling rayon v1.8.0
[INFO] [stderr]    Compiling i18n_codegen v0.1.1 (/opt/rustwide/workdir)
[INFO] [stdout] warning: field `inner_error` is never read
[INFO] [stdout]    --> src/error.rs:13:9
[INFO] [stdout]     |
[INFO] [stdout] 11  |     MissingEnvVar {
[INFO] [stdout]     |     ------------- field in this variant
[INFO] [stdout] 12  |         name: String,
[INFO] [stdout] 13  |         inner_error: std::env::VarError,
[INFO] [stdout]     |         ^^^^^^^^^^^
[INFO] [stdout]     |
[INFO] [stdout] note: the lint level is defined here
[INFO] [stdout]    --> src/lib.rs:108:5
[INFO] [stdout]     |
[INFO] [stdout] 108 |     dead_code,
[INFO] [stdout]     |     ^^^^^^^^^
[INFO] [stdout] 
[INFO] [stdout] 
[INFO] [stdout] warning: 1 warning emitted
[INFO] [stdout] 
[INFO] [stdout] 
[INFO] [stderr]     Finished dev [unoptimized + debuginfo] target(s) in 3.91s
[INFO] running `Command { std: "docker" "inspect" "f140a7950ad3e1bc02f229fe53e83a65df33e4b1587be5e30148430ee2f48416", kill_on_drop: false }`
[INFO] running `Command { std: "docker" "rm" "-f" "f140a7950ad3e1bc02f229fe53e83a65df33e4b1587be5e30148430ee2f48416", kill_on_drop: false }`
[INFO] [stdout] f140a7950ad3e1bc02f229fe53e83a65df33e4b1587be5e30148430ee2f48416
[INFO] running `Command { std: "docker" "create" "-v" "/var/lib/crater-agent-workspace/builds/worker-4-tc1/target:/opt/rustwide/target:rw,Z" "-v" "/var/lib/crater-agent-workspace/builds/worker-4-tc1/source:/opt/rustwide/workdir:ro,Z" "-v" "/var/lib/crater-agent-workspace/cargo-home:/opt/rustwide/cargo-home:ro,Z" "-v" "/var/lib/crater-agent-workspace/rustup-home:/opt/rustwide/rustup-home:ro,Z" "-e" "SOURCE_DIR=/opt/rustwide/workdir" "-e" "CARGO_TARGET_DIR=/opt/rustwide/target" "-e" "CARGO_INCREMENTAL=0" "-e" "RUST_BACKTRACE=full" "-e" "RUSTFLAGS=--cap-lints=warn" "-e" "RUSTDOCFLAGS=--cap-lints=warn" "-e" "CARGO_HOME=/opt/rustwide/cargo-home" "-e" "RUSTUP_HOME=/opt/rustwide/rustup-home" "-w" "/opt/rustwide/workdir" "-m" "1610612736" "--user" "0:0" "--network" "none" "ghcr.io/rust-lang/crates-build-env/linux@sha256:2788e3201cd34a07e3172128adcd8b3090168a8e3bcc40d7c032b9dda1df7d1c" "/opt/rustwide/cargo-home/bin/cargo" "+1.75.0" "test" "--frozen" "--no-run" "--message-format=json", kill_on_drop: false }`
[INFO] [stdout] 66feaf3ab666a9fca772152a9a935a4d16c551b9aa78f61cf4a4aa0912fa0db8
[INFO] running `Command { std: "docker" "start" "-a" "66feaf3ab666a9fca772152a9a935a4d16c551b9aa78f61cf4a4aa0912fa0db8", kill_on_drop: false }`
[INFO] [stderr]    Compiling serde v1.0.194
[INFO] [stderr]    Compiling either v1.9.0
[INFO] [stderr]    Compiling proc-macro2 v0.4.30
[INFO] [stderr]    Compiling unicase v2.7.0
[INFO] [stderr]    Compiling syn v0.15.44
[INFO] [stderr]    Compiling aho-corasick v1.1.2
[INFO] [stderr]    Compiling pulldown-cmark v0.4.1
[INFO] [stderr]    Compiling unicode-segmentation v1.10.1
[INFO] [stderr]    Compiling trybuild v1.0.87
[INFO] [stderr]    Compiling semver-parser v0.9.0
[INFO] [stderr]    Compiling glob v0.3.1
[INFO] [stderr]    Compiling syn v2.0.48
[INFO] [stderr]    Compiling rayon v1.8.0
[INFO] [stderr]    Compiling itertools v0.8.2
[INFO] [stderr]    Compiling heck v0.3.3
[INFO] [stderr]    Compiling quote v0.6.13
[INFO] [stderr]    Compiling regex-automata v0.4.3
[INFO] [stderr]    Compiling serde_derive v1.0.194
[INFO] [stderr]    Compiling serde_json v1.0.111
[INFO] [stderr]    Compiling toml v0.5.11
[INFO] [stderr]    Compiling basic-toml v0.1.8
[INFO] [stderr]    Compiling regex v1.10.2
[INFO] [stderr]    Compiling version-sync v0.8.1
[INFO] [stderr]    Compiling i18n_codegen v0.1.1 (/opt/rustwide/workdir)
[INFO] [stdout] warning: field `inner_error` is never read
[INFO] [stdout]    --> src/error.rs:13:9
[INFO] [stdout]     |
[INFO] [stdout] 11  |     MissingEnvVar {
[INFO] [stdout]     |     ------------- field in this variant
[INFO] [stdout] 12  |         name: String,
[INFO] [stdout] 13  |         inner_error: std::env::VarError,
[INFO] [stdout]     |         ^^^^^^^^^^^
[INFO] [stdout]     |
[INFO] [stdout] note: the lint level is defined here
[INFO] [stdout]    --> src/lib.rs:108:5
[INFO] [stdout]     |
[INFO] [stdout] 108 |     dead_code,
[INFO] [stdout]     |     ^^^^^^^^^
[INFO] [stdout] 
[INFO] [stdout] 
[INFO] [stdout] warning: 1 warning emitted
[INFO] [stdout] 
[INFO] [stdout] 
[INFO] [stdout] warning: field `inner_error` is never read
[INFO] [stdout]    --> src/error.rs:13:9
[INFO] [stdout]     |
[INFO] [stdout] 11  |     MissingEnvVar {
[INFO] [stdout]     |     ------------- field in this variant
[INFO] [stdout] 12  |         name: String,
[INFO] [stdout] 13  |         inner_error: std::env::VarError,
[INFO] [stdout]     |         ^^^^^^^^^^^
[INFO] [stdout]     |
[INFO] [stdout] note: the lint level is defined here
[INFO] [stdout]    --> src/lib.rs:108:5
[INFO] [stdout]     |
[INFO] [stdout] 108 |     dead_code,
[INFO] [stdout]     |     ^^^^^^^^^
[INFO] [stdout] 
[INFO] [stdout] 
[INFO] [stdout] warning: 1 warning emitted
[INFO] [stdout] 
[INFO] [stdout] 
[INFO] [stderr]     Finished test [unoptimized + debuginfo] target(s) in 8.00s
[INFO] running `Command { std: "docker" "inspect" "66feaf3ab666a9fca772152a9a935a4d16c551b9aa78f61cf4a4aa0912fa0db8", kill_on_drop: false }`
[INFO] running `Command { std: "docker" "rm" "-f" "66feaf3ab666a9fca772152a9a935a4d16c551b9aa78f61cf4a4aa0912fa0db8", kill_on_drop: false }`
[INFO] [stdout] 66feaf3ab666a9fca772152a9a935a4d16c551b9aa78f61cf4a4aa0912fa0db8
[INFO] running `Command { std: "docker" "create" "-v" "/var/lib/crater-agent-workspace/builds/worker-4-tc1/target:/opt/rustwide/target:rw,Z" "-v" "/var/lib/crater-agent-workspace/builds/worker-4-tc1/source:/opt/rustwide/workdir:ro,Z" "-v" "/var/lib/crater-agent-workspace/cargo-home:/opt/rustwide/cargo-home:ro,Z" "-v" "/var/lib/crater-agent-workspace/rustup-home:/opt/rustwide/rustup-home:ro,Z" "-e" "SOURCE_DIR=/opt/rustwide/workdir" "-e" "CARGO_TARGET_DIR=/opt/rustwide/target" "-e" "CARGO_INCREMENTAL=0" "-e" "RUST_BACKTRACE=full" "-e" "RUSTFLAGS=--cap-lints=warn" "-e" "RUSTDOCFLAGS=--cap-lints=warn" "-e" "CARGO_HOME=/opt/rustwide/cargo-home" "-e" "RUSTUP_HOME=/opt/rustwide/rustup-home" "-w" "/opt/rustwide/workdir" "-m" "1610612736" "--user" "0:0" "--network" "none" "ghcr.io/rust-lang/crates-build-env/linux@sha256:2788e3201cd34a07e3172128adcd8b3090168a8e3bcc40d7c032b9dda1df7d1c" "/opt/rustwide/cargo-home/bin/cargo" "+1.75.0" "test" "--frozen", kill_on_drop: false }`
[INFO] [stdout] 3f4f0de98d047f268d4c744ce34759be63d66604456a910c305afa3d5ccaf9c5
[INFO] running `Command { std: "docker" "start" "-a" "3f4f0de98d047f268d4c744ce34759be63d66604456a910c305afa3d5ccaf9c5", kill_on_drop: false }`
[INFO] [stderr] warning: field `inner_error` is never read
[INFO] [stderr]    --> src/error.rs:13:9
[INFO] [stderr]     |
[INFO] [stderr] 11  |     MissingEnvVar {
[INFO] [stderr]     |     ------------- field in this variant
[INFO] [stderr] 12  |         name: String,
[INFO] [stderr] 13  |         inner_error: std::env::VarError,
[INFO] [stderr]     |         ^^^^^^^^^^^
[INFO] [stderr]     |
[INFO] [stderr] note: the lint level is defined here
[INFO] [stderr]    --> src/lib.rs:108:5
[INFO] [stderr]     |
[INFO] [stderr] 108 |     dead_code,
[INFO] [stderr]     |     ^^^^^^^^^
[INFO] [stderr] 
[INFO] [stderr] warning: `i18n_codegen` (lib) generated 1 warning
[INFO] [stderr] warning: `i18n_codegen` (lib test) generated 1 warning (1 duplicate)
[INFO] [stderr]     Finished test [unoptimized + debuginfo] target(s) in 0.05s
[INFO] [stderr]      Running unittests src/lib.rs (/opt/rustwide/target/debug/deps/i18n_codegen-bc79556b76de6aad)
[INFO] [stdout] 
[INFO] [stdout] running 14 tests
[INFO] [stdout] test placeholder_parsing::test::test_tokenize_with_emojis ... ok
[INFO] [stdout] test placeholder_parsing::test::test_tokenize_with_multi_char_placeholders ... ok
[INFO] [stdout] test placeholder_parsing::test::test_tokenize_with_simple_placeholders ... ok
[INFO] [stdout] test placeholder_parsing::test::test_tokenize_empty_input ... ok
[INFO] [stdout] test placeholder_parsing::test::test_tokenize_with_different_length_char_placeholders ... ok
[INFO] [stdout] test placeholder_parsing::test::test_tokenize_without_placeholders ... ok
[INFO] [stdout] test placeholder_parsing::test::error_when_unbalanced ... ok
[INFO] [stdout] test placeholder_parsing::test::test_parsing_placeholders ... ok
[INFO] [stdout] test test::test_find_locale_files ... ok
[INFO] [stdout] test test::test_finding_locale_names ... ok
[INFO] [stdout] test test::test_reading_files ... ok
[INFO] [stdout] test test::test_building_translations ... ok
[INFO] [stdout] test test::test_html_root_url ... ok
[INFO] [stderr]    Compiling crossbeam-utils v0.8.18
[INFO] [stderr]    Compiling proc-macro2 v0.4.30
[INFO] [stderr]    Compiling serde v1.0.194
[INFO] [stderr]    Compiling rayon-core v1.12.0
[INFO] [stderr]    Compiling syn v0.15.44
[INFO] [stderr]    Compiling cfg-if v1.0.0
[INFO] [stderr]    Compiling serde_json v1.0.111
[INFO] [stderr]    Compiling version_check v0.9.4
[INFO] [stderr]     Checking tinyvec_macros v0.1.1
[INFO] [stderr]     Checking memchr v2.7.1
[INFO] [stderr]    Compiling unicode-xid v0.1.0
[INFO] [stderr]     Checking regex-syntax v0.8.2
[INFO] [stderr]    Compiling pulldown-cmark v0.4.1
[INFO] [stderr]     Checking unicode-bidi v0.3.14
[INFO] [stderr]     Checking either v1.9.0
[INFO] [stderr]     Checking matches v0.1.10
[INFO] [stderr]     Checking tinyvec v1.6.0
[INFO] [stderr]     Checking bitflags v1.3.2
[INFO] [stderr]    Compiling unicode-segmentation v1.10.1
[INFO] [stderr]    Compiling itoa v1.0.10
[INFO] [stderr]    Compiling ryu v1.0.16
[INFO] [stderr]     Checking percent-encoding v1.0.1
[INFO] [stderr]     Checking itertools v0.8.2
[INFO] [stderr]     Checking semver-parser v0.9.0
[INFO] [stderr]    Compiling unicase v2.7.0
[INFO] [stderr]    Compiling heck v0.3.3
[INFO] [stderr]     Checking aho-corasick v1.1.2
[INFO] [stderr]     Checking unicode-normalization v0.1.22
[INFO] [stderr]     Checking crossbeam-epoch v0.9.17
[INFO] [stderr]     Checking quote v0.6.13
[INFO] [stderr]     Checking crossbeam-deque v0.8.4
[INFO] [stderr]     Checking idna v0.1.5
[INFO] [stderr]     Checking rayon v1.8.0
[INFO] [stderr]     Checking url v1.7.2
[INFO] [stderr]     Checking regex-automata v0.4.3
[INFO] [stderr]     Checking toml v0.5.11
[INFO] [stderr]     Checking regex v1.10.2
[INFO] [stderr]     Checking version-sync v0.8.1
[INFO] [stderr]    Compiling i18n_codegen v0.1.1 (/opt/rustwide/workdir)
[INFO] [stderr] error: field `inner_error` is never read
[INFO] [stderr]    --> /opt/rustwide/workdir/src/error.rs:13:9
[INFO] [stderr]     |
[INFO] [stderr] 11  |     MissingEnvVar {
[INFO] [stderr]     |     ------------- field in this variant
[INFO] [stderr] 12  |         name: String,
[INFO] [stderr] 13  |         inner_error: std::env::VarError,
[INFO] [stderr]     |         ^^^^^^^^^^^
[INFO] [stderr]     |
[INFO] [stderr] note: the lint level is defined here
[INFO] [stderr]    --> /opt/rustwide/workdir/src/lib.rs:108:5
[INFO] [stderr]     |
[INFO] [stderr] 108 |     dead_code,
[INFO] [stderr]     |     ^^^^^^^^^
[INFO] [stderr] 
[INFO] [stderr] error: could not compile `i18n_codegen` (lib) due to previous error
[INFO] [stdout] test test::ui ... FAILED
[INFO] [stdout] 
[INFO] [stdout] failures:
[INFO] [stdout] 
[INFO] [stdout] ---- test::ui stdout ----
[INFO] [stdout] thread 'test::ui' panicked at /opt/rustwide/cargo-home/registry/src/index.crates.io-6f17d22bba15001f/trybuild-1.0.87/src/run.rs:61:13:
[INFO] [stdout] tests failed
[INFO] [stdout] stack backtrace:
[INFO] [stdout]    0:     0x7f62426ca62c - std::backtrace_rs::backtrace::libunwind::trace::ha637c64ce894333a
[INFO] [stdout]                                at /rustc/82e1608dfa6e0b5569232559e3d385fea5a93112/library/std/src/../../backtrace/src/backtrace/libunwind.rs:104:5
[INFO] [stdout]    1:     0x7f62426ca62c - std::backtrace_rs::backtrace::trace_unsynchronized::h47f62dea28e0c88d
[INFO] [stdout]                                at /rustc/82e1608dfa6e0b5569232559e3d385fea5a93112/library/std/src/../../backtrace/src/backtrace/mod.rs:66:5
[INFO] [stdout]    2:     0x7f62426ca62c - std::sys_common::backtrace::_print_fmt::h9eef0abe20ede486
[INFO] [stdout]                                at /rustc/82e1608dfa6e0b5569232559e3d385fea5a93112/library/std/src/sys_common/backtrace.rs:67:5
[INFO] [stdout]    3:     0x7f62426ca62c - <std::sys_common::backtrace::_print::DisplayBacktrace as core::fmt::Display>::fmt::hed7f999df88cc644
[INFO] [stdout]                                at /rustc/82e1608dfa6e0b5569232559e3d385fea5a93112/library/std/src/sys_common/backtrace.rs:44:22
[INFO] [stdout]    4:     0x7f624271d630 - core::fmt::rt::Argument::fmt::h1539a9308b8d058d
[INFO] [stdout]                                at /rustc/82e1608dfa6e0b5569232559e3d385fea5a93112/library/core/src/fmt/rt.rs:142:9
[INFO] [stdout]    5:     0x7f624271d630 - core::fmt::write::h3a39390d8560d9c9
[INFO] [stdout]                                at /rustc/82e1608dfa6e0b5569232559e3d385fea5a93112/library/core/src/fmt/mod.rs:1120:17
[INFO] [stdout]    6:     0x7f62426be4bf - std::io::Write::write_fmt::h040b369f3a0f9cbc
[INFO] [stdout]                                at /rustc/82e1608dfa6e0b5569232559e3d385fea5a93112/library/std/src/io/mod.rs:1762:15
[INFO] [stdout]    7:     0x7f62426ca414 - std::sys_common::backtrace::_print::h894006fb5c6f3d45
[INFO] [stdout]                                at /rustc/82e1608dfa6e0b5569232559e3d385fea5a93112/library/std/src/sys_common/backtrace.rs:47:5
[INFO] [stdout]    8:     0x7f62426ca414 - std::sys_common::backtrace::print::h23a2d212c6fff936
[INFO] [stdout]                                at /rustc/82e1608dfa6e0b5569232559e3d385fea5a93112/library/std/src/sys_common/backtrace.rs:34:9
[INFO] [stdout]    9:     0x7f62426cd0a7 - std::panicking::default_hook::{{closure}}::h8a1d2ee00185001a
[INFO] [stdout]   10:     0x7f62426ccd93 - std::panicking::default_hook::h6038f2eba384e475
[INFO] [stdout]                                at /rustc/82e1608dfa6e0b5569232559e3d385fea5a93112/library/std/src/panicking.rs:289:9
[INFO] [stdout]   11:     0x7f6242798d07 - <alloc::boxed::Box<F,A> as core::ops::function::Fn<Args>>::call::h0ad024c9bdc6d768
[INFO] [stdout]                                at /rustc/82e1608dfa6e0b5569232559e3d385fea5a93112/library/alloc/src/boxed.rs:2021:9
[INFO] [stdout]   12:     0x7f6242798d07 - test::test_main::{{closure}}::h7500b54257359db6
[INFO] [stdout]                                at /rustc/82e1608dfa6e0b5569232559e3d385fea5a93112/library/test/src/lib.rs:138:21
[INFO] [stdout]   13:     0x7f62426cd7e8 - <alloc::boxed::Box<F,A> as core::ops::function::Fn<Args>>::call::h1f8f335eaa9cfaee
[INFO] [stdout]                                at /rustc/82e1608dfa6e0b5569232559e3d385fea5a93112/library/alloc/src/boxed.rs:2021:9
[INFO] [stdout]   14:     0x7f62426cd7e8 - std::panicking::rust_panic_with_hook::h2b5517d590cab22e
[INFO] [stdout]                                at /rustc/82e1608dfa6e0b5569232559e3d385fea5a93112/library/std/src/panicking.rs:783:13
[INFO] [stdout]   15:     0x7f62426cd509 - std::panicking::begin_panic_handler::{{closure}}::h233112c06e0ef43e
[INFO] [stdout]                                at /rustc/82e1608dfa6e0b5569232559e3d385fea5a93112/library/std/src/panicking.rs:649:13
[INFO] [stdout]   16:     0x7f62426caaf6 - std::sys_common::backtrace::__rust_end_short_backtrace::h6e893f24d7ebbff8
[INFO] [stdout]                                at /rustc/82e1608dfa6e0b5569232559e3d385fea5a93112/library/std/src/sys_common/backtrace.rs:170:18
[INFO] [stdout]   17:     0x7f62426cd2a2 - rust_begin_unwind
[INFO] [stdout]                                at /rustc/82e1608dfa6e0b5569232559e3d385fea5a93112/library/std/src/panicking.rs:645:5
[INFO] [stdout]   18:     0x7f6242719d15 - core::panicking::panic_fmt::hbf0e066aabfa482c
[INFO] [stdout]                                at /rustc/82e1608dfa6e0b5569232559e3d385fea5a93112/library/core/src/panicking.rs:72:14
[INFO] [stdout]   19:     0x557f1664fb84 - trybuild::run::<impl trybuild::Runner>::run::{{closure}}::h95dd2db70a13eaa1
[INFO] [stdout]                                at /opt/rustwide/cargo-home/registry/src/index.crates.io-6f17d22bba15001f/trybuild-1.0.87/src/run.rs:61:13
[INFO] [stdout]   20:     0x557f165bef49 - core::result::Result<T,E>::unwrap_or_else::h14bf0e3621981489
[INFO] [stdout]                                at /rustc/82e1608dfa6e0b5569232559e3d385fea5a93112/library/core/src/result.rs:1430:23
[INFO] [stdout]   21:     0x557f165e500f - trybuild::run::<impl trybuild::Runner>::run::h5fe8ecd04039730a
[INFO] [stdout]                                at /opt/rustwide/cargo-home/registry/src/index.crates.io-6f17d22bba15001f/trybuild-1.0.87/src/run.rs:53:32
[INFO] [stdout]   22:     0x557f165eb168 - <trybuild::TestCases as core::ops::drop::Drop>::drop::h24670552e51a4799
[INFO] [stdout]                                at /opt/rustwide/cargo-home/registry/src/index.crates.io-6f17d22bba15001f/trybuild-1.0.87/src/lib.rs:317:13
[INFO] [stdout]   23:     0x557f16567ff7 - core::ptr::drop_in_place<trybuild::TestCases>::h39e35c9bc2fcad66
[INFO] [stdout]                                at /rustc/82e1608dfa6e0b5569232559e3d385fea5a93112/library/core/src/ptr/mod.rs:498:1
[INFO] [stdout]   24:     0x557f165620f3 - i18n_codegen::test::ui::h71448713cb133419
[INFO] [stdout]                                at /opt/rustwide/workdir/src/lib.rs:602:5
[INFO] [stdout]   25:     0x557f16562087 - i18n_codegen::test::ui::{{closure}}::h28bd96935f25e757
[INFO] [stdout]                                at /opt/rustwide/workdir/src/lib.rs:599:12
[INFO] [stdout]   26:     0x557f165668a6 - core::ops::function::FnOnce::call_once::h781e137e233361a4
[INFO] [stdout]                                at /rustc/82e1608dfa6e0b5569232559e3d385fea5a93112/library/core/src/ops/function.rs:250:5
[INFO] [stdout]   27:     0x7f624279ec9f - core::ops::function::FnOnce::call_once::h2b5d431d5046312d
[INFO] [stdout]                                at /rustc/82e1608dfa6e0b5569232559e3d385fea5a93112/library/core/src/ops/function.rs:250:5
[INFO] [stdout]   28:     0x7f624279ec9f - test::__rust_begin_short_backtrace::h7714669af176e207
[INFO] [stdout]                                at /rustc/82e1608dfa6e0b5569232559e3d385fea5a93112/library/test/src/lib.rs:628:18
[INFO] [stdout]   29:     0x7f624279dcb5 - test::run_test_in_process::{{closure}}::h85218797dcbcec12
[INFO] [stdout]                                at /rustc/82e1608dfa6e0b5569232559e3d385fea5a93112/library/test/src/lib.rs:651:60
[INFO] [stdout]   30:     0x7f624279dcb5 - <core::panic::unwind_safe::AssertUnwindSafe<F> as core::ops::function::FnOnce<()>>::call_once::h76c106ea31c14d7b
[INFO] [stdout]                                at /rustc/82e1608dfa6e0b5569232559e3d385fea5a93112/library/core/src/panic/unwind_safe.rs:272:9
[INFO] [stdout]   31:     0x7f624279dcb5 - std::panicking::try::do_call::h3bd5d0f6620ee946
[INFO] [stdout]                                at /rustc/82e1608dfa6e0b5569232559e3d385fea5a93112/library/std/src/panicking.rs:552:40
[INFO] [stdout]   32:     0x7f624279dcb5 - std::panicking::try::h232e535e4744fe31
[INFO] [stdout]                                at /rustc/82e1608dfa6e0b5569232559e3d385fea5a93112/library/std/src/panicking.rs:516:19
[INFO] [stdout]   33:     0x7f624279dcb5 - std::panic::catch_unwind::h3ce3bd6ca8dbac68
[INFO] [stdout]                                at /rustc/82e1608dfa6e0b5569232559e3d385fea5a93112/library/std/src/panic.rs:142:14
[INFO] [stdout]   34:     0x7f624279dcb5 - test::run_test_in_process::hc97b257c9621286a
[INFO] [stdout]                                at /rustc/82e1608dfa6e0b5569232559e3d385fea5a93112/library/test/src/lib.rs:651:27
[INFO] [stdout]   35:     0x7f624279dcb5 - test::run_test::{{closure}}::h2aa798823a438d38
[INFO] [stdout]                                at /rustc/82e1608dfa6e0b5569232559e3d385fea5a93112/library/test/src/lib.rs:574:43
[INFO] [stdout]   36:     0x7f6242761a26 - test::run_test::{{closure}}::h87d231c78fb59832
[INFO] [stdout]                                at /rustc/82e1608dfa6e0b5569232559e3d385fea5a93112/library/test/src/lib.rs:602:41
[INFO] [stdout]   37:     0x7f6242761a26 - std::sys_common::backtrace::__rust_begin_short_backtrace::he6df152596625789
[INFO] [stdout]                                at /rustc/82e1608dfa6e0b5569232559e3d385fea5a93112/library/std/src/sys_common/backtrace.rs:154:18
[INFO] [stdout]   38:     0x7f6242766ad7 - std::thread::Builder::spawn_unchecked_::{{closure}}::{{closure}}::ha94be15d1e0acf36
[INFO] [stdout]                                at /rustc/82e1608dfa6e0b5569232559e3d385fea5a93112/library/std/src/thread/mod.rs:529:17
[INFO] [stdout]   39:     0x7f6242766ad7 - <core::panic::unwind_safe::AssertUnwindSafe<F> as core::ops::function::FnOnce<()>>::call_once::h9dc6bd6372f16606
[INFO] [stdout]                                at /rustc/82e1608dfa6e0b5569232559e3d385fea5a93112/library/core/src/panic/unwind_safe.rs:272:9
[INFO] [stdout]   40:     0x7f6242766ad7 - std::panicking::try::do_call::h9057517f80303cd4
[INFO] [stdout]                                at /rustc/82e1608dfa6e0b5569232559e3d385fea5a93112/library/std/src/panicking.rs:552:40
[INFO] [stdout]   41:     0x7f6242766ad7 - std::panicking::try::he3a30b11ee45340c
[INFO] [stdout]                                at /rustc/82e1608dfa6e0b5569232559e3d385fea5a93112/library/std/src/panicking.rs:516:19
[INFO] [stdout]   42:     0x7f6242766ad7 - std::panic::catch_unwind::h410458cfd3528b8b
[INFO] [stdout]                                at /rustc/82e1608dfa6e0b5569232559e3d385fea5a93112/library/std/src/panic.rs:142:14
[INFO] [stdout]   43:     0x7f6242766ad7 - std::thread::Builder::spawn_unchecked_::{{closure}}::h72ac3bdb567b737b
[INFO] [stdout]                                at /rustc/82e1608dfa6e0b5569232559e3d385fea5a93112/library/std/src/thread/mod.rs:528:30
[INFO] [stdout]   44:     0x7f6242766ad7 - core::ops::function::FnOnce::call_once{{vtable.shim}}::h38f34da3654a8344
[INFO] [stdout]                                at /rustc/82e1608dfa6e0b5569232559e3d385fea5a93112/library/core/src/ops/function.rs:250:5
[INFO] [stdout]   45:     0x7f62426d76a5 - <alloc::boxed::Box<F,A> as core::ops::function::FnOnce<Args>>::call_once::hc7eafaff61e32df9
[INFO] [stdout]                                at /rustc/82e1608dfa6e0b5569232559e3d385fea5a93112/library/alloc/src/boxed.rs:2007:9
[INFO] [stdout]   46:     0x7f62426d76a5 - <alloc::boxed::Box<F,A> as core::ops::function::FnOnce<Args>>::call_once::h6ba4a5de48dd2304
[INFO] [stdout]                                at /rustc/82e1608dfa6e0b5569232559e3d385fea5a93112/library/alloc/src/boxed.rs:2007:9
[INFO] [stdout]   47:     0x7f62426d76a5 - std::sys::unix::thread::Thread::new::thread_start::he469335aef763e45
[INFO] [stdout]                                at /rustc/82e1608dfa6e0b5569232559e3d385fea5a93112/library/std/src/sys/unix/thread.rs:108:17
[INFO] [stdout]   48:     0x7f6242361ac3 - <unknown>
[INFO] [stdout]   49:     0x7f62423f2bf4 - __clone
[INFO] [stdout]   50:                0x0 - <unknown>
[INFO] [stdout] 
[INFO] [stdout] 
[INFO] [stdout] failures:
[INFO] [stdout]     test::ui
[INFO] [stdout] 
[INFO] [stdout] test result: FAILED. 13 passed; 1 failed; 0 ignored; 0 measured; 0 filtered out; finished in 4.01s
[INFO] [stdout] 
[INFO] [stderr] error: test failed, to rerun pass `--lib`
[INFO] running `Command { std: "docker" "inspect" "3f4f0de98d047f268d4c744ce34759be63d66604456a910c305afa3d5ccaf9c5", kill_on_drop: false }`
[INFO] running `Command { std: "docker" "rm" "-f" "3f4f0de98d047f268d4c744ce34759be63d66604456a910c305afa3d5ccaf9c5", kill_on_drop: false }`
[INFO] [stdout] 3f4f0de98d047f268d4c744ce34759be63d66604456a910c305afa3d5ccaf9c5
[INFO] testing i18n_codegen-0.1.1 against beta-2023-12-22 for beta-1.76-1
[INFO] extracting crate i18n_codegen 0.1.1 into /workspace/builds/worker-4-tc2/source
[INFO] validating manifest of crates.io crate i18n_codegen 0.1.1 on toolchain beta-2023-12-22
[INFO] running `Command { std: CARGO_HOME="/workspace/cargo-home" RUSTUP_HOME="/workspace/rustup-home" "/workspace/cargo-home/bin/cargo" "+beta-2023-12-22" "metadata" "--manifest-path" "Cargo.toml" "--no-deps", kill_on_drop: false }`
[INFO] started tweaking crates.io crate i18n_codegen 0.1.1
[INFO] finished tweaking crates.io crate i18n_codegen 0.1.1
[INFO] tweaked toml for crates.io crate i18n_codegen 0.1.1 written to /workspace/builds/worker-4-tc2/source/Cargo.toml
[INFO] running `Command { std: CARGO_HOME="/workspace/cargo-home" RUSTUP_HOME="/workspace/rustup-home" "/workspace/cargo-home/bin/cargo" "+beta-2023-12-22" "generate-lockfile" "--manifest-path" "Cargo.toml", kill_on_drop: false }`
[INFO] [stderr]     Updating crates.io index
[INFO] running `Command { std: CARGO_HOME="/workspace/cargo-home" RUSTUP_HOME="/workspace/rustup-home" "/workspace/cargo-home/bin/cargo" "+beta-2023-12-22" "fetch" "--manifest-path" "Cargo.toml", kill_on_drop: false }`
[INFO] running `Command { std: "docker" "create" "-v" "/var/lib/crater-agent-workspace/builds/worker-4-tc2/target:/opt/rustwide/target:rw,Z" "-v" "/var/lib/crater-agent-workspace/builds/worker-4-tc2/source:/opt/rustwide/workdir:ro,Z" "-v" "/var/lib/crater-agent-workspace/cargo-home:/opt/rustwide/cargo-home:ro,Z" "-v" "/var/lib/crater-agent-workspace/rustup-home:/opt/rustwide/rustup-home:ro,Z" "-e" "SOURCE_DIR=/opt/rustwide/workdir" "-e" "CARGO_TARGET_DIR=/opt/rustwide/target" "-e" "CARGO_HOME=/opt/rustwide/cargo-home" "-e" "RUSTUP_HOME=/opt/rustwide/rustup-home" "-w" "/opt/rustwide/workdir" "-m" "1610612736" "--user" "0:0" "--network" "none" "ghcr.io/rust-lang/crates-build-env/linux@sha256:2788e3201cd34a07e3172128adcd8b3090168a8e3bcc40d7c032b9dda1df7d1c" "/opt/rustwide/cargo-home/bin/cargo" "+beta-2023-12-22" "metadata" "--no-deps" "--format-version=1", kill_on_drop: false }`
[INFO] [stdout] 96767c11874744ceb5d70604a3e183d7cdd97deca3091fa605753f9f64bf6aad
[INFO] running `Command { std: "docker" "start" "-a" "96767c11874744ceb5d70604a3e183d7cdd97deca3091fa605753f9f64bf6aad", kill_on_drop: false }`
[INFO] running `Command { std: "docker" "inspect" "96767c11874744ceb5d70604a3e183d7cdd97deca3091fa605753f9f64bf6aad", kill_on_drop: false }`
[INFO] running `Command { std: "docker" "rm" "-f" "96767c11874744ceb5d70604a3e183d7cdd97deca3091fa605753f9f64bf6aad", kill_on_drop: false }`
[INFO] [stdout] 96767c11874744ceb5d70604a3e183d7cdd97deca3091fa605753f9f64bf6aad
[INFO] running `Command { std: "docker" "create" "-v" "/var/lib/crater-agent-workspace/builds/worker-4-tc2/target:/opt/rustwide/target:rw,Z" "-v" "/var/lib/crater-agent-workspace/builds/worker-4-tc2/source:/opt/rustwide/workdir:ro,Z" "-v" "/var/lib/crater-agent-workspace/cargo-home:/opt/rustwide/cargo-home:ro,Z" "-v" "/var/lib/crater-agent-workspace/rustup-home:/opt/rustwide/rustup-home:ro,Z" "-e" "SOURCE_DIR=/opt/rustwide/workdir" "-e" "CARGO_TARGET_DIR=/opt/rustwide/target" "-e" "CARGO_INCREMENTAL=0" "-e" "RUST_BACKTRACE=full" "-e" "RUSTFLAGS=--cap-lints=warn" "-e" "RUSTDOCFLAGS=--cap-lints=warn" "-e" "CARGO_HOME=/opt/rustwide/cargo-home" "-e" "RUSTUP_HOME=/opt/rustwide/rustup-home" "-w" "/opt/rustwide/workdir" "-m" "1610612736" "--user" "0:0" "--network" "none" "ghcr.io/rust-lang/crates-build-env/linux@sha256:2788e3201cd34a07e3172128adcd8b3090168a8e3bcc40d7c032b9dda1df7d1c" "/opt/rustwide/cargo-home/bin/cargo" "+beta-2023-12-22" "build" "--frozen" "--message-format=json", kill_on_drop: false }`
[INFO] [stdout] 0d7694de7bc97c4b91c4713b44295c507b61a88010027925134693c3d2161990
[INFO] running `Command { std: "docker" "start" "-a" "0d7694de7bc97c4b91c4713b44295c507b61a88010027925134693c3d2161990", kill_on_drop: false }`
[INFO] [stderr]    Compiling crossbeam-utils v0.8.18
[INFO] [stderr]    Compiling cfg-if v1.0.0
[INFO] [stderr]    Compiling proc-macro2 v0.4.30
[INFO] [stderr]    Compiling serde v1.0.194
[INFO] [stderr]    Compiling ryu v1.0.16
[INFO] [stderr]    Compiling either v1.9.0
[INFO] [stderr]    Compiling itoa v1.0.10
[INFO] [stderr]    Compiling rayon-core v1.12.0
[INFO] [stderr]    Compiling serde_json v1.0.111
[INFO] [stderr]    Compiling crossbeam-epoch v0.9.17
[INFO] [stderr]    Compiling crossbeam-deque v0.8.4
[INFO] [stderr]    Compiling quote v0.6.13
[INFO] [stderr]    Compiling syn v0.15.44
[INFO] [stderr]    Compiling rayon v1.8.0
[INFO] [stderr]    Compiling i18n_codegen v0.1.1 (/opt/rustwide/workdir)
[INFO] [stdout] warning: field `inner_error` is never read
[INFO] [stdout]    --> src/error.rs:13:9
[INFO] [stdout]     |
[INFO] [stdout] 11  |     MissingEnvVar {
[INFO] [stdout]     |     ------------- field in this variant
[INFO] [stdout] 12  |         name: String,
[INFO] [stdout] 13  |         inner_error: std::env::VarError,
[INFO] [stdout]     |         ^^^^^^^^^^^
[INFO] [stdout]     |
[INFO] [stdout] note: the lint level is defined here
[INFO] [stdout]    --> src/lib.rs:108:5
[INFO] [stdout]     |
[INFO] [stdout] 108 |     dead_code,
[INFO] [stdout]     |     ^^^^^^^^^
[INFO] [stdout] 
[INFO] [stdout] 
[INFO] [stdout] warning: 1 warning emitted
[INFO] [stdout] 
[INFO] [stdout] 
[INFO] [stderr]     Finished dev [unoptimized + debuginfo] target(s) in 3.86s
[INFO] running `Command { std: "docker" "inspect" "0d7694de7bc97c4b91c4713b44295c507b61a88010027925134693c3d2161990", kill_on_drop: false }`
[INFO] running `Command { std: "docker" "rm" "-f" "0d7694de7bc97c4b91c4713b44295c507b61a88010027925134693c3d2161990", kill_on_drop: false }`
[INFO] [stdout] 0d7694de7bc97c4b91c4713b44295c507b61a88010027925134693c3d2161990
[INFO] running `Command { std: "docker" "create" "-v" "/var/lib/crater-agent-workspace/builds/worker-4-tc2/target:/opt/rustwide/target:rw,Z" "-v" "/var/lib/crater-agent-workspace/builds/worker-4-tc2/source:/opt/rustwide/workdir:ro,Z" "-v" "/var/lib/crater-agent-workspace/cargo-home:/opt/rustwide/cargo-home:ro,Z" "-v" "/var/lib/crater-agent-workspace/rustup-home:/opt/rustwide/rustup-home:ro,Z" "-e" "SOURCE_DIR=/opt/rustwide/workdir" "-e" "CARGO_TARGET_DIR=/opt/rustwide/target" "-e" "CARGO_INCREMENTAL=0" "-e" "RUST_BACKTRACE=full" "-e" "RUSTFLAGS=--cap-lints=warn" "-e" "RUSTDOCFLAGS=--cap-lints=warn" "-e" "CARGO_HOME=/opt/rustwide/cargo-home" "-e" "RUSTUP_HOME=/opt/rustwide/rustup-home" "-w" "/opt/rustwide/workdir" "-m" "1610612736" "--user" "0:0" "--network" "none" "ghcr.io/rust-lang/crates-build-env/linux@sha256:2788e3201cd34a07e3172128adcd8b3090168a8e3bcc40d7c032b9dda1df7d1c" "/opt/rustwide/cargo-home/bin/cargo" "+beta-2023-12-22" "test" "--frozen" "--no-run" "--message-format=json", kill_on_drop: false }`
[INFO] [stdout] d9de9fab11d6b8452db7f8bdb4b20c8e7e6d391870282c347855d0a2ddf8a6d9
[INFO] running `Command { std: "docker" "start" "-a" "d9de9fab11d6b8452db7f8bdb4b20c8e7e6d391870282c347855d0a2ddf8a6d9", kill_on_drop: false }`
[INFO] [stderr]    Compiling serde v1.0.194
[INFO] [stderr]    Compiling either v1.9.0
[INFO] [stderr]    Compiling proc-macro2 v0.4.30
[INFO] [stderr]    Compiling unicase v2.7.0
[INFO] [stderr]    Compiling syn v0.15.44
[INFO] [stderr]    Compiling aho-corasick v1.1.2
[INFO] [stderr]    Compiling pulldown-cmark v0.4.1
[INFO] [stderr]    Compiling unicode-segmentation v1.10.1
[INFO] [stderr]    Compiling trybuild v1.0.87
[INFO] [stderr]    Compiling glob v0.3.1
[INFO] [stderr]    Compiling semver-parser v0.9.0
[INFO] [stderr]    Compiling syn v2.0.48
[INFO] [stderr]    Compiling rayon v1.8.0
[INFO] [stderr]    Compiling itertools v0.8.2
[INFO] [stderr]    Compiling heck v0.3.3
[INFO] [stderr]    Compiling quote v0.6.13
[INFO] [stderr]    Compiling regex-automata v0.4.3
[INFO] [stderr]    Compiling serde_derive v1.0.194
[INFO] [stderr]    Compiling serde_json v1.0.111
[INFO] [stderr]    Compiling toml v0.5.11
[INFO] [stderr]    Compiling basic-toml v0.1.8
[INFO] [stderr]    Compiling regex v1.10.2
[INFO] [stderr]    Compiling version-sync v0.8.1
[INFO] [stderr]    Compiling i18n_codegen v0.1.1 (/opt/rustwide/workdir)
[INFO] [stdout] warning: field `inner_error` is never read
[INFO] [stdout]    --> src/error.rs:13:9
[INFO] [stdout]     |
[INFO] [stdout] 11  |     MissingEnvVar {
[INFO] [stdout]     |     ------------- field in this variant
[INFO] [stdout] 12  |         name: String,
[INFO] [stdout] 13  |         inner_error: std::env::VarError,
[INFO] [stdout]     |         ^^^^^^^^^^^
[INFO] [stdout]     |
[INFO] [stdout] note: the lint level is defined here
[INFO] [stdout]    --> src/lib.rs:108:5
[INFO] [stdout]     |
[INFO] [stdout] 108 |     dead_code,
[INFO] [stdout]     |     ^^^^^^^^^
[INFO] [stdout] 
[INFO] [stdout] 
[INFO] [stdout] warning: 1 warning emitted
[INFO] [stdout] 
[INFO] [stdout] 
[INFO] [stdout] warning: field `inner_error` is never read
[INFO] [stdout]    --> src/error.rs:13:9
[INFO] [stdout]     |
[INFO] [stdout] 11  |     MissingEnvVar {
[INFO] [stdout]     |     ------------- field in this variant
[INFO] [stdout] 12  |         name: String,
[INFO] [stdout] 13  |         inner_error: std::env::VarError,
[INFO] [stdout]     |         ^^^^^^^^^^^
[INFO] [stdout]     |
[INFO] [stdout] note: the lint level is defined here
[INFO] [stdout]    --> src/lib.rs:108:5
[INFO] [stdout]     |
[INFO] [stdout] 108 |     dead_code,
[INFO] [stdout]     |     ^^^^^^^^^
[INFO] [stdout] 
[INFO] [stdout] 
[INFO] [stdout] warning: 1 warning emitted
[INFO] [stdout] 
[INFO] [stdout] 
[INFO] [stderr]     Finished test [unoptimized + debuginfo] target(s) in 8.11s
[INFO] running `Command { std: "docker" "inspect" "d9de9fab11d6b8452db7f8bdb4b20c8e7e6d391870282c347855d0a2ddf8a6d9", kill_on_drop: false }`
[INFO] running `Command { std: "docker" "rm" "-f" "d9de9fab11d6b8452db7f8bdb4b20c8e7e6d391870282c347855d0a2ddf8a6d9", kill_on_drop: false }`
[INFO] [stdout] d9de9fab11d6b8452db7f8bdb4b20c8e7e6d391870282c347855d0a2ddf8a6d9
[INFO] running `Command { std: "docker" "create" "-v" "/var/lib/crater-agent-workspace/builds/worker-4-tc2/target:/opt/rustwide/target:rw,Z" "-v" "/var/lib/crater-agent-workspace/builds/worker-4-tc2/source:/opt/rustwide/workdir:ro,Z" "-v" "/var/lib/crater-agent-workspace/cargo-home:/opt/rustwide/cargo-home:ro,Z" "-v" "/var/lib/crater-agent-workspace/rustup-home:/opt/rustwide/rustup-home:ro,Z" "-e" "SOURCE_DIR=/opt/rustwide/workdir" "-e" "CARGO_TARGET_DIR=/opt/rustwide/target" "-e" "CARGO_INCREMENTAL=0" "-e" "RUST_BACKTRACE=full" "-e" "RUSTFLAGS=--cap-lints=warn" "-e" "RUSTDOCFLAGS=--cap-lints=warn" "-e" "CARGO_HOME=/opt/rustwide/cargo-home" "-e" "RUSTUP_HOME=/opt/rustwide/rustup-home" "-w" "/opt/rustwide/workdir" "-m" "1610612736" "--user" "0:0" "--network" "none" "ghcr.io/rust-lang/crates-build-env/linux@sha256:2788e3201cd34a07e3172128adcd8b3090168a8e3bcc40d7c032b9dda1df7d1c" "/opt/rustwide/cargo-home/bin/cargo" "+beta-2023-12-22" "test" "--frozen", kill_on_drop: false }`
[INFO] [stdout] fa4f29f0440ba4f8609405cbf7961a05edb04d6255c6cb96770ea20e2ec1928f
[INFO] running `Command { std: "docker" "start" "-a" "fa4f29f0440ba4f8609405cbf7961a05edb04d6255c6cb96770ea20e2ec1928f", kill_on_drop: false }`
[INFO] [stderr] warning: field `inner_error` is never read
[INFO] [stderr]    --> src/error.rs:13:9
[INFO] [stderr]     |
[INFO] [stderr] 11  |     MissingEnvVar {
[INFO] [stderr]     |     ------------- field in this variant
[INFO] [stderr] 12  |         name: String,
[INFO] [stderr] 13  |         inner_error: std::env::VarError,
[INFO] [stderr]     |         ^^^^^^^^^^^
[INFO] [stderr]     |
[INFO] [stderr] note: the lint level is defined here
[INFO] [stderr]    --> src/lib.rs:108:5
[INFO] [stderr]     |
[INFO] [stderr] 108 |     dead_code,
[INFO] [stderr]     |     ^^^^^^^^^
[INFO] [stderr] 
[INFO] [stderr] warning: `i18n_codegen` (lib) generated 1 warning
[INFO] [stderr] warning: `i18n_codegen` (lib test) generated 1 warning (1 duplicate)
[INFO] [stderr]     Finished test [unoptimized + debuginfo] target(s) in 0.04s
[INFO] [stderr]      Running unittests src/lib.rs (/opt/rustwide/target/debug/deps/i18n_codegen-bd15945837ca4ae4)
[INFO] [stdout] 
[INFO] [stdout] running 14 tests
[INFO] [stdout] test placeholder_parsing::test::error_when_unbalanced ... ok
[INFO] [stdout] test placeholder_parsing::test::test_parsing_placeholders ... ok
[INFO] [stdout] test placeholder_parsing::test::test_tokenize_empty_input ... ok
[INFO] [stdout] test placeholder_parsing::test::test_tokenize_with_different_length_char_placeholders ... ok
[INFO] [stdout] test placeholder_parsing::test::test_tokenize_with_emojis ... ok
[INFO] [stdout] test placeholder_parsing::test::test_tokenize_with_multi_char_placeholders ... ok
[INFO] [stdout] test placeholder_parsing::test::test_tokenize_with_simple_placeholders ... ok
[INFO] [stdout] test placeholder_parsing::test::test_tokenize_without_placeholders ... ok
[INFO] [stdout] test test::test_find_locale_files ... ok
[INFO] [stdout] test test::test_finding_locale_names ... ok
[INFO] [stdout] test test::test_reading_files ... ok
[INFO] [stdout] test test::test_building_translations ... ok
[INFO] [stdout] test test::test_html_root_url ... ok
[INFO] [stderr]    Compiling crossbeam-utils v0.8.18
[INFO] [stderr]    Compiling proc-macro2 v0.4.30
[INFO] [stderr]    Compiling serde v1.0.194
[INFO] [stderr]    Compiling rayon-core v1.12.0
[INFO] [stderr]    Compiling syn v0.15.44
[INFO] [stderr]    Compiling cfg-if v1.0.0
[INFO] [stderr]    Compiling serde_json v1.0.111
[INFO] [stderr]    Compiling version_check v0.9.4
[INFO] [stderr]     Checking tinyvec_macros v0.1.1
[INFO] [stderr]     Checking memchr v2.7.1
[INFO] [stderr]     Checking unicode-xid v0.1.0
[INFO] [stderr]     Checking either v1.9.0
[INFO] [stderr]    Compiling pulldown-cmark v0.4.1
[INFO] [stderr]     Checking unicode-bidi v0.3.14
[INFO] [stderr]     Checking tinyvec v1.6.0
[INFO] [stderr]     Checking matches v0.1.10
[INFO] [stderr]     Checking regex-syntax v0.8.2
[INFO] [stderr]    Compiling ryu v1.0.16
[INFO] [stderr]    Compiling unicode-segmentation v1.10.1
[INFO] [stderr]    Compiling itoa v1.0.10
[INFO] [stderr]     Checking bitflags v1.3.2
[INFO] [stderr]     Checking percent-encoding v1.0.1
[INFO] [stderr]     Checking itertools v0.8.2
[INFO] [stderr]     Checking semver-parser v0.9.0
[INFO] [stderr]    Compiling heck v0.3.3
[INFO] [stderr]    Compiling unicase v2.7.0
[INFO] [stderr]     Checking aho-corasick v1.1.2
[INFO] [stderr]    Compiling quote v0.6.13
[INFO] [stderr]     Checking crossbeam-epoch v0.9.17
[INFO] [stderr]     Checking unicode-normalization v0.1.22
[INFO] [stderr]     Checking crossbeam-deque v0.8.4
[INFO] [stderr]     Checking idna v0.1.5
[INFO] [stderr]     Checking rayon v1.8.0
[INFO] [stderr]     Checking url v1.7.2
[INFO] [stderr]     Checking regex-automata v0.4.3
[INFO] [stderr]     Checking toml v0.5.11
[INFO] [stderr]     Checking regex v1.10.2
[INFO] [stderr]     Checking version-sync v0.8.1
[INFO] [stderr]    Compiling i18n_codegen v0.1.1 (/opt/rustwide/workdir)
[INFO] [stderr] error: field `inner_error` is never read
[INFO] [stderr]    --> /opt/rustwide/workdir/src/error.rs:13:9
[INFO] [stderr]     |
[INFO] [stderr] 11  |     MissingEnvVar {
[INFO] [stderr]     |     ------------- field in this variant
[INFO] [stderr] 12  |         name: String,
[INFO] [stderr] 13  |         inner_error: std::env::VarError,
[INFO] [stderr]     |         ^^^^^^^^^^^
[INFO] [stderr]     |
[INFO] [stderr] note: the lint level is defined here
[INFO] [stderr]    --> /opt/rustwide/workdir/src/lib.rs:108:5
[INFO] [stderr]     |
[INFO] [stderr] 108 |     dead_code,
[INFO] [stderr]     |     ^^^^^^^^^
[INFO] [stderr] 
[INFO] [stderr] error: could not compile `i18n_codegen` (lib) due to 1 previous error
[INFO] [stdout] test test::ui ... FAILED
[INFO] [stdout] 
[INFO] [stdout] failures:
[INFO] [stdout] 
[INFO] [stdout] ---- test::ui stdout ----
[INFO] [stdout] thread 'test::ui' panicked at /opt/rustwide/cargo-home/registry/src/index.crates.io-6f17d22bba15001f/trybuild-1.0.87/src/run.rs:61:13:
[INFO] [stdout] tests failed
[INFO] [stdout] stack backtrace:
[INFO] [stdout]    0:     0x7fba1d7f06f6 - std::backtrace_rs::backtrace::libunwind::trace::h261606ad26a499c1
[INFO] [stdout]                                at /rustc/0e09125c6c3c2fd70d7de961bcf0e51575235fad/library/std/src/../../backtrace/src/backtrace/libunwind.rs:104:5
[INFO] [stdout]    1:     0x7fba1d7f06f6 - std::backtrace_rs::backtrace::trace_unsynchronized::hd183f0625477fb28
[INFO] [stdout]                                at /rustc/0e09125c6c3c2fd70d7de961bcf0e51575235fad/library/std/src/../../backtrace/src/backtrace/mod.rs:66:5
[INFO] [stdout]    2:     0x7fba1d7f06f6 - std::sys_common::backtrace::_print_fmt::hd7f8fef21b4eda67
[INFO] [stdout]                                at /rustc/0e09125c6c3c2fd70d7de961bcf0e51575235fad/library/std/src/sys_common/backtrace.rs:68:5
[INFO] [stdout]    3:     0x7fba1d7f06f6 - <std::sys_common::backtrace::_print::DisplayBacktrace as core::fmt::Display>::fmt::h623d9b51f2f453f1
[INFO] [stdout]                                at /rustc/0e09125c6c3c2fd70d7de961bcf0e51575235fad/library/std/src/sys_common/backtrace.rs:44:22
[INFO] [stdout]    4:     0x7fba1d842f40 - core::fmt::rt::Argument::fmt::h9f417ac76a86f368
[INFO] [stdout]                                at /rustc/0e09125c6c3c2fd70d7de961bcf0e51575235fad/library/core/src/fmt/rt.rs:142:9
[INFO] [stdout]    5:     0x7fba1d842f40 - core::fmt::write::hc9b6faf4ac2aeff7
[INFO] [stdout]                                at /rustc/0e09125c6c3c2fd70d7de961bcf0e51575235fad/library/core/src/fmt/mod.rs:1120:17
[INFO] [stdout]    6:     0x7fba1d7e44af - std::io::Write::write_fmt::he04625a3a989fec3
[INFO] [stdout]                                at /rustc/0e09125c6c3c2fd70d7de961bcf0e51575235fad/library/std/src/io/mod.rs:1810:15
[INFO] [stdout]    7:     0x7fba1d7f04d4 - std::sys_common::backtrace::_print::hd5d66399c7df88a2
[INFO] [stdout]                                at /rustc/0e09125c6c3c2fd70d7de961bcf0e51575235fad/library/std/src/sys_common/backtrace.rs:47:5
[INFO] [stdout]    8:     0x7fba1d7f04d4 - std::sys_common::backtrace::print::he81ed2da642d37e5
[INFO] [stdout]                                at /rustc/0e09125c6c3c2fd70d7de961bcf0e51575235fad/library/std/src/sys_common/backtrace.rs:34:9
[INFO] [stdout]    9:     0x7fba1d7f3267 - std::panicking::default_hook::{{closure}}::h85773f4fa117163d
[INFO] [stdout]   10:     0x7fba1d7f2f4d - std::panicking::default_hook::h6a1694a91d09b278
[INFO] [stdout]                                at /rustc/0e09125c6c3c2fd70d7de961bcf0e51575235fad/library/std/src/panicking.rs:289:9
[INFO] [stdout]   11:     0x7fba1d8bfcc7 - <alloc::boxed::Box<F,A> as core::ops::function::Fn<Args>>::call::h616ac37fa3cd6c8f
[INFO] [stdout]                                at /rustc/0e09125c6c3c2fd70d7de961bcf0e51575235fad/library/alloc/src/boxed.rs:2029:9
[INFO] [stdout]   12:     0x7fba1d8bfcc7 - test::test_main::{{closure}}::h00d84697cefdcbb6
[INFO] [stdout]                                at /rustc/0e09125c6c3c2fd70d7de961bcf0e51575235fad/library/test/src/lib.rs:138:21
[INFO] [stdout]   13:     0x7fba1d7f39b6 - <alloc::boxed::Box<F,A> as core::ops::function::Fn<Args>>::call::hcb3fe3b9bb537ba8
[INFO] [stdout]                                at /rustc/0e09125c6c3c2fd70d7de961bcf0e51575235fad/library/alloc/src/boxed.rs:2029:9
[INFO] [stdout]   14:     0x7fba1d7f39b6 - std::panicking::rust_panic_with_hook::h0a7ad96e90f7145b
[INFO] [stdout]                                at /rustc/0e09125c6c3c2fd70d7de961bcf0e51575235fad/library/std/src/panicking.rs:783:13
[INFO] [stdout]   15:     0x7fba1d7f36c9 - std::panicking::begin_panic_handler::{{closure}}::h7919090525c6485e
[INFO] [stdout]                                at /rustc/0e09125c6c3c2fd70d7de961bcf0e51575235fad/library/std/src/panicking.rs:649:13
[INFO] [stdout]   16:     0x7fba1d7f0bf6 - std::sys_common::backtrace::__rust_end_short_backtrace::hf3289479464f7dfe
[INFO] [stdout]                                at /rustc/0e09125c6c3c2fd70d7de961bcf0e51575235fad/library/std/src/sys_common/backtrace.rs:171:18
[INFO] [stdout]   17:     0x7fba1d7f3460 - rust_begin_unwind
[INFO] [stdout]                                at /rustc/0e09125c6c3c2fd70d7de961bcf0e51575235fad/library/std/src/panicking.rs:645:5
[INFO] [stdout]   18:     0x7fba1d83f645 - core::panicking::panic_fmt::hcc9f77c5c132af55
[INFO] [stdout]                                at /rustc/0e09125c6c3c2fd70d7de961bcf0e51575235fad/library/core/src/panicking.rs:72:14
[INFO] [stdout]   19:     0x55e8a2009684 - trybuild::run::<impl trybuild::Runner>::run::{{closure}}::hd7741c9a7c82de37
[INFO] [stdout]                                at /opt/rustwide/cargo-home/registry/src/index.crates.io-6f17d22bba15001f/trybuild-1.0.87/src/run.rs:61:13
[INFO] [stdout]   20:     0x55e8a1fdea09 - core::result::Result<T,E>::unwrap_or_else::h785a3125dc741975
[INFO] [stdout]                                at /rustc/0e09125c6c3c2fd70d7de961bcf0e51575235fad/library/core/src/result.rs:1426:23
[INFO] [stdout]   21:     0x55e8a203c6df - trybuild::run::<impl trybuild::Runner>::run::hfec0a99b48956672
[INFO] [stdout]                                at /opt/rustwide/cargo-home/registry/src/index.crates.io-6f17d22bba15001f/trybuild-1.0.87/src/run.rs:53:32
[INFO] [stdout]   22:     0x55e8a2042838 - <trybuild::TestCases as core::ops::drop::Drop>::drop::hced70e89c0d4c141
[INFO] [stdout]                                at /opt/rustwide/cargo-home/registry/src/index.crates.io-6f17d22bba15001f/trybuild-1.0.87/src/lib.rs:317:13
[INFO] [stdout]   23:     0x55e8a1f44a67 - core::ptr::drop_in_place<trybuild::TestCases>::hab51e384727bbfc2
[INFO] [stdout]                                at /rustc/0e09125c6c3c2fd70d7de961bcf0e51575235fad/library/core/src/ptr/mod.rs:507:1
[INFO] [stdout]   24:     0x55e8a1f67d03 - i18n_codegen::test::ui::h3579ba586cc51615
[INFO] [stdout]                                at /opt/rustwide/workdir/src/lib.rs:602:5
[INFO] [stdout]   25:     0x55e8a1f67c97 - i18n_codegen::test::ui::{{closure}}::h492157da01d8e69b
[INFO] [stdout]                                at /opt/rustwide/workdir/src/lib.rs:599:12
[INFO] [stdout]   26:     0x55e8a1f42c56 - core::ops::function::FnOnce::call_once::h304a47d95aac9bd7
[INFO] [stdout]                                at /rustc/0e09125c6c3c2fd70d7de961bcf0e51575235fad/library/core/src/ops/function.rs:250:5
[INFO] [stdout]   27:     0x7fba1d8c5eff - core::ops::function::FnOnce::call_once::hd64d26f405258157
[INFO] [stdout]                                at /rustc/0e09125c6c3c2fd70d7de961bcf0e51575235fad/library/core/src/ops/function.rs:250:5
[INFO] [stdout]   28:     0x7fba1d8c5eff - test::__rust_begin_short_backtrace::he21b0b7a6d731bf9
[INFO] [stdout]                                at /rustc/0e09125c6c3c2fd70d7de961bcf0e51575235fad/library/test/src/lib.rs:627:18
[INFO] [stdout]   29:     0x7fba1d8c4c81 - test::run_test_in_process::{{closure}}::hf5c73986d7bdfde2
[INFO] [stdout]                                at /rustc/0e09125c6c3c2fd70d7de961bcf0e51575235fad/library/test/src/lib.rs:650:60
[INFO] [stdout]   30:     0x7fba1d8c4c81 - <core::panic::unwind_safe::AssertUnwindSafe<F> as core::ops::function::FnOnce<()>>::call_once::h330011ad032aadc0
[INFO] [stdout]                                at /rustc/0e09125c6c3c2fd70d7de961bcf0e51575235fad/library/core/src/panic/unwind_safe.rs:272:9
[INFO] [stdout]   31:     0x7fba1d8c4c81 - std::panicking::try::do_call::he61b0a958b795a41
[INFO] [stdout]                                at /rustc/0e09125c6c3c2fd70d7de961bcf0e51575235fad/library/std/src/panicking.rs:552:40
[INFO] [stdout]   32:     0x7fba1d8c4c81 - std::panicking::try::h7309da130f906eb7
[INFO] [stdout]                                at /rustc/0e09125c6c3c2fd70d7de961bcf0e51575235fad/library/std/src/panicking.rs:516:19
[INFO] [stdout]   33:     0x7fba1d8c4c81 - std::panic::catch_unwind::hc5c3a06fdaf0a92a
[INFO] [stdout]                                at /rustc/0e09125c6c3c2fd70d7de961bcf0e51575235fad/library/std/src/panic.rs:142:14
[INFO] [stdout]   34:     0x7fba1d8c4c81 - test::run_test_in_process::h7e7b7c71c3324e0f
[INFO] [stdout]                                at /rustc/0e09125c6c3c2fd70d7de961bcf0e51575235fad/library/test/src/lib.rs:650:27
[INFO] [stdout]   35:     0x7fba1d8c4c81 - test::run_test::{{closure}}::h1f509f28f5cf20b1
[INFO] [stdout]                                at /rustc/0e09125c6c3c2fd70d7de961bcf0e51575235fad/library/test/src/lib.rs:573:43
[INFO] [stdout]   36:     0x7fba1d887a66 - test::run_test::{{closure}}::h1754218abf443f6d
[INFO] [stdout]                                at /rustc/0e09125c6c3c2fd70d7de961bcf0e51575235fad/library/test/src/lib.rs:601:41
[INFO] [stdout]   37:     0x7fba1d887a66 - std::sys_common::backtrace::__rust_begin_short_backtrace::h2ee174b9d5954948
[INFO] [stdout]                                at /rustc/0e09125c6c3c2fd70d7de961bcf0e51575235fad/library/std/src/sys_common/backtrace.rs:155:18
[INFO] [stdout]   38:     0x7fba1d88cac7 - std::thread::Builder::spawn_unchecked_::{{closure}}::{{closure}}::hf60bee9c1a17ef09
[INFO] [stdout]                                at /rustc/0e09125c6c3c2fd70d7de961bcf0e51575235fad/library/std/src/thread/mod.rs:529:17
[INFO] [stdout]   39:     0x7fba1d88cac7 - <core::panic::unwind_safe::AssertUnwindSafe<F> as core::ops::function::FnOnce<()>>::call_once::h33d0dddec5216160
[INFO] [stdout]                                at /rustc/0e09125c6c3c2fd70d7de961bcf0e51575235fad/library/core/src/panic/unwind_safe.rs:272:9
[INFO] [stdout]   40:     0x7fba1d88cac7 - std::panicking::try::do_call::h144b3048b546f835
[INFO] [stdout]                                at /rustc/0e09125c6c3c2fd70d7de961bcf0e51575235fad/library/std/src/panicking.rs:552:40
[INFO] [stdout]   41:     0x7fba1d88cac7 - std::panicking::try::h978244d04646189f
[INFO] [stdout]                                at /rustc/0e09125c6c3c2fd70d7de961bcf0e51575235fad/library/std/src/panicking.rs:516:19
[INFO] [stdout]   42:     0x7fba1d88cac7 - std::panic::catch_unwind::hdf436369d188fe86
[INFO] [stdout]                                at /rustc/0e09125c6c3c2fd70d7de961bcf0e51575235fad/library/std/src/panic.rs:142:14
[INFO] [stdout]   43:     0x7fba1d88cac7 - std::thread::Builder::spawn_unchecked_::{{closure}}::h87329cbdd33c79ec
[INFO] [stdout]                                at /rustc/0e09125c6c3c2fd70d7de961bcf0e51575235fad/library/std/src/thread/mod.rs:528:30
[INFO] [stdout]   44:     0x7fba1d88cac7 - core::ops::function::FnOnce::call_once{{vtable.shim}}::h401abbe67897d450
[INFO] [stdout]                                at /rustc/0e09125c6c3c2fd70d7de961bcf0e51575235fad/library/core/src/ops/function.rs:250:5
[INFO] [stdout]   45:     0x7fba1d7fd8e5 - <alloc::boxed::Box<F,A> as core::ops::function::FnOnce<Args>>::call_once::h5d7c8f150ab9c84c
[INFO] [stdout]                                at /rustc/0e09125c6c3c2fd70d7de961bcf0e51575235fad/library/alloc/src/boxed.rs:2015:9
[INFO] [stdout]   46:     0x7fba1d7fd8e5 - <alloc::boxed::Box<F,A> as core::ops::function::FnOnce<Args>>::call_once::h570d5b005c242c15
[INFO] [stdout]                                at /rustc/0e09125c6c3c2fd70d7de961bcf0e51575235fad/library/alloc/src/boxed.rs:2015:9
[INFO] [stdout]   47:     0x7fba1d7fd8e5 - std::sys::unix::thread::Thread::new::thread_start::h36b0a20c0b2361ad
[INFO] [stdout]                                at /rustc/0e09125c6c3c2fd70d7de961bcf0e51575235fad/library/std/src/sys/unix/thread.rs:108:17
[INFO] [stdout]   48:     0x7fba1d480ac3 - <unknown>
[INFO] [stdout]   49:     0x7fba1d511bf4 - __clone
[INFO] [stdout]   50:                0x0 - <unknown>
[INFO] [stdout] 
[INFO] [stdout] 
[INFO] [stdout] failures:
[INFO] [stdout]     test::ui
[INFO] [stdout] 
[INFO] [stdout] test result: FAILED. 13 passed; 1 failed; 0 ignored; 0 measured; 0 filtered out; finished in 3.89s
[INFO] [stdout] 
[INFO] [stderr] error: test failed, to rerun pass `--lib`
[INFO] running `Command { std: "docker" "inspect" "fa4f29f0440ba4f8609405cbf7961a05edb04d6255c6cb96770ea20e2ec1928f", kill_on_drop: false }`
[INFO] running `Command { std: "docker" "rm" "-f" "fa4f29f0440ba4f8609405cbf7961a05edb04d6255c6cb96770ea20e2ec1928f", kill_on_drop: false }`
[INFO] [stdout] fa4f29f0440ba4f8609405cbf7961a05edb04d6255c6cb96770ea20e2ec1928f
