[INFO] fetching crate hyper_imp 0.14.29...
[INFO] testing hyper_imp-0.14.29 against 1.75.0 for beta-1.76-1
[INFO] extracting crate hyper_imp 0.14.29 into /workspace/builds/worker-3-tc1/source
[INFO] validating manifest of crates.io crate hyper_imp 0.14.29 on toolchain 1.75.0
[INFO] running `Command { std: CARGO_HOME="/workspace/cargo-home" RUSTUP_HOME="/workspace/rustup-home" "/workspace/cargo-home/bin/cargo" "+1.75.0" "metadata" "--manifest-path" "Cargo.toml" "--no-deps", kill_on_drop: false }`
[INFO] started tweaking crates.io crate hyper_imp 0.14.29
[INFO] removed 16 missing examples
[INFO] removed 3 missing tests
[INFO] finished tweaking crates.io crate hyper_imp 0.14.29
[INFO] tweaked toml for crates.io crate hyper_imp 0.14.29 written to /workspace/builds/worker-3-tc1/source/Cargo.toml
[INFO] crate crates.io crate hyper_imp 0.14.29 already has a lockfile, it will not be regenerated
[INFO] running `Command { std: CARGO_HOME="/workspace/cargo-home" RUSTUP_HOME="/workspace/rustup-home" "/workspace/cargo-home/bin/cargo" "+1.75.0" "fetch" "--manifest-path" "Cargo.toml", kill_on_drop: false }`
[INFO] [stderr]     Updating crates.io index
[INFO] [stderr]  Downloading crates ...
[INFO] [stderr]   Downloaded ipnetwork v0.17.0
[INFO] [stderr]   Downloaded pnet_datalink v0.27.2
[INFO] [stderr]   Downloaded pnet_sys v0.27.2
[INFO] [stderr]   Downloaded h2_imp v0.3.21
[INFO] [stderr]   Downloaded pnet_base v0.27.2
[INFO] [stderr]   Downloaded spmc v0.3.0
[INFO] running `Command { std: "docker" "create" "-v" "/var/lib/crater-agent-workspace/builds/worker-3-tc1/target:/opt/rustwide/target:rw,Z" "-v" "/var/lib/crater-agent-workspace/builds/worker-3-tc1/source:/opt/rustwide/workdir:ro,Z" "-v" "/var/lib/crater-agent-workspace/cargo-home:/opt/rustwide/cargo-home:ro,Z" "-v" "/var/lib/crater-agent-workspace/rustup-home:/opt/rustwide/rustup-home:ro,Z" "-e" "SOURCE_DIR=/opt/rustwide/workdir" "-e" "CARGO_TARGET_DIR=/opt/rustwide/target" "-e" "CARGO_HOME=/opt/rustwide/cargo-home" "-e" "RUSTUP_HOME=/opt/rustwide/rustup-home" "-w" "/opt/rustwide/workdir" "-m" "1610612736" "--user" "0:0" "--network" "none" "ghcr.io/rust-lang/crates-build-env/linux@sha256:2788e3201cd34a07e3172128adcd8b3090168a8e3bcc40d7c032b9dda1df7d1c" "/opt/rustwide/cargo-home/bin/cargo" "+1.75.0" "metadata" "--no-deps" "--format-version=1", kill_on_drop: false }`
[INFO] [stdout] cc265d426062f24c0ad9348f379d811b8c08f98a47b226f864509f90171353af
[INFO] running `Command { std: "docker" "start" "-a" "cc265d426062f24c0ad9348f379d811b8c08f98a47b226f864509f90171353af", kill_on_drop: false }`
[INFO] running `Command { std: "docker" "inspect" "cc265d426062f24c0ad9348f379d811b8c08f98a47b226f864509f90171353af", kill_on_drop: false }`
[INFO] running `Command { std: "docker" "rm" "-f" "cc265d426062f24c0ad9348f379d811b8c08f98a47b226f864509f90171353af", kill_on_drop: false }`
[INFO] [stdout] cc265d426062f24c0ad9348f379d811b8c08f98a47b226f864509f90171353af
[INFO] running `Command { std: "docker" "create" "-v" "/var/lib/crater-agent-workspace/builds/worker-3-tc1/target:/opt/rustwide/target:rw,Z" "-v" "/var/lib/crater-agent-workspace/builds/worker-3-tc1/source:/opt/rustwide/workdir:ro,Z" "-v" "/var/lib/crater-agent-workspace/cargo-home:/opt/rustwide/cargo-home:ro,Z" "-v" "/var/lib/crater-agent-workspace/rustup-home:/opt/rustwide/rustup-home:ro,Z" "-e" "SOURCE_DIR=/opt/rustwide/workdir" "-e" "CARGO_TARGET_DIR=/opt/rustwide/target" "-e" "CARGO_INCREMENTAL=0" "-e" "RUST_BACKTRACE=full" "-e" "RUSTFLAGS=--cap-lints=warn" "-e" "RUSTDOCFLAGS=--cap-lints=warn" "-e" "CARGO_HOME=/opt/rustwide/cargo-home" "-e" "RUSTUP_HOME=/opt/rustwide/rustup-home" "-w" "/opt/rustwide/workdir" "-m" "1610612736" "--user" "0:0" "--network" "none" "ghcr.io/rust-lang/crates-build-env/linux@sha256:2788e3201cd34a07e3172128adcd8b3090168a8e3bcc40d7c032b9dda1df7d1c" "/opt/rustwide/cargo-home/bin/cargo" "+1.75.0" "build" "--frozen" "--message-format=json", kill_on_drop: false }`
[INFO] [stdout] aad37d946ae01bfd8c09b492ee3b40f4b23b3ffecccdd71c148dfe1b86803cb0
[INFO] running `Command { std: "docker" "start" "-a" "aad37d946ae01bfd8c09b492ee3b40f4b23b3ffecccdd71c148dfe1b86803cb0", kill_on_drop: false }`
[INFO] [stderr]    Compiling proc-macro2 v1.0.69
[INFO] [stderr]    Compiling libc v0.2.149
[INFO] [stderr]    Compiling futures-core v0.3.28
[INFO] [stderr]    Compiling futures-task v0.3.28
[INFO] [stderr]    Compiling futures-channel v0.3.28
[INFO] [stderr]    Compiling httparse v1.8.0
[INFO] [stderr]    Compiling itoa v1.0.9
[INFO] [stderr]    Compiling futures-util v0.3.28
[INFO] [stderr]    Compiling once_cell v1.18.0
[INFO] [stderr]    Compiling http v0.2.9
[INFO] [stderr]    Compiling try-lock v0.2.4
[INFO] [stderr]    Compiling tracing-core v0.1.32
[INFO] [stderr]    Compiling want v0.3.1
[INFO] [stderr]    Compiling tower-service v0.3.2
[INFO] [stderr]    Compiling httpdate v1.0.3
[INFO] [stderr]    Compiling tracing v0.1.40
[INFO] [stderr]    Compiling quote v1.0.33
[INFO] [stderr]    Compiling num_cpus v1.16.0
[INFO] [stderr]    Compiling syn v2.0.38
[INFO] [stderr]    Compiling http-body v0.4.5
[INFO] [stderr]    Compiling tokio-macros v2.1.0
[INFO] [stderr]    Compiling tokio v1.33.0
[INFO] [stderr]    Compiling hyper_imp v0.14.29 (/opt/rustwide/workdir)
[INFO] [stderr]     Finished dev [unoptimized + debuginfo] target(s) in 14.34s
[INFO] running `Command { std: "docker" "inspect" "aad37d946ae01bfd8c09b492ee3b40f4b23b3ffecccdd71c148dfe1b86803cb0", kill_on_drop: false }`
[INFO] running `Command { std: "docker" "rm" "-f" "aad37d946ae01bfd8c09b492ee3b40f4b23b3ffecccdd71c148dfe1b86803cb0", kill_on_drop: false }`
[INFO] [stdout] aad37d946ae01bfd8c09b492ee3b40f4b23b3ffecccdd71c148dfe1b86803cb0
[INFO] running `Command { std: "docker" "create" "-v" "/var/lib/crater-agent-workspace/builds/worker-3-tc1/target:/opt/rustwide/target:rw,Z" "-v" "/var/lib/crater-agent-workspace/builds/worker-3-tc1/source:/opt/rustwide/workdir:ro,Z" "-v" "/var/lib/crater-agent-workspace/cargo-home:/opt/rustwide/cargo-home:ro,Z" "-v" "/var/lib/crater-agent-workspace/rustup-home:/opt/rustwide/rustup-home:ro,Z" "-e" "SOURCE_DIR=/opt/rustwide/workdir" "-e" "CARGO_TARGET_DIR=/opt/rustwide/target" "-e" "CARGO_INCREMENTAL=0" "-e" "RUST_BACKTRACE=full" "-e" "RUSTFLAGS=--cap-lints=warn" "-e" "RUSTDOCFLAGS=--cap-lints=warn" "-e" "CARGO_HOME=/opt/rustwide/cargo-home" "-e" "RUSTUP_HOME=/opt/rustwide/rustup-home" "-w" "/opt/rustwide/workdir" "-m" "1610612736" "--user" "0:0" "--network" "none" "ghcr.io/rust-lang/crates-build-env/linux@sha256:2788e3201cd34a07e3172128adcd8b3090168a8e3bcc40d7c032b9dda1df7d1c" "/opt/rustwide/cargo-home/bin/cargo" "+1.75.0" "test" "--frozen" "--no-run" "--message-format=json", kill_on_drop: false }`
[INFO] [stdout] 4f493fea7e66e61ccd5a2171871be8fbd604dee863b4c74de9831cd99bd65501
[INFO] running `Command { std: "docker" "start" "-a" "4f493fea7e66e61ccd5a2171871be8fbd604dee863b4c74de9831cd99bd65501", kill_on_drop: false }`
[INFO] [stderr]    Compiling memchr v2.6.4
[INFO] [stderr]    Compiling serde v1.0.189
[INFO] [stderr]    Compiling tinyvec_macros v0.1.1
[INFO] [stderr]    Compiling serde_derive v1.0.189
[INFO] [stderr]    Compiling quick-error v1.2.3
[INFO] [stderr]    Compiling async-stream-impl v0.3.5
[INFO] [stderr]    Compiling pin-project-internal v1.1.3
[INFO] [stderr]    Compiling atty v0.2.14
[INFO] [stderr]    Compiling tinyvec v1.6.0
[INFO] [stderr]    Compiling humantime v1.3.0
[INFO] [stderr]    Compiling percent-encoding v2.3.0
[INFO] [stderr]    Compiling termcolor v1.3.0
[INFO] [stderr]    Compiling unicode-bidi v0.3.13
[INFO] [stderr]    Compiling serde_json v1.0.107
[INFO] [stderr]    Compiling form_urlencoded v1.2.0
[INFO] [stderr]    Compiling aho-corasick v1.1.2
[INFO] [stderr]    Compiling tokio-stream v0.1.14
[INFO] [stderr]    Compiling async-stream v0.3.5
[INFO] [stderr]    Compiling unicode-normalization v0.1.22
[INFO] [stderr]    Compiling pnet_sys v0.27.2
[INFO] [stderr]    Compiling futures-sink v0.3.28
[INFO] [stderr]    Compiling ryu v1.0.15
[INFO] [stderr]    Compiling pnet_base v0.27.2
[INFO] [stderr]    Compiling tower-layer v0.3.2
[INFO] [stderr]    Compiling tokio-util v0.7.9
[INFO] [stderr]    Compiling tokio-test v0.4.3
[INFO] [stderr]    Compiling matches v0.1.10
[INFO] [stderr]    Compiling spmc v0.3.0
[INFO] [stderr]    Compiling idna v0.4.0
[INFO] [stderr]    Compiling url v2.4.1
[INFO] [stderr]    Compiling pin-project v1.1.3
[INFO] [stderr]    Compiling tower v0.4.13
[INFO] [stderr]    Compiling regex-automata v0.4.3
[INFO] [stderr]    Compiling regex v1.10.2
[INFO] [stderr]    Compiling env_logger v0.7.1
[INFO] [stderr]    Compiling pretty_env_logger v0.4.0
[INFO] [stderr]    Compiling ipnetwork v0.17.0
[INFO] [stderr]    Compiling pnet_datalink v0.27.2
[INFO] [stderr]    Compiling hyper_imp v0.14.29 (/opt/rustwide/workdir)
[INFO] [stderr]     Finished test [unoptimized + debuginfo] target(s) in 18.47s
[INFO] running `Command { std: "docker" "inspect" "4f493fea7e66e61ccd5a2171871be8fbd604dee863b4c74de9831cd99bd65501", kill_on_drop: false }`
[INFO] running `Command { std: "docker" "rm" "-f" "4f493fea7e66e61ccd5a2171871be8fbd604dee863b4c74de9831cd99bd65501", kill_on_drop: false }`
[INFO] [stdout] 4f493fea7e66e61ccd5a2171871be8fbd604dee863b4c74de9831cd99bd65501
[INFO] running `Command { std: "docker" "create" "-v" "/var/lib/crater-agent-workspace/builds/worker-3-tc1/target:/opt/rustwide/target:rw,Z" "-v" "/var/lib/crater-agent-workspace/builds/worker-3-tc1/source:/opt/rustwide/workdir:ro,Z" "-v" "/var/lib/crater-agent-workspace/cargo-home:/opt/rustwide/cargo-home:ro,Z" "-v" "/var/lib/crater-agent-workspace/rustup-home:/opt/rustwide/rustup-home:ro,Z" "-e" "SOURCE_DIR=/opt/rustwide/workdir" "-e" "CARGO_TARGET_DIR=/opt/rustwide/target" "-e" "CARGO_INCREMENTAL=0" "-e" "RUST_BACKTRACE=full" "-e" "RUSTFLAGS=--cap-lints=warn" "-e" "RUSTDOCFLAGS=--cap-lints=warn" "-e" "CARGO_HOME=/opt/rustwide/cargo-home" "-e" "RUSTUP_HOME=/opt/rustwide/rustup-home" "-w" "/opt/rustwide/workdir" "-m" "1610612736" "--user" "0:0" "--network" "none" "ghcr.io/rust-lang/crates-build-env/linux@sha256:2788e3201cd34a07e3172128adcd8b3090168a8e3bcc40d7c032b9dda1df7d1c" "/opt/rustwide/cargo-home/bin/cargo" "+1.75.0" "test" "--frozen", kill_on_drop: false }`
[INFO] [stdout] 250a5ab4d87ecaff9b15a922af1aaeee389e02b3df537c6509131c3e6173cb46
[INFO] running `Command { std: "docker" "start" "-a" "250a5ab4d87ecaff9b15a922af1aaeee389e02b3df537c6509131c3e6173cb46", kill_on_drop: false }`
[INFO] [stderr]     Finished test [unoptimized + debuginfo] target(s) in 0.09s
[INFO] [stderr]      Running unittests src/lib.rs (/opt/rustwide/target/debug/deps/hyper_imp-a33a0aa9ca512bc3)
[INFO] [stdout] 
[INFO] [stdout] running 20 tests
[INFO] [stdout] test body::body::tests::channel_empty ... ok
[INFO] [stdout] test body::body::tests::channel_buffers_one ... ok
[INFO] [stdout] test body::body::tests::channel_abort ... ok
[INFO] [stdout] test body::body::tests::test_size_of ... ok
[INFO] [stdout] test body::length::tests::sub_if_known ... ok
[INFO] [stdout] test body::body::tests::channel_abort_when_buffer_is_full ... ok
[INFO] [stdout] test body::body::tests::channel_notices_closure ... ok
[INFO] [stdout] test body::body::tests::channel_wanter ... ok
[INFO] [stdout] test body::length::tests::sub_if_chunked ... ok
[INFO] [stdout] test common::buf::tests::one_long_buf_to_bytes ... ok
[INFO] [stdout] test body::body::tests::channel_ready ... ok
[INFO] [stdout] test common::buf::tests::to_bytes_shorter ... ok
[INFO] [stdout] test common::buf::tests::to_bytes_longer ... ok
[INFO] [stdout] test common::io::rewind::tests::partial_rewind ... ok
[INFO] [stdout] test body::body::tests::size_hint ... ok
[INFO] [stdout] test common::buf::tests::to_bytes_eq ... ok
[INFO] [stdout] test common::io::rewind::tests::full_rewind ... ok
[INFO] [stdout] test error::tests::error_size_of ... ok
[INFO] [stdout] test upgrade::tests::upgraded_downcast ... ok
[INFO] [stdout] test common::buf::tests::buf_to_bytes_too_many - should panic ... ok
[INFO] [stdout] 
[INFO] [stdout] test result: ok. 20 passed; 0 failed; 0 ignored; 0 measured; 0 filtered out; finished in 0.05s
[INFO] [stdout] 
[INFO] [stderr]    Doc-tests hyper_imp
[INFO] [stdout] 
[INFO] [stdout] running 6 tests
[INFO] [stdout] test src/ext.rs - ext::HeaderCaseMap (line 82) ... ignored
[INFO] [stdout] test src/ext.rs - ext::HeaderCaseMap (line 90) ... ignored
[INFO] [stdout] test src/body/body.rs - body::body::Body::empty (line 123) ... FAILED
[INFO] [stdout] test src/service/util.rs - service::util::service_fn (line 13) ... FAILED
[INFO] [stdout] test src/service/make.rs - service::make::make_service_fn (line 106) ... ok
[INFO] [stdout] test src/body/to_bytes.rs - body::to_bytes::to_bytes (line 19) ... ok
[INFO] [stderr] error: doctest failed, to rerun pass `--doc`
[INFO] [stdout] 
[INFO] [stdout] failures:
[INFO] [stdout] 
[INFO] [stdout] ---- src/body/body.rs - body::body::Body::empty (line 123) stdout ----
[INFO] [stdout] error[E0432]: unresolved import `hyper`
[INFO] [stdout]  --> src/body/body.rs:124:5
[INFO] [stdout]   |
[INFO] [stdout] 3 | use hyper::{Body, Request};
[INFO] [stdout]   |     ^^^^^ use of undeclared crate or module `hyper`
[INFO] [stdout] 
[INFO] [stdout] error: aborting due to previous error
[INFO] [stdout] 
[INFO] [stdout] For more information about this error, try `rustc --explain E0432`.
[INFO] [stdout] Couldn't compile the test.
[INFO] [stdout] ---- src/service/util.rs - service::util::service_fn (line 13) stdout ----
[INFO] [stdout] error[E0433]: failed to resolve: use of undeclared crate or module `hyper`
[INFO] [stdout]  --> src/service/util.rs:15:5
[INFO] [stdout]   |
[INFO] [stdout] 4 | use hyper::service::service_fn;
[INFO] [stdout]   |     ^^^^^ use of undeclared crate or module `hyper`
[INFO] [stdout] 
[INFO] [stdout] error[E0432]: unresolved import `hyper`
[INFO] [stdout]  --> src/service/util.rs:14:5
[INFO] [stdout]   |
[INFO] [stdout] 3 | use hyper::{Body, Request, Response, Version};
[INFO] [stdout]   |     ^^^^^ use of undeclared crate or module `hyper`
[INFO] [stdout] 
[INFO] [stdout] error: aborting due to 2 previous errors
[INFO] [stdout] 
[INFO] [stdout] Some errors have detailed explanations: E0432, E0433.
[INFO] [stdout] For more information about an error, try `rustc --explain E0432`.
[INFO] [stdout] Couldn't compile the test.
[INFO] [stdout] 
[INFO] [stdout] failures:
[INFO] [stdout]     src/body/body.rs - body::body::Body::empty (line 123)
[INFO] [stdout]     src/service/util.rs - service::util::service_fn (line 13)
[INFO] [stdout] 
[INFO] [stdout] test result: FAILED. 2 passed; 2 failed; 2 ignored; 0 measured; 0 filtered out; finished in 0.35s
[INFO] [stdout] 
[INFO] running `Command { std: "docker" "inspect" "250a5ab4d87ecaff9b15a922af1aaeee389e02b3df537c6509131c3e6173cb46", kill_on_drop: false }`
[INFO] running `Command { std: "docker" "rm" "-f" "250a5ab4d87ecaff9b15a922af1aaeee389e02b3df537c6509131c3e6173cb46", kill_on_drop: false }`
[INFO] [stdout] 250a5ab4d87ecaff9b15a922af1aaeee389e02b3df537c6509131c3e6173cb46
[INFO] testing hyper_imp-0.14.29 against beta-2023-12-22 for beta-1.76-1
[INFO] extracting crate hyper_imp 0.14.29 into /workspace/builds/worker-3-tc2/source
[INFO] validating manifest of crates.io crate hyper_imp 0.14.29 on toolchain beta-2023-12-22
[INFO] running `Command { std: CARGO_HOME="/workspace/cargo-home" RUSTUP_HOME="/workspace/rustup-home" "/workspace/cargo-home/bin/cargo" "+beta-2023-12-22" "metadata" "--manifest-path" "Cargo.toml" "--no-deps", kill_on_drop: false }`
[INFO] started tweaking crates.io crate hyper_imp 0.14.29
[INFO] removed 16 missing examples
[INFO] removed 3 missing tests
[INFO] finished tweaking crates.io crate hyper_imp 0.14.29
[INFO] tweaked toml for crates.io crate hyper_imp 0.14.29 written to /workspace/builds/worker-3-tc2/source/Cargo.toml
[INFO] crate crates.io crate hyper_imp 0.14.29 already has a lockfile, it will not be regenerated
[INFO] running `Command { std: CARGO_HOME="/workspace/cargo-home" RUSTUP_HOME="/workspace/rustup-home" "/workspace/cargo-home/bin/cargo" "+beta-2023-12-22" "fetch" "--manifest-path" "Cargo.toml", kill_on_drop: false }`
[INFO] running `Command { std: "docker" "create" "-v" "/var/lib/crater-agent-workspace/builds/worker-3-tc2/target:/opt/rustwide/target:rw,Z" "-v" "/var/lib/crater-agent-workspace/builds/worker-3-tc2/source:/opt/rustwide/workdir:ro,Z" "-v" "/var/lib/crater-agent-workspace/cargo-home:/opt/rustwide/cargo-home:ro,Z" "-v" "/var/lib/crater-agent-workspace/rustup-home:/opt/rustwide/rustup-home:ro,Z" "-e" "SOURCE_DIR=/opt/rustwide/workdir" "-e" "CARGO_TARGET_DIR=/opt/rustwide/target" "-e" "CARGO_HOME=/opt/rustwide/cargo-home" "-e" "RUSTUP_HOME=/opt/rustwide/rustup-home" "-w" "/opt/rustwide/workdir" "-m" "1610612736" "--user" "0:0" "--network" "none" "ghcr.io/rust-lang/crates-build-env/linux@sha256:2788e3201cd34a07e3172128adcd8b3090168a8e3bcc40d7c032b9dda1df7d1c" "/opt/rustwide/cargo-home/bin/cargo" "+beta-2023-12-22" "metadata" "--no-deps" "--format-version=1", kill_on_drop: false }`
[INFO] [stdout] 134a5260301695964db8b1b198439202aa56ac0d8ade7e20084df6a3263c58b3
[INFO] running `Command { std: "docker" "start" "-a" "134a5260301695964db8b1b198439202aa56ac0d8ade7e20084df6a3263c58b3", kill_on_drop: false }`
[INFO] running `Command { std: "docker" "inspect" "134a5260301695964db8b1b198439202aa56ac0d8ade7e20084df6a3263c58b3", kill_on_drop: false }`
[INFO] running `Command { std: "docker" "rm" "-f" "134a5260301695964db8b1b198439202aa56ac0d8ade7e20084df6a3263c58b3", kill_on_drop: false }`
[INFO] [stdout] 134a5260301695964db8b1b198439202aa56ac0d8ade7e20084df6a3263c58b3
[INFO] running `Command { std: "docker" "create" "-v" "/var/lib/crater-agent-workspace/builds/worker-3-tc2/target:/opt/rustwide/target:rw,Z" "-v" "/var/lib/crater-agent-workspace/builds/worker-3-tc2/source:/opt/rustwide/workdir:ro,Z" "-v" "/var/lib/crater-agent-workspace/cargo-home:/opt/rustwide/cargo-home:ro,Z" "-v" "/var/lib/crater-agent-workspace/rustup-home:/opt/rustwide/rustup-home:ro,Z" "-e" "SOURCE_DIR=/opt/rustwide/workdir" "-e" "CARGO_TARGET_DIR=/opt/rustwide/target" "-e" "CARGO_INCREMENTAL=0" "-e" "RUST_BACKTRACE=full" "-e" "RUSTFLAGS=--cap-lints=warn" "-e" "RUSTDOCFLAGS=--cap-lints=warn" "-e" "CARGO_HOME=/opt/rustwide/cargo-home" "-e" "RUSTUP_HOME=/opt/rustwide/rustup-home" "-w" "/opt/rustwide/workdir" "-m" "1610612736" "--user" "0:0" "--network" "none" "ghcr.io/rust-lang/crates-build-env/linux@sha256:2788e3201cd34a07e3172128adcd8b3090168a8e3bcc40d7c032b9dda1df7d1c" "/opt/rustwide/cargo-home/bin/cargo" "+beta-2023-12-22" "build" "--frozen" "--message-format=json", kill_on_drop: false }`
[INFO] [stdout] 209850ffea7fe91af1bac554384b5d112e9c588c312c8ea6235ead2ca57b3b87
[INFO] running `Command { std: "docker" "start" "-a" "209850ffea7fe91af1bac554384b5d112e9c588c312c8ea6235ead2ca57b3b87", kill_on_drop: false }`
[INFO] [stderr]    Compiling proc-macro2 v1.0.69
[INFO] [stderr]    Compiling futures-core v0.3.28
[INFO] [stderr]    Compiling libc v0.2.149
[INFO] [stderr]    Compiling futures-task v0.3.28
[INFO] [stderr]    Compiling futures-util v0.3.28
[INFO] [stderr]    Compiling itoa v1.0.9
[INFO] [stderr]    Compiling httparse v1.8.0
[INFO] [stderr]    Compiling futures-channel v0.3.28
[INFO] [stderr]    Compiling once_cell v1.18.0
[INFO] [stderr]    Compiling http v0.2.9
[INFO] [stderr]    Compiling try-lock v0.2.4
[INFO] [stderr]    Compiling tracing-core v0.1.32
[INFO] [stderr]    Compiling want v0.3.1
[INFO] [stderr]    Compiling tower-service v0.3.2
[INFO] [stderr]    Compiling httpdate v1.0.3
[INFO] [stderr]    Compiling tracing v0.1.40
[INFO] [stderr]    Compiling quote v1.0.33
[INFO] [stderr]    Compiling syn v2.0.38
[INFO] [stderr]    Compiling num_cpus v1.16.0
[INFO] [stderr]    Compiling http-body v0.4.5
[INFO] [stderr]    Compiling tokio-macros v2.1.0
[INFO] [stderr]    Compiling tokio v1.33.0
[INFO] [stderr]    Compiling hyper_imp v0.14.29 (/opt/rustwide/workdir)
[INFO] [stderr]     Finished dev [unoptimized + debuginfo] target(s) in 14.57s
[INFO] running `Command { std: "docker" "inspect" "209850ffea7fe91af1bac554384b5d112e9c588c312c8ea6235ead2ca57b3b87", kill_on_drop: false }`
[INFO] running `Command { std: "docker" "rm" "-f" "209850ffea7fe91af1bac554384b5d112e9c588c312c8ea6235ead2ca57b3b87", kill_on_drop: false }`
[INFO] [stdout] 209850ffea7fe91af1bac554384b5d112e9c588c312c8ea6235ead2ca57b3b87
[INFO] running `Command { std: "docker" "create" "-v" "/var/lib/crater-agent-workspace/builds/worker-3-tc2/target:/opt/rustwide/target:rw,Z" "-v" "/var/lib/crater-agent-workspace/builds/worker-3-tc2/source:/opt/rustwide/workdir:ro,Z" "-v" "/var/lib/crater-agent-workspace/cargo-home:/opt/rustwide/cargo-home:ro,Z" "-v" "/var/lib/crater-agent-workspace/rustup-home:/opt/rustwide/rustup-home:ro,Z" "-e" "SOURCE_DIR=/opt/rustwide/workdir" "-e" "CARGO_TARGET_DIR=/opt/rustwide/target" "-e" "CARGO_INCREMENTAL=0" "-e" "RUST_BACKTRACE=full" "-e" "RUSTFLAGS=--cap-lints=warn" "-e" "RUSTDOCFLAGS=--cap-lints=warn" "-e" "CARGO_HOME=/opt/rustwide/cargo-home" "-e" "RUSTUP_HOME=/opt/rustwide/rustup-home" "-w" "/opt/rustwide/workdir" "-m" "1610612736" "--user" "0:0" "--network" "none" "ghcr.io/rust-lang/crates-build-env/linux@sha256:2788e3201cd34a07e3172128adcd8b3090168a8e3bcc40d7c032b9dda1df7d1c" "/opt/rustwide/cargo-home/bin/cargo" "+beta-2023-12-22" "test" "--frozen" "--no-run" "--message-format=json", kill_on_drop: false }`
[INFO] [stdout] 7e607e3652e19cde6fb5d63aba31db932d3315e28e164b573dd9cb77c776aee2
[INFO] running `Command { std: "docker" "start" "-a" "7e607e3652e19cde6fb5d63aba31db932d3315e28e164b573dd9cb77c776aee2", kill_on_drop: false }`
[INFO] [stderr]    Compiling serde v1.0.189
[INFO] [stderr]    Compiling memchr v2.6.4
[INFO] [stderr]    Compiling tinyvec_macros v0.1.1
[INFO] [stderr]    Compiling serde_derive v1.0.189
[INFO] [stderr]    Compiling quick-error v1.2.3
[INFO] [stderr]    Compiling atty v0.2.14
[INFO] [stderr]    Compiling pin-project-internal v1.1.3
[INFO] [stderr]    Compiling async-stream-impl v0.3.5
[INFO] [stderr]    Compiling tinyvec v1.6.0
[INFO] [stderr]    Compiling humantime v1.3.0
[INFO] [stderr]    Compiling unicode-bidi v0.3.13
[INFO] [stderr]    Compiling termcolor v1.3.0
[INFO] [stderr]    Compiling aho-corasick v1.1.2
[INFO] [stderr]    Compiling percent-encoding v2.3.0
[INFO] [stderr]    Compiling serde_json v1.0.107
[INFO] [stderr]    Compiling form_urlencoded v1.2.0
[INFO] [stderr]    Compiling async-stream v0.3.5
[INFO] [stderr]    Compiling tokio-stream v0.1.14
[INFO] [stderr]    Compiling pnet_sys v0.27.2
[INFO] [stderr]    Compiling unicode-normalization v0.1.22
[INFO] [stderr]    Compiling ryu v1.0.15
[INFO] [stderr]    Compiling pnet_base v0.27.2
[INFO] [stderr]    Compiling tower-layer v0.3.2
[INFO] [stderr]    Compiling futures-sink v0.3.28
[INFO] [stderr]    Compiling matches v0.1.10
[INFO] [stderr]    Compiling tokio-util v0.7.9
[INFO] [stderr]    Compiling spmc v0.3.0
[INFO] [stderr]    Compiling regex-automata v0.4.3
[INFO] [stderr]    Compiling tokio-test v0.4.3
[INFO] [stderr]    Compiling pin-project v1.1.3
[INFO] [stderr]    Compiling idna v0.4.0
[INFO] [stderr]    Compiling tower v0.4.13
[INFO] [stderr]    Compiling url v2.4.1
[INFO] [stderr]    Compiling regex v1.10.2
[INFO] [stderr]    Compiling env_logger v0.7.1
[INFO] [stderr]    Compiling pretty_env_logger v0.4.0
[INFO] [stderr]    Compiling ipnetwork v0.17.0
[INFO] [stderr]    Compiling pnet_datalink v0.27.2
[INFO] [stderr]    Compiling hyper_imp v0.14.29 (/opt/rustwide/workdir)
[INFO] [stderr]     Finished test [unoptimized + debuginfo] target(s) in 16.97s
[INFO] running `Command { std: "docker" "inspect" "7e607e3652e19cde6fb5d63aba31db932d3315e28e164b573dd9cb77c776aee2", kill_on_drop: false }`
[INFO] running `Command { std: "docker" "rm" "-f" "7e607e3652e19cde6fb5d63aba31db932d3315e28e164b573dd9cb77c776aee2", kill_on_drop: false }`
[INFO] [stdout] 7e607e3652e19cde6fb5d63aba31db932d3315e28e164b573dd9cb77c776aee2
[INFO] running `Command { std: "docker" "create" "-v" "/var/lib/crater-agent-workspace/builds/worker-3-tc2/target:/opt/rustwide/target:rw,Z" "-v" "/var/lib/crater-agent-workspace/builds/worker-3-tc2/source:/opt/rustwide/workdir:ro,Z" "-v" "/var/lib/crater-agent-workspace/cargo-home:/opt/rustwide/cargo-home:ro,Z" "-v" "/var/lib/crater-agent-workspace/rustup-home:/opt/rustwide/rustup-home:ro,Z" "-e" "SOURCE_DIR=/opt/rustwide/workdir" "-e" "CARGO_TARGET_DIR=/opt/rustwide/target" "-e" "CARGO_INCREMENTAL=0" "-e" "RUST_BACKTRACE=full" "-e" "RUSTFLAGS=--cap-lints=warn" "-e" "RUSTDOCFLAGS=--cap-lints=warn" "-e" "CARGO_HOME=/opt/rustwide/cargo-home" "-e" "RUSTUP_HOME=/opt/rustwide/rustup-home" "-w" "/opt/rustwide/workdir" "-m" "1610612736" "--user" "0:0" "--network" "none" "ghcr.io/rust-lang/crates-build-env/linux@sha256:2788e3201cd34a07e3172128adcd8b3090168a8e3bcc40d7c032b9dda1df7d1c" "/opt/rustwide/cargo-home/bin/cargo" "+beta-2023-12-22" "test" "--frozen", kill_on_drop: false }`
[INFO] [stdout] 340a55ee7d011dd7fa129a457984d083106a067db901a52b50ba80f10d336ecf
[INFO] running `Command { std: "docker" "start" "-a" "340a55ee7d011dd7fa129a457984d083106a067db901a52b50ba80f10d336ecf", kill_on_drop: false }`
[INFO] [stderr]     Finished test [unoptimized + debuginfo] target(s) in 0.09s
[INFO] [stderr]      Running unittests src/lib.rs (/opt/rustwide/target/debug/deps/hyper_imp-fd257dd8a6d6e116)
[INFO] [stdout] 
[INFO] [stdout] running 20 tests
[INFO] [stdout] test body::body::tests::channel_buffers_one ... ok
[INFO] [stdout] test body::body::tests::channel_abort ... ok
[INFO] [stdout] test body::body::tests::channel_empty ... ok
[INFO] [stdout] test body::body::tests::channel_abort_when_buffer_is_full ... ok
[INFO] [stdout] test body::length::tests::sub_if_known ... ok
[INFO] [stdout] test common::buf::tests::one_long_buf_to_bytes ... ok
[INFO] [stdout] test body::body::tests::test_size_of ... ok
[INFO] [stdout] test body::body::tests::size_hint ... ok
[INFO] [stdout] test body::body::tests::channel_wanter ... ok
[INFO] [stdout] test common::buf::tests::to_bytes_eq ... ok
[INFO] [stdout] test body::body::tests::channel_notices_closure ... ok
[INFO] [stdout] test body::length::tests::sub_if_chunked ... ok
[INFO] [stdout] test body::body::tests::channel_ready ... ok
[INFO] [stdout] test common::io::rewind::tests::full_rewind ... ok
[INFO] [stdout] test common::buf::tests::to_bytes_longer ... ok
[INFO] [stdout] test common::io::rewind::tests::partial_rewind ... ok
[INFO] [stdout] test upgrade::tests::upgraded_downcast ... ok
[INFO] [stdout] test common::buf::tests::to_bytes_shorter ... ok
[INFO] [stdout] test error::tests::error_size_of ... ok
[INFO] [stdout] test common::buf::tests::buf_to_bytes_too_many - should panic ... ok
[INFO] [stdout] 
[INFO] [stdout] test result: ok. 20 passed; 0 failed; 0 ignored; 0 measured; 0 filtered out; finished in 0.06s
[INFO] [stdout] 
[INFO] [stderr]    Doc-tests hyper_imp
[INFO] [stdout] 
[INFO] [stdout] running 6 tests
[INFO] [stdout] test src/ext.rs - ext::HeaderCaseMap (line 82) ... ignored
[INFO] [stdout] test src/ext.rs - ext::HeaderCaseMap (line 90) ... ignored
[INFO] [stdout] test src/body/body.rs - body::body::Body::empty (line 123) ... FAILED
[INFO] [stdout] test src/service/util.rs - service::util::service_fn (line 13) ... FAILED
[INFO] [stdout] test src/body/to_bytes.rs - body::to_bytes::to_bytes (line 19) ... ok
[INFO] [stderr] error: doctest failed, to rerun pass `--doc`
[INFO] [stdout] test src/service/make.rs - service::make::make_service_fn (line 106) ... ok
[INFO] [stdout] 
[INFO] [stdout] failures:
[INFO] [stdout] 
[INFO] [stdout] ---- src/body/body.rs - body::body::Body::empty (line 123) stdout ----
[INFO] [stdout] error[E0432]: unresolved import `hyper`
[INFO] [stdout]  --> src/body/body.rs:124:5
[INFO] [stdout]   |
[INFO] [stdout] 3 | use hyper::{Body, Request};
[INFO] [stdout]   |     ^^^^^ use of undeclared crate or module `hyper`
[INFO] [stdout] 
[INFO] [stdout] error: aborting due to 1 previous error
[INFO] [stdout] 
[INFO] [stdout] For more information about this error, try `rustc --explain E0432`.
[INFO] [stdout] Couldn't compile the test.
[INFO] [stdout] ---- src/service/util.rs - service::util::service_fn (line 13) stdout ----
[INFO] [stdout] error[E0433]: failed to resolve: use of undeclared crate or module `hyper`
[INFO] [stdout]  --> src/service/util.rs:15:5
[INFO] [stdout]   |
[INFO] [stdout] 4 | use hyper::service::service_fn;
[INFO] [stdout]   |     ^^^^^ use of undeclared crate or module `hyper`
[INFO] [stdout] 
[INFO] [stdout] error[E0432]: unresolved import `hyper`
[INFO] [stdout]  --> src/service/util.rs:14:5
[INFO] [stdout]   |
[INFO] [stdout] 3 | use hyper::{Body, Request, Response, Version};
[INFO] [stdout]   |     ^^^^^ use of undeclared crate or module `hyper`
[INFO] [stdout] 
[INFO] [stdout] error: aborting due to 2 previous errors
[INFO] [stdout] 
[INFO] [stdout] Some errors have detailed explanations: E0432, E0433.
[INFO] [stdout] For more information about an error, try `rustc --explain E0432`.
[INFO] [stdout] Couldn't compile the test.
[INFO] [stdout] 
[INFO] [stdout] failures:
[INFO] [stdout]     src/body/body.rs - body::body::Body::empty (line 123)
[INFO] [stdout]     src/service/util.rs - service::util::service_fn (line 13)
[INFO] [stdout] 
[INFO] [stdout] test result: FAILED. 2 passed; 2 failed; 2 ignored; 0 measured; 0 filtered out; finished in 0.37s
[INFO] [stdout] 
[INFO] running `Command { std: "docker" "inspect" "340a55ee7d011dd7fa129a457984d083106a067db901a52b50ba80f10d336ecf", kill_on_drop: false }`
[INFO] running `Command { std: "docker" "rm" "-f" "340a55ee7d011dd7fa129a457984d083106a067db901a52b50ba80f10d336ecf", kill_on_drop: false }`
[INFO] [stdout] 340a55ee7d011dd7fa129a457984d083106a067db901a52b50ba80f10d336ecf
